207.180.203.210 - - [01/Jan/2021:09:15:35 +0100] "GET /ticket2/opencms/fi/buy/?page=1&edid=63C7AE5A-00BD-CF1A-39CA-FB5F4528EA9A&sortorder=desc&column=row HTTP/1.1" 200 70614
207.180.226.173 - - [01/Jan/2021:09:15:38 +0100] "GET /ticket2/opencms/fi/buy/?page=1&edid=2590C4CB-47EB-F4EE-50D8-146B8816D391&sortorder=desc&column=row HTTP/1.1" 200 70593
167.114.116.38 - - [01/Jan/2021:09:15:40 +0100] "GET /ticket2/opencms/en/buy/?page=1&edid=58EAE724-1596-B77F-AEFE-52B8A95E302A&sortorder=asc&column=row HTTP/1.1" 200 71101
207.180.226.173 - - [01/Jan/2021:09:15:47 +0100] "GET /ticket2/opencms/fi/buy/?page=1&edid=25A862AC-F1A1-742C-D663-B19272C0407C&sortorder=asc&column=price HTTP/1.1" 200 70637
192.99.13.88 - - [01/Jan/2021:09:15:59 +0100] "GET /ticket2/opencms/ru/buy/?page=1&edid=E5067D94-8A5E-F408-F852-73D55F9B402A&sortorder=desc&column=price HTTP/1.1" 200 70213
207.180.226.173 - - [01/Jan/2021:09:15:59 +0100] "GET /ticket2/opencms/fi/buy/?page=1&edid=25A862AC-F1A1-742C-D663-B19272C0407C&sortorder=asc&column=row HTTP/1.1" 200 70637
207.180.203.210 - - [01/Jan/2021:09:16:07 +0100] "GET /ticket2/opencms/fi/buy/?page=1&edid=63C7AE5A-00BD-CF1A-39CA-FB5F4528EA9A&sortorder=desc&column=section HTTP/1.1" 200 70614
207.180.226.173 - - [01/Jan/2021:09:16:10 +0100] "GET /ticket2/opencms/fi/buy/?page=1&edid=25A862AC-F1A1-742C-D663-B19272C0407C&sortorder=asc&column=section HTTP/1.1" 200 70637
167.114.116.38 - - [01/Jan/2021:09:16:18 +0100] "GET /ticket2/opencms/en/buy/?page=1&edid=58EAE724-1596-B77F-AEFE-52B8A95E302A&sortorder=asc&column=section HTTP/1.1" 200 71101
207.180.226.173 - - [01/Jan/2021:09:16:21 +0100] "GET /ticket2/opencms/fi/buy/?page=1&edid=260FB851-0445-E20A-1FA1-B43929CD14D4&sortorder=desc&column=price HTTP/1.1" 200 70638
192.99.15.199 - - [01/Jan/2021:09:16:23 +0100] "GET /ticket2/opencms/ru/buy/?page=1&edid=D0888ED0-F1ED-2044-4AA9-3CC8E2345F16&sortorder=asc&column=row HTTP/1.1" 200 71416
207.180.226.173 - - [01/Jan/2021:09:16:30 +0100] "GET /ticket2/opencms/fi/buy/?page=1&edid=260FB851-0445-E20A-1FA1-B43929CD14D4&sortorder=desc&column=row HTTP/1.1" 200 70638
207.180.203.210 - - [01/Jan/2021:09:16:33 +0100] "GET /ticket2/opencms/fi/buy/?page=1&edid=64BD559B-614F-083E-80BA-E7DAF6245135&sortorder=desc&column=price HTTP/1.1" 200 72557
66.249.66.38 - - [01/Jan/2021:09:16:35 +0100] "GET /ticket2/opencms/no/sport/fotballsbilletter/la_liga/levante/ HTTP/1.1" 200 66619
167.114.116.38 - - [01/Jan/2021:09:16:44 +0100] "GET /ticket2/opencms/en/buy/?page=1&edid=58EBFF00-F33B-5E80-9C45-9C4F4E051249&sortorder=asc&column=price HTTP/1.1" 200 70623
54.36.148.250 - - [01/Jan/2021:09:16:48 +0100] "GET /ticket2/opencms/dk/buy/ HTTP/1.1" 200 65499
207.180.226.173 - - [01/Jan/2021:09:16:49 +0100] "GET /ticket2/opencms/fi/buy/?page=1&edid=260FB851-0445-E20A-1FA1-B43929CD14D4&sortorder=desc&column=section HTTP/1.1" 200 70638
192.99.13.88 - - [01/Jan/2021:09:16:53 +0100] "GET /ticket2/opencms/ru/buy/?page=1&edid=E5546B14-DB4E-BABD-826A-AF47A2B20315&sortorder=asc&column=row HTTP/1.1" 200 72158
207.180.203.210 - - [01/Jan/2021:09:17:03 +0100] "GET /ticket2/opencms/fi/buy/?page=1&edid=6B6D252D-7905-47FC-7A02-DBC6FFA89A32&sortorder=desc&column=price HTTP/1.1" 200 72051
207.180.226.173 - - [01/Jan/2021:09:17:06 +0100] "GET /ticket2/opencms/fi/buy/?page=1&edid=26325542-6B2D-A1C9-1D0F-C837CFAFBBF1&sortorder=desc&column=price HTTP/1.1" 200 70630
167.114.116.38 - - [01/Jan/2021:09:17:07 +0100] "GET /ticket2/opencms/en/buy/?page=1&edid=58EBFF00-F33B-5E80-9C45-9C4F4E051249&sortorder=desc&column=section HTTP/1.1" 200 70622
192.99.15.199 - - [01/Jan/2021:09:17:25 +0100] "GET /ticket2/opencms/ru/buy/?page=1&edid=D0888ED0-F1ED-2044-4AA9-3CC8E2345F16&sortorder=asc&column=section HTTP/1.1" 200 71416
207.180.226.173 - - [01/Jan/2021:09:17:26 +0100] "GET /ticket2/opencms/fi/buy/?page=1&edid=26325542-6B2D-A1C9-1D0F-C837CFAFBBF1&sortorder=desc&column=section HTTP/1.1" 200 70630
167.114.116.38 - - [01/Jan/2021:09:17:33 +0100] "GET /ticket2/opencms/en/buy/?page=1&edid=58F4C4F8-EBCA-36EE-4A2F-E6FAAC376DF3 HTTP/1.1" 200 70346
207.180.226.173 - - [01/Jan/2021:09:17:42 +0100] "GET /ticket2/opencms/fi/buy/?page=1&edid=26C06500-533F-55A4-A39D-3266B4B0A4E1&sortorder=desc&column=row HTTP/1.1" 200 70626
192.99.13.88 - - [01/Jan/2021:09:17:47 +0100] "GET /ticket2/opencms/ru/buy/?page=1&edid=E5546B14-DB4E-BABD-826A-AF47A2B20315&sortorder=asc&column=section HTTP/1.1" 200 72158
167.114.116.38 - - [01/Jan/2021:09:17:56 +0100] "GET /ticket2/opencms/en/buy/?page=1&edid=58F4C4F8-EBCA-36EE-4A2F-E6FAAC376DF3&sortorder=asc&column=price HTTP/1.1" 200 70382
66.249.66.32 - - [01/Jan/2021:09:17:57 +0100] "GET /ticket2/opencms/dk/buy/?page=1&edid=D5CEC1AF-7456-A530-2177-1F59A4D45052 HTTP/1.1" 200 69253
207.180.203.210 - - [01/Jan/2021:09:17:58 +0100] "GET /ticket2/opencms/fi/buy/?page=1&edid=6B6D252D-7905-47FC-7A02-DBC6FFA89A32&sortorder=desc&column=row HTTP/1.1" 200 72051
207.180.226.173 - - [01/Jan/2021:09:17:59 +0100] "GET /ticket2/opencms/fi/buy/?page=1&edid=2726D1A4-E82E-5B8F-1A2A-9D68D5495BFB&sortorder=desc&column=price HTTP/1.1" 200 70619
192.99.15.199 - - [01/Jan/2021:09:18:01 +0100] "GET /ticket2/opencms/ru/buy/?page=1&edid=D107AF81-2625-16F6-4945-BFED75601468&sortorder=asc&column=price HTTP/1.1" 200 71760
207.180.226.173 - - [01/Jan/2021:09:18:05 +0100] "GET /ticket2/opencms/fi/buy/?page=1&edid=2726D1A4-E82E-5B8F-1A2A-9D68D5495BFB&sortorder=desc&column=row HTTP/1.1" 200 70619
54.36.148.12 - - [01/Jan/2021:09:18:14 +0100] "GET /ticket2/opencms/en/venue/?venueid=043FFF0B-AAEC-B60F-6995-11630828794B HTTP/1.1" 200 65195
216.18.204.210 - - [01/Jan/2021:09:18:15 +0100] "GET /ticket2/opencms/no/buy/?page=1&edid=F6CC0FC0-119E-8C04-0DA1-6DA80CB43AB2&sortorder=asc&column=section HTTP/1.1" 200 71716
167.114.116.38 - - [01/Jan/2021:09:18:17 +0100] "GET /ticket2/opencms/en/buy/?page=1&edid=59DA87F2-EE95-E19A-38B5-F05EF4C6E9CD HTTP/1.1" 200 71489
207.180.226.173 - - [01/Jan/2021:09:18:18 +0100] "GET /ticket2/opencms/fi/buy/?page=1&edid=2726D1A4-E82E-5B8F-1A2A-9D68D5495BFB&sortorder=desc&column=section HTTP/1.1" 200 70619
192.99.15.199 - - [01/Jan/2021:09:18:29 +0100] "GET /ticket2/opencms/ru/buy/?page=1&edid=D107AF81-2625-16F6-4945-BFED75601468&sortorder=asc&column=row HTTP/1.1" 200 71760
207.180.226.173 - - [01/Jan/2021:09:18:35 +0100] "GET /ticket2/opencms/fi/buy/?page=1&edid=27B25170-F47D-E8B6-FA45-B0D8DFC2462B&sortorder=desc&column=price HTTP/1.1" 200 71779
192.99.13.88 - - [01/Jan/2021:09:18:39 +0100] "GET /ticket2/opencms/ru/buy/?page=1&edid=E5D1B5BB-FD1E-00B5-33D3-0488A6B94D06&sortorder=desc&column=price HTTP/1.1" 200 71928
167.114.116.38 - - [01/Jan/2021:09:18:40 +0100] "GET /ticket2/opencms/en/buy/?page=1&edid=5A2DFBF4-8470-A6C2-2249-BF19FA14C619&sortorder=desc&column=price HTTP/1.1" 200 71360
114.119.139.25 - - [01/Jan/2021:09:18:41 +0100] "GET /ticket2/opencms/nl/buy/?page=1&edid=E735E944-5AAE-BA7A-ED2E-E44FC3522855&sortorder=desc&column=row HTTP/1.1" 200 69957
207.180.226.173 - - [01/Jan/2021:09:18:50 +0100] "GET /ticket2/opencms/fi/buy/?page=1&edid=27B25170-F47D-E8B6-FA45-B0D8DFC2462B&sortorder=desc&column=row HTTP/1.1" 200 71779
207.180.203.210 - - [01/Jan/2021:09:18:56 +0100] "GET /ticket2/opencms/fi/buy/?page=1&edid=6B6D252D-7905-47FC-7A02-DBC6FFA89A32&sortorder=desc&column=section HTTP/1.1" 200 72051
207.180.226.173 - - [01/Jan/2021:09:19:07 +0100] "GET /ticket2/opencms/fi/buy/?page=1&edid=27B25170-F47D-E8B6-FA45-B0D8DFC2462B&sortorder=desc&column=section HTTP/1.1" 200 71779
167.114.116.38 - - [01/Jan/2021:09:19:10 +0100] "GET /ticket2/opencms/en/buy/?page=1&edid=5A2DFBF4-8470-A6C2-2249-BF19FA14C619&sortorder=desc&column=row HTTP/1.1" 200 71360
192.99.15.199 - - [01/Jan/2021:09:19:11 +0100] "GET /ticket2/opencms/ru/buy/?page=1&edid=D107AF81-2625-16F6-4945-BFED75601468&sortorder=asc&column=section HTTP/1.1" 200 71760
207.180.226.173 - - [01/Jan/2021:09:19:20 +0100] "GET /ticket2/opencms/fi/buy/?page=1&edid=28C321AF-B22D-2FA4-72FD-693E5F65ED60&sortorder=asc&column=row HTTP/1.1" 200 72064
207.180.226.173 - - [01/Jan/2021:09:19:30 +0100] "GET /ticket2/opencms/fi/buy/?page=1&edid=2929B360-7FDF-5441-9AF2-D5504494FBD2&sortorder=asc&column=price HTTP/1.1" 200 72500
54.36.148.110 - - [01/Jan/2021:09:19:36 +0100] "GET /ticket2/opencms/dk/venue/?venueid=7C42DC86-0C04-6190-5F90-28A082BDF8C3 HTTP/1.1" 200 65219
207.180.203.210 - - [01/Jan/2021:09:19:37 +0100] "GET /ticket2/opencms/fi/buy/?page=1&edid=6FB2CE89-5252-7849-74B5-62D30B694F3F&sortorder=desc&column=price HTTP/1.1" 200 72053
167.114.116.38 - - [01/Jan/2021:09:19:40 +0100] "GET /ticket2/opencms/en/buy/?page=1&edid=5A2DFBF4-8470-A6C2-2249-BF19FA14C619&sortorder=desc&column=section HTTP/1.1" 200 71360
192.99.15.199 - - [01/Jan/2021:09:19:40 +0100] "GET /ticket2/opencms/ru/buy/?page=1&edid=D2859788-1C1C-03A4-4D76-15912E297AD9&sortorder=asc&column=price HTTP/1.1" 200 72345
144.76.60.198 - - [01/Jan/2021:09:19:43 +0100] "GET /ticket2/opencms/robots.txt HTTP/1.1" 200 773
207.180.226.173 - - [01/Jan/2021:09:19:45 +0100] "GET /ticket2/opencms/fi/buy/?page=1&edid=2929B360-7FDF-5441-9AF2-D5504494FBD2&sortorder=asc&column=row HTTP/1.1" 200 72500
192.99.13.88 - - [01/Jan/2021:09:19:58 +0100] "GET /ticket2/opencms/ru/buy/?page=1&edid=E5D1B5BB-FD1E-00B5-33D3-0488A6B94D06&sortorder=desc&column=row HTTP/1.1" 200 71928
207.180.226.173 - - [01/Jan/2021:09:19:58 +0100] "GET /ticket2/opencms/fi/buy/?page=1&edid=2A0C1C92-085D-7C62-9F65-5DA5FF9BCE89&sortorder=desc&column=price HTTP/1.1" 200 70639
144.76.60.198 - - [01/Jan/2021:09:19:59 +0100] "GET /ticket2/opencms/fi/buy/?page=1&edid=5BFC1C1E-ACCB-EE58-DD34-E65D2A3DFD07&sortorder=desc&column=price HTTP/1.1" 200 72025
167.114.116.38 - - [01/Jan/2021:09:20:12 +0100] "GET /ticket2/opencms/en/buy/?page=1&edid=5A4C510F-9E60-2432-DA6F-424C1D4896E8 HTTP/1.1" 200 69227
144.76.60.198 - - [01/Jan/2021:09:20:12 +0100] "GET /ticket2/opencms/fi/buy/?page=1&edid=D0F26606-9A2B-7F9B-761A-AD94A62F6874&sortorder=desc&column=price HTTP/1.1" 200 72570
216.245.221.83 - - [01/Jan/2021:09:20:18 +0100] "HEAD /ticket2/opencms/ HTTP/1.1" 302 -
216.245.221.83 - - [01/Jan/2021:09:20:19 +0100] "HEAD /ticket2/opencms/en/ HTTP/1.1" 200 -
207.180.226.173 - - [01/Jan/2021:09:20:20 +0100] "GET /ticket2/opencms/fi/buy/?page=1&edid=2A0C1C92-085D-7C62-9F65-5DA5FF9BCE89&sortorder=desc&column=row HTTP/1.1" 200 70639
192.99.15.199 - - [01/Jan/2021:09:20:20 +0100] "GET /ticket2/opencms/ru/buy/?page=1&edid=D2859788-1C1C-03A4-4D76-15912E297AD9&sortorder=asc&column=row HTTP/1.1" 200 72345
66.249.66.137 - - [01/Jan/2021:09:20:20 +0100] "GET /ticket2/opencms/sites/ticketbrokerage/sv/musikal/teatro-filarmonico-verona/les-pecheurs-de-perles.html HTTP/1.1" 404 -
144.76.60.198 - - [01/Jan/2021:09:20:27 +0100] "GET /ticket2/opencms/fi/buy/?page=1&edid=D0F26606-9A2B-7F9B-761A-AD94A62F6874&sortorder=desc&column=row HTTP/1.1" 200 72570
207.180.203.210 - - [01/Jan/2021:09:20:35 +0100] "GET /ticket2/opencms/fi/buy/?page=1&edid=6FB2CE89-5252-7849-74B5-62D30B694F3F&sortorder=desc&column=row HTTP/1.1" 200 72053
207.180.226.173 - - [01/Jan/2021:09:20:38 +0100] "GET /ticket2/opencms/fi/buy/?page=1&edid=2A0C1C92-085D-7C62-9F65-5DA5FF9BCE89&sortorder=desc&column=section HTTP/1.1" 200 70639
167.114.116.38 - - [01/Jan/2021:09:20:42 +0100] "GET /ticket2/opencms/en/buy/?page=1&edid=5A4C510F-9E60-2432-DA6F-424C1D4896E8&sortorder=asc&column=price HTTP/1.1" 200 69263
207.180.226.173 - - [01/Jan/2021:09:20:52 +0100] "GET /ticket2/opencms/fi/buy/?page=1&edid=2B1AA646-ADF9-7B55-D435-A8E067CB534F&sortorder=desc&column=row HTTP/1.1" 200 72023
216.18.204.210 - - [01/Jan/2021:09:20:57 +0100] "GET /ticket2/opencms/no/buy/?page=1&edid=FA5E1953-4892-EAC3-484D-7B3642E2030A&sortorder=asc&column=section HTTP/1.1" 200 69809
192.99.13.88 - - [01/Jan/2021:09:21:00 +0100] "GET /ticket2/opencms/ru/buy/?page=1&edid=E5D1B5BB-FD1E-00B5-33D3-0488A6B94D06&sortorder=desc&column=section HTTP/1.1" 200 71928
192.99.15.199 - - [01/Jan/2021:09:21:02 +0100] "GET /ticket2/opencms/ru/buy/?page=1&edid=D2859788-1C1C-03A4-4D76-15912E297AD9&sortorder=asc&column=section HTTP/1.1" 200 72345
54.36.149.46 - - [01/Jan/2021:09:21:03 +0100] "GET /ticket2/opencms/en/venue/?venueid=044124AA-8517-9D68-740C-14F5017956EC HTTP/1.1" 200 65186
207.180.203.210 - - [01/Jan/2021:09:21:05 +0100] "GET /ticket2/opencms/fi/buy/?page=1&edid=6FB2CE89-5252-7849-74B5-62D30B694F3F&sortorder=desc&column=section HTTP/1.1" 200 72053
207.180.226.173 - - [01/Jan/2021:09:21:06 +0100] "GET /ticket2/opencms/fi/buy/?page=1&edid=2B1AA646-ADF9-7B55-D435-A8E067CB534F&sortorder=desc&column=section HTTP/1.1" 200 72023
167.114.116.38 - - [01/Jan/2021:09:21:15 +0100] "GET /ticket2/opencms/en/buy/?page=1&edid=5A4C510F-9E60-2432-DA6F-424C1D4896E8&sortorder=asc&column=row HTTP/1.1" 200 69263
37.57.218.243 - - [01/Jan/2021:09:21:19 +0100] "GET /ticket2/opencms/en/buy/?page=1&edid=CD66FFE5-8252-8D1C-BFE4-4A45484D692D&sortorder=desc&column=price HTTP/1.1" 200 69246
207.180.226.173 - - [01/Jan/2021:09:21:21 +0100] "GET /ticket2/opencms/fi/buy/?page=1&edid=2C38A8F3-3FDB-4275-5B70-01B082026DE0&sortorder=desc&column=price HTTP/1.1" 200 71976
37.57.218.243 - - [01/Jan/2021:09:21:23 +0100] "GET /ticket2/opencms/en/buy/?page=1&edid=CD8C65AB-F506-0A9E-001A-2A1B6DBD3092 HTTP/1.1" 200 71585
37.57.218.243 - - [01/Jan/2021:09:21:26 +0100] "GET /ticket2/opencms/en/buy/?page=1&edid=D14E786C-C869-8112-70DA-17875583047D&sortorder=asc&column=section HTTP/1.1" 200 69225
37.57.218.243 - - [01/Jan/2021:09:21:32 +0100] "GET /ticket2/opencms/en/buy/?page=1&edid=D1FDD4D5-0EA0-7CA6-7618-EEE5879D2D21&sortorder=desc&column=section HTTP/1.1" 200 71170
207.180.226.173 - - [01/Jan/2021:09:21:35 +0100] "GET /ticket2/opencms/fi/buy/?page=1&edid=2C38A8F3-3FDB-4275-5B70-01B082026DE0&sortorder=desc&column=row HTTP/1.1" 200 71976
37.57.218.243 - - [01/Jan/2021:09:21:39 +0100] "GET /ticket2/opencms/en/buy/?page=1&edid=D26ED13E-4215-F48C-F619-DF19BC14B328&sortorder=asc&column=price HTTP/1.1" 200 71977
167.114.116.38 - - [01/Jan/2021:09:21:42 +0100] "GET /ticket2/opencms/en/buy/?page=1&edid=5A53D059-2717-7212-ED4E-000015E5862F&sortorder=asc&column=row HTTP/1.1" 200 71641
207.180.203.210 - - [01/Jan/2021:09:21:42 +0100] "GET /ticket2/opencms/fi/buy/?page=1&edid=7336D913-08E6-2684-3416-39DC03B1DB86&sortorder=asc&column=price HTTP/1.1" 200 72553
37.57.218.243 - - [01/Jan/2021:09:21:44 +0100] "GET /ticket2/opencms/en/buy/?page=1&edid=D26ED13E-4215-F48C-F619-DF19BC14B328&sortorder=asc&column=row HTTP/1.1" 200 71977
207.180.226.173 - - [01/Jan/2021:09:21:49 +0100] "GET /ticket2/opencms/fi/buy/?page=1&edid=2C38A8F3-3FDB-4275-5B70-01B082026DE0&sortorder=desc&column=section HTTP/1.1" 200 71976
66.249.66.137 - - [01/Jan/2021:09:21:49 +0100] "GET /ticket2/opencms/sv/sport/fotbollsbiljetter/bundesliga/stuttgart/ HTTP/1.1" 200 66680
37.57.218.243 - - [01/Jan/2021:09:21:52 +0100] "GET /ticket2/opencms/en/buy/?page=1&edid=D293806E-6F8D-C252-7544-A92063032AEC&sortorder=asc&column=price HTTP/1.1" 200 71154
37.57.218.243 - - [01/Jan/2021:09:21:55 +0100] "GET /ticket2/opencms/en/buy/?page=1&edid=D293806E-6F8D-C252-7544-A92063032AEC&sortorder=asc&column=row HTTP/1.1" 200 71154
192.99.13.88 - - [01/Jan/2021:09:21:56 +0100] "GET /ticket2/opencms/ru/buy/?page=1&edid=E5FED392-020A-985B-B239-5718E7B50D63&sortorder=desc&column=price HTTP/1.1" 200 71925
37.57.218.243 - - [01/Jan/2021:09:21:59 +0100] "GET /ticket2/opencms/en/buy/?page=1&edid=D293806E-6F8D-C252-7544-A92063032AEC&sortorder=asc&column=section HTTP/1.1" 200 71154
207.180.226.173 - - [01/Jan/2021:09:22:01 +0100] "GET /ticket2/opencms/fi/buy/?page=1&edid=2E3308C6-12D0-B50B-7958-3212AA58F984&sortorder=desc&column=price HTTP/1.1" 200 72057
192.99.15.199 - - [01/Jan/2021:09:22:03 +0100] "GET /ticket2/opencms/ru/buy/?page=1&edid=D28D3824-9820-76C4-21D7-4144BF3DCE08&sortorder=asc&column=price HTTP/1.1" 200 73441
37.57.218.243 - - [01/Jan/2021:09:22:03 +0100] "GET /ticket2/opencms/en/buy/?page=1&edid=D293806E-6F8D-C252-7544-A92063032AEC&sortorder=desc&column=section HTTP/1.1" 200 71153
167.114.116.38 - - [01/Jan/2021:09:22:10 +0100] "GET /ticket2/opencms/en/buy/?page=1&edid=5AF0C2F9-FCF1-BB9C-5B74-9352324B61E3&sortorder=desc&column=row HTTP/1.1" 200 70646
207.180.226.173 - - [01/Jan/2021:09:22:12 +0100] "GET /ticket2/opencms/fi/buy/?page=1&edid=2E3308C6-12D0-B50B-7958-3212AA58F984&sortorder=desc&column=row HTTP/1.1" 200 72057
207.180.203.210 - - [01/Jan/2021:09:22:12 +0100] "GET /ticket2/opencms/fi/buy/?page=1&edid=7336D913-08E6-2684-3416-39DC03B1DB86&sortorder=asc&column=row HTTP/1.1" 200 72553
37.57.218.243 - - [01/Jan/2021:09:22:13 +0100] "GET /ticket2/opencms/en/buy/?page=1&edid=D32A1AAA-3399-A914-588E-4E3C2BDC238B&sortorder=asc&column=row HTTP/1.1" 200 69217
37.57.218.243 - - [01/Jan/2021:09:22:19 +0100] "GET /ticket2/opencms/en/buy/?page=1&edid=D32A1AAA-3399-A914-588E-4E3C2BDC238B&sortorder=asc&column=section HTTP/1.1" 200 69217
37.57.218.243 - - [01/Jan/2021:09:22:22 +0100] "GET /ticket2/opencms/en/buy/?page=1&edid=D521BC96-8A80-7480-ABD2-B0023E239F27&sortorder=desc&column=section HTTP/1.1" 200 70883
207.180.226.173 - - [01/Jan/2021:09:22:25 +0100] "GET /ticket2/opencms/fi/buy/?page=1&edid=2E3308C6-12D0-B50B-7958-3212AA58F984&sortorder=desc&column=section HTTP/1.1" 200 72057
37.57.218.243 - - [01/Jan/2021:09:22:31 +0100] "GET /ticket2/opencms/en/buy/?page=1&edid=D54647C8-B205-BD5F-2C2C-2FE17A087C43&sortorder=asc&column=price HTTP/1.1" 200 71102
37.57.218.243 - - [01/Jan/2021:09:22:35 +0100] "GET /ticket2/opencms/en/buy/?page=1&edid=D54647C8-B205-BD5F-2C2C-2FE17A087C43&sortorder=asc&column=row HTTP/1.1" 200 71102
54.36.148.250 - - [01/Jan/2021:09:22:35 +0100] "GET /ticket2/opencms/dk/venue/?venueid=811C0359-3C33-A4FE-B62F-0F71E1D5271C HTTP/1.1" 200 65273
167.114.116.38 - - [01/Jan/2021:09:22:40 +0100] "GET /ticket2/opencms/en/buy/?page=1&edid=5B004ED5-15FD-EC78-6553-2B09565E5F76&sortorder=asc&column=row HTTP/1.1" 200 71065
207.180.203.210 - - [01/Jan/2021:09:22:43 +0100] "GET /ticket2/opencms/fi/buy/?page=1&edid=7336D913-08E6-2684-3416-39DC03B1DB86&sortorder=asc&column=section HTTP/1.1" 200 72553
37.57.218.243 - - [01/Jan/2021:09:22:43 +0100] "GET /ticket2/opencms/en/buy/?page=1&edid=D54647C8-B205-BD5F-2C2C-2FE17A087C43&sortorder=asc&column=section HTTP/1.1" 200 71102
207.180.226.173 - - [01/Jan/2021:09:22:44 +0100] "GET /ticket2/opencms/fi/buy/?page=1&edid=2E4F8B90-0A99-D872-0996-CB4BBB296F52&sortorder=desc&column=price HTTP/1.1" 200 70657
37.57.218.243 - - [01/Jan/2021:09:22:48 +0100] "GET /ticket2/opencms/en/buy/?page=1&edid=D54647C8-B205-BD5F-2C2C-2FE17A087C43&sortorder=desc&column=price HTTP/1.1" 200 71101
192.99.15.199 - - [01/Jan/2021:09:22:48 +0100] "GET /ticket2/opencms/ru/buy/?page=1&edid=D28D3824-9820-76C4-21D7-4144BF3DCE08&sortorder=asc&column=section HTTP/1.1" 200 73441
114.119.145.102 - - [01/Jan/2021:09:22:55 +0100] "GET /ticket2/opencms/dk/venue/?venueid=22FBA63B-CC18-3864-F1A1-268F2EA93F27 HTTP/1.1" 200 65243
37.57.218.243 - - [01/Jan/2021:09:22:55 +0100] "GET /ticket2/opencms/en/buy/?page=1&edid=D54647C8-B205-BD5F-2C2C-2FE17A087C43&sortorder=desc&column=row HTTP/1.1" 200 71101
207.180.226.173 - - [01/Jan/2021:09:22:57 +0100] "GET /ticket2/opencms/fi/buy/?page=1&edid=301B6DE4-27D0-5449-2AEA-BDD081996845&sortorder=desc&column=row HTTP/1.1" 200 72310
192.99.13.88 - - [01/Jan/2021:09:23:02 +0100] "GET /ticket2/opencms/ru/buy/?page=1&edid=E5FED392-020A-985B-B239-5718E7B50D63&sortorder=desc&column=section HTTP/1.1" 200 71925
37.57.218.243 - - [01/Jan/2021:09:23:04 +0100] "GET /ticket2/opencms/en/buy/?page=1&edid=D54647C8-B205-BD5F-2C2C-2FE17A087C43&sortorder=desc&column=section HTTP/1.1" 200 71101
37.57.218.243 - - [01/Jan/2021:09:23:09 +0100] "GET /ticket2/opencms/en/buy/?page=1&edid=D5FAB6ED-DF67-5E42-E533-2987B8B26208&sortorder=asc&column=row HTTP/1.1" 200 69272
37.57.218.243 - - [01/Jan/2021:09:23:11 +0100] "GET /ticket2/opencms/en/buy/?page=1&edid=D5FAB6ED-DF67-5E42-E533-2987B8B26208&sortorder=asc&column=section HTTP/1.1" 200 69272
167.114.116.38 - - [01/Jan/2021:09:23:15 +0100] "GET /ticket2/opencms/en/buy/?page=1&edid=5B004ED5-15FD-EC78-6553-2B09565E5F76&sortorder=asc&column=section HTTP/1.1" 200 71065
37.57.218.243 - - [01/Jan/2021:09:23:19 +0100] "GET /ticket2/opencms/en/buy/?page=1&edid=D7193451-9A3A-74F4-A8C7-6E587A08462E&sortorder=asc&column=section HTTP/1.1" 200 71171
207.180.203.210 - - [01/Jan/2021:09:23:20 +0100] "GET /ticket2/opencms/fi/buy/?page=1&edid=736BD66B-437C-04AF-E221-4773B900AE5E&sortorder=desc&column=price HTTP/1.1" 200 72548
37.57.218.243 - - [01/Jan/2021:09:23:24 +0100] "GET /ticket2/opencms/en/buy/?page=1&edid=D8973BFC-852F-6DBE-A92C-516362F37F3B&sortorder=asc&column=price HTTP/1.1" 200 69247
37.57.218.243 - - [01/Jan/2021:09:23:28 +0100] "GET /ticket2/opencms/en/buy/?page=1&edid=D8973BFC-852F-6DBE-A92C-516362F37F3B&sortorder=asc&column=row HTTP/1.1" 200 69247
207.180.226.173 - - [01/Jan/2021:09:23:31 +0100] "GET /ticket2/opencms/fi/buy/?page=1&edid=30DFF5A6-5801-42E1-F124-0EA64463049D&sortorder=desc&column=price HTTP/1.1" 200 72551
192.99.15.199 - - [01/Jan/2021:09:23:34 +0100] "GET /ticket2/opencms/ru/buy/?page=1&edid=D32A1AAA-3399-A914-588E-4E3C2BDC238B&sortorder=asc&column=row HTTP/1.1" 200 70202
37.57.218.243 - - [01/Jan/2021:09:23:34 +0100] "GET /ticket2/opencms/en/buy/?page=1&edid=D8973BFC-852F-6DBE-A92C-516362F37F3B&sortorder=asc&column=section HTTP/1.1" 200 69247
37.57.218.243 - - [01/Jan/2021:09:23:42 +0100] "GET /ticket2/opencms/en/buy/?page=1&edid=DD5B8B5C-4127-5C16-39BD-75C8AA69D4C7 HTTP/1.1" 200 70874
167.114.116.38 - - [01/Jan/2021:09:23:45 +0100] "GET /ticket2/opencms/en/buy/?page=1&edid=60F96383-9D3D-35F8-8DDF-3BCE4E77074B&sortorder=asc&column=section HTTP/1.1" 200 69265
207.180.203.210 - - [01/Jan/2021:09:23:46 +0100] "GET /ticket2/opencms/fi/buy/?page=1&edid=74EFCA32-6815-FF4B-4089-5178E45F69AE&sortorder=asc&column=price HTTP/1.1" 200 72511
37.57.218.243 - - [01/Jan/2021:09:23:47 +0100] "GET /ticket2/opencms/en/buy/?page=1&edid=DE13CA6C-49BF-7466-E458-1FB810909761&sortorder=desc&column=price HTTP/1.1" 200 69247
37.57.218.243 - - [01/Jan/2021:09:23:56 +0100] "GET /ticket2/opencms/en/buy/?page=1&edid=DE13CA6C-49BF-7466-E458-1FB810909761&sortorder=desc&column=row HTTP/1.1" 200 69247
207.180.226.173 - - [01/Jan/2021:09:23:57 +0100] "GET /ticket2/opencms/fi/buy/?page=1&edid=30DFF5A6-5801-42E1-F124-0EA64463049D&sortorder=desc&column=row HTTP/1.1" 200 72551
192.99.13.88 - - [01/Jan/2021:09:23:57 +0100] "GET /ticket2/opencms/ru/buy/?page=1&edid=E83099B1-485E-5C84-84B0-FD9FB227033F&sortorder=desc&column=row HTTP/1.1" 200 71924
37.57.218.243 - - [01/Jan/2021:09:23:59 +0100] "GET /ticket2/opencms/en/buy/?page=1&edid=DE57F8FA-9219-7B6F-C52C-4E26A1185AB4 HTTP/1.1" 200 70869
207.180.203.210 - - [01/Jan/2021:09:24:04 +0100] "GET /ticket2/opencms/fi/buy/?page=1&edid=74EFCA32-6815-FF4B-4089-5178E45F69AE&sortorder=asc&column=row HTTP/1.1" 200 72511
54.36.149.58 - - [01/Jan/2021:09:24:08 +0100] "GET /ticket2/opencms/en/venue/?venueid=04EBBB82-240A-AF8F-DA1F-896AD50040B5 HTTP/1.1" 200 65198
207.180.226.173 - - [01/Jan/2021:09:24:14 +0100] "GET /ticket2/opencms/fi/buy/?page=1&edid=30DFF5A6-5801-42E1-F124-0EA64463049D&sortorder=desc&column=section HTTP/1.1" 200 72551
192.99.15.199 - - [01/Jan/2021:09:24:14 +0100] "GET /ticket2/opencms/ru/buy/?page=1&edid=D32A1AAA-3399-A914-588E-4E3C2BDC238B&sortorder=asc&column=section HTTP/1.1" 200 70202
37.57.218.243 - - [01/Jan/2021:09:24:15 +0100] "GET /ticket2/opencms/en/buy/?page=1&edid=DE57F8FA-9219-7B6F-C52C-4E26A1185AB4&sortorder=asc&column=row HTTP/1.1" 200 70905
167.114.116.38 - - [01/Jan/2021:09:24:17 +0100] "GET /ticket2/opencms/en/buy/?page=1&edid=87B29769-8C36-E668-28FF-7633EA1A1E38&sortorder=asc&column=section HTTP/1.1" 200 69221
37.57.218.243 - - [01/Jan/2021:09:24:28 +0100] "GET /ticket2/opencms/en/buy/?page=1&edid=DE57F8FA-9219-7B6F-C52C-4E26A1185AB4&sortorder=desc&column=price HTTP/1.1" 200 70904
207.180.203.210 - - [01/Jan/2021:09:24:29 +0100] "GET /ticket2/opencms/fi/buy/?page=1&edid=74EFCA32-6815-FF4B-4089-5178E45F69AE&sortorder=asc&column=section HTTP/1.1" 200 72511
207.180.226.173 - - [01/Jan/2021:09:24:31 +0100] "GET /ticket2/opencms/fi/buy/?page=1&edid=31D4F46A-F17C-48AF-3C4D-97EE1AFFD50F&sortorder=asc&column=section HTTP/1.1" 200 70643
37.57.218.243 - - [01/Jan/2021:09:24:35 +0100] "GET /ticket2/opencms/en/buy/?page=1&edid=DE57F8FA-9219-7B6F-C52C-4E26A1185AB4&sortorder=desc&column=row HTTP/1.1" 200 70904
37.57.218.243 - - [01/Jan/2021:09:24:45 +0100] "GET /ticket2/opencms/en/buy/?page=1&edid=DE57F8FA-9219-7B6F-C52C-4E26A1185AB4&sortorder=desc&column=section HTTP/1.1" 200 70904
167.114.116.38 - - [01/Jan/2021:09:24:46 +0100] "GET /ticket2/opencms/en/buy/?page=1&edid=888579C8-F0BB-1F0C-2143-DAC4B70E22F7 HTTP/1.1" 200 71600
192.99.13.88 - - [01/Jan/2021:09:24:51 +0100] "GET /ticket2/opencms/ru/buy/?page=1&edid=E83099B1-485E-5C84-84B0-FD9FB227033F&sortorder=desc&column=section HTTP/1.1" 200 71924
37.57.218.243 - - [01/Jan/2021:09:24:54 +0100] "GET /ticket2/opencms/en/buy/?page=1&edid=DF0EBD62-AC7E-AE6F-60EC-741827E53620 HTTP/1.1" 200 70856
207.180.226.173 - - [01/Jan/2021:09:24:58 +0100] "GET /ticket2/opencms/fi/buy/?page=1&edid=32BA6030-A67A-1835-C2E2-950898229860&sortorder=desc&column=price HTTP/1.1" 200 72711
192.99.15.199 - - [01/Jan/2021:09:25:00 +0100] "GET /ticket2/opencms/ru/buy/?page=1&edid=D46E0578-2C40-B575-6691-BBD6C7BC77BE&sortorder=asc&column=price HTTP/1.1" 200 72857
37.57.218.243 - - [01/Jan/2021:09:25:01 +0100] "GET /ticket2/opencms/en/buy/?page=1&edid=DF0EBD62-AC7E-AE6F-60EC-741827E53620&sortorder=desc&column=section HTTP/1.1" 200 70891
207.180.203.210 - - [01/Jan/2021:09:25:01 +0100] "GET /ticket2/opencms/fi/buy/?page=1&edid=765F97BA-C920-639C-860F-B72DB0C768A6&sortorder=desc&column=section HTTP/1.1" 200 72309
37.57.218.243 - - [01/Jan/2021:09:25:08 +0100] "GET /ticket2/opencms/en/buy/?page=1&edid=E105CC99-C590-CA5D-D12C-4CC2C60C2228&sortorder=asc&column=section HTTP/1.1" 200 69279
207.180.226.173 - - [01/Jan/2021:09:25:15 +0100] "GET /ticket2/opencms/fi/buy/?page=1&edid=33B4D21A-76B6-3B7A-0CFB-A0A3BAC27DB5&sortorder=desc&column=section HTTP/1.1" 200 72514
37.57.218.243 - - [01/Jan/2021:09:25:15 +0100] "GET /ticket2/opencms/en/buy/?page=1&edid=E260A5D7-000F-CE9A-EE2B-5F1F316CE743&sortorder=desc&column=price HTTP/1.1" 200 69240
216.245.221.83 - - [01/Jan/2021:09:25:18 +0100] "HEAD /ticket2/opencms/ HTTP/1.1" 302 -
216.245.221.83 - - [01/Jan/2021:09:25:19 +0100] "HEAD /ticket2/opencms/en/ HTTP/1.1" 200 -
167.114.116.38 - - [01/Jan/2021:09:25:23 +0100] "GET /ticket2/opencms/en/buy/?page=1&edid=888579C8-F0BB-1F0C-2143-DAC4B70E22F7&sortorder=desc&column=section HTTP/1.1" 200 71635
207.180.203.210 - - [01/Jan/2021:09:25:26 +0100] "GET /ticket2/opencms/fi/buy/?page=1&edid=7666311D-381C-ABD3-33C1-1B874D640668&sortorder=desc&column=section HTTP/1.1" 200 73371
37.57.218.243 - - [01/Jan/2021:09:25:26 +0100] "GET /ticket2/opencms/en/buy/?page=1&edid=E2FF13E6-DFDF-8758-C2F3-20694194FCC2&sortorder=desc&column=row HTTP/1.1" 200 69257
37.57.218.243 - - [01/Jan/2021:09:25:35 +0100] "GET /ticket2/opencms/en/buy/?page=1&edid=E3118800-A96C-AB59-99C3-1CFA30B79001&sortorder=asc&column=section HTTP/1.1" 200 70695
54.36.148.204 - - [01/Jan/2021:09:25:36 +0100] "GET /ticket2/opencms/en/venue/?venueid=076920E1-F452-B8E6-450C-A259979AD263 HTTP/1.1" 200 65192
192.99.13.88 - - [01/Jan/2021:09:25:37 +0100] "GET /ticket2/opencms/ru/buy/?page=1&edid=E92648E1-06E0-D220-8E00-01151C898660&sortorder=desc&column=price HTTP/1.1" 200 70251
37.57.218.243 - - [01/Jan/2021:09:25:43 +0100] "GET /ticket2/opencms/en/buy/?page=1&edid=E3FBDA6C-664F-E626-DA08-2F08834DE954 HTTP/1.1" 200 69215
37.57.218.243 - - [01/Jan/2021:09:25:47 +0100] "GET /ticket2/opencms/en/buy/?page=1&edid=E3FBDA6C-664F-E626-DA08-2F08834DE954&sortorder=asc&column=price HTTP/1.1" 200 69251
207.180.226.173 - - [01/Jan/2021:09:25:51 +0100] "GET /ticket2/opencms/fi/buy/?page=1&edid=33F56A09-80B7-AAA0-3CD6-4B4F5E173409&sortorder=desc&column=price HTTP/1.1" 200 72550
167.114.116.38 - - [01/Jan/2021:09:25:54 +0100] "GET /ticket2/opencms/en/buy/?page=1&edid=889C9463-BBA3-1D11-009F-87281E33A43C HTTP/1.1" 200 70616
37.57.218.243 - - [01/Jan/2021:09:25:59 +0100] "GET /ticket2/opencms/en/buy/?page=1&edid=E3FBDA6C-664F-E626-DA08-2F08834DE954&sortorder=asc&column=row HTTP/1.1" 200 69251
192.99.15.199 - - [01/Jan/2021:09:26:00 +0100] "GET /ticket2/opencms/ru/buy/?page=1&edid=D46E0578-2C40-B575-6691-BBD6C7BC77BE&sortorder=asc&column=row HTTP/1.1" 200 72857
207.180.203.210 - - [01/Jan/2021:09:26:04 +0100] "GET /ticket2/opencms/fi/buy/?page=1&edid=7AC6ABB3-09AC-6373-722A-4325330B2FBA&sortorder=asc&column=price HTTP/1.1" 200 72517
37.57.218.243 - - [01/Jan/2021:09:26:06 +0100] "GET /ticket2/opencms/en/buy/?page=1&edid=E3FBDA6C-664F-E626-DA08-2F08834DE954&sortorder=asc&column=section HTTP/1.1" 200 69251
37.57.218.243 - - [01/Jan/2021:09:26:15 +0100] "GET /ticket2/opencms/en/buy/?page=1&edid=E3FBDA6C-664F-E626-DA08-2F08834DE954&sortorder=desc&column=price HTTP/1.1" 200 69250
207.180.226.173 - - [01/Jan/2021:09:26:17 +0100] "GET /ticket2/opencms/fi/buy/?page=1&edid=33F56A09-80B7-AAA0-3CD6-4B4F5E173409&sortorder=desc&column=row HTTP/1.1" 200 72550
37.57.218.243 - - [01/Jan/2021:09:26:22 +0100] "GET /ticket2/opencms/en/buy/?page=1&edid=E3FBDA6C-664F-E626-DA08-2F08834DE954&sortorder=desc&column=row HTTP/1.1" 200 69250
37.57.218.243 - - [01/Jan/2021:09:26:29 +0100] "GET /ticket2/opencms/en/buy/?page=1&edid=E3FBDA6C-664F-E626-DA08-2F08834DE954&sortorder=desc&column=section HTTP/1.1" 200 69250
192.99.13.88 - - [01/Jan/2021:09:26:33 +0100] "GET /ticket2/opencms/ru/buy/?page=1&edid=E92648E1-06E0-D220-8E00-01151C898660&sortorder=desc&column=row HTTP/1.1" 200 70251
66.249.66.221 - - [01/Jan/2021:09:26:35 +0100] "GET /ticket2/opencms/sv/buy/?page=6&comcatid=A17713B6-D984-201A-4143-ED4DB5ED5C2E&catid=21C3854B-901E-11F9-7B7D-6838CC6AFAA4&eventid=ADB4BA94-4A6D-0826-5992-F7DEA47BAAA3 HTTP/1.1" 200 75879
207.180.203.210 - - [01/Jan/2021:09:26:37 +0100] "GET /ticket2/opencms/fi/buy/?page=1&edid=7AC6ABB3-09AC-6373-722A-4325330B2FBA&sortorder=asc&column=row HTTP/1.1" 200 72517
192.99.15.199 - - [01/Jan/2021:09:26:37 +0100] "GET /ticket2/opencms/ru/buy/?page=1&edid=D46E0578-2C40-B575-6691-BBD6C7BC77BE&sortorder=asc&column=section HTTP/1.1" 200 72857
37.57.218.243 - - [01/Jan/2021:09:26:38 +0100] "GET /ticket2/opencms/en/buy/?page=1&edid=E4909145-00FF-6001-90F1-1FF62B4EBAA6&sortorder=asc&column=row HTTP/1.1" 200 70634
167.114.116.38 - - [01/Jan/2021:09:26:39 +0100] "GET /ticket2/opencms/en/buy/?page=1&edid=889C9463-BBA3-1D11-009F-87281E33A43C&sortorder=asc&column=price HTTP/1.1" 200 70652
66.249.66.221 - - [01/Jan/2021:09:26:41 +0100] "GET /ticket2/opencms/system/modules/com.gridnine.opencms.ticketbrokerage.site/resources/js/jquery.placeholder.min.js HTTP/1.1" 200 1737
207.180.226.173 - - [01/Jan/2021:09:26:43 +0100] "GET /ticket2/opencms/fi/buy/?page=1&edid=33F56A09-80B7-AAA0-3CD6-4B4F5E173409&sortorder=desc&column=section HTTP/1.1" 200 72550
37.57.218.243 - - [01/Jan/2021:09:26:46 +0100] "GET /ticket2/opencms/en/buy/?page=1&edid=E5D1B5BB-FD1E-00B5-33D3-0488A6B94D06 HTTP/1.1" 200 70863
37.57.218.243 - - [01/Jan/2021:09:26:55 +0100] "GET /ticket2/opencms/en/buy/?page=1&edid=E5FED392-020A-985B-B239-5718E7B50D63 HTTP/1.1" 200 70860
207.180.226.173 - - [01/Jan/2021:09:27:00 +0100] "GET /ticket2/opencms/fi/buy/?page=1&edid=36289134-0DCD-BEA0-FF0F-0714C683763A&sortorder=asc&column=price HTTP/1.1" 200 70634
54.36.148.165 - - [01/Jan/2021:09:27:01 +0100] "GET /ticket2/opencms/dk/venue/?venueid=2F862179-0B10-FC34-DC0F-3A7D917FB335 HTTP/1.1" 200 65237
207.180.203.210 - - [01/Jan/2021:09:27:03 +0100] "GET /ticket2/opencms/fi/buy/?page=1&edid=7AC6ABB3-09AC-6373-722A-4325330B2FBA&sortorder=asc&column=section HTTP/1.1" 200 72517
37.57.218.243 - - [01/Jan/2021:09:27:04 +0100] "GET /ticket2/opencms/en/buy/?page=1&edid=E5FED392-020A-985B-B239-5718E7B50D63&sortorder=asc&column=price HTTP/1.1" 200 70896
167.114.116.38 - - [01/Jan/2021:09:27:11 +0100] "GET /ticket2/opencms/en/buy/?page=1&edid=889C9463-BBA3-1D11-009F-87281E33A43C&sortorder=desc&column=price HTTP/1.1" 200 70651
37.57.218.243 - - [01/Jan/2021:09:27:13 +0100] "GET /ticket2/opencms/en/buy/?page=1&edid=E5FED392-020A-985B-B239-5718E7B50D63&sortorder=asc&column=row HTTP/1.1" 200 70896
114.119.157.51 - - [01/Jan/2021:09:27:16 +0100] "GET /ticket2/opencms/en/archive/events/real_madrid/2006_12_03_12_00/ HTTP/1.1" 200 67488
207.180.226.173 - - [01/Jan/2021:09:27:17 +0100] "GET /ticket2/opencms/fi/buy/?page=1&edid=36289134-0DCD-BEA0-FF0F-0714C683763A&sortorder=asc&column=row HTTP/1.1" 200 70634
37.57.218.243 - - [01/Jan/2021:09:27:22 +0100] "GET /ticket2/opencms/en/buy/?page=1&edid=E5FED392-020A-985B-B239-5718E7B50D63&sortorder=asc&column=section HTTP/1.1" 200 70896
207.180.203.210 - - [01/Jan/2021:09:27:24 +0100] "GET /ticket2/opencms/fi/buy/?page=1&edid=7D115C59-5F9A-933D-B470-01676B7FE6A6&sortorder=desc&column=section HTTP/1.1" 200 72714
66.249.66.159 - - [01/Jan/2021:09:27:25 +0100] "GET /ticket2/opencms/dk/buy/?page=1&edid=32A94776-FE00-228B-7B34-31E5A640D10B HTTP/1.1" 200 71174
37.57.218.243 - - [01/Jan/2021:09:27:26 +0100] "GET /ticket2/opencms/en/buy/?page=1&edid=E5FED392-020A-985B-B239-5718E7B50D63&sortorder=desc&column=price HTTP/1.1" 200 70895
192.99.13.88 - - [01/Jan/2021:09:27:28 +0100] "GET /ticket2/opencms/ru/buy/?page=1&edid=E92648E1-06E0-D220-8E00-01151C898660&sortorder=desc&column=section HTTP/1.1" 200 70251
192.99.15.199 - - [01/Jan/2021:09:27:31 +0100] "GET /ticket2/opencms/ru/buy/?page=1&edid=D6510527-BC3F-6007-80B2-DF39D64FA1F0&sortorder=asc&column=row HTTP/1.1" 200 72347
37.57.218.243 - - [01/Jan/2021:09:27:36 +0100] "GET /ticket2/opencms/en/buy/?page=1&edid=E5FED392-020A-985B-B239-5718E7B50D63&sortorder=desc&column=section HTTP/1.1" 200 70895
207.180.226.173 - - [01/Jan/2021:09:27:38 +0100] "GET /ticket2/opencms/fi/buy/?page=1&edid=372E2EFE-457C-DF4D-FC89-808FA8424DAF&sortorder=asc&column=section HTTP/1.1" 200 72727
37.57.218.243 - - [01/Jan/2021:09:27:44 +0100] "GET /ticket2/opencms/en/buy/?page=1&edid=E673A673-60D1-7971-6FDB-7395DA44636B&sortorder=asc&column=row HTTP/1.1" 200 69253
167.114.116.38 - - [01/Jan/2021:09:27:45 +0100] "GET /ticket2/opencms/en/buy/?page=1&edid=889C9463-BBA3-1D11-009F-87281E33A43C&sortorder=desc&column=row HTTP/1.1" 200 70651
207.180.203.210 - - [01/Jan/2021:09:27:54 +0100] "GET /ticket2/opencms/fi/buy/?page=1&edid=7DCEB9A7-58B5-E380-B09A-8CD7B35FEB72&sortorder=desc&column=row HTTP/1.1" 200 70647
37.57.218.243 - - [01/Jan/2021:09:27:55 +0100] "GET /ticket2/opencms/en/buy/?page=1&edid=E735E944-5AAE-BA7A-ED2E-E44FC3522855 HTTP/1.1" 200 70846
207.180.226.173 - - [01/Jan/2021:09:27:56 +0100] "GET /ticket2/opencms/fi/buy/?page=1&edid=376D44BE-6874-0837-33B9-391036CCB528 HTTP/1.1" 200 70620
37.57.218.243 - - [01/Jan/2021:09:28:02 +0100] "GET /ticket2/opencms/en/buy/?page=1&edid=E735E944-5AAE-BA7A-ED2E-E44FC3522855&sortorder=asc&column=price HTTP/1.1" 200 70882
167.114.116.38 - - [01/Jan/2021:09:28:08 +0100] "GET /ticket2/opencms/en/buy/?page=1&edid=88A8445D-E9E2-799A-4B22-B1645A6F3E76 HTTP/1.1" 200 70636
192.99.15.199 - - [01/Jan/2021:09:28:12 +0100] "GET /ticket2/opencms/ru/buy/?page=1&edid=D6510527-BC3F-6007-80B2-DF39D64FA1F0&sortorder=asc&column=section HTTP/1.1" 200 72347
37.57.218.243 - - [01/Jan/2021:09:28:13 +0100] "GET /ticket2/opencms/en/buy/?page=1&edid=E735E944-5AAE-BA7A-ED2E-E44FC3522855&sortorder=asc&column=row HTTP/1.1" 200 70882
207.180.226.173 - - [01/Jan/2021:09:28:22 +0100] "GET /ticket2/opencms/fi/buy/?page=1&edid=376D44BE-6874-0837-33B9-391036CCB528&sortorder=desc&column=price HTTP/1.1" 200 70655
37.57.218.243 - - [01/Jan/2021:09:28:24 +0100] "GET /ticket2/opencms/en/buy/?page=1&edid=E735E944-5AAE-BA7A-ED2E-E44FC3522855&sortorder=asc&column=section HTTP/1.1" 200 70882
207.180.203.210 - - [01/Jan/2021:09:28:24 +0100] "GET /ticket2/opencms/fi/buy/?page=1&edid=883D5D36-7669-3BE5-E7C2-7115E038218A&sortorder=desc&column=price HTTP/1.1" 200 70644
54.36.148.109 - - [01/Jan/2021:09:28:25 +0100] "GET /ticket2/opencms/dk/venue/?venueid=5571DB53-176D-786E-4CB3-C9311A480A31 HTTP/1.1" 200 65222
37.57.218.243 - - [01/Jan/2021:09:28:34 +0100] "GET /ticket2/opencms/en/buy/?page=1&edid=E735E944-5AAE-BA7A-ED2E-E44FC3522855&sortorder=desc&column=price HTTP/1.1" 200 70881
167.114.116.38 - - [01/Jan/2021:09:28:35 +0100] "GET /ticket2/opencms/en/buy/?page=1&edid=88A8445D-E9E2-799A-4B22-B1645A6F3E76&sortorder=asc&column=price HTTP/1.1" 200 70672
192.99.13.88 - - [01/Jan/2021:09:28:36 +0100] "GET /ticket2/opencms/ru/buy/?page=1&edid=E927BEFD-9C6C-9D6C-18AA-81A3176DBF51&sortorder=desc&column=price HTTP/1.1" 200 71936
37.57.218.243 - - [01/Jan/2021:09:28:45 +0100] "GET /ticket2/opencms/en/buy/?page=1&edid=E735E944-5AAE-BA7A-ED2E-E44FC3522855&sortorder=desc&column=row HTTP/1.1" 200 70881
207.180.226.173 - - [01/Jan/2021:09:28:45 +0100] "GET /ticket2/opencms/fi/buy/?page=1&edid=376D44BE-6874-0837-33B9-391036CCB528&sortorder=desc&column=row HTTP/1.1" 200 70655
37.57.218.243 - - [01/Jan/2021:09:28:51 +0100] "GET /ticket2/opencms/en/buy/?page=1&edid=E735E944-5AAE-BA7A-ED2E-E44FC3522855&sortorder=desc&column=section HTTP/1.1" 200 70881
192.99.15.199 - - [01/Jan/2021:09:28:57 +0100] "GET /ticket2/opencms/ru/buy/?page=1&edid=D6E70B72-39E0-1850-AB2F-AE94BBCCC29C&sortorder=asc&column=price HTTP/1.1" 200 71761
207.180.226.173 - - [01/Jan/2021:09:29:00 +0100] "GET /ticket2/opencms/fi/buy/?page=1&edid=376D44BE-6874-0837-33B9-391036CCB528&sortorder=desc&column=section HTTP/1.1" 200 70655
37.57.218.243 - - [01/Jan/2021:09:29:02 +0100] "GET /ticket2/opencms/en/buy/?page=1&edid=E83099B1-485E-5C84-84B0-FD9FB227033F HTTP/1.1" 200 70859
167.114.116.38 - - [01/Jan/2021:09:29:02 +0100] "GET /ticket2/opencms/en/buy/?page=1&edid=88A8445D-E9E2-799A-4B22-B1645A6F3E76&sortorder=asc&column=section HTTP/1.1" 200 70672
207.180.203.210 - - [01/Jan/2021:09:29:04 +0100] "GET /ticket2/opencms/fi/buy/?page=1&edid=88CE4BE0-00B2-6849-A0BE-AF415F692FD7&sortorder=asc&column=section HTTP/1.1" 200 72313
37.57.218.243 - - [01/Jan/2021:09:29:09 +0100] "GET /ticket2/opencms/en/buy/?page=1&edid=E927BEFD-9C6C-9D6C-18AA-81A3176DBF51 HTTP/1.1" 200 70871
207.180.226.173 - - [01/Jan/2021:09:29:18 +0100] "GET /ticket2/opencms/fi/buy/?page=1&edid=38471BC2-DC35-5637-FC07-B139F30174B0&sortorder=desc&column=price HTTP/1.1" 200 72984
37.57.218.243 - - [01/Jan/2021:09:29:19 +0100] "GET /ticket2/opencms/en/buy/?page=1&edid=EADB5142-E316-D488-65C9-672C3841B36D&sortorder=asc&column=price HTTP/1.1" 200 70643
192.99.13.88 - - [01/Jan/2021:09:29:25 +0100] "GET /ticket2/opencms/ru/buy/?page=1&edid=E927BEFD-9C6C-9D6C-18AA-81A3176DBF51&sortorder=desc&column=row HTTP/1.1" 200 71936
37.57.218.243 - - [01/Jan/2021:09:29:29 +0100] "GET /ticket2/opencms/en/buy/?page=1&edid=EADB5142-E316-D488-65C9-672C3841B36D&sortorder=asc&column=row HTTP/1.1" 200 70643
167.114.116.38 - - [01/Jan/2021:09:29:35 +0100] "GET /ticket2/opencms/en/buy/?page=1&edid=88A8445D-E9E2-799A-4B22-B1645A6F3E76&sortorder=desc&column=price HTTP/1.1" 200 70671
207.180.203.210 - - [01/Jan/2021:09:29:38 +0100] "GET /ticket2/opencms/fi/buy/?page=1&edid=892356ED-55B7-785D-1333-2729A9F26EDA&sortorder=desc&column=row HTTP/1.1" 200 71784
37.57.218.243 - - [01/Jan/2021:09:29:39 +0100] "GET /ticket2/opencms/en/buy/?page=1&edid=EADB5142-E316-D488-65C9-672C3841B36D&sortorder=asc&column=section HTTP/1.1" 200 70643
207.180.226.173 - - [01/Jan/2021:09:29:40 +0100] "GET /ticket2/opencms/fi/buy/?page=1&edid=38471BC2-DC35-5637-FC07-B139F30174B0&sortorder=desc&column=row HTTP/1.1" 200 72984
192.99.15.199 - - [01/Jan/2021:09:29:44 +0100] "GET /ticket2/opencms/ru/buy/?page=1&edid=D6E70B72-39E0-1850-AB2F-AE94BBCCC29C&sortorder=asc&column=row HTTP/1.1" 200 71761
37.57.218.243 - - [01/Jan/2021:09:29:46 +0100] "GET /ticket2/opencms/en/buy/?page=1&edid=EADB5142-E316-D488-65C9-672C3841B36D&sortorder=desc&column=row HTTP/1.1" 200 70642
66.249.66.158 - - [01/Jan/2021:09:29:48 +0100] "GET /ticket2/opencms/nl/buy/?page=10&eventid=8089A138-5EE7-E43F-C342-AAB9352CA1D1&column= HTTP/1.1" 200 65683
54.36.148.250 - - [01/Jan/2021:09:29:49 +0100] "GET /ticket2/opencms/en/venue/?venueid=08AC19FE-7229-CD50-252B-5A429B19BA98 HTTP/1.1" 200 65215
66.249.66.157 - - [01/Jan/2021:09:29:52 +0100] "GET /ticket2/opencms/nl/ask-form.html HTTP/1.1" 200 3015
37.57.218.243 - - [01/Jan/2021:09:29:53 +0100] "GET /ticket2/opencms/en/buy/?page=1&edid=EADB5142-E316-D488-65C9-672C3841B36D&sortorder=desc&column=section HTTP/1.1" 200 70642
207.180.226.173 - - [01/Jan/2021:09:29:59 +0100] "GET /ticket2/opencms/fi/buy/?page=1&edid=38471BC2-DC35-5637-FC07-B139F30174B0&sortorder=desc&column=section HTTP/1.1" 200 72984
37.57.218.243 - - [01/Jan/2021:09:30:01 +0100] "GET /ticket2/opencms/en/buy/?page=1&edid=EBA49F8A-33E9-0C95-472B-EF6292B7073A HTTP/1.1" 200 71089
207.180.203.210 - - [01/Jan/2021:09:30:05 +0100] "GET /ticket2/opencms/fi/buy/?page=1&edid=892356ED-55B7-785D-1333-2729A9F26EDA&sortorder=desc&column=section HTTP/1.1" 200 71784
167.114.116.38 - - [01/Jan/2021:09:30:06 +0100] "GET /ticket2/opencms/en/buy/?page=1&edid=88A8445D-E9E2-799A-4B22-B1645A6F3E76&sortorder=desc&column=row HTTP/1.1" 200 70671
207.180.226.173 - - [01/Jan/2021:09:30:08 +0100] "GET /ticket2/opencms/fi/buy/?page=1&edid=390DC139-684B-981D-FD40-65227EC6F86F&sortorder=asc&column=price HTTP/1.1" 200 70649
37.57.218.243 - - [01/Jan/2021:09:30:09 +0100] "GET /ticket2/opencms/en/buy/?page=1&edid=ED609B1A-A052-FB11-EB42-22953E900AE3&sortorder=desc&column=price HTTP/1.1" 200 69238
37.57.218.243 - - [01/Jan/2021:09:30:18 +0100] "GET /ticket2/opencms/en/buy/?page=1&edid=ED609B1A-A052-FB11-EB42-22953E900AE3&sortorder=desc&column=row HTTP/1.1" 200 69238
216.245.221.83 - - [01/Jan/2021:09:30:19 +0100] "HEAD /ticket2/opencms/ HTTP/1.1" 302 -
216.245.221.83 - - [01/Jan/2021:09:30:20 +0100] "HEAD /ticket2/opencms/en/ HTTP/1.1" 200 -
192.99.13.88 - - [01/Jan/2021:09:30:20 +0100] "GET /ticket2/opencms/ru/buy/?page=1&edid=E927BEFD-9C6C-9D6C-18AA-81A3176DBF51&sortorder=desc&column=section HTTP/1.1" 200 71936
37.57.218.243 - - [01/Jan/2021:09:30:25 +0100] "GET /ticket2/opencms/en/buy/?page=1&edid=ED609B1A-A052-FB11-EB42-22953E900AE3&sortorder=desc&column=section HTTP/1.1" 200 69238
167.114.116.38 - - [01/Jan/2021:09:30:26 +0100] "GET /ticket2/opencms/en/buy/?page=1&edid=88A8445D-E9E2-799A-4B22-B1645A6F3E76&sortorder=desc&column=section HTTP/1.1" 200 70671
192.99.15.199 - - [01/Jan/2021:09:30:26 +0100] "GET /ticket2/opencms/ru/buy/?page=1&edid=D6E70B72-39E0-1850-AB2F-AE94BBCCC29C&sortorder=asc&column=section HTTP/1.1" 200 71761
207.180.226.173 - - [01/Jan/2021:09:30:28 +0100] "GET /ticket2/opencms/fi/buy/?page=1&edid=390DC139-684B-981D-FD40-65227EC6F86F&sortorder=asc&column=row HTTP/1.1" 200 70649
37.57.218.243 - - [01/Jan/2021:09:30:34 +0100] "GET /ticket2/opencms/en/buy/?page=1&edid=EDBC448D-4EF6-F545-D7E2-3768D22A626E&sortorder=asc&column=section HTTP/1.1" 200 69247
207.180.226.173 - - [01/Jan/2021:09:30:35 +0100] "GET /ticket2/opencms/fi/buy/?page=1&edid=396E73A1-46EC-AE78-6AE7-B586CDD32038 HTTP/1.1" 200 70625
207.180.203.210 - - [01/Jan/2021:09:30:39 +0100] "GET /ticket2/opencms/fi/buy/?page=1&edid=8B2FCF6C-8D1F-84BF-9D31-AF31288B9A8B&sortorder=desc&column=price HTTP/1.1" 200 72545
37.57.218.243 - - [01/Jan/2021:09:30:45 +0100] "GET /ticket2/opencms/en/buy/?page=1&edid=EE0B5545-A4DD-24A5-CE2A-0376591DD1C7&sortorder=desc&column=price HTTP/1.1" 200 69247
167.114.116.38 - - [01/Jan/2021:09:30:46 +0100] "GET /ticket2/opencms/en/buy/?page=1&edid=88AE85E3-914C-45FF-C0A8-644BDD25A487 HTTP/1.1" 200 71579
37.57.218.243 - - [01/Jan/2021:09:30:55 +0100] "GET /ticket2/opencms/en/buy/?page=1&edid=F079AC7E-D221-F1E2-410C-375B35987091&sortorder=asc&column=price HTTP/1.1" 200 69264
207.180.226.173 - - [01/Jan/2021:09:30:55 +0100] "GET /ticket2/opencms/fi/buy/?page=1&edid=396E73A1-46EC-AE78-6AE7-B586CDD32038&sortorder=desc&column=price HTTP/1.1" 200 70660
192.99.15.199 - - [01/Jan/2021:09:30:58 +0100] "GET /ticket2/opencms/ru/buy/?page=1&edid=DA55EA94-C407-D79D-D7C5-6A263E676A12&sortorder=asc&column=price HTTP/1.1" 200 71760
37.57.218.243 - - [01/Jan/2021:09:31:02 +0100] "GET /ticket2/opencms/en/buy/?page=1&edid=F6D147B4-BFC6-B900-6B95-5425172052C5&sortorder=desc&column=price HTTP/1.1" 200 70645
207.180.226.173 - - [01/Jan/2021:09:31:07 +0100] "GET /ticket2/opencms/fi/buy/?page=1&edid=396E73A1-46EC-AE78-6AE7-B586CDD32038&sortorder=desc&column=section HTTP/1.1" 200 70660
37.57.218.243 - - [01/Jan/2021:09:31:08 +0100] "GET /ticket2/opencms/en/buy/?page=1&edid=F6D147B4-BFC6-B900-6B95-5425172052C5&sortorder=desc&column=row HTTP/1.1" 200 70645
54.36.148.250 - - [01/Jan/2021:09:31:12 +0100] "GET /ticket2/opencms/en/venue/?venueid=09020355-FC21-7B01-28CB-650A5D998DEC HTTP/1.1" 200 65218
207.180.203.210 - - [01/Jan/2021:09:31:15 +0100] "GET /ticket2/opencms/fi/buy/?page=1&edid=8B8CABF1-EC4B-1D85-FDEB-4D562D28DF6F&sortorder=desc&column=price HTTP/1.1" 200 72287
37.57.218.243 - - [01/Jan/2021:09:31:16 +0100] "GET /ticket2/opencms/en/buy/?page=1&edid=F6D147B4-BFC6-B900-6B95-5425172052C5&sortorder=desc&column=section HTTP/1.1" 200 70645
167.114.116.38 - - [01/Jan/2021:09:31:18 +0100] "GET /ticket2/opencms/en/buy/?page=1&edid=88AE85E3-914C-45FF-C0A8-644BDD25A487&sortorder=asc&column=price HTTP/1.1" 200 71615
207.180.226.173 - - [01/Jan/2021:09:31:19 +0100] "GET /ticket2/opencms/fi/buy/?page=1&edid=3C9AD879-960E-ACE5-C66E-FD35A4D61246&sortorder=asc&column=price HTTP/1.1" 200 70643
192.99.13.88 - - [01/Jan/2021:09:31:20 +0100] "GET /ticket2/opencms/ru/buy/?page=1&edid=E985A176-1832-1AAF-F607-88AFA6E6A83A&sortorder=desc&column=price HTTP/1.1" 200 70228
37.57.218.243 - - [01/Jan/2021:09:31:24 +0100] "GET /ticket2/opencms/en/buy/?page=1&edid=F7ADBC49-B3F9-5F47-5079-2A05B4076CA2&sortorder=desc&column=price HTTP/1.1" 200 70875
37.57.218.243 - - [01/Jan/2021:09:31:34 +0100] "GET /ticket2/opencms/en/buy/?page=1&edid=F7ADBC49-B3F9-5F47-5079-2A05B4076CA2&sortorder=desc&column=section HTTP/1.1" 200 70875
207.180.226.173 - - [01/Jan/2021:09:31:37 +0100] "GET /ticket2/opencms/fi/buy/?page=1&edid=3C9AD879-960E-ACE5-C66E-FD35A4D61246&sortorder=asc&column=row HTTP/1.1" 200 70643
114.119.153.172 - - [01/Jan/2021:09:31:39 +0100] "GET /ticket2/opencms/sv/venue/?venueid=9FC61706-691B-2FC8-2F9C-0FE72518174E HTTP/1.1" 200 65459
37.57.218.243 - - [01/Jan/2021:09:31:42 +0100] "GET /ticket2/opencms/en/buy/?page=1&edid=F8D2FCD9-F8B1-6F20-A4A7-009D6D5FC21C&sortorder=desc&column=price HTTP/1.1" 200 71316
192.99.15.199 - - [01/Jan/2021:09:31:43 +0100] "GET /ticket2/opencms/ru/buy/?page=1&edid=DA55EA94-C407-D79D-D7C5-6A263E676A12&sortorder=asc&column=row HTTP/1.1" 200 71760
167.114.116.38 - - [01/Jan/2021:09:31:44 +0100] "GET /ticket2/opencms/en/buy/?page=1&edid=88AE85E3-914C-45FF-C0A8-644BDD25A487&sortorder=asc&column=row HTTP/1.1" 200 71615
37.57.218.243 - - [01/Jan/2021:09:31:49 +0100] "GET /ticket2/opencms/en/buy/?page=1&edid=F8F46E23-7D11-DB64-2DCC-CFF43B2094D4&sortorder=asc&column=row HTTP/1.1" 200 69248
207.180.226.173 - - [01/Jan/2021:09:31:52 +0100] "GET /ticket2/opencms/fi/buy/?page=1&edid=3C9AD879-960E-ACE5-C66E-FD35A4D61246&sortorder=asc&column=section HTTP/1.1" 200 70643
207.180.203.210 - - [01/Jan/2021:09:31:54 +0100] "GET /ticket2/opencms/fi/buy/?page=1&edid=92BBD595-A279-5DD9-FD4E-4182B24A479F&sortorder=desc&column=section HTTP/1.1" 200 70654
157.55.39.170 - - [01/Jan/2021:09:31:55 +0100] "GET /ticket2/opencms/sv/tickets/arsenal/ HTTP/1.1" 200 73525
37.57.218.243 - - [01/Jan/2021:09:31:56 +0100] "GET /ticket2/opencms/en/buy/?page=1&edid=F98A7298-B6AE-74CA-1979-60ECE40631DA HTTP/1.1" 200 69236
37.57.218.243 - - [01/Jan/2021:09:32:05 +0100] "GET /ticket2/opencms/en/buy/?page=1&edid=FA1D4F5B-4CE2-C9D1-B78A-CD1BF177B4FA&sortorder=desc&column=section HTTP/1.1" 200 71073
207.180.226.173 - - [01/Jan/2021:09:32:11 +0100] "GET /ticket2/opencms/fi/buy/?page=1&edid=3CC669F6-0C63-5743-F1E5-8F5E9C2AB45D&sortorder=asc&column=price HTTP/1.1" 200 72049
37.57.218.243 - - [01/Jan/2021:09:32:12 +0100] "GET /ticket2/opencms/en/buy/?page=1&edid=FAAC48C3-7F66-8429-13B0-F7752278EC64&sortorder=desc&column=price HTTP/1.1" 200 71084
167.114.116.38 - - [01/Jan/2021:09:32:12 +0100] "GET /ticket2/opencms/en/buy/?page=1&edid=88AE85E3-914C-45FF-C0A8-644BDD25A487&sortorder=asc&column=section HTTP/1.1" 200 71615
216.18.204.210 - - [01/Jan/2021:09:32:14 +0100] "GET /ticket2/opencms/no/buy/?page=1&edid=FD572358-7A7E-A5A7-0C7B-16687BA103EA&sortorder=asc&column=section HTTP/1.1" 200 71446
207.180.203.210 - - [01/Jan/2021:09:32:16 +0100] "GET /ticket2/opencms/fi/buy/?page=1&edid=9761E1FD-698D-925B-75F2-8957E68FD205&sortorder=desc&column=section HTTP/1.1" 200 70668
192.99.15.199 - - [01/Jan/2021:09:32:17 +0100] "GET /ticket2/opencms/ru/buy/?page=1&edid=DA55EA94-C407-D79D-D7C5-6A263E676A12&sortorder=asc&column=section HTTP/1.1" 200 71760
37.57.218.243 - - [01/Jan/2021:09:32:19 +0100] "GET /ticket2/opencms/en/buy/?page=1&edid=FAAC48C3-7F66-8429-13B0-F7752278EC64&sortorder=desc&column=row HTTP/1.1" 200 71084
207.180.226.173 - - [01/Jan/2021:09:32:21 +0100] "GET /ticket2/opencms/fi/buy/?page=1&edid=3CC669F6-0C63-5743-F1E5-8F5E9C2AB45D&sortorder=asc&column=row HTTP/1.1" 200 72049
192.99.13.88 - - [01/Jan/2021:09:32:23 +0100] "GET /ticket2/opencms/ru/buy/?page=1&edid=E985A176-1832-1AAF-F607-88AFA6E6A83A&sortorder=desc&column=row HTTP/1.1" 200 70228
37.57.218.243 - - [01/Jan/2021:09:32:29 +0100] "GET /ticket2/opencms/en/buy/?page=1&edid=FAAC48C3-7F66-8429-13B0-F7752278EC64&sortorder=desc&column=section HTTP/1.1" 200 71084
207.180.226.173 - - [01/Jan/2021:09:32:32 +0100] "GET /ticket2/opencms/fi/buy/?page=1&edid=3CC669F6-0C63-5743-F1E5-8F5E9C2AB45D&sortorder=asc&column=section HTTP/1.1" 200 72049
167.114.116.38 - - [01/Jan/2021:09:32:39 +0100] "GET /ticket2/opencms/en/buy/?page=1&edid=88AE85E3-914C-45FF-C0A8-644BDD25A487&sortorder=desc&column=price HTTP/1.1" 200 71614
54.36.148.87 - - [01/Jan/2021:09:32:40 +0100] "GET /ticket2/opencms/en/venue/?venueid=A60FB51F-D5E6-BD90-6801-0B7458E63156 HTTP/1.1" 200 65194
