167.114.64.97 - - [01/Jan/2021:06:05:43 +0100] "GET /ticket2/opencms/nl/buy/?page=1&edid=6DE6F49B-9DDC-AE93-D3C4-D0745D66A6AA&sortorder=asc&column=section HTTP/1.1" 200 68321
192.99.37.116 - - [01/Jan/2021:06:05:45 +0100] "GET /ticket2/opencms/no/buy/?page=1&edid=F5DB4B46-45B6-9A1B-2E14-108B2B95E084&sortorder=desc&column=section HTTP/1.1" 200 69830
213.136.75.74 - - [01/Jan/2021:06:05:46 +0100] "GET /ticket2/opencms/en/buy/?page=1&edid=8583C3B4-68A3-FF6C-44E3-F622BF6F6133&sortorder=asc&column=row HTTP/1.1" 200 70887
144.76.29.149 - - [01/Jan/2021:06:05:49 +0100] "GET /ticket2/opencms/fi/buy/?page=1&edid=4C4B615D-FF13-67D3-7FE2-BFA7E31B5BFA&sortorder=asc&column=price HTTP/1.1" 200 72746
167.114.159.99 - - [01/Jan/2021:06:05:52 +0100] "GET /ticket2/opencms/en/venue/?venueid=A4FD97C9-3112-FD78-66F7-32D2DBBAA5F9 HTTP/1.1" 200 65269
167.86.85.194 - - [01/Jan/2021:06:05:56 +0100] "GET /ticket2/opencms/en/buy/?page=1&edid=E1FB858B-852E-3C01-4302-5B8B82C02DE3 HTTP/1.1" 200 69212
213.136.75.74 - - [01/Jan/2021:06:05:57 +0100] "GET /ticket2/opencms/en/buy/?page=1&edid=8583C3B4-68A3-FF6C-44E3-F622BF6F6133&sortorder=asc&column=section HTTP/1.1" 200 70887
144.76.29.149 - - [01/Jan/2021:06:05:59 +0100] "GET /ticket2/opencms/fi/buy/?page=1&edid=4C4B615D-FF13-67D3-7FE2-BFA7E31B5BFA&sortorder=asc&column=row HTTP/1.1" 200 72746
144.76.29.149 - - [01/Jan/2021:06:06:03 +0100] "GET /ticket2/opencms/fi/buy/?page=1&edid=4C4B615D-FF13-67D3-7FE2-BFA7E31B5BFA&sortorder=asc&column=section HTTP/1.1" 200 72746
167.114.64.97 - - [01/Jan/2021:06:06:03 +0100] "GET /ticket2/opencms/nl/buy/?page=1&edid=6E797B1E-0B30-C6DA-FEDB-9F50303A8E3E&sortorder=asc&column=section HTTP/1.1" 200 68335
192.99.37.116 - - [01/Jan/2021:06:06:09 +0100] "GET /ticket2/opencms/no/buy/?page=1&edid=F6211F52-67B3-65D8-A11D-822849AB2187 HTTP/1.1" 200 69771
144.76.29.149 - - [01/Jan/2021:06:06:09 +0100] "GET /ticket2/opencms/fi/buy/?page=1&edid=4D75BF52-3CC3-05C2-13C4-29D0C667645C&sortorder=asc&column=row HTTP/1.1" 200 70649
167.86.85.194 - - [01/Jan/2021:06:06:10 +0100] "GET /ticket2/opencms/en/buy/?page=1&edid=E2049FBC-1F71-3CE6-73D5-BB91D73D6F88 HTTP/1.1" 200 71934
167.114.159.99 - - [01/Jan/2021:06:06:11 +0100] "GET /ticket2/opencms/en/venue/?venueid=A58FBBD0-E5F6-D023-AA37-9672F1C99514 HTTP/1.1" 200 65227
144.76.29.149 - - [01/Jan/2021:06:06:14 +0100] "GET /ticket2/opencms/fi/buy/?page=1&edid=4D75BF52-3CC3-05C2-13C4-29D0C667645C&sortorder=desc&column=row HTTP/1.1" 200 70648
213.136.75.74 - - [01/Jan/2021:06:06:16 +0100] "GET /ticket2/opencms/en/buy/?page=1&edid=859AFC52-CBE6-9F9D-BB23-1672BDAEEA65&sortorder=asc&column=price HTTP/1.1" 200 69239
144.76.29.149 - - [01/Jan/2021:06:06:18 +0100] "GET /ticket2/opencms/fi/buy/?page=1&edid=4E0C3D76-5DC2-7BFB-1A0D-B1E6CECFCF58&sortorder=asc&column=price HTTP/1.1" 200 70610
144.76.29.149 - - [01/Jan/2021:06:06:22 +0100] "GET /ticket2/opencms/fi/buy/?page=1&edid=4E0C3D76-5DC2-7BFB-1A0D-B1E6CECFCF58&sortorder=asc&column=section HTTP/1.1" 200 70610
144.76.29.149 - - [01/Jan/2021:06:06:27 +0100] "GET /ticket2/opencms/fi/buy/?page=1&edid=56AC65AD-6792-298C-C62F-1AAD7AFA4221&sortorder=asc&column=row HTTP/1.1" 200 72303
213.136.75.74 - - [01/Jan/2021:06:06:27 +0100] "GET /ticket2/opencms/en/buy/?page=1&edid=859AFC52-CBE6-9F9D-BB23-1672BDAEEA65&sortorder=asc&column=row HTTP/1.1" 200 69239
167.114.159.99 - - [01/Jan/2021:06:06:27 +0100] "GET /ticket2/opencms/en/venue/?venueid=A7F4FECE-4E17-B1DA-2900-3D2253A69294 HTTP/1.1" 200 65246
167.114.64.97 - - [01/Jan/2021:06:06:27 +0100] "GET /ticket2/opencms/nl/buy/?page=1&edid=6F78F5BA-89FB-5B06-1C2C-8FCC6B5F632B&sortorder=asc&column=row HTTP/1.1" 200 71046
167.86.85.194 - - [01/Jan/2021:06:06:27 +0100] "GET /ticket2/opencms/en/buy/?page=1&edid=E2049FBC-1F71-3CE6-73D5-BB91D73D6F88&sortorder=asc&column=price HTTP/1.1" 200 71970
192.99.37.116 - - [01/Jan/2021:06:06:28 +0100] "GET /ticket2/opencms/no/buy/?page=1&edid=F9FF1A93-E063-30B5-D018-721B7BF05409&sortorder=desc&column=price HTTP/1.1" 200 72182
207.46.13.183 - - [01/Jan/2021:06:06:28 +0100] "GET /ticket2/opencms/en/venue/?venueid=D469B02A-A348-1879-8637-C23BC06689E4 HTTP/1.1" 200 65243
144.76.29.149 - - [01/Jan/2021:06:06:32 +0100] "GET /ticket2/opencms/fi/buy/?page=1&edid=56AC65AD-6792-298C-C62F-1AAD7AFA4221&sortorder=asc&column=section HTTP/1.1" 200 72303
54.36.148.250 - - [01/Jan/2021:06:06:32 +0100] "GET /ticket2/opencms/dk/sport/fodboldbilletter/serie-a/palermo/ HTTP/1.1" 200 66105
144.76.29.149 - - [01/Jan/2021:06:06:38 +0100] "GET /ticket2/opencms/fi/buy/?page=1&edid=56EB48DE-C920-96AE-7A9D-852BD8A1A365&sortorder=asc&column=price HTTP/1.1" 200 72739
213.136.75.74 - - [01/Jan/2021:06:06:39 +0100] "GET /ticket2/opencms/en/buy/?page=1&edid=859AFC52-CBE6-9F9D-BB23-1672BDAEEA65&sortorder=asc&column=section HTTP/1.1" 200 69239
167.86.85.194 - - [01/Jan/2021:06:06:43 +0100] "GET /ticket2/opencms/en/buy/?page=1&edid=E228A0CB-50FE-B54A-45BE-AC36B6CEC05B&sortorder=asc&column=row HTTP/1.1" 200 69256
144.76.29.149 - - [01/Jan/2021:06:06:44 +0100] "GET /ticket2/opencms/fi/buy/?page=1&edid=56EB48DE-C920-96AE-7A9D-852BD8A1A365&sortorder=asc&column=row HTTP/1.1" 200 72739
192.99.37.116 - - [01/Jan/2021:06:06:48 +0100] "GET /ticket2/opencms/no/buy/?page=1&edid=F9FF1A93-E063-30B5-D018-721B7BF05409&sortorder=desc&column=row HTTP/1.1" 200 72182
144.76.29.149 - - [01/Jan/2021:06:06:48 +0100] "GET /ticket2/opencms/fi/buy/?page=1&edid=56EB48DE-C920-96AE-7A9D-852BD8A1A365&sortorder=asc&column=section HTTP/1.1" 200 72739
167.114.159.99 - - [01/Jan/2021:06:06:51 +0100] "GET /ticket2/opencms/en/venue/?venueid=ABC0464F-8805-FF17-3379-7EF70B4189E3 HTTP/1.1" 200 65210
167.114.64.97 - - [01/Jan/2021:06:06:53 +0100] "GET /ticket2/opencms/nl/buy/?page=1&edid=6F78F5BA-89FB-5B06-1C2C-8FCC6B5F632B&sortorder=asc&column=section HTTP/1.1" 200 71046
144.76.29.149 - - [01/Jan/2021:06:06:54 +0100] "GET /ticket2/opencms/fi/buy/?page=1&edid=595A5267-76E6-43B6-97D1-91251A31FEA6&sortorder=asc&column=price HTTP/1.1" 200 72305
213.136.75.74 - - [01/Jan/2021:06:06:56 +0100] "GET /ticket2/opencms/en/buy/?page=1&edid=869B1F17-4BE4-AC5C-FE3A-AEBC86488B85&sortorder=asc&column=price HTTP/1.1" 200 69259
192.99.37.116 - - [01/Jan/2021:06:06:58 +0100] "GET /ticket2/opencms/no/buy/?page=1&edid=F9FF1A93-E063-30B5-D018-721B7BF05409&sortorder=desc&column=section HTTP/1.1" 200 72182
144.76.29.149 - - [01/Jan/2021:06:06:59 +0100] "GET /ticket2/opencms/fi/buy/?page=1&edid=595A5267-76E6-43B6-97D1-91251A31FEA6&sortorder=asc&column=row HTTP/1.1" 200 72305
114.119.159.61 - - [01/Jan/2021:06:07:02 +0100] "GET /ticket2/opencms/en/archive/events/timra_ik/ HTTP/1.1" 200 69921
213.136.75.74 - - [01/Jan/2021:06:07:04 +0100] "GET /ticket2/opencms/en/buy/?page=1&edid=869B1F17-4BE4-AC5C-FE3A-AEBC86488B85&sortorder=asc&column=row HTTP/1.1" 200 69259
144.76.29.149 - - [01/Jan/2021:06:07:05 +0100] "GET /ticket2/opencms/fi/buy/?page=1&edid=595A5267-76E6-43B6-97D1-91251A31FEA6&sortorder=asc&column=section HTTP/1.1" 200 72305
167.86.85.194 - - [01/Jan/2021:06:07:06 +0100] "GET /ticket2/opencms/en/buy/?page=1&edid=E228A0CB-50FE-B54A-45BE-AC36B6CEC05B&sortorder=asc&column=section HTTP/1.1" 200 69256
144.76.29.149 - - [01/Jan/2021:06:07:10 +0100] "GET /ticket2/opencms/fi/buy/?page=1&edid=5D316A17-67AE-AB26-3845-7466FBF7E082&sortorder=asc&column=price HTTP/1.1" 200 70615
167.114.159.99 - - [01/Jan/2021:06:07:10 +0100] "GET /ticket2/opencms/en/venue/?venueid=AC375263-7A55-216C-3DC8-A3A22B8C867F HTTP/1.1" 200 65242
144.76.29.149 - - [01/Jan/2021:06:07:15 +0100] "GET /ticket2/opencms/fi/buy/?page=1&edid=5D316A17-67AE-AB26-3845-7466FBF7E082&sortorder=asc&column=row HTTP/1.1" 200 70615
192.99.37.116 - - [01/Jan/2021:06:07:15 +0100] "GET /ticket2/opencms/no/buy/?page=1&edid=FB7F0AD6-8707-51F1-5AF9-A7E952D9C69E&sortorder=desc&column=section HTTP/1.1" 200 69830
167.114.64.97 - - [01/Jan/2021:06:07:17 +0100] "GET /ticket2/opencms/nl/buy/?page=1&edid=6F9E73C2-C121-BEC3-C713-1F67AF9C9388&sortorder=asc&column=price HTTP/1.1" 200 71049
213.136.75.74 - - [01/Jan/2021:06:07:18 +0100] "GET /ticket2/opencms/en/buy/?page=1&edid=869B1F17-4BE4-AC5C-FE3A-AEBC86488B85&sortorder=asc&column=section HTTP/1.1" 200 69259
144.76.29.149 - - [01/Jan/2021:06:07:20 +0100] "GET /ticket2/opencms/fi/buy/?page=1&edid=5D316A17-67AE-AB26-3845-7466FBF7E082&sortorder=asc&column=section HTTP/1.1" 200 70615
144.76.29.149 - - [01/Jan/2021:06:07:24 +0100] "GET /ticket2/opencms/fi/buy/?page=1&edid=5D316A17-67AE-AB26-3845-7466FBF7E082&sortorder=desc&column=price HTTP/1.1" 200 70614
167.86.85.194 - - [01/Jan/2021:06:07:26 +0100] "GET /ticket2/opencms/en/buy/?page=1&edid=E228A0CB-50FE-B54A-45BE-AC36B6CEC05B&sortorder=desc&column=price HTTP/1.1" 200 69255
144.76.29.149 - - [01/Jan/2021:06:07:28 +0100] "GET /ticket2/opencms/fi/buy/?page=1&edid=5D316A17-67AE-AB26-3845-7466FBF7E082&sortorder=desc&column=row HTTP/1.1" 200 70614
192.99.37.116 - - [01/Jan/2021:06:07:30 +0100] "GET /ticket2/opencms/no/buy/?page=1&edid=FBDF2F5C-22EC-57CA-6C70-110C2200E452 HTTP/1.1" 200 69766
167.114.159.99 - - [01/Jan/2021:06:07:32 +0100] "GET /ticket2/opencms/en/venue/?venueid=AC707CB9-CD81-07F8-9EA6-B47D04E2F113 HTTP/1.1" 200 65221
144.76.29.149 - - [01/Jan/2021:06:07:32 +0100] "GET /ticket2/opencms/fi/buy/?page=1&edid=5D316A17-67AE-AB26-3845-7466FBF7E082&sortorder=desc&column=section HTTP/1.1" 200 70614
144.76.29.149 - - [01/Jan/2021:06:07:37 +0100] "GET /ticket2/opencms/fi/buy/?page=1&edid=5D493DC0-3521-1F48-FB59-88048F0708BF&sortorder=asc&column=price HTTP/1.1" 200 72298
167.114.64.97 - - [01/Jan/2021:06:07:38 +0100] "GET /ticket2/opencms/nl/buy/?page=1&edid=6F9E73C2-C121-BEC3-C713-1F67AF9C9388&sortorder=asc&column=section HTTP/1.1" 200 71049
213.136.75.74 - - [01/Jan/2021:06:07:38 +0100] "GET /ticket2/opencms/en/buy/?page=1&edid=869B1F17-4BE4-AC5C-FE3A-AEBC86488B85&sortorder=desc&column=row HTTP/1.1" 200 69258
54.36.148.53 - - [01/Jan/2021:06:07:40 +0100] "GET /ticket2/opencms/dk/buy/?page=6&comcatid=A17713B6-D984-201A-4143-ED4DB5ED5C2E&catid=8AA488FA-6797-D710-8108-3088D6948FC1 HTTP/1.1" 200 75805
144.76.29.149 - - [01/Jan/2021:06:07:41 +0100] "GET /ticket2/opencms/fi/buy/?page=1&edid=5D493DC0-3521-1F48-FB59-88048F0708BF&sortorder=asc&column=row HTTP/1.1" 200 72298
167.86.85.194 - - [01/Jan/2021:06:07:42 +0100] "GET /ticket2/opencms/en/buy/?page=1&edid=E228A0CB-50FE-B54A-45BE-AC36B6CEC05B&sortorder=desc&column=row HTTP/1.1" 200 69255
144.76.29.149 - - [01/Jan/2021:06:07:46 +0100] "GET /ticket2/opencms/fi/buy/?page=1&edid=5D493DC0-3521-1F48-FB59-88048F0708BF&sortorder=asc&column=section HTTP/1.1" 200 72298
213.136.75.74 - - [01/Jan/2021:06:07:51 +0100] "GET /ticket2/opencms/en/buy/?page=1&edid=869B1F17-4BE4-AC5C-FE3A-AEBC86488B85&sortorder=desc&column=section HTTP/1.1" 200 69258
167.114.159.99 - - [01/Jan/2021:06:07:55 +0100] "GET /ticket2/opencms/en/venue/?venueid=ACC8A459-C50B-8227-22E5-527547E31271 HTTP/1.1" 200 65245
167.86.85.194 - - [01/Jan/2021:06:07:58 +0100] "GET /ticket2/opencms/en/buy/?page=1&edid=E228A0CB-50FE-B54A-45BE-AC36B6CEC05B&sortorder=desc&column=section HTTP/1.1" 200 69255
167.114.64.97 - - [01/Jan/2021:06:08:01 +0100] "GET /ticket2/opencms/nl/buy/?page=1&edid=70206ABB-C0B8-14C4-759D-8724BD4F997B HTTP/1.1" 200 68296
213.136.75.74 - - [01/Jan/2021:06:08:06 +0100] "GET /ticket2/opencms/en/buy/?page=1&edid=86D58C3C-F0C0-B63F-E2F8-CD47A83E5E88&sortorder=asc&column=price HTTP/1.1" 200 70643
192.99.37.116 - - [01/Jan/2021:06:08:07 +0100] "GET /ticket2/opencms/no/buy/?page=1&edid=FBDF2F5C-22EC-57CA-6C70-110C2200E452&sortorder=desc&column=price HTTP/1.1" 200 69801
144.76.29.149 - - [01/Jan/2021:06:08:08 +0100] "GET /ticket2/opencms/fi/buy/?page=1&edid=5E44DF6E-CFFE-8776-1147-BEA03DBE86D3&sortorder=asc&column=price HTTP/1.1" 200 70647
167.114.159.99 - - [01/Jan/2021:06:08:11 +0100] "GET /ticket2/opencms/en/venue/?venueid=AD7646E3-6B04-B7A0-6EC4-E012A5391A5E HTTP/1.1" 200 65222
167.86.85.194 - - [01/Jan/2021:06:08:18 +0100] "GET /ticket2/opencms/en/buy/?page=1&edid=E2331CB7-8217-A99E-EF9E-BFAE81AC9C43 HTTP/1.1" 200 70361
167.114.64.97 - - [01/Jan/2021:06:08:22 +0100] "GET /ticket2/opencms/nl/buy/?page=1&edid=703B9188-07D2-D0DA-558A-C19524FFF0C0&sortorder=asc&column=price HTTP/1.1" 200 68296
213.136.75.74 - - [01/Jan/2021:06:08:28 +0100] "GET /ticket2/opencms/en/buy/?page=1&edid=86D58C3C-F0C0-B63F-E2F8-CD47A83E5E88&sortorder=asc&column=row HTTP/1.1" 200 70643
192.99.37.116 - - [01/Jan/2021:06:08:30 +0100] "GET /ticket2/opencms/no/buy/?page=1&edid=FBDF2F5C-22EC-57CA-6C70-110C2200E452&sortorder=desc&column=row HTTP/1.1" 200 69801
144.76.29.149 - - [01/Jan/2021:06:08:31 +0100] "GET /ticket2/opencms/fi/buy/?page=1&edid=5E44DF6E-CFFE-8776-1147-BEA03DBE86D3&sortorder=asc&column=row HTTP/1.1" 200 70647
167.114.159.99 - - [01/Jan/2021:06:08:34 +0100] "GET /ticket2/opencms/en/venue/?venueid=AD7EE4D5-94F2-8F40-9E84-6B1A25E8F1D7 HTTP/1.1" 200 65206
167.86.85.194 - - [01/Jan/2021:06:08:34 +0100] "GET /ticket2/opencms/en/buy/?page=1&edid=E2914107-4FF6-6962-1106-28D4624EA4CE&sortorder=asc&column=price HTTP/1.1" 200 71615
144.76.29.149 - - [01/Jan/2021:06:08:36 +0100] "GET /ticket2/opencms/fi/buy/?page=1&edid=5E44DF6E-CFFE-8776-1147-BEA03DBE86D3&sortorder=asc&column=section HTTP/1.1" 200 70647
66.249.66.32 - - [01/Jan/2021:06:08:38 +0100] "GET /ticket2/opencms/no/buy/?page=1&edid=D0F26606-9A2B-7F9B-761A-AD94A62F6874 HTTP/1.1" 200 71691
167.114.64.97 - - [01/Jan/2021:06:08:42 +0100] "GET /ticket2/opencms/nl/buy/?page=1&edid=703B9188-07D2-D0DA-558A-C19524FFF0C0&sortorder=asc&column=section HTTP/1.1" 200 68296
144.76.29.149 - - [01/Jan/2021:06:08:42 +0100] "GET /ticket2/opencms/fi/buy/?page=1&edid=5FB42A24-9598-632B-4AE7-41A2A99513C3&sortorder=asc&column=price HTTP/1.1" 200 70658
213.136.75.74 - - [01/Jan/2021:06:08:43 +0100] "GET /ticket2/opencms/en/buy/?page=1&edid=86D58C3C-F0C0-B63F-E2F8-CD47A83E5E88&sortorder=asc&column=section HTTP/1.1" 200 70643
192.99.37.116 - - [01/Jan/2021:06:08:46 +0100] "GET /ticket2/opencms/no/buy/?page=1&edid=FBE996A6-C796-D456-AEF9-77A7DD0E617C HTTP/1.1" 200 69767
144.76.29.149 - - [01/Jan/2021:06:08:48 +0100] "GET /ticket2/opencms/fi/buy/?page=1&edid=5FB42A24-9598-632B-4AE7-41A2A99513C3&sortorder=asc&column=row HTTP/1.1" 200 70658
167.86.85.194 - - [01/Jan/2021:06:08:50 +0100] "GET /ticket2/opencms/en/buy/?page=1&edid=E2E87D6E-3588-8997-96BC-7A3B0FF8ED91&sortorder=asc&column=section HTTP/1.1" 200 70629
54.36.148.250 - - [01/Jan/2021:06:08:51 +0100] "GET /ticket2/opencms/dk/venue/?venueid=57C4265D-1F48-7073-0A99-FC101DE89128 HTTP/1.1" 200 65243
17.58.101.37 - - [01/Jan/2021:06:08:52 +0100] "GET /ticket2/opencms/en/buy/?edid=87290264-453D-FFD4-E0AD-C907B793DD48&page=1 HTTP/1.1" 200 72372
144.76.29.149 - - [01/Jan/2021:06:08:53 +0100] "GET /ticket2/opencms/fi/buy/?page=1&edid=5FB42A24-9598-632B-4AE7-41A2A99513C3&sortorder=asc&column=section HTTP/1.1" 200 70658
213.136.75.74 - - [01/Jan/2021:06:08:53 +0100] "GET /ticket2/opencms/en/buy/?page=1&edid=86D58C3C-F0C0-B63F-E2F8-CD47A83E5E88&sortorder=desc&column=price HTTP/1.1" 200 70642
167.114.159.99 - - [01/Jan/2021:06:08:57 +0100] "GET /ticket2/opencms/en/venue/?venueid=ADC2EAE7-F3B9-5998-1901-D9DA30ACB19A HTTP/1.1" 200 65185
144.76.29.149 - - [01/Jan/2021:06:09:00 +0100] "GET /ticket2/opencms/fi/buy/?page=1&edid=70AA95CC-0F01-4970-97B9-5BD4C290D6AC&sortorder=desc&column=price HTTP/1.1" 200 72514
167.114.64.97 - - [01/Jan/2021:06:09:04 +0100] "GET /ticket2/opencms/nl/buy/?page=1&edid=7044174B-9D59-EC54-D559-9C7BAD39A582&sortorder=asc&column=price HTTP/1.1" 200 71048
144.76.29.149 - - [01/Jan/2021:06:09:05 +0100] "GET /ticket2/opencms/fi/buy/?page=1&edid=99D4B172-B76D-E7FE-A3D7-CF4303CA6648&sortorder=asc&column=price HTTP/1.1" 200 72048
213.136.75.74 - - [01/Jan/2021:06:09:07 +0100] "GET /ticket2/opencms/en/buy/?page=1&edid=86D58C3C-F0C0-B63F-E2F8-CD47A83E5E88&sortorder=desc&column=row HTTP/1.1" 200 70642
192.99.37.116 - - [01/Jan/2021:06:09:08 +0100] "GET /ticket2/opencms/no/buy/?page=1&edid=FC6C7C18-83B6-E104-2781-4BFAA17207F5 HTTP/1.1" 200 69776
167.86.85.194 - - [01/Jan/2021:06:09:09 +0100] "GET /ticket2/opencms/en/buy/?page=1&edid=E2FB90EB-E7F9-B63D-D18F-D53A53DA9C8B&sortorder=desc&column=section HTTP/1.1" 200 72415
144.76.29.149 - - [01/Jan/2021:06:09:10 +0100] "GET /ticket2/opencms/fi/buy/?page=1&edid=99D4B172-B76D-E7FE-A3D7-CF4303CA6648&sortorder=asc&column=section HTTP/1.1" 200 72048
157.55.39.169 - - [01/Jan/2021:06:09:13 +0100] "GET /ticket2/opencms/no/venue/?venueid=0A150E76-62F4-C52C-086E-D4CAD50B046E HTTP/1.1" 200 65739
144.76.29.149 - - [01/Jan/2021:06:09:15 +0100] "GET /ticket2/opencms/fi/buy/?page=1&edid=9B9311EB-B4D2-9499-BE79-EAD276FCD2D7&sortorder=asc&column=price HTTP/1.1" 200 70659
213.136.75.74 - - [01/Jan/2021:06:09:17 +0100] "GET /ticket2/opencms/en/buy/?page=1&edid=8871F39D-CC75-6BEB-E911-E7E368F4B404&sortorder=asc&column=price HTTP/1.1" 200 70885
167.114.159.99 - - [01/Jan/2021:06:09:18 +0100] "GET /ticket2/opencms/en/venue/?venueid=ADCD705E-60C1-B5B7-06CB-C114610D2494 HTTP/1.1" 200 65183
144.76.29.149 - - [01/Jan/2021:06:09:19 +0100] "GET /ticket2/opencms/fi/buy/?page=1&edid=9B9311EB-B4D2-9499-BE79-EAD276FCD2D7&sortorder=desc&column=price HTTP/1.1" 200 70658
192.99.37.116 - - [01/Jan/2021:06:09:21 +0100] "GET /ticket2/opencms/no/buy/?page=1&edid=FC8166F8-5150-95FE-6FDF-33A45AACF965 HTTP/1.1" 200 69783
167.86.85.194 - - [01/Jan/2021:06:09:21 +0100] "GET /ticket2/opencms/en/buy/?page=1&edid=E2FF13E6-DFDF-8758-C2F3-20694194FCC2 HTTP/1.1" 200 69222
144.76.29.149 - - [01/Jan/2021:06:09:26 +0100] "GET /ticket2/opencms/fi/buy/?page=1&edid=A4DDC6F5-CEA1-C6AF-F819-DE8EED766D18&sortorder=asc&column=price HTTP/1.1" 200 73841
167.114.64.97 - - [01/Jan/2021:06:09:29 +0100] "GET /ticket2/opencms/nl/buy/?page=1&edid=70FDC3DC-F515-C07F-B4AD-EDA83BDCA260&sortorder=asc&column=price HTTP/1.1" 200 69983
144.76.29.149 - - [01/Jan/2021:06:09:32 +0100] "GET /ticket2/opencms/fi/buy/?page=1&edid=A4DDC6F5-CEA1-C6AF-F819-DE8EED766D18&sortorder=asc&column=row HTTP/1.1" 200 73841
192.99.37.116 - - [01/Jan/2021:06:09:32 +0100] "GET /ticket2/opencms/no/buy/?page=1&edid=FCA72846-635B-B656-1D41-380F35E6AF6B&sortorder=asc&column=row HTTP/1.1" 200 72394
213.136.75.74 - - [01/Jan/2021:06:09:34 +0100] "GET /ticket2/opencms/en/buy/?page=1&edid=8871F39D-CC75-6BEB-E911-E7E368F4B404&sortorder=asc&column=row HTTP/1.1" 200 70885
144.76.29.149 - - [01/Jan/2021:06:09:36 +0100] "GET /ticket2/opencms/fi/buy/?page=1&edid=A4DDC6F5-CEA1-C6AF-F819-DE8EED766D18&sortorder=asc&column=section HTTP/1.1" 200 73841
144.76.29.149 - - [01/Jan/2021:06:09:40 +0100] "GET /ticket2/opencms/fi/buy/?page=1&edid=A85E030E-32CA-30D9-6C1A-21D58A3B9853&sortorder=asc&column=price HTTP/1.1" 200 72306
167.86.85.194 - - [01/Jan/2021:06:09:43 +0100] "GET /ticket2/opencms/en/buy/?page=1&edid=E2FF13E6-DFDF-8758-C2F3-20694194FCC2&sortorder=asc&column=row HTTP/1.1" 200 69258
144.76.29.149 - - [01/Jan/2021:06:09:45 +0100] "GET /ticket2/opencms/fi/buy/?page=1&edid=A85E030E-32CA-30D9-6C1A-21D58A3B9853&sortorder=asc&column=row HTTP/1.1" 200 72306
167.114.159.99 - - [01/Jan/2021:06:09:45 +0100] "GET /ticket2/opencms/en/venue/?venueid=AE1704AB-E9B5-32D5-9A74-56BDCC5D4A10 HTTP/1.1" 200 65231
213.136.75.74 - - [01/Jan/2021:06:09:49 +0100] "GET /ticket2/opencms/en/buy/?page=1&edid=8871F39D-CC75-6BEB-E911-E7E368F4B404&sortorder=asc&column=section HTTP/1.1" 200 70885
144.76.29.149 - - [01/Jan/2021:06:09:50 +0100] "GET /ticket2/opencms/fi/buy/?page=1&edid=A85E030E-32CA-30D9-6C1A-21D58A3B9853&sortorder=asc&column=section HTTP/1.1" 200 72306
54.36.148.166 - - [01/Jan/2021:06:09:54 +0100] "GET /ticket2/opencms/dk/venue/?venueid=0A39CE99-4F26-18C0-6480-39447ABAF827 HTTP/1.1" 200 65223
144.76.29.149 - - [01/Jan/2021:06:09:55 +0100] "GET /ticket2/opencms/fi/buy/?page=1&edid=B0B70E5A-B67E-70BD-7774-60314068D0D1&sortorder=asc&column=row HTTP/1.1" 200 72091
167.114.64.97 - - [01/Jan/2021:06:09:58 +0100] "GET /ticket2/opencms/nl/buy/?page=1&edid=70FDC3DC-F515-C07F-B4AD-EDA83BDCA260&sortorder=asc&column=section HTTP/1.1" 200 69983
167.86.85.194 - - [01/Jan/2021:06:09:59 +0100] "GET /ticket2/opencms/en/buy/?page=1&edid=E2FF13E6-DFDF-8758-C2F3-20694194FCC2&sortorder=asc&column=section HTTP/1.1" 200 69258
192.99.37.116 - - [01/Jan/2021:06:09:59 +0100] "GET /ticket2/opencms/no/buy/?page=1&edid=FCA72846-635B-B656-1D41-380F35E6AF6B&sortorder=asc&column=section HTTP/1.1" 200 72394
144.76.29.149 - - [01/Jan/2021:06:10:02 +0100] "GET /ticket2/opencms/fi/buy/?page=1&edid=B0B70E5A-B67E-70BD-7774-60314068D0D1&sortorder=desc&column=row HTTP/1.1" 200 72090
213.136.75.74 - - [01/Jan/2021:06:10:06 +0100] "GET /ticket2/opencms/en/buy/?page=1&edid=8ACD1E09-FED8-351A-691B-56EF5D589CCC&sortorder=asc&column=price HTTP/1.1" 200 69259
144.76.29.149 - - [01/Jan/2021:06:10:06 +0100] "GET /ticket2/opencms/fi/buy/?page=1&edid=B18027D6-B45A-F7C3-86D8-199E36269DA4&sortorder=desc&column=price HTTP/1.1" 200 70633
167.86.85.194 - - [01/Jan/2021:06:10:10 +0100] "GET /ticket2/opencms/en/buy/?page=1&edid=E2FF13E6-DFDF-8758-C2F3-20694194FCC2&sortorder=desc&column=price HTTP/1.1" 200 69257
167.114.159.99 - - [01/Jan/2021:06:10:12 +0100] "GET /ticket2/opencms/en/venue/?venueid=AE690E22-52A2-9D01-F177-04D7C65EB752 HTTP/1.1" 200 65348
144.76.29.149 - - [01/Jan/2021:06:10:13 +0100] "GET /ticket2/opencms/fi/buy/?page=1&edid=B18027D6-B45A-F7C3-86D8-199E36269DA4&sortorder=desc&column=row HTTP/1.1" 200 70633
167.114.64.97 - - [01/Jan/2021:06:10:17 +0100] "GET /ticket2/opencms/nl/buy/?page=1&edid=70FDC3DC-F515-C07F-B4AD-EDA83BDCA260&sortorder=desc&column=price HTTP/1.1" 200 69982
144.76.29.149 - - [01/Jan/2021:06:10:18 +0100] "GET /ticket2/opencms/fi/buy/?page=1&edid=B18027D6-B45A-F7C3-86D8-199E36269DA4&sortorder=desc&column=section HTTP/1.1" 200 70633
216.245.221.83 - - [01/Jan/2021:06:10:19 +0100] "HEAD /ticket2/opencms/ HTTP/1.1" 302 -
216.245.221.83 - - [01/Jan/2021:06:10:19 +0100] "HEAD /ticket2/opencms/en/ HTTP/1.1" 200 -
144.76.29.149 - - [01/Jan/2021:06:10:20 +0100] "GET /ticket2/opencms/no/buy/?page=1&edid=0435AA01-DEED-F5D9-39FC-322BF9B9D7E3&sortorder=desc&column=section HTTP/1.1" 200 69833
213.136.75.74 - - [01/Jan/2021:06:10:22 +0100] "GET /ticket2/opencms/en/buy/?page=1&edid=8ACD1E09-FED8-351A-691B-56EF5D589CCC&sortorder=asc&column=row HTTP/1.1" 200 69259
167.86.85.194 - - [01/Jan/2021:06:10:22 +0100] "GET /ticket2/opencms/en/buy/?page=1&edid=E3A3E456-F599-B0D4-8695-FC610C8E69B5&sortorder=asc&column=row HTTP/1.1" 200 71638
144.76.29.149 - - [01/Jan/2021:06:10:22 +0100] "GET /ticket2/opencms/no/buy/?page=1&edid=1E779CD0-B181-DF0A-C0F1-0F4838D81E3C HTTP/1.1" 200 72158
144.76.29.149 - - [01/Jan/2021:06:10:25 +0100] "GET /ticket2/opencms/no/buy/?page=1&edid=2805E9FE-13AF-6EBE-1FDF-59005002ACB2 HTTP/1.1" 200 69773
192.99.37.116 - - [01/Jan/2021:06:10:26 +0100] "GET /ticket2/opencms/no/buy/?page=1&edid=FCCEA0AD-179D-2AD4-9A08-938973A163A5 HTTP/1.1" 200 69802
144.76.29.149 - - [01/Jan/2021:06:10:28 +0100] "GET /ticket2/opencms/no/buy/?page=1&edid=2817584D-84B7-01BC-D450-6FB701A5D287 HTTP/1.1" 200 69803
167.86.85.194 - - [01/Jan/2021:06:10:30 +0100] "GET /ticket2/opencms/en/buy/?page=1&edid=E3A3E456-F599-B0D4-8695-FC610C8E69B5&sortorder=desc&column=section HTTP/1.1" 200 71637
144.76.29.149 - - [01/Jan/2021:06:10:30 +0100] "GET /ticket2/opencms/no/buy/?page=1&edid=28329314-3F60-44AA-17BA-552A83462666 HTTP/1.1" 200 71423
144.76.29.149 - - [01/Jan/2021:06:10:33 +0100] "GET /ticket2/opencms/no/buy/?page=1&edid=28329314-3F60-44AA-17BA-552A83462666&sortorder=desc&column=price HTTP/1.1" 200 71458
144.76.29.149 - - [01/Jan/2021:06:10:35 +0100] "GET /ticket2/opencms/no/buy/?page=1&edid=28A78875-6E8A-83A1-C3FA-6534C0763257 HTTP/1.1" 200 72156
167.114.159.99 - - [01/Jan/2021:06:10:35 +0100] "GET /ticket2/opencms/en/venue/?venueid=AEBDE4BB-8DCC-3391-E627-DEA59986D788 HTTP/1.1" 200 65239
144.76.29.149 - - [01/Jan/2021:06:10:37 +0100] "GET /ticket2/opencms/no/buy/?page=1&edid=28AB3879-8817-D9E2-3B6A-5B3CFBA47F2C HTTP/1.1" 200 69790
144.76.29.149 - - [01/Jan/2021:06:10:39 +0100] "GET /ticket2/opencms/no/buy/?page=1&edid=28C321AF-B22D-2FA4-72FD-693E5F65ED60 HTTP/1.1" 200 71192
192.99.37.116 - - [01/Jan/2021:06:10:40 +0100] "GET /ticket2/opencms/no/buy/?page=1&edid=FCFF64F4-8470-ED2D-AA1E-ED0A7C017F3F HTTP/1.1" 200 69803
144.76.29.149 - - [01/Jan/2021:06:10:41 +0100] "GET /ticket2/opencms/no/buy/?page=1&edid=28C66934-8816-E693-E8DA-B35164D8DE57 HTTP/1.1" 200 71179
167.114.64.97 - - [01/Jan/2021:06:10:42 +0100] "GET /ticket2/opencms/nl/buy/?page=1&edid=70FDC3DC-F515-C07F-B4AD-EDA83BDCA260&sortorder=desc&column=row HTTP/1.1" 200 69982
144.76.29.149 - - [01/Jan/2021:06:10:44 +0100] "GET /ticket2/opencms/no/buy/?page=1&edid=28FE0D80-AF6C-4AA1-8D78-65E3D3DBF7A3 HTTP/1.1" 200 69786
144.76.29.149 - - [01/Jan/2021:06:10:46 +0100] "GET /ticket2/opencms/no/buy/?page=1&edid=2A93FDBF-8999-C9A7-A2BB-3747C42B429D HTTP/1.1" 200 69782
167.114.159.99 - - [01/Jan/2021:06:10:50 +0100] "GET /ticket2/opencms/en/venue/?venueid=AF41511E-0B9E-3E6E-A7C7-E2C23F4F1C81 HTTP/1.1" 200 65222
213.136.75.74 - - [01/Jan/2021:06:10:50 +0100] "GET /ticket2/opencms/en/buy/?page=1&edid=8ACD1E09-FED8-351A-691B-56EF5D589CCC&sortorder=asc&column=section HTTP/1.1" 200 69259
144.76.29.149 - - [01/Jan/2021:06:10:50 +0100] "GET /ticket2/opencms/no/buy/?page=1&edid=2AC80BDD-C912-84BD-42D2-C97F1A9E360D HTTP/1.1" 200 69804
144.76.29.149 - - [01/Jan/2021:06:10:52 +0100] "GET /ticket2/opencms/no/buy/?page=1&edid=2B6D3461-C9C0-9978-9EF6-117AE7BAD9C4 HTTP/1.1" 200 69807
144.76.29.149 - - [01/Jan/2021:06:10:54 +0100] "GET /ticket2/opencms/no/buy/?page=1&edid=2BE97AF2-B777-858C-8CAE-909FD40EDFB3 HTTP/1.1" 200 71441
54.36.148.27 - - [01/Jan/2021:06:10:55 +0100] "GET /ticket2/opencms/dk/buy/?page=6&comcatid=A17713B6-D984-201A-4143-ED4DB5ED5C2E&catid=F2006A3D-5EE0-B40B-5749-60C15271538F HTTP/1.1" 200 75814
192.99.37.116 - - [01/Jan/2021:06:10:56 +0100] "GET /ticket2/opencms/no/buy/?page=1&edid=FD05ABF5-CDE6-7E14-6315-57144B5C58D0 HTTP/1.1" 200 69806
167.86.85.194 - - [01/Jan/2021:06:10:56 +0100] "GET /ticket2/opencms/en/buy/?page=1&edid=E3A81504-1CC5-2A79-B559-9DB9CED05790 HTTP/1.1" 200 71935
144.76.29.149 - - [01/Jan/2021:06:10:56 +0100] "GET /ticket2/opencms/no/buy/?page=1&edid=2C144E02-6B95-D2A4-6A46-DD7968C7C1DE HTTP/1.1" 200 69788
144.76.29.149 - - [01/Jan/2021:06:10:59 +0100] "GET /ticket2/opencms/no/buy/?page=1&edid=2C38A8F3-3FDB-4275-5B70-01B082026DE0 HTTP/1.1" 200 71127
213.136.75.74 - - [01/Jan/2021:06:11:00 +0100] "GET /ticket2/opencms/en/buy/?page=1&edid=8B0DA89C-6395-E4EC-E13B-18842FA8AD15&sortorder=asc&column=price HTTP/1.1" 200 71318
167.114.64.97 - - [01/Jan/2021:06:11:00 +0100] "GET /ticket2/opencms/nl/buy/?page=1&edid=70FDC3DC-F515-C07F-B4AD-EDA83BDCA260&sortorder=desc&column=section HTTP/1.1" 200 69982
144.76.29.149 - - [01/Jan/2021:06:11:01 +0100] "GET /ticket2/opencms/no/buy/?page=1&edid=2CBE3E66-EEE8-9717-88A1-14BFB07BB2DE HTTP/1.1" 200 71176
66.249.66.137 - - [01/Jan/2021:06:11:02 +0100] "GET /ticket2/opencms/fi/buy/?page=1&edid=5685D4F1-DA1F-5275-BF3E-BE6818FDF10F HTTP/1.1" 200 72465
144.76.29.149 - - [01/Jan/2021:06:11:04 +0100] "GET /ticket2/opencms/no/buy/?page=1&edid=2CC59489-60B1-DBB6-8A8B-B3F8A51347B3 HTTP/1.1" 200 69798
144.76.29.149 - - [01/Jan/2021:06:11:06 +0100] "GET /ticket2/opencms/no/buy/?page=1&edid=2E3308C6-12D0-B50B-7958-3212AA58F984 HTTP/1.1" 200 71186
167.114.159.99 - - [01/Jan/2021:06:11:06 +0100] "GET /ticket2/opencms/en/venue/?venueid=AF6FD165-4F1A-7FA7-C62D-5E8440EB560A HTTP/1.1" 200 65207
167.86.85.194 - - [01/Jan/2021:06:11:07 +0100] "GET /ticket2/opencms/en/buy/?page=1&edid=E3ADF096-840B-984B-3622-AA0140DCC61E HTTP/1.1" 200 70349
144.76.29.149 - - [01/Jan/2021:06:11:09 +0100] "GET /ticket2/opencms/no/buy/?page=1&edid=2E4F8B90-0A99-D872-0996-CB4BBB296F52&sortorder=asc&column=price HTTP/1.1" 200 69851
213.136.75.74 - - [01/Jan/2021:06:11:10 +0100] "GET /ticket2/opencms/en/buy/?page=1&edid=8B0DA89C-6395-E4EC-E13B-18842FA8AD15&sortorder=asc&column=row HTTP/1.1" 200 71318
192.99.37.116 - - [01/Jan/2021:06:11:11 +0100] "GET /ticket2/opencms/no/buy/?page=1&edid=FD09C638-AEC7-D35A-9E6E-3AEC8C9AE08F&sortorder=asc&column=price HTTP/1.1" 200 73017
144.76.29.149 - - [01/Jan/2021:06:11:12 +0100] "GET /ticket2/opencms/no/buy/?page=1&edid=2E4F8B90-0A99-D872-0996-CB4BBB296F52&sortorder=asc&column=row HTTP/1.1" 200 69851
144.76.29.149 - - [01/Jan/2021:06:11:14 +0100] "GET /ticket2/opencms/no/buy/?page=1&edid=2E4F8B90-0A99-D872-0996-CB4BBB296F52&sortorder=asc&column=section HTTP/1.1" 200 69851
114.119.153.172 - - [01/Jan/2021:06:11:14 +0100] "GET /ticket2/opencms/sv/buy/?page=1&edid=AE07727B-E4B5-4837-EECB-5BB0C9EE24CD HTTP/1.1" 200 70858
144.76.29.149 - - [01/Jan/2021:06:11:15 +0100] "GET /ticket2/opencms/no/buy/?page=1&edid=2E9730F3-6A0C-5494-B36A-EE152EB9F836&sortorder=asc&column=section HTTP/1.1" 200 73010
144.76.29.149 - - [01/Jan/2021:06:11:17 +0100] "GET /ticket2/opencms/no/buy/?page=1&edid=2EC05A39-D275-20A3-C620-788098DAAD0B HTTP/1.1" 200 69817
167.86.85.194 - - [01/Jan/2021:06:11:19 +0100] "GET /ticket2/opencms/en/buy/?page=1&edid=E3ADF096-840B-984B-3622-AA0140DCC61E&sortorder=asc&column=price HTTP/1.1" 200 70385
213.136.75.74 - - [01/Jan/2021:06:11:19 +0100] "GET /ticket2/opencms/en/buy/?page=1&edid=8B0DA89C-6395-E4EC-E13B-18842FA8AD15&sortorder=asc&column=section HTTP/1.1" 200 71318
144.76.29.149 - - [01/Jan/2021:06:11:20 +0100] "GET /ticket2/opencms/no/buy/?page=1&edid=2F091351-AF20-DF8B-A6F9-E8968C10B28F HTTP/1.1" 200 71233
144.76.29.149 - - [01/Jan/2021:06:11:22 +0100] "GET /ticket2/opencms/no/buy/?page=1&edid=2FD48537-60A4-0DC2-BE15-66B133E49E64 HTTP/1.1" 200 69779
5.9.66.153 - - [01/Jan/2021:06:11:22 +0100] "GET /ticket2/opencms/robots.txt HTTP/1.1" 200 773
5.9.66.153 - - [01/Jan/2021:06:11:24 +0100] "GET /ticket2/opencms/dk/buy/?page=1&edid=340A227B-027A-687B-A527-5DFEEC2E27A4&sortorder=asc&column=price HTTP/1.1" 200 69292
144.76.29.149 - - [01/Jan/2021:06:11:25 +0100] "GET /ticket2/opencms/no/buy/?page=1&edid=3060EC19-040B-8618-E772-B51BFBEF35A0 HTTP/1.1" 200 71434
192.99.37.116 - - [01/Jan/2021:06:11:25 +0100] "GET /ticket2/opencms/no/buy/?page=1&edid=FD09C638-AEC7-D35A-9E6E-3AEC8C9AE08F&sortorder=asc&column=row HTTP/1.1" 200 73017
167.114.64.97 - - [01/Jan/2021:06:11:26 +0100] "GET /ticket2/opencms/nl/buy/?page=1&edid=71496077-5B1C-FE48-E8D7-00D3EF8F08C6&sortorder=asc&column=row HTTP/1.1" 200 69740
5.9.66.153 - - [01/Jan/2021:06:11:26 +0100] "GET /ticket2/opencms/dk/buy/?page=1&edid=4D0AE9B7-3FC7-8828-8150-08AA80E3B754&sortorder=desc&column=price HTTP/1.1" 200 70733
144.76.29.149 - - [01/Jan/2021:06:11:27 +0100] "GET /ticket2/opencms/no/buy/?page=1&edid=312D91B6-932A-A893-4AF7-A90079FB1635 HTTP/1.1" 200 71233
144.76.29.149 - - [01/Jan/2021:06:11:28 +0100] "GET /ticket2/opencms/no/buy/?page=1&edid=312D91B6-932A-A893-4AF7-A90079FB1635&sortorder=desc&column=price HTTP/1.1" 200 71268
213.136.75.74 - - [01/Jan/2021:06:11:29 +0100] "GET /ticket2/opencms/en/buy/?page=1&edid=8B8CABF1-EC4B-1D85-FDEB-4D562D28DF6F&sortorder=asc&column=price HTTP/1.1" 200 70880
5.9.66.153 - - [01/Jan/2021:06:11:29 +0100] "GET /ticket2/opencms/dk/buy/?page=1&edid=521E4809-B8F0-C8B9-277A-B93F8E8BDD8C&sortorder=asc&column=row HTTP/1.1" 200 71217
167.86.85.194 - - [01/Jan/2021:06:11:29 +0100] "GET /ticket2/opencms/en/buy/?page=1&edid=E3ADF096-840B-984B-3622-AA0140DCC61E&sortorder=asc&column=row HTTP/1.1" 200 70385
144.76.29.149 - - [01/Jan/2021:06:11:30 +0100] "GET /ticket2/opencms/no/buy/?page=1&edid=31D4F46A-F17C-48AF-3C4D-97EE1AFFD50F&sortorder=desc&column=price HTTP/1.1" 200 69835
5.9.66.153 - - [01/Jan/2021:06:11:32 +0100] "GET /ticket2/opencms/dk/buy/?page=1&edid=6127D47F-41AD-9AF1-2255-6521F81D2383&sortorder=asc&column=section HTTP/1.1" 200 69318
144.76.29.149 - - [01/Jan/2021:06:11:32 +0100] "GET /ticket2/opencms/no/buy/?page=1&edid=31D4F46A-F17C-48AF-3C4D-97EE1AFFD50F&sortorder=desc&column=row HTTP/1.1" 200 69835
144.76.29.149 - - [01/Jan/2021:06:11:34 +0100] "GET /ticket2/opencms/no/buy/?page=1&edid=32846B0D-85AA-5430-4D03-A6DB1344BE0C HTTP/1.1" 200 69816
5.9.66.153 - - [01/Jan/2021:06:11:35 +0100] "GET /ticket2/opencms/dk/buy/?page=1&edid=6A91AEA2-73F1-42C5-0152-44A1909ED4DB&sortorder=desc&column=section HTTP/1.1" 200 71214
167.114.159.99 - - [01/Jan/2021:06:11:35 +0100] "GET /ticket2/opencms/en/venue/?venueid=AF7AB334-FB2A-404A-5CA9-FF51802C5A92 HTTP/1.1" 200 65282
144.76.29.149 - - [01/Jan/2021:06:11:36 +0100] "GET /ticket2/opencms/no/buy/?page=1&edid=32BA6030-A67A-1835-C2E2-950898229860&sortorder=asc&column=price HTTP/1.1" 200 71883
144.76.29.149 - - [01/Jan/2021:06:11:38 +0100] "GET /ticket2/opencms/no/buy/?page=1&edid=33B51BAB-561B-B49F-EF84-F94129191748&sortorder=desc&column=price HTTP/1.1" 200 69840
5.9.66.153 - - [01/Jan/2021:06:11:38 +0100] "GET /ticket2/opencms/dk/buy/?page=1&edid=6B7E1A62-3BC5-D966-F23C-FAB79A021281&sortorder=asc&column=section HTTP/1.1" 200 70782
144.76.29.149 - - [01/Jan/2021:06:11:39 +0100] "GET /ticket2/opencms/no/buy/?page=1&edid=33B51BAB-561B-B49F-EF84-F94129191748&sortorder=desc&column=row HTTP/1.1" 200 69840
5.9.66.153 - - [01/Jan/2021:06:11:41 +0100] "GET /ticket2/opencms/dk/buy/?page=1&edid=6BF5A645-DB8A-9E7A-5121-7327F8D7B37F&sortorder=asc&column=row HTTP/1.1" 200 72500
144.76.29.149 - - [01/Jan/2021:06:11:42 +0100] "GET /ticket2/opencms/no/buy/?page=1&edid=33B51BAB-561B-B49F-EF84-F94129191748&sortorder=desc&column=section HTTP/1.1" 200 69840
213.136.75.74 - - [01/Jan/2021:06:11:43 +0100] "GET /ticket2/opencms/en/buy/?page=1&edid=8B8CABF1-EC4B-1D85-FDEB-4D562D28DF6F&sortorder=asc&column=row HTTP/1.1" 200 70880
5.9.66.153 - - [01/Jan/2021:06:11:43 +0100] "GET /ticket2/opencms/dk/buy/?page=1&edid=6EF54CBA-5DCA-5833-4E9A-B83BE735B97A HTTP/1.1" 200 71177
144.76.29.149 - - [01/Jan/2021:06:11:44 +0100] "GET /ticket2/opencms/no/buy/?page=1&edid=35DF44FF-E376-ED1F-F630-5EF685B32434&sortorder=asc&column=price HTTP/1.1" 200 69835
192.99.37.116 - - [01/Jan/2021:06:11:45 +0100] "GET /ticket2/opencms/no/buy/?page=1&edid=FD40A981-6092-7EFC-5D69-1BF486842E80 HTTP/1.1" 200 71439
167.114.64.97 - - [01/Jan/2021:06:11:46 +0100] "GET /ticket2/opencms/nl/buy/?page=1&edid=71496077-5B1C-FE48-E8D7-00D3EF8F08C6&sortorder=asc&column=section HTTP/1.1" 200 69740
144.76.29.149 - - [01/Jan/2021:06:11:46 +0100] "GET /ticket2/opencms/no/buy/?page=1&edid=35DF44FF-E376-ED1F-F630-5EF685B32434&sortorder=asc&column=row HTTP/1.1" 200 69835
5.9.66.153 - - [01/Jan/2021:06:11:48 +0100] "GET /ticket2/opencms/dk/buy/?page=1&edid=73A3A5F2-CAB0-2E2B-1A14-CDFFCD940FAA&sortorder=asc&column=section HTTP/1.1" 200 71703
144.76.29.149 - - [01/Jan/2021:06:11:48 +0100] "GET /ticket2/opencms/no/buy/?page=1&edid=35DF44FF-E376-ED1F-F630-5EF685B32434&sortorder=asc&column=section HTTP/1.1" 200 69835
144.76.29.149 - - [01/Jan/2021:06:11:50 +0100] "GET /ticket2/opencms/no/buy/?page=1&edid=36219776-0671-A8AF-13A3-93392E89F6DD&sortorder=asc&column=price HTTP/1.1" 200 72090
144.76.29.149 - - [01/Jan/2021:06:11:52 +0100] "GET /ticket2/opencms/no/buy/?page=1&edid=36219776-0671-A8AF-13A3-93392E89F6DD&sortorder=asc&column=row HTTP/1.1" 200 72090
192.99.37.116 - - [01/Jan/2021:06:11:54 +0100] "GET /ticket2/opencms/no/buy/?page=1&edid=FD5EADA1-883B-A62D-8C8E-F8542B264BD2 HTTP/1.1" 200 69775
144.76.29.149 - - [01/Jan/2021:06:11:54 +0100] "GET /ticket2/opencms/no/buy/?page=1&edid=36219776-0671-A8AF-13A3-93392E89F6DD&sortorder=asc&column=section HTTP/1.1" 200 72090
5.9.66.153 - - [01/Jan/2021:06:11:56 +0100] "GET /ticket2/opencms/dk/login/?edid=7B964F83-444C-F372-22DB-CB27D5BB92B0 HTTP/1.1" 200 67413
167.86.85.194 - - [01/Jan/2021:06:11:56 +0100] "GET /ticket2/opencms/en/buy/?page=1&edid=E3ADF096-840B-984B-3622-AA0140DCC61E&sortorder=asc&column=section HTTP/1.1" 200 70385
144.76.29.149 - - [01/Jan/2021:06:11:56 +0100] "GET /ticket2/opencms/no/buy/?page=1&edid=367B9EE6-B137-76C6-384E-9FCE8FDC07EF&sortorder=desc&column=row HTTP/1.1" 200 69827
144.76.29.149 - - [01/Jan/2021:06:11:58 +0100] "GET /ticket2/opencms/no/buy/?page=1&edid=367B9EE6-B137-76C6-384E-9FCE8FDC07EF&sortorder=desc&column=section HTTP/1.1" 200 69827
167.114.159.99 - - [01/Jan/2021:06:11:59 +0100] "GET /ticket2/opencms/en/venue/?venueid=AF7F2E28-677E-9782-2141-5DA64832B7AA HTTP/1.1" 200 65324
144.76.29.149 - - [01/Jan/2021:06:12:00 +0100] "GET /ticket2/opencms/no/buy/?page=1&edid=368F0139-E5B6-B9FE-905C-4DFE48A1AD87 HTTP/1.1" 200 69793
5.9.66.153 - - [01/Jan/2021:06:12:01 +0100] "GET /ticket2/opencms/dk/login/?edid=D8FBAD56-A64B-0DF4-5B12-6EF2F5C40A2A HTTP/1.1" 200 67413
144.76.29.149 - - [01/Jan/2021:06:12:02 +0100] "GET /ticket2/opencms/no/buy/?page=1&edid=3726B968-2603-116B-477A-9E91ACB390B1 HTTP/1.1" 200 69771
5.9.66.153 - - [01/Jan/2021:06:12:02 +0100] "GET /ticket2/opencms/robots.txt HTTP/1.1" 200 773
54.36.148.250 - - [01/Jan/2021:06:12:03 +0100] "GET /ticket2/opencms/dk/venue/?venueid=036ADEAD-45F2-C8EE-4182-75976C890416 HTTP/1.1" 200 65232
144.76.29.149 - - [01/Jan/2021:06:12:04 +0100] "GET /ticket2/opencms/no/buy/?page=1&edid=372E7867-C45E-A39F-8196-A57FD7336106&sortorder=asc&column=row HTTP/1.1" 200 72392
213.136.75.74 - - [01/Jan/2021:06:12:05 +0100] "GET /ticket2/opencms/en/buy/?page=1&edid=8B8D03CA-348F-34ED-7DD6-21F5A2F370C9&sortorder=asc&column=price HTTP/1.1" 200 69259
144.76.29.149 - - [01/Jan/2021:06:12:06 +0100] "GET /ticket2/opencms/no/buy/?page=1&edid=372E7867-C45E-A39F-8196-A57FD7336106&sortorder=asc&column=section HTTP/1.1" 200 72392
167.86.85.194 - - [01/Jan/2021:06:12:07 +0100] "GET /ticket2/opencms/en/buy/?page=1&edid=E3ADF096-840B-984B-3622-AA0140DCC61E&sortorder=desc&column=section HTTP/1.1" 200 70384
144.76.29.149 - - [01/Jan/2021:06:12:08 +0100] "GET /ticket2/opencms/no/buy/?page=1&edid=385F4CA2-91C7-3B11-884B-1460E89060BE HTTP/1.1" 200 69808
5.9.66.153 - - [01/Jan/2021:06:12:10 +0100] "GET /ticket2/opencms/dk/login/?edid=F1D226DE-C98B-B089-F8C4-DA0AEA111647 HTTP/1.1" 200 67413
144.76.29.149 - - [01/Jan/2021:06:12:10 +0100] "GET /ticket2/opencms/no/buy/?page=1&edid=385F4CA2-91C7-3B11-884B-1460E89060BE&sortorder=desc&column=price HTTP/1.1" 200 69843
167.114.64.97 - - [01/Jan/2021:06:12:11 +0100] "GET /ticket2/opencms/nl/buy/?page=1&edid=71698F2E-1C68-DC0D-22EE-FD9B2AEF4453&sortorder=asc&column=price HTTP/1.1" 200 68327
144.76.29.149 - - [01/Jan/2021:06:12:12 +0100] "GET /ticket2/opencms/no/buy/?page=1&edid=390DC139-684B-981D-FD40-65227EC6F86F HTTP/1.1" 200 69806
144.76.29.149 - - [01/Jan/2021:06:12:14 +0100] "GET /ticket2/opencms/no/buy/?page=1&edid=390DC139-684B-981D-FD40-65227EC6F86F&sortorder=desc&column=section HTTP/1.1" 200 69841
144.76.29.149 - - [01/Jan/2021:06:12:16 +0100] "GET /ticket2/opencms/no/buy/?page=1&edid=398C31D5-5ABC-38AA-D716-23C97AFD2D61 HTTP/1.1" 200 69825
5.9.66.153 - - [01/Jan/2021:06:12:17 +0100] "GET /ticket2/opencms/dk/login/?edid=F4E34DE9-A05F-8EB8-65A3-00B15AC93410 HTTP/1.1" 200 67413
213.136.75.74 - - [01/Jan/2021:06:12:18 +0100] "GET /ticket2/opencms/en/buy/?page=1&edid=8B8D03CA-348F-34ED-7DD6-21F5A2F370C9&sortorder=asc&column=row HTTP/1.1" 200 69259
144.76.29.149 - - [01/Jan/2021:06:12:19 +0100] "GET /ticket2/opencms/no/buy/?page=1&edid=39CEC933-6748-57CB-9957-55BB6851CE57 HTTP/1.1" 200 71631
144.76.29.149 - - [01/Jan/2021:06:12:21 +0100] "GET /ticket2/opencms/no/buy/?page=1&edid=39F0E266-9BCB-6A1F-C090-F8B60B3BA096 HTTP/1.1" 200 69767
5.9.66.153 - - [01/Jan/2021:06:12:22 +0100] "GET /ticket2/opencms/dk/login/?edid=ED2D000C-51CE-2E57-5BB1-57FC7FBB8FA3 HTTP/1.1" 200 67413
167.114.159.99 - - [01/Jan/2021:06:12:23 +0100] "GET /ticket2/opencms/en/venue/?venueid=AFBD78E8-9F9A-1F1F-0693-EFD155D85FB4 HTTP/1.1" 200 65206
144.76.29.149 - - [01/Jan/2021:06:12:23 +0100] "GET /ticket2/opencms/no/buy/?page=1&edid=3A2101C4-1199-2D0C-4863-53088BE0FA63 HTTP/1.1" 200 69810
213.136.75.74 - - [01/Jan/2021:06:12:24 +0100] "GET /ticket2/opencms/en/buy/?page=1&edid=8B8D03CA-348F-34ED-7DD6-21F5A2F370C9&sortorder=asc&column=section HTTP/1.1" 200 69259
144.76.29.149 - - [01/Jan/2021:06:12:25 +0100] "GET /ticket2/opencms/no/buy/?page=1&edid=3B73D4E9-A300-4AB3-6A7F-0ED10ECAB724&sortorder=asc&column=price HTTP/1.1" 200 72173
167.86.85.194 - - [01/Jan/2021:06:12:26 +0100] "GET /ticket2/opencms/en/buy/?page=1&edid=E3B11CF1-FF18-4988-8A73-D260C31213AE HTTP/1.1" 200 70839
144.76.29.149 - - [01/Jan/2021:06:12:27 +0100] "GET /ticket2/opencms/no/buy/?page=1&edid=3B73D4E9-A300-4AB3-6A7F-0ED10ECAB724&sortorder=asc&column=row HTTP/1.1" 200 72173
5.9.66.153 - - [01/Jan/2021:06:12:28 +0100] "GET /ticket2/opencms/dk/login/?edid=EE18BAF3-BFAE-1A23-4909-1445B5ACD82A HTTP/1.1" 200 67413
144.76.29.149 - - [01/Jan/2021:06:12:29 +0100] "GET /ticket2/opencms/no/buy/?page=1&edid=3B73D4E9-A300-4AB3-6A7F-0ED10ECAB724&sortorder=asc&column=section HTTP/1.1" 200 72173
144.76.29.149 - - [01/Jan/2021:06:12:31 +0100] "GET /ticket2/opencms/no/buy/?page=1&edid=3BC77E2F-6D26-3F5D-044C-7B0FB014699E HTTP/1.1" 200 69767
5.9.66.153 - - [01/Jan/2021:06:12:33 +0100] "GET /ticket2/opencms/dk/login/?edid=F1993932-B303-1D1B-DCBB-BBBBB4362534 HTTP/1.1" 200 67413
144.76.29.149 - - [01/Jan/2021:06:12:33 +0100] "GET /ticket2/opencms/no/buy/?page=1&edid=3CC54759-E4D4-B86D-2F9D-F91CD91EA3B0 HTTP/1.1" 200 69803
167.114.64.97 - - [01/Jan/2021:06:12:34 +0100] "GET /ticket2/opencms/nl/buy/?page=1&edid=71698F2E-1C68-DC0D-22EE-FD9B2AEF4453&sortorder=asc&column=row HTTP/1.1" 200 68327
192.99.37.116 - - [01/Jan/2021:06:12:36 +0100] "GET /ticket2/opencms/no/buy/?page=1&edid=FE84BAFC-CCB6-50CE-4161-D28C42F593C7 HTTP/1.1" 200 69806
213.136.75.74 - - [01/Jan/2021:06:12:37 +0100] "GET /ticket2/opencms/en/buy/?page=1&edid=8D658471-41BC-7653-893E-D0CACDA8A7ED&sortorder=asc&column=price HTTP/1.1" 200 71561
5.9.66.153 - - [01/Jan/2021:06:12:39 +0100] "GET /ticket2/opencms/dk/login/?edid=F9C55305-C54E-8885-CF07-427BE884C512 HTTP/1.1" 200 67413
94.231.109.98 - - [01/Jan/2021:06:12:40 +0100] "GET /ticket2/tickets_export/outgoing/export.txt HTTP/1.0" 200 -
5.9.66.153 - - [01/Jan/2021:06:12:44 +0100] "GET /ticket2/opencms/dk/login/?edid=FA27E87E-C8F9-08A9-282D-37E46D28A2C7 HTTP/1.1" 200 67413
167.114.159.99 - - [01/Jan/2021:06:12:44 +0100] "GET /ticket2/opencms/en/venue/?venueid=B018F6AA-7433-F5A3-DE82-1992F037E01C HTTP/1.1" 200 65218
5.9.66.153 - - [01/Jan/2021:06:12:49 +0100] "GET /ticket2/opencms/dk/login/?edid=FA871E67-06F0-55A8-454C-1B47E7E4E6F0 HTTP/1.1" 200 67413
167.86.85.194 - - [01/Jan/2021:06:12:49 +0100] "GET /ticket2/opencms/en/buy/?page=1&edid=E3B2F60A-2665-8DC5-C81D-1DCD1F82978A&sortorder=asc&column=price HTTP/1.1" 200 71973
192.99.37.116 - - [01/Jan/2021:06:12:50 +0100] "GET /ticket2/opencms/no/buy/?page=1&edid=FE851C0F-8BE6-7C2D-6D94-6FDB8CB7C40B&sortorder=desc&column=price HTTP/1.1" 200 72188
144.76.29.149 - - [01/Jan/2021:06:12:51 +0100] "GET /ticket2/opencms/no/buy/?page=1&edid=3D8D6197-4BB9-6979-B23A-82229C29818A HTTP/1.1" 200 69824
213.136.75.74 - - [01/Jan/2021:06:12:51 +0100] "GET /ticket2/opencms/en/buy/?page=1&edid=8D658471-41BC-7653-893E-D0CACDA8A7ED&sortorder=asc&column=row HTTP/1.1" 200 71561
5.9.66.153 - - [01/Jan/2021:06:12:53 +0100] "GET /ticket2/opencms/dk/login/?edid=FAAC48C3-7F66-8429-13B0-F7752278EC64 HTTP/1.1" 200 67413
167.114.64.97 - - [01/Jan/2021:06:12:56 +0100] "GET /ticket2/opencms/nl/buy/?page=1&edid=71698F2E-1C68-DC0D-22EE-FD9B2AEF4453&sortorder=asc&column=section HTTP/1.1" 200 68327
5.9.66.153 - - [01/Jan/2021:06:13:00 +0100] "GET /ticket2/opencms/dk/login/?edid=FABC3B82-B42A-CE38-1ECF-324F0D0C6EA0 HTTP/1.1" 200 67413
213.136.75.74 - - [01/Jan/2021:06:13:02 +0100] "GET /ticket2/opencms/en/buy/?page=1&edid=8D658471-41BC-7653-893E-D0CACDA8A7ED&sortorder=asc&column=section HTTP/1.1" 200 71561
144.76.29.149 - - [01/Jan/2021:06:13:04 +0100] "GET /ticket2/opencms/no/buy/?page=1&edid=3E20A61C-CB72-59DD-3B89-2D3668109906 HTTP/1.1" 200 71918
167.114.159.99 - - [01/Jan/2021:06:13:07 +0100] "GET /ticket2/opencms/en/venue/?venueid=B0D8B10A-00EA-BE9A-51A2-1497E435E691 HTTP/1.1" 200 65204
5.9.66.153 - - [01/Jan/2021:06:13:09 +0100] "GET /ticket2/opencms/dk/sv/sell/?amp;edid=2D54174C-71FE-E6DB-5850-72402C844F6E HTTP/1.1" 404 -
167.86.85.194 - - [01/Jan/2021:06:13:12 +0100] "GET /ticket2/opencms/en/buy/?page=1&edid=E3B2F60A-2665-8DC5-C81D-1DCD1F82978A&sortorder=asc&column=row HTTP/1.1" 200 71973
54.36.149.65 - - [01/Jan/2021:06:13:12 +0100] "GET /ticket2/opencms/dk/venue/?venueid=52D842B3-7FB7-16D9-C928-E0FBBB2FAC8C HTTP/1.1" 200 65213
192.99.37.116 - - [01/Jan/2021:06:13:14 +0100] "GET /ticket2/opencms/no/buy/?page=1&edid=FF18A9C9-331A-E2D9-B8C7-EBC4245F1EB2 HTTP/1.1" 200 71425
5.9.66.153 - - [01/Jan/2021:06:13:16 +0100] "GET /ticket2/opencms/dk/sv/sell/?amp;edid=2D54174C-71FE-E6DB-5850-72402C844F6E HTTP/1.1" 404 -
144.76.29.149 - - [01/Jan/2021:06:13:16 +0100] "GET /ticket2/opencms/no/buy/?page=1&edid=3F110F0C-E1EC-6A54-956B-ED3BBFFE0B12 HTTP/1.1" 200 69781
213.136.75.74 - - [01/Jan/2021:06:13:18 +0100] "GET /ticket2/opencms/en/buy/?page=1&edid=8D9FF508-11BB-9C58-205E-370857C0D906&sortorder=asc&column=price HTTP/1.1" 200 70876
167.114.64.97 - - [01/Jan/2021:06:13:19 +0100] "GET /ticket2/opencms/nl/buy/?page=1&edid=716F15C9-42CE-5192-C005-50D592325C6C&sortorder=asc&column=price HTTP/1.1" 200 68297
157.55.39.134 - - [01/Jan/2021:06:13:24 +0100] "GET /ticket2/opencms/fi/venue/?venueid=50859568-726C-2D0D-904C-FF60FB4804EC HTTP/1.1" 200 66456
144.76.29.149 - - [01/Jan/2021:06:13:24 +0100] "GET /ticket2/opencms/no/buy/?page=1&edid=3F1A6C2B-B2D9-7835-161A-4AFE62C39C77 HTTP/1.1" 200 69782
167.114.159.99 - - [01/Jan/2021:06:13:25 +0100] "GET /ticket2/opencms/en/venue/?venueid=B0F87075-ACFA-3C5F-D431-FC592DAB148B HTTP/1.1" 200 65224
144.76.29.149 - - [01/Jan/2021:06:13:27 +0100] "GET /ticket2/opencms/no/buy/?page=1&edid=3F2C8D5E-7438-2D70-0996-42F9CB6F4E20&sortorder=desc&column=price HTTP/1.1" 200 72182
144.76.29.149 - - [01/Jan/2021:06:13:29 +0100] "GET /ticket2/opencms/no/buy/?page=1&edid=3F2C8D5E-7438-2D70-0996-42F9CB6F4E20&sortorder=desc&column=row HTTP/1.1" 200 72182
213.136.75.74 - - [01/Jan/2021:06:13:30 +0100] "GET /ticket2/opencms/en/buy/?page=1&edid=8D9FF508-11BB-9C58-205E-370857C0D906&sortorder=asc&column=row HTTP/1.1" 200 70876
5.9.66.153 - - [01/Jan/2021:06:13:31 +0100] "GET /ticket2/opencms/dk/sv/sell/?amp;edid=353F2E5B-D3D8-6052-A66B-3EA8C13D1C92 HTTP/1.1" 404 -
144.76.29.149 - - [01/Jan/2021:06:13:31 +0100] "GET /ticket2/opencms/no/buy/?page=1&edid=3F2C8D5E-7438-2D70-0996-42F9CB6F4E20&sortorder=desc&column=section HTTP/1.1" 200 72182
144.76.29.149 - - [01/Jan/2021:06:13:33 +0100] "GET /ticket2/opencms/no/buy/?page=1&edid=3F81A579-C5D8-A8AE-791F-F6F1E7AD279B&sortorder=desc&column=row HTTP/1.1" 200 71697
144.76.29.149 - - [01/Jan/2021:06:13:35 +0100] "GET /ticket2/opencms/no/buy/?page=1&edid=3FF54EFF-D69B-4E34-5BB8-054563E7D776 HTTP/1.1" 200 71436
5.9.66.153 - - [01/Jan/2021:06:13:35 +0100] "GET /ticket2/opencms/dk/sv/sell/?amp;edid=353F2E5B-D3D8-6052-A66B-3EA8C13D1C92 HTTP/1.1" 404 -
144.76.29.149 - - [01/Jan/2021:06:13:38 +0100] "GET /ticket2/opencms/no/buy/?page=1&edid=408DC2B5-4516-E324-6394-41780E7D76AE HTTP/1.1" 200 71209
144.76.29.149 - - [01/Jan/2021:06:13:39 +0100] "GET /ticket2/opencms/no/buy/?page=1&edid=40E208E9-E9D2-9A29-B20B-71CB88763633 HTTP/1.1" 200 69783
192.99.37.116 - - [01/Jan/2021:06:13:40 +0100] "GET /ticket2/opencms/no/buy/?page=1&edid=FF18A9C9-331A-E2D9-B8C7-EBC4245F1EB2&sortorder=desc&column=price HTTP/1.1" 200 71460
167.114.64.97 - - [01/Jan/2021:06:13:40 +0100] "GET /ticket2/opencms/nl/buy/?page=1&edid=716F15C9-42CE-5192-C005-50D592325C6C&sortorder=asc&column=row HTTP/1.1" 200 68297
144.76.29.149 - - [01/Jan/2021:06:13:41 +0100] "GET /ticket2/opencms/no/buy/?page=1&edid=41BEA64D-1BA5-5F3A-682B-157416A5458B HTTP/1.1" 200 71840
167.86.85.194 - - [01/Jan/2021:06:13:43 +0100] "GET /ticket2/opencms/en/buy/?page=1&edid=E3B2F60A-2665-8DC5-C81D-1DCD1F82978A&sortorder=asc&column=section HTTP/1.1" 200 71973
144.76.29.149 - - [01/Jan/2021:06:13:44 +0100] "GET /ticket2/opencms/no/buy/?page=1&edid=4224939F-C5ED-BCC9-2F5E-1F887689BD23 HTTP/1.1" 200 71186
167.114.159.99 - - [01/Jan/2021:06:13:45 +0100] "GET /ticket2/opencms/en/venue/?venueid=B13B57EE-97C9-4B30-06E7-6D52ED8D601C HTTP/1.1" 200 65195
144.76.29.149 - - [01/Jan/2021:06:13:47 +0100] "GET /ticket2/opencms/no/buy/?page=1&edid=422EB97D-0E0E-B647-A5B3-675991D54797 HTTP/1.1" 200 71204
5.9.66.153 - - [01/Jan/2021:06:13:49 +0100] "GET /ticket2/opencms/dk/sv/sell/?amp;edid=3A7D35B5-0177-7A07-33AA-97D3D52A2951 HTTP/1.1" 404 -
144.76.29.149 - - [01/Jan/2021:06:13:49 +0100] "GET /ticket2/opencms/no/buy/?page=1&edid=4287F78B-9CDD-D450-2BF0-AB9A6FD9A9EB HTTP/1.1" 200 71187
144.76.29.149 - - [01/Jan/2021:06:13:51 +0100] "GET /ticket2/opencms/no/buy/?page=1&edid=4299C753-69F7-9BE0-CB4F-E99ABD6188AD&sortorder=desc&column=price HTTP/1.1" 200 71729
213.136.75.74 - - [01/Jan/2021:06:13:51 +0100] "GET /ticket2/opencms/en/buy/?page=1&edid=8D9FF508-11BB-9C58-205E-370857C0D906&sortorder=asc&column=section HTTP/1.1" 200 70876
144.76.29.149 - - [01/Jan/2021:06:13:53 +0100] "GET /ticket2/opencms/no/buy/?page=1&edid=4299C753-69F7-9BE0-CB4F-E99ABD6188AD&sortorder=desc&column=row HTTP/1.1" 200 71729
5.9.66.153 - - [01/Jan/2021:06:13:55 +0100] "GET /ticket2/opencms/dk/sv/sell/?amp;edid=3A7D35B5-0177-7A07-33AA-97D3D52A2951 HTTP/1.1" 404 -
144.76.29.149 - - [01/Jan/2021:06:13:55 +0100] "GET /ticket2/opencms/no/buy/?page=1&edid=42B514A5-9E3E-AD5A-9276-52416E070CE3 HTTP/1.1" 200 69825
167.86.85.194 - - [01/Jan/2021:06:13:56 +0100] "GET /ticket2/opencms/en/buy/?page=1&edid=E3B2F60A-2665-8DC5-C81D-1DCD1F82978A&sortorder=desc&column=price HTTP/1.1" 200 71972
144.76.29.149 - - [01/Jan/2021:06:13:57 +0100] "GET /ticket2/opencms/no/buy/?page=1&edid=42CC057E-BFC3-051F-A141-2DFBCF82629E HTTP/1.1" 200 69802
144.76.29.149 - - [01/Jan/2021:06:14:00 +0100] "GET /ticket2/opencms/no/buy/?page=1&edid=42D53B45-7F4F-2704-4721-7FDBFDD48C06 HTTP/1.1" 200 69784
167.114.64.97 - - [01/Jan/2021:06:14:00 +0100] "GET /ticket2/opencms/nl/buy/?page=1&edid=72257B5A-D41C-D2B1-15C0-D04AC4E3D672 HTTP/1.1" 200 68297
144.76.29.149 - - [01/Jan/2021:06:14:01 +0100] "GET /ticket2/opencms/no/buy/?page=1&edid=42D97426-3920-B9DC-22B4-7C28830E70FE HTTP/1.1" 200 69768
