54.36.149.2 - - [01/Jan/2021:13:17:43 +0100] "GET /ticket2/opencms/dk/sport/fodboldbilletter/serie-a/bologna/ HTTP/1.1" 200 66111
192.99.37.116 - - [01/Jan/2021:13:17:52 +0100] "GET /ticket2/opencms/nl/buy/?page=1&edid=716F15C9-42CE-5192-C005-50D592325C6C&sortorder=asc&column=price HTTP/1.1" 200 68297
114.119.149.83 - - [01/Jan/2021:13:18:21 +0100] "GET /ticket2/opencms/nl/buy/?page=6&comcatid=0A6B8208-FDA4-E929-9D72-5312FD481B76&catid=8E4972FC-6E2C-77A4-BB9D-D67BD270A641 HTTP/1.1" 200 68026
192.99.37.116 - - [01/Jan/2021:13:18:23 +0100] "GET /ticket2/opencms/nl/buy/?page=1&edid=716F15C9-42CE-5192-C005-50D592325C6C&sortorder=asc&column=row HTTP/1.1" 200 68297
192.99.37.116 - - [01/Jan/2021:13:19:02 +0100] "GET /ticket2/opencms/nl/buy/?page=1&edid=84D443D8-F76D-EE4D-E188-432AA89346F4&sortorder=desc&column=price HTTP/1.1" 200 71048
192.99.37.116 - - [01/Jan/2021:13:19:48 +0100] "GET /ticket2/opencms/nl/buy/?page=1&edid=9D28F9B9-6904-1ABE-2B7B-B5AAE0BDC058&sortorder=asc&column=row HTTP/1.1" 200 70907
54.36.148.152 - - [01/Jan/2021:13:19:49 +0100] "GET /ticket2/opencms/en/venue/?venueid=D441DE26-A039-9DEB-7925-37728B4C8DF8 HTTP/1.1" 200 65218
192.99.37.116 - - [01/Jan/2021:13:20:14 +0100] "GET /ticket2/opencms/nl/buy/?page=1&edid=9DBCFB0A-88F2-D9C0-1621-EFE7FF11A5D1 HTTP/1.1" 200 71280
216.245.221.83 - - [01/Jan/2021:13:20:18 +0100] "HEAD /ticket2/opencms/ HTTP/1.1" 302 -
216.245.221.83 - - [01/Jan/2021:13:20:18 +0100] "HEAD /ticket2/opencms/en/ HTTP/1.1" 200 -
192.99.37.116 - - [01/Jan/2021:13:20:32 +0100] "GET /ticket2/opencms/nl/buy/?page=1&edid=9DFEE0C8-8175-7060-FDCF-0A79B05A0810&sortorder=desc&column=price HTTP/1.1" 200 69728
192.99.37.116 - - [01/Jan/2021:13:21:11 +0100] "GET /ticket2/opencms/nl/buy/?page=1&edid=9DFEE0C8-8175-7060-FDCF-0A79B05A0810&sortorder=desc&column=row HTTP/1.1" 200 69728
54.36.148.202 - - [01/Jan/2021:13:21:50 +0100] "GET /ticket2/opencms/en/venue/?venueid=849CB8D2-585E-A2B3-5FDB-72B7613BA7D9 HTTP/1.1" 200 65209
192.99.37.116 - - [01/Jan/2021:13:22:03 +0100] "GET /ticket2/opencms/nl/buy/?page=1&edid=9DFEE0C8-8175-7060-FDCF-0A79B05A0810&sortorder=desc&column=section HTTP/1.1" 200 69728
13.66.139.99 - - [01/Jan/2021:13:22:10 +0100] "GET /ticket2/opencms/sv/sport/fotbollsbiljetter/english-championship/sheffield-united/ HTTP/1.1" 200 66917
192.99.37.116 - - [01/Jan/2021:13:22:35 +0100] "GET /ticket2/opencms/nl/buy/?page=1&edid=9EB6A254-5786-FAE4-D689-87650556B208 HTTP/1.1" 200 68279
114.119.132.28 - - [01/Jan/2021:13:22:48 +0100] "GET /ticket2/opencms/sv/buy/?comcatid=B41CCF2B-5558-7AEE-3602-09BBDE417D65&catid=E03F2203-3943-A0F0-A47D-D9E7CDA79C6B HTTP/1.1" 200 68046
192.99.37.116 - - [01/Jan/2021:13:23:07 +0100] "GET /ticket2/opencms/nl/buy/?page=1&edid=A0F2CE57-C687-A8F6-EE0E-D013BC53E883&sortorder=desc&column=row HTTP/1.1" 200 68331
83.216.105.38 - - [01/Jan/2021:13:23:22 +0100] "GET /ticket2/opencms/ HTTP/1.1" 302 -
83.216.105.38 - - [01/Jan/2021:13:23:23 +0100] "GET /ticket2/opencms/sv/ HTTP/1.1" 200 66405
83.216.105.38 - - [01/Jan/2021:13:23:23 +0100] "GET /ticket2/opencms/system/modules/com.gridnine.opencms.ticketbrokerage.site/resources/css/standard.css HTTP/1.1" 200 61448
83.216.105.38 - - [01/Jan/2021:13:23:23 +0100] "GET /ticket2/opencms/system/modules/com.gridnine.opencms.ticketbrokerage.site/resources/css/jquery.fancybox.css HTTP/1.1" 200 4939
83.216.105.38 - - [01/Jan/2021:13:23:23 +0100] "GET /ticket2/opencms/system/modules/com.gridnine.opencms.ticketbrokerage.site/resources/css/ticketbrokerage.css HTTP/1.1" 200 39285
83.216.105.38 - - [01/Jan/2021:13:23:23 +0100] "GET /ticket2/opencms/system/modules/com.gridnine.opencms.ticketbrokerage.site/resources/js/jquery/jquery.js HTTP/1.1" 200 93868
83.216.105.38 - - [01/Jan/2021:13:23:23 +0100] "GET /ticket2/opencms/system/modules/com.gridnine.opencms.ticketbrokerage.site/resources/js/jquery/jquery-ui.js HTTP/1.1" 200 228088
83.216.105.38 - - [01/Jan/2021:13:23:23 +0100] "GET /ticket2/opencms/system/modules/com.gridnine.opencms.ticketbrokerage.site/resources/css/jquery-ui.css HTTP/1.1" 200 33221
83.216.105.38 - - [01/Jan/2021:13:23:23 +0100] "GET /ticket2/opencms/system/modules/com.gridnine.opencms.ticketbrokerage.site/resources/css/calendar.css HTTP/1.1" 200 6871
83.216.105.38 - - [01/Jan/2021:13:23:23 +0100] "GET /ticket2/opencms/system/modules/com.gridnine.opencms.ticketbrokerage.site/resources/js/functions.js HTTP/1.1" 200 1583
83.216.105.38 - - [01/Jan/2021:13:23:23 +0100] "GET /ticket2/opencms/system/modules/com.gridnine.opencms.ticketbrokerage.site/resources/js/calendar.js HTTP/1.1" 200 49229
83.216.105.38 - - [01/Jan/2021:13:23:23 +0100] "GET /ticket2/opencms/system/modules/com.gridnine.opencms.ticketbrokerage.site/resources/js/calendar-en.js HTTP/1.1" 200 3338
83.216.105.38 - - [01/Jan/2021:13:23:23 +0100] "GET /ticket2/opencms/system/modules/com.gridnine.opencms.ticketbrokerage.site/resources/js/calendar-setup.js HTTP/1.1" 200 4923
83.216.105.38 - - [01/Jan/2021:13:23:23 +0100] "GET /ticket2/opencms/system/modules/com.gridnine.opencms.ticketbrokerage.site/resources/js/stickyfill.min.js HTTP/1.1" 200 5672
83.216.105.38 - - [01/Jan/2021:13:23:23 +0100] "GET /ticket2/opencms/system/modules/com.gridnine.opencms.ticketbrokerage.site/resources/js/jquery.fancybox.pack.js HTTP/1.1" 200 23187
83.216.105.38 - - [01/Jan/2021:13:23:23 +0100] "GET /ticket2/opencms/system/modules/com.gridnine.opencms.ticketbrokerage.site/resources/js/jquery.placeholder.min.js HTTP/1.1" 200 1737
83.216.105.38 - - [01/Jan/2021:13:23:23 +0100] "GET /ticket2/opencms/system/modules/com.gridnine.opencms.ticketbrokerage.site/resources/js/standard.js HTTP/1.1" 200 3928
83.216.105.38 - - [01/Jan/2021:13:23:23 +0100] "GET /ticket2/opencms/system/modules/com.gridnine.opencms.ticketbrokerage.site/resources/pics/anniversary_logo.png HTTP/1.1" 200 14743
83.216.105.38 - - [01/Jan/2021:13:23:23 +0100] "GET /ticket2/opencms/system/modules/com.gridnine.opencms.ticketbrokerage.site/resources/js/common-ajax.js HTTP/1.1" 200 20175
83.216.105.38 - - [01/Jan/2021:13:23:23 +0100] "GET /ticket2/opencms/system/modules/com.gridnine.opencms.ticketbrokerage.site/resources/pics/logo-new.png HTTP/1.1" 200 13541
83.216.105.38 - - [01/Jan/2021:13:23:23 +0100] "GET /ticket2/opencms/system/modules/com.gridnine.opencms.ticketbrokerage.site/resources/pics/front_page/sv/premier-league.png HTTP/1.1" 200 80427
216.244.66.245 - - [01/Jan/2021:13:23:38 +0100] "GET /ticket2/opencms/se/robots.txt HTTP/1.1" 404 -
192.99.37.116 - - [01/Jan/2021:13:23:38 +0100] "GET /ticket2/opencms/nl/buy/?page=1&edid=A2CCA38D-6150-551E-B9AC-21221F616F2D&sortorder=asc&column=section HTTP/1.1" 200 68294
54.36.149.44 - - [01/Jan/2021:13:23:51 +0100] "GET /ticket2/opencms/en/venue/?venueid=0B62AF84-0F0F-19DA-57AE-3882EFB8ABC4 HTTP/1.1" 200 65219
192.99.37.116 - - [01/Jan/2021:13:23:57 +0100] "GET /ticket2/opencms/nl/buy/?page=1&edid=A493F172-CFC1-7FF7-D550-F43C62212F93&sortorder=asc&column=section HTTP/1.1" 200 68324
192.99.37.116 - - [01/Jan/2021:13:24:22 +0100] "GET /ticket2/opencms/nl/buy/?page=1&edid=A4DDC6F5-CEA1-C6AF-F819-DE8EED766D18&sortorder=asc&column=section HTTP/1.1" 200 71520
192.99.37.116 - - [01/Jan/2021:13:24:42 +0100] "GET /ticket2/opencms/nl/buy/?page=1&edid=A53DD4D4-5550-1BDF-998A-437CE126B517 HTTP/1.1" 200 68282
216.245.221.83 - - [01/Jan/2021:13:25:18 +0100] "HEAD /ticket2/opencms/ HTTP/1.1" 302 -
216.245.221.83 - - [01/Jan/2021:13:25:18 +0100] "HEAD /ticket2/opencms/en/ HTTP/1.1" 200 -
192.99.37.116 - - [01/Jan/2021:13:25:28 +0100] "GET /ticket2/opencms/nl/buy/?page=1&edid=A6BE99B8-F765-5FEA-F3B0-908AFC365D77&sortorder=asc&column=section HTTP/1.1" 200 70598
54.36.148.238 - - [01/Jan/2021:13:25:46 +0100] "GET /ticket2/opencms/sv/buy/?page=6&comcatid=0A6B8208-FDA4-E929-9D72-5312FD481B76 HTTP/1.1" 200 69108
192.99.37.116 - - [01/Jan/2021:13:26:04 +0100] "GET /ticket2/opencms/nl/buy/?page=1&edid=A80995E7-8771-9176-CE64-C467ADECCBC7 HTTP/1.1" 200 70862
66.249.66.159 - - [01/Jan/2021:13:26:29 +0100] "GET /ticket2/opencms/sv/venue/?countryid=ABC76395-F87D-C1C2-D371-A569066C3F43 HTTP/1.1" 200 94846
192.99.37.116 - - [01/Jan/2021:13:26:30 +0100] "GET /ticket2/opencms/nl/buy/?page=1&edid=A8554C01-374E-C004-8D0C-2483EF2B4305&sortorder=asc&column=row HTTP/1.1" 200 69959
89.246.241.14 - - [01/Jan/2021:13:26:48 +0100] "GET /ticket2/opencms/sitemap.xml HTTP/1.1" 200 37572
192.99.37.116 - - [01/Jan/2021:13:26:59 +0100] "GET /ticket2/opencms/nl/buy/?page=1&edid=A917185F-FCCF-F49F-FDB1-2FF147298D69 HTTP/1.1" 200 70164
13.66.139.111 - - [01/Jan/2021:13:27:01 +0100] "GET /ticket2/opencms/sv/buy_safety/ HTTP/1.1" 200 67631
114.119.139.25 - - [01/Jan/2021:13:27:11 +0100] "GET /ticket2/opencms/no/venue/?venueid=075172A0-B019-D420-5B98-9F3BF7203A11 HTTP/1.1" 200 65772
157.55.39.206 - - [01/Jan/2021:13:27:12 +0100] "GET /ticket2/opencms/sv/konsertbiljetter/tiesto/ HTTP/1.1" 200 67107
192.99.37.116 - - [01/Jan/2021:13:27:25 +0100] "GET /ticket2/opencms/nl/buy/?page=1&edid=AB50204C-215A-4600-59BC-2DA2AB6F3782&sortorder=asc&column=row HTTP/1.1" 200 70173
54.36.149.103 - - [01/Jan/2021:13:27:42 +0100] "GET /ticket2/opencms/en/venue/?countryid=107D8800-8603-0BDA-4FD0-61E1109B7E82 HTTP/1.1" 200 94598
192.99.37.116 - - [01/Jan/2021:13:27:50 +0100] "GET /ticket2/opencms/nl/buy/?page=1&edid=AD7CC956-29A2-9E10-9B81-D673B6C0E599&sortorder=asc&column=price HTTP/1.1" 200 68336
13.66.139.68 - - [01/Jan/2021:13:27:58 +0100] "GET /ticket2/opencms/fi/urheilu/jalkapallo/premier_league/cardiff/ HTTP/1.1" 200 67865
66.249.66.135 - - [01/Jan/2021:13:28:16 +0100] "GET /ticket2/opencms/sv/faq/ HTTP/1.1" 200 70432
192.99.37.116 - - [01/Jan/2021:13:28:17 +0100] "GET /ticket2/opencms/nl/buy/?page=1&edid=AD7CC956-29A2-9E10-9B81-D673B6C0E599&sortorder=asc&column=row HTTP/1.1" 200 68336
192.99.37.116 - - [01/Jan/2021:13:28:53 +0100] "GET /ticket2/opencms/nl/buy/?page=1&edid=AEE0E38F-0CA3-53E5-BE24-D612BD968C58&sortorder=asc&column=section HTTP/1.1" 200 68338
192.99.37.116 - - [01/Jan/2021:13:29:40 +0100] "GET /ticket2/opencms/nl/buy/?page=1&edid=B4F6E9EC-C5D7-9EC3-8A2E-907C10F1B7FA&sortorder=asc&column=section HTTP/1.1" 200 68293
92.223.89.149 - - [01/Jan/2021:13:30:17 +0100] "GET /ticket2/opencms/dk/sport/fodboldbilletter/serie-a/frosinone/ HTTP/1.0" 200 66121
216.245.221.83 - - [01/Jan/2021:13:30:18 +0100] "HEAD /ticket2/opencms/ HTTP/1.1" 302 -
92.223.89.149 - - [01/Jan/2021:13:30:18 +0100] "GET /ticket2/opencms/dk/about/contact/ HTTP/1.0" 200 64625
216.245.221.83 - - [01/Jan/2021:13:30:19 +0100] "HEAD /ticket2/opencms/en/ HTTP/1.1" 200 -
92.223.89.149 - - [01/Jan/2021:13:30:22 +0100] "GET /ticket2/opencms/dk/about/contact/ HTTP/1.0" 200 64625
92.223.89.149 - - [01/Jan/2021:13:30:25 +0100] "GET /ticket2/opencms/dk/about/contact/ HTTP/1.0" 200 64625
92.223.89.149 - - [01/Jan/2021:13:30:26 +0100] "GET /ticket2/opencms/dk/about/contact/ HTTP/1.0" 200 64625
192.99.37.116 - - [01/Jan/2021:13:30:27 +0100] "GET /ticket2/opencms/nl/buy/?page=1&edid=B53551B2-5E85-1251-09D9-28B7F3E9AD07&sortorder=asc&column=row HTTP/1.1" 200 70598
192.99.37.116 - - [01/Jan/2021:13:30:52 +0100] "GET /ticket2/opencms/nl/buy/?page=1&edid=B724A323-646B-4B91-68FB-E31621BA2EF7&sortorder=asc&column=price HTTP/1.1" 200 68339
192.99.37.116 - - [01/Jan/2021:13:31:16 +0100] "GET /ticket2/opencms/nl/buy/?page=1&edid=B776DA7C-BB43-92BB-597E-685DFC5D934F&sortorder=desc&column=section HTTP/1.1" 200 69951
114.119.159.26 - - [01/Jan/2021:13:31:24 +0100] "GET /ticket2/opencms/fi/urheilu/jalkapallo/serie_a/roma/ HTTP/1.1" 200 67989
54.36.148.227 - - [01/Jan/2021:13:31:42 +0100] "GET /ticket2/opencms/fi/buy/?comcatid=810BB404-4103-77F2-A6C2-12D5E6C338E2 HTTP/1.1" 200 68538
192.99.37.116 - - [01/Jan/2021:13:31:45 +0100] "GET /ticket2/opencms/nl/buy/?page=1&edid=B7AF0048-2F04-B15E-2C5A-BF75715B4501&sortorder=desc&column=price HTTP/1.1" 200 69726
192.99.37.116 - - [01/Jan/2021:13:32:15 +0100] "GET /ticket2/opencms/nl/buy/?page=1&edid=B7AF0048-2F04-B15E-2C5A-BF75715B4501&sortorder=desc&column=row HTTP/1.1" 200 69726
192.99.37.116 - - [01/Jan/2021:13:32:45 +0100] "GET /ticket2/opencms/nl/buy/?page=1&edid=B7AF0048-2F04-B15E-2C5A-BF75715B4501&sortorder=desc&column=section HTTP/1.1" 200 69726
192.99.37.116 - - [01/Jan/2021:13:33:13 +0100] "GET /ticket2/opencms/nl/buy/?page=1&edid=B8094046-440E-3BA7-6CDD-31E2BE5BE81A HTTP/1.1" 200 68279
13.66.139.121 - - [01/Jan/2021:13:33:15 +0100] "GET /ticket2/opencms/fi/urheilu/jalkapallo/premier_league HTTP/1.1" 200 73699
54.36.148.250 - - [01/Jan/2021:13:33:42 +0100] "GET /ticket2/opencms/en/venue/?countryid=6941D863-6987-AFB6-0EB8-DD9A02005855 HTTP/1.1" 200 94598
183.136.225.56 - - [01/Jan/2021:13:33:46 +0100] "GET / HTTP/1.1" 404 -
192.99.37.116 - - [01/Jan/2021:13:33:47 +0100] "GET /ticket2/opencms/nl/buy/?page=1&edid=B82C7457-23A7-971E-3494-C851AC146F1A&sortorder=desc&column=price HTTP/1.1" 200 68305
192.99.37.116 - - [01/Jan/2021:13:34:29 +0100] "GET /ticket2/opencms/nl/buy/?page=1&edid=B82C7457-23A7-971E-3494-C851AC146F1A&sortorder=desc&column=row HTTP/1.1" 200 68305
207.46.13.183 - - [01/Jan/2021:13:34:42 +0100] "GET /ticket2/opencms/dk/buy/?page=6&comcatid=A17713B6-D984-201A-4143-ED4DB5ED5C2E&catid=06324577-7173-BAB0-146D-E644C912F7C1 HTTP/1.1" 200 75824
192.99.37.116 - - [01/Jan/2021:13:34:56 +0100] "GET /ticket2/opencms/nl/buy/?page=1&edid=B82C7457-23A7-971E-3494-C851AC146F1A&sortorder=desc&column=section HTTP/1.1" 200 68305
66.249.66.135 - - [01/Jan/2021:13:35:03 +0100] "GET /ticket2/opencms/dk/sport/fodboldbilletter/serie-a/sassuolo/ HTTP/1.1" 200 66113
216.245.221.83 - - [01/Jan/2021:13:35:18 +0100] "HEAD /ticket2/opencms/ HTTP/1.1" 302 -
216.245.221.83 - - [01/Jan/2021:13:35:19 +0100] "HEAD /ticket2/opencms/en/ HTTP/1.1" 200 -
192.99.37.116 - - [01/Jan/2021:13:35:35 +0100] "GET /ticket2/opencms/nl/buy/?page=1&edid=B8936E2A-2B55-9BF8-E0E7-457CCCF1DAC4&sortorder=desc&column=price HTTP/1.1" 200 69980
54.36.148.167 - - [01/Jan/2021:13:35:40 +0100] "GET /ticket2/opencms/en/buy/?comcatid=B41CCF2B-5558-7AEE-3602-09BBDE417D65 HTTP/1.1" 200 67665
114.119.149.83 - - [01/Jan/2021:13:35:47 +0100] "GET /ticket2/opencms/dk/venue/?venueid=58B4DCF4-B9EB-0383-CA2D-EA5126921C04 HTTP/1.1" 200 65232
66.249.66.137 - - [01/Jan/2021:13:35:56 +0100] "GET /ticket2/opencms/sites/ticketbrokerage/sv/sport/fotbollsbiljetter/la_liga/barcelona/camp_nou.html HTTP/1.1" 404 -
192.99.37.116 - - [01/Jan/2021:13:35:58 +0100] "GET /ticket2/opencms/nl/buy/?page=1&edid=B8936E2A-2B55-9BF8-E0E7-457CCCF1DAC4&sortorder=desc&column=row HTTP/1.1" 200 69980
185.130.184.220 - - [01/Jan/2021:13:36:03 +0100] "GET /ticket2/opencms/ HTTP/1.0" 302 -
185.130.184.220 - - [01/Jan/2021:13:36:04 +0100] "GET /ticket2/opencms/en/ HTTP/1.0" 200 66287
13.66.139.68 - - [01/Jan/2021:13:36:10 +0100] "GET /ticket2/opencms/sv/sport/fotbollsbiljetter/la_liga/girona/ HTTP/1.1" 200 66509
157.55.39.206 - - [01/Jan/2021:13:36:27 +0100] "GET /ticket2/opencms/en/venue/?venueid=F3A5C9EC-4CEF-B563-FECD-1A9EEC18334F HTTP/1.1" 200 65216
192.99.37.116 - - [01/Jan/2021:13:36:30 +0100] "GET /ticket2/opencms/nl/buy/?page=1&edid=B8936E2A-2B55-9BF8-E0E7-457CCCF1DAC4&sortorder=desc&column=section HTTP/1.1" 200 69980
216.244.66.245 - - [01/Jan/2021:13:36:47 +0100] "GET /ticket2/opencms/sv/handbook_buyer/ HTTP/1.1" 200 72876
130.61.39.43 - - [01/Jan/2021:13:36:55 +0100] "GET /ticket2/opencms/en/sport/football-tickets/ HTTP/1.1" 200 67172
192.99.37.116 - - [01/Jan/2021:13:37:00 +0100] "GET /ticket2/opencms/nl/buy/?page=1&edid=B93B0FFA-1133-B639-A688-B05549F4B695 HTTP/1.1" 200 68297
207.46.13.108 - - [01/Jan/2021:13:37:28 +0100] "GET /ticket2/opencms/sv/sport/fotbollsbiljetter/serie_a/fiorentina/cagliari.html HTTP/1.1" 200 67881
192.99.37.116 - - [01/Jan/2021:13:37:34 +0100] "GET /ticket2/opencms/nl/buy/?page=1&edid=BA563F7E-7D97-21AA-ADF7-0FCD56E37E7F&sortorder=asc&column=row HTTP/1.1" 200 71514
54.36.148.169 - - [01/Jan/2021:13:37:41 +0100] "GET /ticket2/opencms/dk/legal_info/ HTTP/1.1" 200 66503
157.55.39.144 - - [01/Jan/2021:13:37:53 +0100] "GET /ticket2/opencms/no/buy/?comcatid=A17713B6-D984-201A-4143-ED4DB5ED5C2E&catid=BDD8C04C-DD99-1C07-B5F3-F2AB98D157E8 HTTP/1.1" 200 75843
192.99.37.116 - - [01/Jan/2021:13:38:02 +0100] "GET /ticket2/opencms/nl/buy/?page=1&edid=BAD2A333-B983-1C4F-085D-667F2BDD36E6&sortorder=asc&column=row HTTP/1.1" 200 68330
157.55.39.240 - - [01/Jan/2021:13:38:03 +0100] "GET /ticket2/opencms/no/venue/?venueid=66CAA8A1-0259-F3AA-7522-0F138635803F HTTP/1.1" 200 65726
192.99.37.116 - - [01/Jan/2021:13:38:50 +0100] "GET /ticket2/opencms/nl/buy/?page=1&edid=BC2CE351-D2F3-F1ED-C9C7-8638DC44BCF0 HTTP/1.1" 200 70212
114.119.154.211 - - [01/Jan/2021:13:38:59 +0100] "GET /ticket2/opencms/fi/venue/?venueid=01A0ADB8-E909-7B52-7382-807C1E2FCC75 HTTP/1.1" 200 66429
192.99.37.116 - - [01/Jan/2021:13:39:28 +0100] "GET /ticket2/opencms/nl/buy/?page=1&edid=BC4B2DC9-87D1-1B87-AA3A-E251321C133F&sortorder=desc&column=price HTTP/1.1" 200 68316
54.36.148.211 - - [01/Jan/2021:13:39:41 +0100] "GET /ticket2/opencms/dk/venue/?venueid=549D1F21-57F6-6965-4AE0-C027D23DF3A5 HTTP/1.1" 200 65337
114.119.139.25 - - [01/Jan/2021:13:40:09 +0100] "GET /ticket2/opencms/fi/venue/?venueid=D6ACC314-B92A-54C8-D6D6-0BCC0672FA5A HTTP/1.1" 200 66460
216.245.221.83 - - [01/Jan/2021:13:40:18 +0100] "HEAD /ticket2/opencms/ HTTP/1.1" 302 -
192.99.37.116 - - [01/Jan/2021:13:40:19 +0100] "GET /ticket2/opencms/nl/buy/?page=1&edid=BED17060-4404-E8B2-29EB-E48C0B72A40C&sortorder=asc&column=price HTTP/1.1" 200 68302
216.245.221.83 - - [01/Jan/2021:13:40:19 +0100] "HEAD /ticket2/opencms/en/ HTTP/1.1" 200 -
157.55.39.206 - - [01/Jan/2021:13:40:21 +0100] "GET /ticket2/opencms/en/venue/?venueid=879B0F51-C151-32AF-3491-072EFA33AFCB HTTP/1.1" 200 65177
192.99.37.116 - - [01/Jan/2021:13:40:48 +0100] "GET /ticket2/opencms/nl/buy/?page=1&edid=C06EF65F-765A-41B3-7251-28C655DA14AD&sortorder=asc&column=row HTTP/1.1" 200 71049
192.99.37.116 - - [01/Jan/2021:13:41:27 +0100] "GET /ticket2/opencms/nl/buy/?page=1&edid=D776081A-33AA-296E-ED76-1FA87B3E2A16&sortorder=asc&column=row HTTP/1.1" 200 68349
54.36.148.134 - - [01/Jan/2021:13:41:39 +0100] "GET /ticket2/opencms/en/venue/?venueid=EB77ABB2-7681-5353-78ED-A3ADEC5FE4B1 HTTP/1.1" 200 65221
192.99.37.116 - - [01/Jan/2021:13:42:02 +0100] "GET /ticket2/opencms/nl/buy/?page=1&edid=DA80AC96-9D5B-51F7-D55B-EACBDC4E7995&sortorder=asc&column=row HTTP/1.1" 200 68333
192.99.37.116 - - [01/Jan/2021:13:42:40 +0100] "GET /ticket2/opencms/nl/buy/?page=1&edid=DD5B8B5C-4127-5C16-39BD-75C8AA69D4C7&sortorder=asc&column=price HTTP/1.1" 200 69986
144.76.29.148 - - [01/Jan/2021:13:43:00 +0100] "GET /ticket2/opencms/robots.txt HTTP/1.1" 200 773
144.76.29.148 - - [01/Jan/2021:13:43:04 +0100] "GET /ticket2/opencms/en/buy/?page=1&edid=0300249E-0859-EC89-FAF2-5149FFD18BE5&sortorder=desc&column=price HTTP/1.1" 200 69231
144.76.29.148 - - [01/Jan/2021:13:43:09 +0100] "GET /ticket2/opencms/en/buy/?page=1&edid=0300249E-0859-EC89-FAF2-5149FFD18BE5&sortorder=desc&column=row HTTP/1.1" 200 69231
144.76.29.148 - - [01/Jan/2021:13:43:13 +0100] "GET /ticket2/opencms/en/buy/?page=1&edid=B5ABE807-6A17-5199-1104-0EC23F805497&sortorder=desc&column=section HTTP/1.1" 200 69226
144.76.29.148 - - [01/Jan/2021:13:43:15 +0100] "GET /ticket2/opencms/en/venue/?venueid=7099633B-1F6B-63DD-621F-E75AD7E075E8 HTTP/1.1" 200 65248
144.76.40.222 - - [01/Jan/2021:13:43:16 +0100] "GET /ticket2/opencms/robots.txt HTTP/1.1" 200 773
144.76.29.148 - - [01/Jan/2021:13:43:17 +0100] "GET /ticket2/opencms/en/venue/?venueid=70CF0C71-242F-3CB8-3E8B-757E40B6417C HTTP/1.1" 200 65278
144.76.29.148 - - [01/Jan/2021:13:43:18 +0100] "GET /ticket2/opencms/en/venue/?venueid=70DCD869-5BA7-F3C6-AAAA-0FB61E169734 HTTP/1.1" 200 65185
144.76.29.148 - - [01/Jan/2021:13:43:20 +0100] "GET /ticket2/opencms/en/venue/?venueid=70DCED0C-DAFB-4CDB-B5CE-E31A25F4FE56 HTTP/1.1" 200 65177
144.76.29.148 - - [01/Jan/2021:13:43:22 +0100] "GET /ticket2/opencms/en/venue/?venueid=725EAA96-3504-C885-60D8-51C3C379F292 HTTP/1.1" 200 65272
144.76.29.148 - - [01/Jan/2021:13:43:24 +0100] "GET /ticket2/opencms/en/venue/?venueid=72A98177-8EC1-6A88-9C99-0807532C7C07 HTTP/1.1" 200 65227
192.99.37.116 - - [01/Jan/2021:13:43:24 +0100] "GET /ticket2/opencms/nl/buy/?page=1&edid=E195347C-2F61-DC12-B555-E80AECD24DE5&sortorder=desc&column=row HTTP/1.1" 200 70208
144.76.29.148 - - [01/Jan/2021:13:43:26 +0100] "GET /ticket2/opencms/en/venue/?venueid=7323AE7D-D178-B332-F0E5-FE2EC0804060 HTTP/1.1" 200 65233
144.76.29.148 - - [01/Jan/2021:13:43:27 +0100] "GET /ticket2/opencms/en/venue/?venueid=734040E5-A24F-A3CB-551E-29ED256DF723 HTTP/1.1" 200 65224
144.76.29.148 - - [01/Jan/2021:13:43:29 +0100] "GET /ticket2/opencms/en/venue/?venueid=737F9F7B-5133-4683-A21D-F97D14F13C48 HTTP/1.1" 200 65220
144.76.29.148 - - [01/Jan/2021:13:43:31 +0100] "GET /ticket2/opencms/en/venue/?venueid=76FCBE46-42F0-E663-FE66-290861A11BAC HTTP/1.1" 200 65209
144.76.29.148 - - [01/Jan/2021:13:43:32 +0100] "GET /ticket2/opencms/en/venue/?venueid=7788E7D8-FA58-D97C-DEF8-8B2B379C0878 HTTP/1.1" 200 65212
144.76.29.148 - - [01/Jan/2021:13:43:35 +0100] "GET /ticket2/opencms/en/venue/?venueid=77AE86FB-D354-0E5F-2F8B-54B74EAA6DBC HTTP/1.1" 200 65188
144.76.29.148 - - [01/Jan/2021:13:43:37 +0100] "GET /ticket2/opencms/en/venue/?venueid=785962EB-8414-D059-305F-74BBF3E070CF HTTP/1.1" 200 65209
54.36.148.250 - - [01/Jan/2021:13:43:38 +0100] "GET /ticket2/opencms/en/venue/?countryid=65FCED9C-5C2E-43C2-63C9-AA64AA056E6E HTTP/1.1" 200 94598
209.17.96.18 - - [01/Jan/2021:13:43:38 +0100] "GET / HTTP/1.1" 404 -
144.76.29.148 - - [01/Jan/2021:13:43:39 +0100] "GET /ticket2/opencms/en/venue/?venueid=788D8A95-9784-C0AC-7C72-145DA63A5615 HTTP/1.1" 200 65277
144.76.29.148 - - [01/Jan/2021:13:43:41 +0100] "GET /ticket2/opencms/en/venue/?venueid=78D0C4A5-99DA-B045-D1D7-45F70CE9F600 HTTP/1.1" 200 65218
144.76.29.148 - - [01/Jan/2021:13:43:43 +0100] "GET /ticket2/opencms/en/venue/?venueid=78FDA09C-41E1-3EB5-FA25-29EBD1B668CE HTTP/1.1" 200 65251
144.76.40.222 - - [01/Jan/2021:13:43:44 +0100] "GET /ticket2/opencms/no/buy/?page=1&edid=B93B0FFA-1133-B639-A688-B05549F4B695&sortorder=desc&column=section HTTP/1.1" 200 69839
144.76.29.148 - - [01/Jan/2021:13:43:45 +0100] "GET /ticket2/opencms/en/venue/?venueid=79ABCF29-8849-375A-51D4-EF1F6E582A69 HTTP/1.1" 200 65215
144.76.29.148 - - [01/Jan/2021:13:43:48 +0100] "GET /ticket2/opencms/en/venue/?venueid=7A7B066D-6749-0EC8-5A95-BB4DEF5BC7FC HTTP/1.1" 200 65269
144.76.29.148 - - [01/Jan/2021:13:43:50 +0100] "GET /ticket2/opencms/en/venue/?venueid=7A93BED8-ECFC-8BF7-F201-A6433D9EB679 HTTP/1.1" 200 65176
144.76.29.148 - - [01/Jan/2021:13:43:52 +0100] "GET /ticket2/opencms/en/venue/?venueid=7AC70570-F2F1-BD18-D0E9-BC9514E6B8B3 HTTP/1.1" 200 65204
144.76.29.148 - - [01/Jan/2021:13:43:54 +0100] "GET /ticket2/opencms/en/venue/?venueid=7C4E533F-2F12-6B17-62E3-200FFD253387 HTTP/1.1" 200 65177
144.76.29.148 - - [01/Jan/2021:13:43:56 +0100] "GET /ticket2/opencms/en/venue/?venueid=7C7F73F8-7DD5-5AD2-5D98-6873788781BA HTTP/1.1" 200 65260
144.76.29.148 - - [01/Jan/2021:13:43:58 +0100] "GET /ticket2/opencms/en/venue/?venueid=84D3861B-4D20-42D1-DDF1-325CBB312A30 HTTP/1.1" 200 65185
144.76.29.148 - - [01/Jan/2021:13:44:01 +0100] "GET /ticket2/opencms/en/venue/?venueid=84D7889A-E11A-AB47-B40A-66082298581A HTTP/1.1" 200 65195
144.76.29.148 - - [01/Jan/2021:13:44:03 +0100] "GET /ticket2/opencms/en/venue/?venueid=8527116B-A185-5000-BC60-51916E69D597 HTTP/1.1" 200 65231
144.76.29.148 - - [01/Jan/2021:13:44:06 +0100] "GET /ticket2/opencms/en/venue/?venueid=86A94F85-9F2F-8D78-963D-5E90833F60CD HTTP/1.1" 200 65206
144.76.29.148 - - [01/Jan/2021:13:44:08 +0100] "GET /ticket2/opencms/en/venue/?venueid=86B389D1-7013-BAF6-CA43-7EB6782B91E5 HTTP/1.1" 200 65297
144.76.29.148 - - [01/Jan/2021:13:44:10 +0100] "GET /ticket2/opencms/en/venue/?venueid=86C22CE0-18B6-865E-E69F-CE6725E2874B HTTP/1.1" 200 65263
144.76.40.222 - - [01/Jan/2021:13:44:11 +0100] "GET /ticket2/opencms/no/buy/?page=1&edid=BC2CE351-D2F3-F1ED-C9C7-8638DC44BCF0&sortorder=desc&column=price HTTP/1.1" 200 71721
144.76.29.148 - - [01/Jan/2021:13:44:12 +0100] "GET /ticket2/opencms/en/venue/?venueid=86DEA7DE-EC8B-6F7F-4E07-89780910ACCD HTTP/1.1" 200 65218
144.76.29.148 - - [01/Jan/2021:13:44:14 +0100] "GET /ticket2/opencms/en/venue/?venueid=86F0DC08-5FD1-E5A8-C05C-1DCBCBDEB57F HTTP/1.1" 200 65255
144.76.29.148 - - [01/Jan/2021:13:44:17 +0100] "GET /ticket2/opencms/en/venue/?venueid=874CBB36-B0FB-2810-94F3-827DF6CD2D19 HTTP/1.1" 200 65236
157.55.39.206 - - [01/Jan/2021:13:44:19 +0100] "GET /ticket2/opencms/no/venue/?venueid=7DFFA88D-A72E-EF83-E1F4-D4C0A7C75BDB HTTP/1.1" 200 65741
144.76.29.148 - - [01/Jan/2021:13:44:19 +0100] "GET /ticket2/opencms/en/venue/?venueid=8753D9BE-AD84-FD44-C557-0BEF8FD830B3 HTTP/1.1" 200 65249
144.76.29.148 - - [01/Jan/2021:13:44:21 +0100] "GET /ticket2/opencms/en/venue/?venueid=879967C0-57AE-A0D6-80DD-31C312C0E736 HTTP/1.1" 200 65203
192.99.13.75 - - [01/Jan/2021:13:44:23 +0100] "GET /ticket2/opencms/robots.txt HTTP/1.1" 200 773
144.76.29.148 - - [01/Jan/2021:13:44:24 +0100] "GET /ticket2/opencms/en/venue/?venueid=879B0F51-C151-32AF-3491-072EFA33AFCB HTTP/1.1" 200 65177
192.99.37.116 - - [01/Jan/2021:13:44:25 +0100] "GET /ticket2/opencms/nl/buy/?page=1&edid=E195347C-2F61-DC12-B555-E80AECD24DE5&sortorder=desc&column=section HTTP/1.1" 200 70208
114.119.153.67 - - [01/Jan/2021:13:44:26 +0100] "GET /ticket2/opencms/sv/sport/fotbollsbiljetter/uefa-champions-league/psg/ HTTP/1.1" 200 67055
144.76.29.148 - - [01/Jan/2021:13:44:26 +0100] "GET /ticket2/opencms/en/venue/?venueid=8873E817-852C-7B3A-DC3B-7014498C6FBC HTTP/1.1" 200 65216
144.76.29.148 - - [01/Jan/2021:13:44:28 +0100] "GET /ticket2/opencms/en/venue/?venueid=88C3766A-DDEA-8940-EB5A-0950A80A0781 HTTP/1.1" 200 65270
144.76.29.148 - - [01/Jan/2021:13:44:31 +0100] "GET /ticket2/opencms/en/venue/?venueid=88F7BD42-D802-9204-CAB7-CFC868488AC2 HTTP/1.1" 200 65182
144.76.40.222 - - [01/Jan/2021:13:44:33 +0100] "GET /ticket2/opencms/no/buy/?page=1&edid=BC2CE351-D2F3-F1ED-C9C7-8638DC44BCF0&sortorder=desc&column=row HTTP/1.1" 200 71721
144.76.29.148 - - [01/Jan/2021:13:44:33 +0100] "GET /ticket2/opencms/en/venue/?venueid=88FA5ED7-F5AA-6C61-A45E-2A93337B7DAA HTTP/1.1" 200 65176
144.76.29.148 - - [01/Jan/2021:13:44:35 +0100] "GET /ticket2/opencms/en/venue/?venueid=89495595-3833-25EC-3C64-30EAE6238716 HTTP/1.1" 200 65270
144.76.29.148 - - [01/Jan/2021:13:44:39 +0100] "GET /ticket2/opencms/en/venue/?venueid=8A02FD62-AB7D-0F2A-98D0-1DF2D8566333 HTTP/1.1" 200 65236
144.76.29.148 - - [01/Jan/2021:13:44:42 +0100] "GET /ticket2/opencms/en/venue/?venueid=EB773635-94F3-7E6F-AC1A-743B06E63C1C HTTP/1.1" 200 65239
144.76.29.148 - - [01/Jan/2021:13:44:44 +0100] "GET /ticket2/opencms/en/venue/?venueid=EB77ABB2-7681-5353-78ED-A3ADEC5FE4B1 HTTP/1.1" 200 65221
144.76.29.148 - - [01/Jan/2021:13:44:47 +0100] "GET /ticket2/opencms/en/venue/?venueid=EBEEFBDF-BE46-CDA7-09F6-23C46162BE1D HTTP/1.1" 200 65212
144.76.29.148 - - [01/Jan/2021:13:44:51 +0100] "GET /ticket2/opencms/en/venue/?venueid=EC472EA6-DB5A-9847-3498-3E97CC377FD4 HTTP/1.1" 200 65212
216.244.66.237 - - [01/Jan/2021:13:44:51 +0100] "GET /ticket2/opencms/dk/robots.txt HTTP/1.1" 404 -
144.76.29.148 - - [01/Jan/2021:13:44:54 +0100] "GET /ticket2/opencms/en/venue/?venueid=ECA1E61D-2477-4810-8BC2-649930C9F0AE HTTP/1.1" 200 65228
92.220.10.100 - - [01/Jan/2021:13:44:56 +0100] "GET /ticket2/opencms/robots.txt HTTP/1.1" 200 773
144.76.40.222 - - [01/Jan/2021:13:44:57 +0100] "GET /ticket2/opencms/no/buy/?page=1&edid=BC2CE351-D2F3-F1ED-C9C7-8638DC44BCF0&sortorder=desc&column=section HTTP/1.1" 200 71721
144.76.29.148 - - [01/Jan/2021:13:44:57 +0100] "GET /ticket2/opencms/en/venue/?venueid=EF08F761-6D3A-2C5E-CAD2-0E2506BB1071 HTTP/1.1" 200 65284
92.220.10.100 - - [01/Jan/2021:13:44:59 +0100] "GET /ticket2/opencms/dk/login/?edid=03A0126D-6C4C-C16A-8B20-FC53B8D2913E HTTP/1.1" 200 67413
144.76.29.148 - - [01/Jan/2021:13:45:00 +0100] "GET /ticket2/opencms/en/venue/?venueid=EF3DDBD0-8AD7-39F7-94D9-5BDDBB2A78DA HTTP/1.1" 200 65198
92.220.10.100 - - [01/Jan/2021:13:45:02 +0100] "GET /ticket2/opencms/dk/login/?edid=F6CC0FC0-119E-8C04-0DA1-6DA80CB43AB2 HTTP/1.1" 200 67413
42.236.10.108 - - [01/Jan/2021:13:45:02 +0100] "GET /ticket2/opencms/se/ HTTP/1.1" 404 -
144.76.29.148 - - [01/Jan/2021:13:45:03 +0100] "GET /ticket2/opencms/en/venue/?venueid=EF9A381D-E146-D5CF-CC6A-B0B8DD77CAB7 HTTP/1.1" 200 65236
92.220.10.100 - - [01/Jan/2021:13:45:05 +0100] "GET /ticket2/opencms/fi/login/?edid=7DF77E99-8194-C3D0-5A00-8A12D492E581 HTTP/1.1" 200 68719
192.99.37.116 - - [01/Jan/2021:13:45:06 +0100] "GET /ticket2/opencms/nl/buy/?page=1&edid=FE9A8ACB-C8DC-2145-7856-06F77AC0FB07&sortorder=asc&column=section HTTP/1.1" 200 69980
144.76.29.148 - - [01/Jan/2021:13:45:08 +0100] "GET /ticket2/opencms/en/venue/?venueid=EFA6E1D1-4242-14C9-92E7-0490DFFC81B7 HTTP/1.1" 200 65188
92.220.10.100 - - [01/Jan/2021:13:45:08 +0100] "GET /ticket2/opencms/fi/login/?edid=8D609A09-968B-809C-B291-0AEC7810E029 HTTP/1.1" 200 68719
192.99.13.75 - - [01/Jan/2021:13:45:09 +0100] "GET /ticket2/opencms/no/buy/?page=1&edid=BFFA4A3A-0CE3-21A1-BA67-66012375AD3E&sortorder=desc&column=section HTTP/1.1" 200 69817
144.76.29.148 - - [01/Jan/2021:13:45:11 +0100] "GET /ticket2/opencms/en/venue/?venueid=F0E9F0F3-AE69-E180-6663-501508165B7A HTTP/1.1" 200 65236
92.220.10.100 - - [01/Jan/2021:13:45:11 +0100] "GET /ticket2/opencms/fi/login/?edid=9BF626A2-EF2F-BFD7-1B53-34BFAE4B155A HTTP/1.1" 200 68719
144.76.29.148 - - [01/Jan/2021:13:45:14 +0100] "GET /ticket2/opencms/en/venue/?venueid=F1735286-7AD2-7B98-D4E5-03066C2CD758 HTTP/1.1" 200 65252
92.220.10.100 - - [01/Jan/2021:13:45:14 +0100] "GET /ticket2/opencms/fi/login/?edid=9CD730EF-7C42-2572-46F0-515A08160A41 HTTP/1.1" 200 68719
144.76.29.148 - - [01/Jan/2021:13:45:17 +0100] "GET /ticket2/opencms/en/venue/?venueid=F3A5C9EC-4CEF-B563-FECD-1A9EEC18334F HTTP/1.1" 200 65216
92.220.10.100 - - [01/Jan/2021:13:45:18 +0100] "GET /ticket2/opencms/fi/login/?edid=D77508F6-9331-A006-851B-5A867CA79BF7 HTTP/1.1" 200 68719
216.245.221.83 - - [01/Jan/2021:13:45:18 +0100] "HEAD /ticket2/opencms/ HTTP/1.1" 302 -
216.245.221.83 - - [01/Jan/2021:13:45:18 +0100] "HEAD /ticket2/opencms/en/ HTTP/1.1" 200 -
144.76.40.222 - - [01/Jan/2021:13:45:20 +0100] "GET /ticket2/opencms/no/buy/?page=1&edid=C24CFA32-4FD8-532F-2ACA-BEB9889EA4D1&sortorder=desc&column=price HTTP/1.1" 200 69841
144.76.29.148 - - [01/Jan/2021:13:45:21 +0100] "GET /ticket2/opencms/en/venue/?venueid=F42AFEE1-85C5-55E9-807A-662212AA85FC HTTP/1.1" 200 65201
92.220.10.100 - - [01/Jan/2021:13:45:21 +0100] "GET /ticket2/opencms/fi/login/?edid=D9F4EA68-CBF1-EC4F-D3CC-583BE0D28E99 HTTP/1.1" 200 68719
144.76.29.148 - - [01/Jan/2021:13:45:23 +0100] "GET /ticket2/opencms/en/venue/?venueid=F4FE8A93-D3AE-B0FC-0EBF-CDEF79158B44 HTTP/1.1" 200 65221
66.249.66.133 - - [01/Jan/2021:13:45:24 +0100] "GET /ticket2/opencms/sites/ticketbrokerage/sv/konsertbiljetter/artister/konsertbiljetter/kanye-west.html HTTP/1.1" 404 -
92.220.10.100 - - [01/Jan/2021:13:45:24 +0100] "GET /ticket2/opencms/fi/login/?edid=E147E814-DDBC-A46E-9493-AE9F0C493DDF HTTP/1.1" 200 68719
144.76.29.148 - - [01/Jan/2021:13:45:25 +0100] "GET /ticket2/opencms/en/venue/?venueid=F547B08D-C839-63CC-DDB8-9139B0448DEC HTTP/1.1" 200 65201
92.220.10.100 - - [01/Jan/2021:13:45:27 +0100] "GET /ticket2/opencms/fi/login/?edid=E8FE2A15-0338-AD03-E820-3464EC7EA1F7 HTTP/1.1" 200 68719
144.76.29.148 - - [01/Jan/2021:13:45:28 +0100] "GET /ticket2/opencms/en/venue/?venueid=FD96E284-2B2D-3C17-09D0-D66476535FBF HTTP/1.1" 200 65251
54.36.148.220 - - [01/Jan/2021:13:45:28 +0100] "GET /ticket2/opencms/en/venue/?countryid=12E3BEDF-CE35-CC7F-2705-A98A37B9636B HTTP/1.1" 200 94598
92.220.10.100 - - [01/Jan/2021:13:45:30 +0100] "GET /ticket2/opencms/fi/login/?edid=E99B3C54-F700-0126-628E-FF8EE40F5DE2 HTTP/1.1" 200 68719
92.220.10.100 - - [01/Jan/2021:13:45:34 +0100] "GET /ticket2/opencms/fi/login/?edid=EAF5F943-A31A-E92D-61B3-6DC580C2EEDC HTTP/1.1" 200 68719
144.76.29.148 - - [01/Jan/2021:13:45:34 +0100] "GET /ticket2/opencms/fi/buy/?page=1&edid=260FB851-0445-E20A-1FA1-B43929CD14D4&sortorder=asc&column=price HTTP/1.1" 200 70639
92.220.10.100 - - [01/Jan/2021:13:45:37 +0100] "GET /ticket2/opencms/fi/login/?edid=F21380F7-75CF-8F6C-44E2-E3C7E626BAE7 HTTP/1.1" 200 68719
192.99.37.116 - - [01/Jan/2021:13:45:38 +0100] "GET /ticket2/opencms/nl/buy/?page=1&edid=FEDF232A-760C-B359-320A-5BD79D713F09&sortorder=asc&column=price HTTP/1.1" 200 68300
144.76.29.148 - - [01/Jan/2021:13:45:39 +0100] "GET /ticket2/opencms/fi/buy/?page=1&edid=260FB851-0445-E20A-1FA1-B43929CD14D4&sortorder=asc&column=row HTTP/1.1" 200 70639
92.220.10.100 - - [01/Jan/2021:13:45:40 +0100] "GET /ticket2/opencms/fi/login/?edid=F3C916A5-266C-CF5A-524D-FDD95A915D8E HTTP/1.1" 200 68719
92.220.10.100 - - [01/Jan/2021:13:45:43 +0100] "GET /ticket2/opencms/fi/login/?edid=F43255AB-1595-DACE-116E-56411343B9B3 HTTP/1.1" 200 68719
144.76.40.222 - - [01/Jan/2021:13:45:44 +0100] "GET /ticket2/opencms/no/buy/?page=1&edid=C24CFA32-4FD8-532F-2ACA-BEB9889EA4D1&sortorder=desc&column=row HTTP/1.1" 200 69841
144.76.29.148 - - [01/Jan/2021:13:45:44 +0100] "GET /ticket2/opencms/fi/buy/?page=1&edid=260FB851-0445-E20A-1FA1-B43929CD14D4&sortorder=asc&column=section HTTP/1.1" 200 70639
92.220.10.100 - - [01/Jan/2021:13:45:46 +0100] "GET /ticket2/opencms/fi/login/?edid=FCDEE0D5-8A78-E67A-3598-6D8F08248119 HTTP/1.1" 200 68719
144.76.29.148 - - [01/Jan/2021:13:45:51 +0100] "GET /ticket2/opencms/fi/buy/?page=1&edid=26325542-6B2D-A1C9-1D0F-C837CFAFBBF1&sortorder=asc&column=price HTTP/1.1" 200 70631
144.76.29.148 - - [01/Jan/2021:13:45:57 +0100] "GET /ticket2/opencms/fi/buy/?page=1&edid=26325542-6B2D-A1C9-1D0F-C837CFAFBBF1&sortorder=asc&column=row HTTP/1.1" 200 70631
144.76.29.148 - - [01/Jan/2021:13:46:02 +0100] "GET /ticket2/opencms/fi/buy/?page=1&edid=26325542-6B2D-A1C9-1D0F-C837CFAFBBF1&sortorder=asc&column=section HTTP/1.1" 200 70631
144.76.29.148 - - [01/Jan/2021:13:46:07 +0100] "GET /ticket2/opencms/fi/buy/?page=1&edid=492C1137-7E95-5EDF-8C64-E404B3827DAB&sortorder=asc&column=price HTTP/1.1" 200 70621
144.76.40.222 - - [01/Jan/2021:13:46:08 +0100] "GET /ticket2/opencms/no/buy/?page=1&edid=C24CFA32-4FD8-532F-2ACA-BEB9889EA4D1&sortorder=desc&column=section HTTP/1.1" 200 69841
144.76.29.148 - - [01/Jan/2021:13:46:12 +0100] "GET /ticket2/opencms/fi/buy/?page=1&edid=492C1137-7E95-5EDF-8C64-E404B3827DAB&sortorder=asc&column=row HTTP/1.1" 200 70621
144.76.29.148 - - [01/Jan/2021:13:46:16 +0100] "GET /ticket2/opencms/fi/buy/?page=1&edid=4BABAE1E-0D71-179E-0279-AD6DDD722EFF&sortorder=asc&column=section HTTP/1.1" 200 72304
167.114.209.104 - - [01/Jan/2021:13:46:21 +0100] "GET /ticket2/opencms/robots.txt HTTP/1.1" 200 773
144.76.29.148 - - [01/Jan/2021:13:46:25 +0100] "GET /ticket2/opencms/fi/buy/?page=1&edid=72EA71D3-6F9C-57D5-7B7F-73AA197889AE&sortorder=desc&column=section HTTP/1.1" 200 72568
192.99.37.116 - - [01/Jan/2021:13:46:26 +0100] "GET /ticket2/opencms/nl/buy/?page=1&edid=FEDF232A-760C-B359-320A-5BD79D713F09&sortorder=asc&column=row HTTP/1.1" 200 68300
144.76.40.222 - - [01/Jan/2021:13:46:28 +0100] "GET /ticket2/opencms/no/buy/?page=1&edid=C2E2A345-1805-9628-50E3-0D8B812CD139&sortorder=desc&column=price HTTP/1.1" 200 69822
192.99.13.75 - - [01/Jan/2021:13:46:30 +0100] "GET /ticket2/opencms/no/buy/?page=1&edid=C020E4A1-BE01-3334-92BA-DC9D716297A1&sortorder=desc&column=row HTTP/1.1" 200 71470
144.76.29.148 - - [01/Jan/2021:13:46:30 +0100] "GET /ticket2/opencms/fi/buy/?page=1&edid=81E3C09B-BAFA-470A-91CA-884257CD3649&sortorder=asc&column=price HTTP/1.1" 200 70642
144.76.29.148 - - [01/Jan/2021:13:46:35 +0100] "GET /ticket2/opencms/fi/buy/?page=1&edid=81E3C09B-BAFA-470A-91CA-884257CD3649&sortorder=asc&column=row HTTP/1.1" 200 70642
144.76.40.222 - - [01/Jan/2021:13:46:54 +0100] "GET /ticket2/opencms/no/buy/?page=1&edid=C2E2A345-1805-9628-50E3-0D8B812CD139&sortorder=desc&column=row HTTP/1.1" 200 69822
144.76.29.148 - - [01/Jan/2021:13:47:02 +0100] "GET /ticket2/opencms/fi/buy/?page=1&edid=A5C55F44-987F-E3AB-81EF-236DCB6609D7&sortorder=asc&column=row HTTP/1.1" 200 70660
192.99.37.116 - - [01/Jan/2021:13:47:03 +0100] "GET /ticket2/opencms/nl/buy/?page=1&edid=FEDF232A-760C-B359-320A-5BD79D713F09&sortorder=asc&column=section HTTP/1.1" 200 68300
192.99.13.75 - - [01/Jan/2021:13:47:03 +0100] "GET /ticket2/opencms/no/buy/?page=1&edid=C020E4A1-BE01-3334-92BA-DC9D716297A1&sortorder=desc&column=section HTTP/1.1" 200 71470
114.119.157.185 - - [01/Jan/2021:13:47:06 +0100] "GET /ticket2/opencms/fi/venue/?venueid=9BA72295-2DDF-9809-9F6B-30A7553066D1 HTTP/1.1" 200 66435
144.76.40.222 - - [01/Jan/2021:13:47:12 +0100] "GET /ticket2/opencms/no/buy/?page=1&edid=C2E2A345-1805-9628-50E3-0D8B812CD139&sortorder=desc&column=section HTTP/1.1" 200 69822
66.249.66.137 - - [01/Jan/2021:13:47:22 +0100] "GET /ticket2/opencms/dk/sport/fodboldbilletter/champions_league/ HTTP/1.1" 200 69810
54.36.149.64 - - [01/Jan/2021:13:47:23 +0100] "GET /ticket2/opencms/en/venue/?venueid=D1E3CA2F-D440-9494-7505-2287047FEB0E HTTP/1.1" 200 65274
144.76.40.222 - - [01/Jan/2021:13:47:31 +0100] "GET /ticket2/opencms/no/buy/?page=1&edid=C45B01C9-3500-D2C4-C7FF-A9B791565E94&sortorder=desc&column=price HTTP/1.1" 200 69824
192.99.37.116 - - [01/Jan/2021:13:47:31 +0100] "GET /ticket2/opencms/nl/buy/?page=1&edid=FEDF232A-760C-B359-320A-5BD79D713F09&sortorder=desc&column=price HTTP/1.1" 200 68299
192.99.13.75 - - [01/Jan/2021:13:47:32 +0100] "GET /ticket2/opencms/no/buy/?page=1&edid=C07320BB-F54C-AAC6-833F-32CB39CA6CBF&sortorder=desc&column=price HTTP/1.1" 200 71213
144.76.29.148 - - [01/Jan/2021:13:47:32 +0100] "GET /ticket2/opencms/nl/buy/?page=1&edid=2FC98323-B77E-D291-9131-7C1F611770DD&sortorder=asc&column=section HTTP/1.1" 200 69726
144.76.29.148 - - [01/Jan/2021:13:47:40 +0100] "GET /ticket2/opencms/nl/buy/?page=1&edid=491CDE0E-E75F-9320-7ED5-2634C2C70BEA&sortorder=asc&column=row HTTP/1.1" 200 68332
144.76.29.148 - - [01/Jan/2021:13:47:43 +0100] "GET /ticket2/opencms/nl/buy/?page=1&edid=491CDE0E-E75F-9320-7ED5-2634C2C70BEA&sortorder=asc&column=section HTTP/1.1" 200 68332
144.76.29.148 - - [01/Jan/2021:13:47:48 +0100] "GET /ticket2/opencms/nl/buy/?page=1&edid=493BFF9D-41BF-4273-9D96-F5B05DF9477B&sortorder=desc&column=section HTTP/1.1" 200 68305
144.76.29.148 - - [01/Jan/2021:13:47:52 +0100] "GET /ticket2/opencms/nl/buy/?page=1&edid=4961B68B-E2F1-61D5-B295-903400F60330&sortorder=desc&column=price HTTP/1.1" 200 68320
144.76.40.222 - - [01/Jan/2021:13:47:52 +0100] "GET /ticket2/opencms/no/buy/?page=1&edid=C45B01C9-3500-D2C4-C7FF-A9B791565E94&sortorder=desc&column=row HTTP/1.1" 200 69824
144.76.29.148 - - [01/Jan/2021:13:47:55 +0100] "GET /ticket2/opencms/nl/buy/?page=1&edid=4961B68B-E2F1-61D5-B295-903400F60330&sortorder=desc&column=row HTTP/1.1" 200 68320
144.76.29.148 - - [01/Jan/2021:13:47:57 +0100] "GET /ticket2/opencms/nl/buy/?page=1&edid=4965447F-9F6F-8CE6-6AA9-F5F15C25F8B7&sortorder=asc&column=price HTTP/1.1" 200 69724
144.76.29.148 - - [01/Jan/2021:13:48:00 +0100] "GET /ticket2/opencms/nl/buy/?page=1&edid=4965447F-9F6F-8CE6-6AA9-F5F15C25F8B7&sortorder=asc&column=row HTTP/1.1" 200 69724
144.76.29.148 - - [01/Jan/2021:13:48:02 +0100] "GET /ticket2/opencms/nl/buy/?page=1&edid=4965447F-9F6F-8CE6-6AA9-F5F15C25F8B7&sortorder=asc&column=section HTTP/1.1" 200 69724
144.76.29.148 - - [01/Jan/2021:13:48:04 +0100] "GET /ticket2/opencms/nl/buy/?page=1&edid=54BF7B38-1191-4855-07DB-8DE87C08BACB&sortorder=desc&column=price HTTP/1.1" 200 70246
192.99.37.116 - - [01/Jan/2021:13:48:06 +0100] "GET /ticket2/opencms/nl/buy/?page=1&edid=FEDF232A-760C-B359-320A-5BD79D713F09&sortorder=desc&column=row HTTP/1.1" 200 68299
144.76.29.148 - - [01/Jan/2021:13:48:07 +0100] "GET /ticket2/opencms/nl/buy/?page=1&edid=54ED7F3E-87E9-B49D-0FE3-F4BDCE94BCDC&sortorder=desc&column=row HTTP/1.1" 200 69724
167.114.209.104 - - [01/Jan/2021:13:48:08 +0100] "GET /ticket2/opencms/dk/buy/?page=1&edid=1010B797-FD07-A826-871C-B380D1F057A0&sortorder=asc&column=row HTTP/1.1" 200 69317
144.76.29.148 - - [01/Jan/2021:13:48:09 +0100] "GET /ticket2/opencms/nl/buy/?page=1&edid=56009166-4EB3-7C98-1EFC-397E936F89B0&sortorder=desc&column=price HTTP/1.1" 200 69725
144.76.40.222 - - [01/Jan/2021:13:48:11 +0100] "GET /ticket2/opencms/no/buy/?page=1&edid=C45B01C9-3500-D2C4-C7FF-A9B791565E94&sortorder=desc&column=section HTTP/1.1" 200 69824
144.76.29.148 - - [01/Jan/2021:13:48:12 +0100] "GET /ticket2/opencms/nl/buy/?page=1&edid=56620ABF-F3DD-4A9B-E6C4-076728889E50&sortorder=desc&column=price HTTP/1.1" 200 70227
144.76.29.148 - - [01/Jan/2021:13:48:15 +0100] "GET /ticket2/opencms/nl/buy/?page=1&edid=56B6B6E6-C7E2-379B-D9F5-F289D890A616 HTTP/1.1" 200 68266
144.76.29.148 - - [01/Jan/2021:13:48:17 +0100] "GET /ticket2/opencms/nl/buy/?page=1&edid=56D9714A-07B4-FB5C-C153-0FEAE3F4337A&sortorder=desc&column=row HTTP/1.1" 200 68328
144.76.29.148 - - [01/Jan/2021:13:48:19 +0100] "GET /ticket2/opencms/nl/buy/?page=1&edid=56D9714A-07B4-FB5C-C153-0FEAE3F4337A&sortorder=desc&column=section HTTP/1.1" 200 68328
144.76.29.148 - - [01/Jan/2021:13:48:21 +0100] "GET /ticket2/opencms/nl/buy/?page=1&edid=577C8A68-A9CA-93C3-B19C-C24885CB81FE&sortorder=asc&column=price HTTP/1.1" 200 70177
192.99.13.75 - - [01/Jan/2021:13:48:23 +0100] "GET /ticket2/opencms/no/buy/?page=1&edid=C07320BB-F54C-AAC6-833F-32CB39CA6CBF&sortorder=desc&column=row HTTP/1.1" 200 71213
144.76.29.148 - - [01/Jan/2021:13:48:24 +0100] "GET /ticket2/opencms/nl/buy/?page=1&edid=577C8A68-A9CA-93C3-B19C-C24885CB81FE&sortorder=asc&column=row HTTP/1.1" 200 70177
144.76.29.148 - - [01/Jan/2021:13:48:26 +0100] "GET /ticket2/opencms/nl/buy/?page=1&edid=577C8A68-A9CA-93C3-B19C-C24885CB81FE&sortorder=asc&column=section HTTP/1.1" 200 70177
144.76.40.222 - - [01/Jan/2021:13:48:29 +0100] "GET /ticket2/opencms/no/buy/?page=1&edid=C8E5B5BA-0B51-B98E-737F-2DD864F6D95E&sortorder=desc&column=price HTTP/1.1" 200 71882
144.76.29.148 - - [01/Jan/2021:13:48:29 +0100] "GET /ticket2/opencms/nl/buy/?page=1&edid=577C8A68-A9CA-93C3-B19C-C24885CB81FE&sortorder=desc&column=price HTTP/1.1" 200 70176
144.76.29.148 - - [01/Jan/2021:13:48:32 +0100] "GET /ticket2/opencms/nl/buy/?page=1&edid=577C8A68-A9CA-93C3-B19C-C24885CB81FE&sortorder=desc&column=row HTTP/1.1" 200 70176
144.76.29.148 - - [01/Jan/2021:13:48:35 +0100] "GET /ticket2/opencms/nl/buy/?page=1&edid=577C8A68-A9CA-93C3-B19C-C24885CB81FE&sortorder=desc&column=section HTTP/1.1" 200 70176
144.76.29.148 - - [01/Jan/2021:13:48:37 +0100] "GET /ticket2/opencms/nl/buy/?page=1&edid=58535046-72BE-3CE1-BB9E-910DEDB611D2&sortorder=desc&column=price HTTP/1.1" 200 70397
144.76.29.148 - - [01/Jan/2021:13:48:39 +0100] "GET /ticket2/opencms/nl/buy/?page=1&edid=59AB6E9D-6FC4-6EF5-CB9B-2ACFED9E25CF&sortorder=desc&column=row HTTP/1.1" 200 68314
144.76.29.148 - - [01/Jan/2021:13:48:42 +0100] "GET /ticket2/opencms/nl/buy/?page=1&edid=59AB6E9D-6FC4-6EF5-CB9B-2ACFED9E25CF&sortorder=desc&column=section HTTP/1.1" 200 68314
144.76.29.148 - - [01/Jan/2021:13:48:44 +0100] "GET /ticket2/opencms/nl/buy/?page=1&edid=5A199E76-C4FC-8F64-3C45-54BD1FC99C87 HTTP/1.1" 200 69690
114.119.150.2 - - [01/Jan/2021:13:48:47 +0100] "GET /ticket2/opencms/sv/konsertbiljetter/barbara_streisand/ HTTP/1.1" 200 66718
144.76.29.148 - - [01/Jan/2021:13:48:47 +0100] "GET /ticket2/opencms/nl/buy/?page=1&edid=5A4C510F-9E60-2432-DA6F-424C1D4896E8&sortorder=asc&column=price HTTP/1.1" 200 68337
144.76.29.148 - - [01/Jan/2021:13:48:49 +0100] "GET /ticket2/opencms/nl/buy/?page=1&edid=5A4C510F-9E60-2432-DA6F-424C1D4896E8&sortorder=asc&column=row HTTP/1.1" 200 68337
192.99.37.116 - - [01/Jan/2021:13:48:50 +0100] "GET /ticket2/opencms/nl/buy/?page=1&edid=FEDF232A-760C-B359-320A-5BD79D713F09&sortorder=desc&column=section HTTP/1.1" 200 68299
144.76.29.148 - - [01/Jan/2021:13:48:52 +0100] "GET /ticket2/opencms/nl/buy/?page=1&edid=5A4C510F-9E60-2432-DA6F-424C1D4896E8&sortorder=asc&column=section HTTP/1.1" 200 68337
144.76.40.222 - - [01/Jan/2021:13:48:54 +0100] "GET /ticket2/opencms/no/buy/?page=1&edid=C8E5B5BA-0B51-B98E-737F-2DD864F6D95E&sortorder=desc&column=row HTTP/1.1" 200 71882
144.76.29.148 - - [01/Jan/2021:13:48:55 +0100] "GET /ticket2/opencms/nl/buy/?page=1&edid=5A4C510F-9E60-2432-DA6F-424C1D4896E8&sortorder=desc&column=price HTTP/1.1" 200 68336
144.76.29.148 - - [01/Jan/2021:13:48:57 +0100] "GET /ticket2/opencms/nl/buy/?page=1&edid=5A4C510F-9E60-2432-DA6F-424C1D4896E8&sortorder=desc&column=row HTTP/1.1" 200 68336
144.76.29.148 - - [01/Jan/2021:13:48:59 +0100] "GET /ticket2/opencms/nl/buy/?page=1&edid=5A4C510F-9E60-2432-DA6F-424C1D4896E8&sortorder=desc&column=section HTTP/1.1" 200 68336
192.99.13.75 - - [01/Jan/2021:13:49:01 +0100] "GET /ticket2/opencms/no/buy/?page=1&edid=C07320BB-F54C-AAC6-833F-32CB39CA6CBF&sortorder=desc&column=section HTTP/1.1" 200 71213
144.76.29.148 - - [01/Jan/2021:13:49:01 +0100] "GET /ticket2/opencms/nl/buy/?page=1&edid=5B2E6B5B-74E9-CD30-D689-B625FF457737&sortorder=desc&column=section HTTP/1.1" 200 68329
144.76.29.148 - - [01/Jan/2021:13:49:03 +0100] "GET /ticket2/opencms/nl/buy/?page=1&edid=5B7A975E-50B5-FD5C-5441-DAE563F948E6&sortorder=desc&column=price HTTP/1.1" 200 68303
144.76.29.148 - - [01/Jan/2021:13:49:05 +0100] "GET /ticket2/opencms/nl/buy/?page=1&edid=5C70B1F0-4607-47F9-95A0-AADB29E20053 HTTP/1.1" 200 70149
42.236.10.69 - - [01/Jan/2021:13:49:07 +0100] "GET /ticket2/opencms/ HTTP/1.1" 302 -
42.236.10.69 - - [01/Jan/2021:13:49:07 +0100] "GET /ticket2/opencms/en/ HTTP/1.1" 200 66287
144.76.29.148 - - [01/Jan/2021:13:49:08 +0100] "GET /ticket2/opencms/nl/buy/?page=1&edid=5D07027F-73A4-ED56-6B46-3A7D6715D9ED&sortorder=asc&column=price HTTP/1.1" 200 68296
144.76.29.148 - - [01/Jan/2021:13:49:10 +0100] "GET /ticket2/opencms/nl/buy/?page=1&edid=5D07027F-73A4-ED56-6B46-3A7D6715D9ED&sortorder=asc&column=row HTTP/1.1" 200 68296
144.76.40.222 - - [01/Jan/2021:13:49:11 +0100] "GET /ticket2/opencms/no/buy/?page=1&edid=C9688796-3F0D-8F72-BAA2-30768E19C292&sortorder=desc&column=price HTTP/1.1" 200 69831
144.76.29.148 - - [01/Jan/2021:13:49:12 +0100] "GET /ticket2/opencms/nl/buy/?page=1&edid=5D07027F-73A4-ED56-6B46-3A7D6715D9ED&sortorder=asc&column=section HTTP/1.1" 200 68296
144.76.29.148 - - [01/Jan/2021:13:49:14 +0100] "GET /ticket2/opencms/nl/buy/?page=1&edid=5D07027F-73A4-ED56-6B46-3A7D6715D9ED&sortorder=desc&column=price HTTP/1.1" 200 68295
144.76.29.148 - - [01/Jan/2021:13:49:16 +0100] "GET /ticket2/opencms/nl/buy/?page=1&edid=5D07027F-73A4-ED56-6B46-3A7D6715D9ED&sortorder=desc&column=row HTTP/1.1" 200 68295
144.76.29.148 - - [01/Jan/2021:13:49:19 +0100] "GET /ticket2/opencms/nl/buy/?page=1&edid=5D07027F-73A4-ED56-6B46-3A7D6715D9ED&sortorder=desc&column=section HTTP/1.1" 200 68295
54.36.148.250 - - [01/Jan/2021:13:49:21 +0100] "GET /ticket2/opencms/en/venue/?venueid=99BBDD03-B532-23A3-9D30-60E65F950CC5 HTTP/1.1" 200 65204
144.76.29.148 - - [01/Jan/2021:13:49:22 +0100] "GET /ticket2/opencms/nl/buy/?page=1&edid=5D316A17-67AE-AB26-3845-7466FBF7E082&sortorder=desc&column=section HTTP/1.1" 200 68300
144.76.29.148 - - [01/Jan/2021:13:49:25 +0100] "GET /ticket2/opencms/nl/buy/?page=1&edid=5D9F4E02-B2F1-ABA6-EDB5-F9404644FB92&sortorder=desc&column=price HTTP/1.1" 200 71045
144.76.29.148 - - [01/Jan/2021:13:49:28 +0100] "GET /ticket2/opencms/nl/buy/?page=1&edid=5D9F4E02-B2F1-ABA6-EDB5-F9404644FB92&sortorder=desc&column=section HTTP/1.1" 200 71045
144.76.29.148 - - [01/Jan/2021:13:49:31 +0100] "GET /ticket2/opencms/nl/buy/?page=1&edid=5E44DF6E-CFFE-8776-1147-BEA03DBE86D3&sortorder=desc&column=section HTTP/1.1" 200 68332
144.76.29.148 - - [01/Jan/2021:13:49:33 +0100] "GET /ticket2/opencms/nl/buy/?page=1&edid=5E60F796-6D53-8AB5-090D-781711DA58D6&sortorder=desc&column=price HTTP/1.1" 200 68327
144.76.40.222 - - [01/Jan/2021:13:49:34 +0100] "GET /ticket2/opencms/no/buy/?page=1&edid=C9688796-3F0D-8F72-BAA2-30768E19C292&sortorder=desc&column=row HTTP/1.1" 200 69831
192.99.37.116 - - [01/Jan/2021:13:49:35 +0100] "GET /ticket2/opencms/nl/buy/?page=1&edid=FEE9109B-0F76-51E1-97FE-5F8D9CFFADB3&sortorder=asc&column=price HTTP/1.1" 200 69456
144.76.29.148 - - [01/Jan/2021:13:49:37 +0100] "GET /ticket2/opencms/nl/buy/?page=1&edid=5E60F796-6D53-8AB5-090D-781711DA58D6&sortorder=desc&column=row HTTP/1.1" 200 68327
144.76.29.148 - - [01/Jan/2021:13:49:39 +0100] "GET /ticket2/opencms/nl/buy/?page=1&edid=5E81605B-F9CB-7DC0-8289-8F2317082EE7&sortorder=desc&column=section HTTP/1.1" 200 68300
144.76.29.148 - - [01/Jan/2021:13:49:41 +0100] "GET /ticket2/opencms/nl/buy/?page=1&edid=5EE257CD-6CFD-C3AA-E97B-8BF12044F3A7 HTTP/1.1" 200 68305
144.76.29.148 - - [01/Jan/2021:13:49:46 +0100] "GET /ticket2/opencms/nl/buy/?page=1&edid=5EED00BA-1B91-1C5D-8393-741FC97C313B&sortorder=desc&column=price HTTP/1.1" 200 69465
144.76.29.148 - - [01/Jan/2021:13:49:48 +0100] "GET /ticket2/opencms/nl/buy/?page=1&edid=5EED00BA-1B91-1C5D-8393-741FC97C313B&sortorder=desc&column=row HTTP/1.1" 200 69465
144.76.29.148 - - [01/Jan/2021:13:49:50 +0100] "GET /ticket2/opencms/nl/buy/?page=1&edid=5EED00BA-1B91-1C5D-8393-741FC97C313B&sortorder=desc&column=section HTTP/1.1" 200 69465
144.76.29.148 - - [01/Jan/2021:13:49:53 +0100] "GET /ticket2/opencms/nl/buy/?page=1&edid=61C23625-4DC8-71C0-2E4C-7B57A56D449E&sortorder=desc&column=price HTTP/1.1" 200 69467
144.76.40.222 - - [01/Jan/2021:13:49:53 +0100] "GET /ticket2/opencms/no/buy/?page=1&edid=C9688796-3F0D-8F72-BAA2-30768E19C292&sortorder=desc&column=section HTTP/1.1" 200 69831
192.99.13.75 - - [01/Jan/2021:13:49:55 +0100] "GET /ticket2/opencms/no/buy/?page=1&edid=C0D5FA21-0C90-0D73-2EF5-A41D174CF89F&sortorder=desc&column=price HTTP/1.1" 200 69839
144.76.29.148 - - [01/Jan/2021:13:49:55 +0100] "GET /ticket2/opencms/nl/buy/?page=1&edid=61C23625-4DC8-71C0-2E4C-7B57A56D449E&sortorder=desc&column=row HTTP/1.1" 200 69467
144.76.29.148 - - [01/Jan/2021:13:49:58 +0100] "GET /ticket2/opencms/nl/buy/?page=1&edid=61C23625-4DC8-71C0-2E4C-7B57A56D449E&sortorder=desc&column=section HTTP/1.1" 200 69467
144.76.29.148 - - [01/Jan/2021:13:50:01 +0100] "GET /ticket2/opencms/nl/buy/?page=1&edid=782016FF-6554-96DE-4A09-06440A1EA20B HTTP/1.1" 200 70661
