54.36.148.88 - - [01/Jan/2021:05:11:50 +0100] "GET /ticket2/opencms/en/venue/?venueid=67A06CF6-50B1-39D9-CC81-9C78D966E53A HTTP/1.1" 200 65206
192.99.9.25 - - [01/Jan/2021:05:12:08 +0100] "GET /ticket2/opencms/sv/login/?edid=8FAAAF51-435F-0366-FD72-F6E5965C17B8 HTTP/1.1" 200 67543
54.36.148.34 - - [01/Jan/2021:05:12:53 +0100] "GET /ticket2/opencms/fi/venue/?venueid=7BC1169D-C485-411D-5945-206D54A60C10 HTTP/1.1" 200 66478
192.99.9.25 - - [01/Jan/2021:05:13:02 +0100] "GET /ticket2/opencms/sv/login/?edid=9C4836A1-BD2A-4D85-1156-08B8E0333D34 HTTP/1.1" 200 67543
207.46.13.183 - - [01/Jan/2021:05:13:21 +0100] "GET /ticket2/opencms/fi/venue/?venueid=17E7C622-E012-3663-44A8-95BA7DB84F40 HTTP/1.1" 200 66439
192.99.9.25 - - [01/Jan/2021:05:14:03 +0100] "GET /ticket2/opencms/sv/login/?edid=9CD730EF-7C42-2572-46F0-515A08160A41 HTTP/1.1" 200 67543
66.249.66.158 - - [01/Jan/2021:05:14:14 +0100] "GET /ticket2/opencms/sv/venue/?countryid=4067501C-3738-9610-03B0-18FCE6867011 HTTP/1.1" 200 94846
114.119.137.95 - - [01/Jan/2021:05:14:35 +0100] "GET /ticket2/opencms/dk/about/contact/ HTTP/1.1" 200 64625
54.36.148.107 - - [01/Jan/2021:05:15:07 +0100] "GET /ticket2/opencms/en/venue/?venueid=6FA55CAA-E7CD-0645-363F-8301E170D823 HTTP/1.1" 200 65266
192.99.9.25 - - [01/Jan/2021:05:15:09 +0100] "GET /ticket2/opencms/sv/login/?edid=AED07394-C49C-5931-D2FB-64023659E932 HTTP/1.1" 200 67543
216.245.221.83 - - [01/Jan/2021:05:15:19 +0100] "HEAD /ticket2/opencms/ HTTP/1.1" 302 -
216.245.221.83 - - [01/Jan/2021:05:15:19 +0100] "HEAD /ticket2/opencms/en/ HTTP/1.1" 200 -
66.249.66.221 - - [01/Jan/2021:05:15:56 +0100] "GET /ticket2/opencms/dk/venue/?venueid=4E39CE7D-BC63-4F01-AE7F-1A3BEBF78AB4 HTTP/1.1" 200 65241
192.99.9.25 - - [01/Jan/2021:05:16:04 +0100] "GET /ticket2/opencms/sv/login/?edid=B1DFC9EC-D2C4-76B2-A8EC-9DB1DA34315C HTTP/1.1" 200 67543
54.36.148.250 - - [01/Jan/2021:05:16:13 +0100] "GET /ticket2/opencms/dk/venue/?venueid=FFAD140D-D3E3-13F5-E204-505E06314019 HTTP/1.1" 200 65219
192.99.9.25 - - [01/Jan/2021:05:16:54 +0100] "GET /ticket2/opencms/sv/login/?edid=B5487927-5D9E-47A1-7B61-6B84BE8D3FED HTTP/1.1" 200 67543
216.244.66.237 - - [01/Jan/2021:05:17:00 +0100] "GET /ticket2/opencms/dk/robots.txt HTTP/1.1" 404 -
54.36.148.227 - - [01/Jan/2021:05:17:16 +0100] "GET /ticket2/opencms/en/venue/?countryid=B8EC120B-4F43-C769-CF6D-BEF2F141BF54 HTTP/1.1" 200 94598
192.99.9.25 - - [01/Jan/2021:05:17:56 +0100] "GET /ticket2/opencms/sv/login/?edid=B7653BD0-33A8-8039-42B6-78FA5A3DEC82 HTTP/1.1" 200 67543
54.36.148.238 - - [01/Jan/2021:05:18:19 +0100] "GET /ticket2/opencms/sv/buy/?comcatid=66708183-7480-3365-06BF-DBF60280AB45 HTTP/1.1" 200 67808
114.119.138.239 - - [01/Jan/2021:05:18:58 +0100] "GET /ticket2/opencms/ru/buy/?page=1&edid=12635D84-BF49-6EFF-4813-962BD7D2C463&sortorder=asc&column=price HTTP/1.1" 200 72142
192.99.9.25 - - [01/Jan/2021:05:19:09 +0100] "GET /ticket2/opencms/sv/login/?edid=D54EDA96-F67D-2426-66BF-D765D5E1AF7A HTTP/1.1" 200 67543
54.36.149.101 - - [01/Jan/2021:05:19:22 +0100] "GET /ticket2/opencms/dk/venue/?venueid=6F3CA280-5893-C28B-8C76-4FA561BAFBF2 HTTP/1.1" 200 65210
216.245.221.83 - - [01/Jan/2021:05:20:19 +0100] "HEAD /ticket2/opencms/ HTTP/1.1" 302 -
216.245.221.83 - - [01/Jan/2021:05:20:19 +0100] "HEAD /ticket2/opencms/en/ HTTP/1.1" 200 -
54.36.148.250 - - [01/Jan/2021:05:20:29 +0100] "GET /ticket2/opencms/dk/venue/?venueid=E10FCD58-11C5-3654-BCB2-8337AC23E995 HTTP/1.1" 200 65216
66.249.66.135 - - [01/Jan/2021:05:21:18 +0100] "GET /ticket2/opencms/fi/venue/?venueid=BDC122B7-07E3-B2DA-27F2-6C9BA9CA15EB HTTP/1.1" 200 66528
66.249.66.133 - - [01/Jan/2021:05:21:21 +0100] "GET /ticket2/opencms/system/modules/com.gridnine.opencms.ticketbrokerage.site/resources/js/calendar-en.js HTTP/1.1" 200 3338
54.36.148.19 - - [01/Jan/2021:05:21:32 +0100] "GET /ticket2/opencms/dk/venue/?venueid=82CE647C-8C38-94AE-7CB2-8F42944C30A5 HTTP/1.1" 200 65232
54.36.148.219 - - [01/Jan/2021:05:22:34 +0100] "GET /ticket2/opencms/en/venue/?countryid=920F4A38-F30D-28B1-B7EB-976C72351F90 HTTP/1.1" 200 94598
114.119.130.210 - - [01/Jan/2021:05:23:20 +0100] "GET /ticket2/opencms/ru/buy/?page=1&edid=EC74E210-A5EE-51AE-1B8A-E040E50F22D8&sortorder=desc&column=price HTTP/1.1" 200 70229
54.36.148.65 - - [01/Jan/2021:05:23:35 +0100] "GET /ticket2/opencms/dk/venue/?venueid=D2C20C7F-68AD-13DD-DE5C-40A1EAAE528A HTTP/1.1" 200 65225
66.249.66.192 - - [01/Jan/2021:05:23:42 +0100] "GET /ticket2/opencms/dk/venue/?venueid=FFA115B2-38B9-DF68-21D2-8F2E64EF271D HTTP/1.1" 200 65237
216.245.221.83 - - [01/Jan/2021:05:25:19 +0100] "HEAD /ticket2/opencms/ HTTP/1.1" 302 -
216.245.221.83 - - [01/Jan/2021:05:25:19 +0100] "HEAD /ticket2/opencms/en/ HTTP/1.1" 200 -
66.249.66.137 - - [01/Jan/2021:05:25:44 +0100] "GET /ticket2/opencms/sv/sport/fotbollsbiljetter/la_liga/sevilla/almeria.html HTTP/1.1" 200 66070
54.36.148.253 - - [01/Jan/2021:05:25:46 +0100] "GET /ticket2/opencms/dk/venue/?venueid=926D0C4B-2C69-EBC6-792F-B301AF32C1A0 HTTP/1.1" 200 65340
114.119.157.51 - - [01/Jan/2021:05:27:50 +0100] "GET /ticket2/opencms/fi/venue/?countryid=13702050-2F05-4DBF-E863-0547221CB311 HTTP/1.1" 200 95819
144.76.14.153 - - [01/Jan/2021:05:28:16 +0100] "GET /ticket2/opencms/robots.txt HTTP/1.1" 200 773
144.76.14.153 - - [01/Jan/2021:05:28:26 +0100] "GET /ticket2/opencms/dk/buy/ HTTP/1.1" 200 65499
54.36.149.34 - - [01/Jan/2021:05:29:04 +0100] "GET /ticket2/opencms/dk/venue/?venueid=1E1536E8-AE90-57CE-2DC3-A96AB80E9F2E HTTP/1.1" 200 65255
114.119.134.212 - - [01/Jan/2021:05:29:43 +0100] "GET /ticket2/opencms/sv/venue/?venueid=D84CD4C3-A05B-FEF5-C01D-0CB2BF594265 HTTP/1.1" 200 65465
54.36.148.133 - - [01/Jan/2021:05:30:05 +0100] "GET /ticket2/opencms/dk/venue/?venueid=740F9C5B-5442-516C-81CE-2AED7B56EF35 HTTP/1.1" 200 65186
216.245.221.83 - - [01/Jan/2021:05:30:19 +0100] "HEAD /ticket2/opencms/ HTTP/1.1" 302 -
216.245.221.83 - - [01/Jan/2021:05:30:20 +0100] "HEAD /ticket2/opencms/en/ HTTP/1.1" 200 -
66.249.66.133 - - [01/Jan/2021:05:30:46 +0100] "GET /ticket2/opencms/sv/buy/?page=1&edid=339F7634-8AC0-9C3C-6C47-F4D07133A50F HTTP/1.1" 200 72625
167.114.159.99 - - [01/Jan/2021:05:30:52 +0100] "GET /ticket2/opencms/robots.txt HTTP/1.1" 200 773
167.114.159.99 - - [01/Jan/2021:05:31:11 +0100] "GET /ticket2/opencms/en/venue/?venueid=57C4265D-1F48-7073-0A99-FC101DE89128 HTTP/1.1" 200 65218
167.114.159.99 - - [01/Jan/2021:05:31:34 +0100] "GET /ticket2/opencms/en/venue/?venueid=58271F11-7BB1-711A-F32D-E763F26DC1E9 HTTP/1.1" 200 65221
167.114.159.99 - - [01/Jan/2021:05:31:47 +0100] "GET /ticket2/opencms/en/venue/?venueid=58522292-9FB1-E2A9-71BC-483A012096C6 HTTP/1.1" 200 65230
167.114.159.99 - - [01/Jan/2021:05:32:02 +0100] "GET /ticket2/opencms/en/venue/?venueid=593AF726-0A01-6DBE-E6B0-2BCB42342E04 HTTP/1.1" 200 65221
114.119.150.101 - - [01/Jan/2021:05:32:03 +0100] "GET /ticket2/opencms/system/modules/com.gridnine.opencms.ticketbrokerage.site/resources/pics/content/affiliate_fi.png HTTP/1.1" 200 17920
54.36.148.30 - - [01/Jan/2021:05:32:05 +0100] "GET /ticket2/opencms/dk/venue/?venueid=205AE9EF-F1A4-58AB-6496-028A3EA231DB HTTP/1.1" 200 65249
167.114.159.99 - - [01/Jan/2021:05:32:18 +0100] "GET /ticket2/opencms/en/venue/?venueid=59CE914F-11B4-25CE-BEB9-4C636D2ADFF0 HTTP/1.1" 200 65209
167.114.159.99 - - [01/Jan/2021:05:32:34 +0100] "GET /ticket2/opencms/en/venue/?venueid=5A418B6B-801E-D3D5-FCE2-DE803F28D272 HTTP/1.1" 200 65197
167.114.159.99 - - [01/Jan/2021:05:32:47 +0100] "GET /ticket2/opencms/en/venue/?venueid=5A6F042B-89D7-42C6-FBDC-5C766B3AD495 HTTP/1.1" 200 65198
167.114.159.99 - - [01/Jan/2021:05:32:58 +0100] "GET /ticket2/opencms/en/venue/?venueid=5A7F3216-3247-9899-48F9-7CCF4571FF29 HTTP/1.1" 200 65215
216.244.66.237 - - [01/Jan/2021:05:33:03 +0100] "GET /ticket2/opencms/en/venue/?countryid=459C4D64-7B2E-6369-FD2D-87A9A9E5A61A HTTP/1.1" 200 95038
66.249.66.223 - - [01/Jan/2021:05:33:09 +0100] "GET /ticket2/opencms/no/sport/ishockey/nhl/Colorado_Avalanche/ HTTP/1.1" 200 68384
54.36.149.8 - - [01/Jan/2021:05:33:10 +0100] "GET /ticket2/opencms/dk/venue/?venueid=2093F44A-5602-34FE-CA0A-0A611F93B4B6 HTTP/1.1" 200 65187
167.114.159.99 - - [01/Jan/2021:05:33:10 +0100] "GET /ticket2/opencms/en/venue/?venueid=5AC23685-CBDF-0034-E285-05FDF9221C43 HTTP/1.1" 200 65216
216.244.66.237 - - [01/Jan/2021:05:33:12 +0100] "GET /ticket2/opencms/en/venue/?countryid=52F4A5D1-57D1-3DCD-E1E5-1C5778B3C28E HTTP/1.1" 200 94598
213.136.75.74 - - [01/Jan/2021:05:33:17 +0100] "GET /ticket2/opencms/robots.txt HTTP/1.1" 200 773
216.244.66.237 - - [01/Jan/2021:05:33:18 +0100] "GET /ticket2/opencms/en/venue/?countryid=62204D9B-992F-EFF6-482A-943BBD9879C3 HTTP/1.1" 200 94598
167.114.159.99 - - [01/Jan/2021:05:33:24 +0100] "GET /ticket2/opencms/en/venue/?venueid=5B101BF6-93E5-0E68-CC24-F8AEC762D8E3 HTTP/1.1" 200 65200
213.136.75.74 - - [01/Jan/2021:05:33:29 +0100] "GET /ticket2/opencms/en/buy/?page=1&edid=42B4FA5E-16E8-1BBB-7074-4F94B4A8F703&sortorder=asc&column=row HTTP/1.1" 200 71065
216.244.66.237 - - [01/Jan/2021:05:33:43 +0100] "GET /ticket2/opencms/ru/sport/football/premier_league/newcastle-united/ HTTP/1.1" 200 68540
106.38.241.135 - - [01/Jan/2021:05:33:43 +0100] "GET /ticket2/opencms/ HTTP/1.1" 302 -
167.114.159.99 - - [01/Jan/2021:05:33:46 +0100] "GET /ticket2/opencms/en/venue/?venueid=5B5FEC4B-6A08-971E-57F6-0BCF755A9705 HTTP/1.1" 200 65192
213.136.75.74 - - [01/Jan/2021:05:33:52 +0100] "GET /ticket2/opencms/en/buy/?page=1&edid=42D97426-3920-B9DC-22B4-7C28830E70FE&sortorder=asc&column=section HTTP/1.1" 200 69223
167.114.159.99 - - [01/Jan/2021:05:34:03 +0100] "GET /ticket2/opencms/en/venue/?venueid=5BBB9175-6BCD-4507-B680-0B60E4DE2F3E HTTP/1.1" 200 65206
213.136.75.74 - - [01/Jan/2021:05:34:07 +0100] "GET /ticket2/opencms/en/buy/?page=1&edid=43667867-3935-092D-B992-38E905DC29DA&sortorder=asc&column=price HTTP/1.1" 200 70908
54.36.148.82 - - [01/Jan/2021:05:34:15 +0100] "GET /ticket2/opencms/dk/venue/?venueid=9272A2D8-B9AC-BEB2-056D-6E191348444B HTTP/1.1" 200 65240
167.114.159.99 - - [01/Jan/2021:05:34:15 +0100] "GET /ticket2/opencms/en/venue/?venueid=5CD064CB-C924-A9AA-0D43-3118B7F7A349 HTTP/1.1" 200 65248
213.136.75.74 - - [01/Jan/2021:05:34:18 +0100] "GET /ticket2/opencms/en/buy/?page=1&edid=43667867-3935-092D-B992-38E905DC29DA&sortorder=asc&column=row HTTP/1.1" 200 70908
167.114.159.99 - - [01/Jan/2021:05:34:29 +0100] "GET /ticket2/opencms/en/venue/?venueid=5D522FFF-EE27-8B4F-FF73-B0ACE0865905 HTTP/1.1" 200 65195
213.136.75.74 - - [01/Jan/2021:05:34:35 +0100] "GET /ticket2/opencms/en/buy/?page=1&edid=43667867-3935-092D-B992-38E905DC29DA&sortorder=asc&column=section HTTP/1.1" 200 70908
167.114.159.99 - - [01/Jan/2021:05:34:40 +0100] "GET /ticket2/opencms/en/venue/?venueid=5DA3516A-811E-075A-C6ED-904902662B17 HTTP/1.1" 200 65201
106.38.241.135 - - [01/Jan/2021:05:34:48 +0100] "GET /ticket2/opencms/en/ HTTP/1.1" 200 66287
213.136.75.74 - - [01/Jan/2021:05:34:48 +0100] "GET /ticket2/opencms/en/buy/?page=1&edid=45AE7489-ACF2-4F75-B6C3-0726279668F0&sortorder=desc&column=price HTTP/1.1" 200 70883
167.114.159.99 - - [01/Jan/2021:05:34:52 +0100] "GET /ticket2/opencms/en/venue/?venueid=5DEA585A-08E2-B30D-154E-200E44426012 HTTP/1.1" 200 65231
213.136.75.74 - - [01/Jan/2021:05:34:57 +0100] "GET /ticket2/opencms/en/buy/?page=1&edid=46B98409-BE11-50C1-A27B-F9F14E8510F5&sortorder=asc&column=price HTTP/1.1" 200 70891
167.114.159.99 - - [01/Jan/2021:05:35:03 +0100] "GET /ticket2/opencms/en/venue/?venueid=5E03C312-201F-EA86-FC06-30C04764E9A3 HTTP/1.1" 200 65216
213.136.75.74 - - [01/Jan/2021:05:35:07 +0100] "GET /ticket2/opencms/en/buy/?page=1&edid=46B99181-7565-D704-BA22-DC7C6C8A924D&sortorder=asc&column=row HTTP/1.1" 200 69253
167.114.159.99 - - [01/Jan/2021:05:35:18 +0100] "GET /ticket2/opencms/en/venue/?venueid=5E4247B1-038D-69C7-681E-59A3027FAB84 HTTP/1.1" 200 65236
66.249.66.74 - - [01/Jan/2021:05:35:19 +0100] "GET /ticket2/opencms/fi/urheilu/jalkapallo/premier_league/arsenal/ HTTP/1.1" 200 75272
216.245.221.83 - - [01/Jan/2021:05:35:19 +0100] "HEAD /ticket2/opencms/ HTTP/1.1" 302 -
216.245.221.83 - - [01/Jan/2021:05:35:20 +0100] "HEAD /ticket2/opencms/en/ HTTP/1.1" 200 -
54.36.148.180 - - [01/Jan/2021:05:35:22 +0100] "GET /ticket2/opencms/dk/venue/?venueid=B6945CB2-E0A0-4A08-48BD-0C2A2E2927C8 HTTP/1.1" 200 65192
213.136.75.74 - - [01/Jan/2021:05:35:23 +0100] "GET /ticket2/opencms/en/buy/?page=1&edid=46B99181-7565-D704-BA22-DC7C6C8A924D&sortorder=asc&column=section HTTP/1.1" 200 69253
167.114.159.99 - - [01/Jan/2021:05:35:29 +0100] "GET /ticket2/opencms/en/venue/?venueid=5F67BA22-DBBD-331F-861A-48DEE262DDA1 HTTP/1.1" 200 65234
157.55.39.169 - - [01/Jan/2021:05:35:30 +0100] "GET /ticket2/opencms/sv/fotbollsresor/premier_league/chelsea/ HTTP/1.1" 200 68082
213.136.75.74 - - [01/Jan/2021:05:35:40 +0100] "GET /ticket2/opencms/en/buy/?page=1&edid=46F5EC85-5B62-6DBE-6122-EC5082A83D53&sortorder=asc&column=row HTTP/1.1" 200 70647
167.114.159.99 - - [01/Jan/2021:05:35:40 +0100] "GET /ticket2/opencms/en/venue/?venueid=5FB47966-11AA-41E3-0F78-B8983ED6CEDC HTTP/1.1" 200 65216
167.114.159.99 - - [01/Jan/2021:05:35:50 +0100] "GET /ticket2/opencms/en/venue/?venueid=5FD2FED0-DB89-FAFA-1927-AF1A95DA13A5 HTTP/1.1" 200 65200
213.136.75.74 - - [01/Jan/2021:05:35:54 +0100] "GET /ticket2/opencms/en/buy/?page=1&edid=4707B237-2172-6DED-7054-CEC9CFBB0C66&sortorder=asc&column=price HTTP/1.1" 200 71138
66.249.66.135 - - [01/Jan/2021:05:35:55 +0100] "GET /ticket2/opencms/fi/urheilu/jalkapallo/la-liga/Almeria/ HTTP/1.1" 200 68672
167.114.159.99 - - [01/Jan/2021:05:36:01 +0100] "GET /ticket2/opencms/en/venue/?venueid=5FE37D7C-8CDB-E2A6-C954-AEAA09190FF8 HTTP/1.1" 200 65278
167.114.159.99 - - [01/Jan/2021:05:36:10 +0100] "GET /ticket2/opencms/en/venue/?venueid=601A7ABD-551E-8CCC-08ED-4CC1D1D88166 HTTP/1.1" 200 65185
213.136.75.74 - - [01/Jan/2021:05:36:11 +0100] "GET /ticket2/opencms/en/buy/?page=1&edid=4707B237-2172-6DED-7054-CEC9CFBB0C66&sortorder=asc&column=row HTTP/1.1" 200 71138
167.114.159.99 - - [01/Jan/2021:05:36:20 +0100] "GET /ticket2/opencms/en/venue/?venueid=605DA297-0563-4D5B-80C8-29136936D7A1 HTTP/1.1" 200 65186
54.36.148.250 - - [01/Jan/2021:05:36:21 +0100] "GET /ticket2/opencms/dk/venue/?venueid=22A5BACF-2C57-D14B-B1F7-406A4B5B80A3 HTTP/1.1" 200 65255
167.86.85.194 - - [01/Jan/2021:05:36:26 +0100] "GET /ticket2/opencms/robots.txt HTTP/1.1" 200 773
213.136.75.74 - - [01/Jan/2021:05:36:26 +0100] "GET /ticket2/opencms/en/buy/?page=1&edid=4707B237-2172-6DED-7054-CEC9CFBB0C66&sortorder=asc&column=section HTTP/1.1" 200 71138
114.119.139.25 - - [01/Jan/2021:05:36:27 +0100] "GET /ticket2/opencms/fi/venue/?venueid=D27631CC-9A79-6271-DD99-90FDCD0CA570 HTTP/1.1" 200 66438
167.114.159.99 - - [01/Jan/2021:05:36:35 +0100] "GET /ticket2/opencms/en/venue/?venueid=607B4CDA-3D24-91FF-EFA3-BE6FF8649434 HTTP/1.1" 200 65237
213.136.75.74 - - [01/Jan/2021:05:36:41 +0100] "GET /ticket2/opencms/en/buy/?page=1&edid=480E7B33-B8FB-DE6E-BC2D-C94272347172&sortorder=asc&column=price HTTP/1.1" 200 69260
167.86.85.194 - - [01/Jan/2021:05:36:43 +0100] "GET /ticket2/opencms/en/buy/?page=1&edid=89EB6B62-1232-67FD-DD56-04D64BB6BA22&sortorder=desc&column=row HTTP/1.1" 200 70877
167.114.159.99 - - [01/Jan/2021:05:36:49 +0100] "GET /ticket2/opencms/en/venue/?venueid=60EF2BCB-0E01-4983-A081-A6DB18A55985 HTTP/1.1" 200 65204
167.114.64.97 - - [01/Jan/2021:05:36:52 +0100] "GET /ticket2/opencms/robots.txt HTTP/1.1" 200 773
167.86.85.194 - - [01/Jan/2021:05:36:57 +0100] "GET /ticket2/opencms/en/buy/?page=1&edid=89EB6B62-1232-67FD-DD56-04D64BB6BA22&sortorder=desc&column=section HTTP/1.1" 200 70877
13.66.139.121 - - [01/Jan/2021:05:37:01 +0100] "GET /ticket2/opencms/dk/sport/fodboldbilletter/serie-a/lazio/ HTTP/1.1" 200 67375
213.136.75.74 - - [01/Jan/2021:05:37:01 +0100] "GET /ticket2/opencms/en/buy/?page=1&edid=480EA493-0E5F-7F69-07F4-58B5BF351D39&sortorder=asc&column=price HTTP/1.1" 200 70671
213.136.75.74 - - [01/Jan/2021:05:37:12 +0100] "GET /ticket2/opencms/en/buy/?page=1&edid=480EA493-0E5F-7F69-07F4-58B5BF351D39&sortorder=asc&column=row HTTP/1.1" 200 70671
167.114.159.99 - - [01/Jan/2021:05:37:12 +0100] "GET /ticket2/opencms/en/venue/?venueid=619A03DD-ACCD-FE57-5807-3D17BA5AEECB HTTP/1.1" 200 65279
167.86.85.194 - - [01/Jan/2021:05:37:20 +0100] "GET /ticket2/opencms/en/buy/?page=1&edid=89EE1164-6F9D-62D4-DC88-33F4B86E4C2E HTTP/1.1" 200 70844
54.36.148.252 - - [01/Jan/2021:05:37:24 +0100] "GET /ticket2/opencms/fi/venue/?venueid=67A06CF6-50B1-39D9-CC81-9C78D966E53A HTTP/1.1" 200 66441
167.114.159.99 - - [01/Jan/2021:05:37:27 +0100] "GET /ticket2/opencms/en/venue/?venueid=6215BF0C-EB8F-CBD7-E039-846055B527B8 HTTP/1.1" 200 65222
213.136.75.74 - - [01/Jan/2021:05:37:31 +0100] "GET /ticket2/opencms/en/buy/?page=1&edid=480EA493-0E5F-7F69-07F4-58B5BF351D39&sortorder=asc&column=section HTTP/1.1" 200 70671
167.114.64.97 - - [01/Jan/2021:05:37:35 +0100] "GET /ticket2/opencms/dk/buy/?page=1&edid=1668013F-3B82-FE85-2AEC-4B43F85BF774&sortorder=asc&column=section HTTP/1.1" 200 69337
167.86.85.194 - - [01/Jan/2021:05:37:40 +0100] "GET /ticket2/opencms/en/buy/?page=1&edid=89EE1164-6F9D-62D4-DC88-33F4B86E4C2E&sortorder=asc&column=price HTTP/1.1" 200 70880
167.114.159.99 - - [01/Jan/2021:05:37:41 +0100] "GET /ticket2/opencms/en/venue/?venueid=624AC056-160F-0167-065E-997275B2D428 HTTP/1.1" 200 65191
213.136.75.74 - - [01/Jan/2021:05:37:44 +0100] "GET /ticket2/opencms/en/buy/?page=1&edid=487B066D-7DEA-8E6B-4CD8-CBF5B3729A0B&sortorder=asc&column=price HTTP/1.1" 200 69248
213.136.75.74 - - [01/Jan/2021:05:37:51 +0100] "GET /ticket2/opencms/en/buy/?page=1&edid=487B066D-7DEA-8E6B-4CD8-CBF5B3729A0B&sortorder=asc&column=section HTTP/1.1" 200 69248
167.86.85.194 - - [01/Jan/2021:05:37:55 +0100] "GET /ticket2/opencms/en/buy/?page=1&edid=89EE1164-6F9D-62D4-DC88-33F4B86E4C2E&sortorder=asc&column=row HTTP/1.1" 200 70880
167.114.159.99 - - [01/Jan/2021:05:37:56 +0100] "GET /ticket2/opencms/en/venue/?venueid=627689FB-7CBA-64B6-7657-6F6CD9393A37 HTTP/1.1" 200 65204
213.136.75.74 - - [01/Jan/2021:05:38:04 +0100] "GET /ticket2/opencms/en/buy/?page=1&edid=48B65D5D-E674-805D-CB26-EECA4A45E004&sortorder=asc&column=price HTTP/1.1" 200 69234
167.86.85.194 - - [01/Jan/2021:05:38:06 +0100] "GET /ticket2/opencms/en/buy/?page=1&edid=89EE1164-6F9D-62D4-DC88-33F4B86E4C2E&sortorder=desc&column=price HTTP/1.1" 200 70879
167.114.159.99 - - [01/Jan/2021:05:38:13 +0100] "GET /ticket2/opencms/en/venue/?venueid=630E70AB-B3E3-ED18-A61B-E2859D17F940 HTTP/1.1" 200 65218
213.136.75.74 - - [01/Jan/2021:05:38:19 +0100] "GET /ticket2/opencms/en/buy/?page=1&edid=48B65D5D-E674-805D-CB26-EECA4A45E004&sortorder=asc&column=row HTTP/1.1" 200 69234
167.86.85.194 - - [01/Jan/2021:05:38:20 +0100] "GET /ticket2/opencms/en/buy/?page=1&edid=89EE1164-6F9D-62D4-DC88-33F4B86E4C2E&sortorder=desc&column=row HTTP/1.1" 200 70879
54.36.148.250 - - [01/Jan/2021:05:38:25 +0100] "GET /ticket2/opencms/dk/venue/?venueid=279B18FD-4210-8852-93EB-A84B5C61044A HTTP/1.1" 200 65246
167.114.64.97 - - [01/Jan/2021:05:38:27 +0100] "GET /ticket2/opencms/fi/buy/?page=1&edid=6DE6F49B-9DDC-AE93-D3C4-D0745D66A6AA&sortorder=asc&column=row HTTP/1.1" 200 70635
167.114.159.99 - - [01/Jan/2021:05:38:31 +0100] "GET /ticket2/opencms/en/venue/?venueid=6379B58C-0142-402C-4D0E-AD80B641DF88 HTTP/1.1" 200 65192
213.136.75.74 - - [01/Jan/2021:05:38:31 +0100] "GET /ticket2/opencms/en/buy/?page=1&edid=48B65D5D-E674-805D-CB26-EECA4A45E004&sortorder=asc&column=section HTTP/1.1" 200 69234
167.86.85.194 - - [01/Jan/2021:05:38:35 +0100] "GET /ticket2/opencms/en/buy/?page=1&edid=89EE1164-6F9D-62D4-DC88-33F4B86E4C2E&sortorder=desc&column=section HTTP/1.1" 200 70879
213.136.75.74 - - [01/Jan/2021:05:38:43 +0100] "GET /ticket2/opencms/en/buy/?page=1&edid=49F6B155-E41A-63AF-A867-E3E7D86F3439&sortorder=asc&column=section HTTP/1.1" 200 69257
213.136.75.74 - - [01/Jan/2021:05:38:57 +0100] "GET /ticket2/opencms/en/buy/?page=1&edid=4A0F205F-63D5-8062-94E1-77DEB206C6B8&sortorder=asc&column=price HTTP/1.1" 200 71086
167.114.159.99 - - [01/Jan/2021:05:38:58 +0100] "GET /ticket2/opencms/en/venue/?venueid=63DFE8AB-8CE7-10BB-E6C2-33D548A14746 HTTP/1.1" 200 65206
167.86.85.194 - - [01/Jan/2021:05:38:58 +0100] "GET /ticket2/opencms/en/buy/?page=1&edid=89F15995-C09B-456C-B709-E1A4C6C917F4 HTTP/1.1" 200 72410
167.114.64.97 - - [01/Jan/2021:05:39:07 +0100] "GET /ticket2/opencms/fi/buy/?page=1&edid=6DE6F49B-9DDC-AE93-D3C4-D0745D66A6AA&sortorder=asc&column=section HTTP/1.1" 200 70635
213.136.75.74 - - [01/Jan/2021:05:39:08 +0100] "GET /ticket2/opencms/en/buy/?page=1&edid=4A0F205F-63D5-8062-94E1-77DEB206C6B8&sortorder=asc&column=row HTTP/1.1" 200 71086
167.86.85.194 - - [01/Jan/2021:05:39:15 +0100] "GET /ticket2/opencms/en/buy/?page=1&edid=89F15995-C09B-456C-B709-E1A4C6C917F4&sortorder=asc&column=section HTTP/1.1" 200 72446
167.114.159.99 - - [01/Jan/2021:05:39:19 +0100] "GET /ticket2/opencms/en/venue/?venueid=644AC771-2186-260E-75E7-7F6B39C5B86B HTTP/1.1" 200 65243
54.36.148.250 - - [01/Jan/2021:05:39:25 +0100] "GET /ticket2/opencms/dk/venue/?venueid=301158BF-3944-5CEC-1D81-3761E7E1A258 HTTP/1.1" 200 65273
213.136.75.74 - - [01/Jan/2021:05:39:26 +0100] "GET /ticket2/opencms/en/buy/?page=1&edid=4A0F205F-63D5-8062-94E1-77DEB206C6B8&sortorder=asc&column=section HTTP/1.1" 200 71086
207.46.13.108 - - [01/Jan/2021:05:39:35 +0100] "GET /ticket2/opencms/fi/buy/?page=1&edid=A84070DC-133C-F761-940C-18DE5C0F16D7 HTTP/1.1" 200 72993
207.46.13.108 - - [01/Jan/2021:05:39:37 +0100] "GET /ticket2/opencms/fi/buy/?page=10&eventid=192CCE60-37E6-5550-7B9E-2611502AA97D HTTP/1.1" 200 67928
167.86.85.194 - - [01/Jan/2021:05:39:37 +0100] "GET /ticket2/opencms/en/buy/?page=1&edid=8A029F20-77FD-725F-29C1-767EADBAC7CA HTTP/1.1" 200 69220
213.136.75.74 - - [01/Jan/2021:05:39:38 +0100] "GET /ticket2/opencms/en/buy/?page=1&edid=4BABAE1E-0D71-179E-0279-AD6DDD722EFF&sortorder=asc&column=row HTTP/1.1" 200 70882
167.114.159.99 - - [01/Jan/2021:05:39:40 +0100] "GET /ticket2/opencms/en/venue/?venueid=64779FD9-2136-580E-BBD9-F422639CB144 HTTP/1.1" 200 65174
213.136.75.74 - - [01/Jan/2021:05:39:52 +0100] "GET /ticket2/opencms/en/buy/?page=1&edid=4BFD92F6-57EF-BCA9-E83A-B1CC41C03BFB&sortorder=asc&column=price HTTP/1.1" 200 69229
167.114.64.97 - - [01/Jan/2021:05:39:53 +0100] "GET /ticket2/opencms/fi/buy/?page=1&edid=7339101C-AB59-95E5-2B5B-50B0ADC75A8C&sortorder=asc&column=price HTTP/1.1" 200 70625
167.86.85.194 - - [01/Jan/2021:05:39:57 +0100] "GET /ticket2/opencms/en/buy/?page=1&edid=8A029F20-77FD-725F-29C1-767EADBAC7CA&sortorder=asc&column=row HTTP/1.1" 200 69256
167.114.159.99 - - [01/Jan/2021:05:40:00 +0100] "GET /ticket2/opencms/en/venue/?venueid=647A017A-A337-874C-385C-B1E6DFFA2A10 HTTP/1.1" 200 65239
213.136.75.74 - - [01/Jan/2021:05:40:03 +0100] "GET /ticket2/opencms/en/buy/?page=1&edid=4C433C59-5FE9-0C43-7DAC-788A4C3689C5&sortorder=asc&column=price HTTP/1.1" 200 69254
13.66.139.119 - - [01/Jan/2021:05:40:08 +0100] "GET /ticket2/opencms/en/login/ HTTP/1.1" 200 67300
167.86.85.194 - - [01/Jan/2021:05:40:13 +0100] "GET /ticket2/opencms/en/buy/?page=1&edid=8A029F20-77FD-725F-29C1-767EADBAC7CA&sortorder=asc&column=section HTTP/1.1" 200 69256
66.249.66.135 - - [01/Jan/2021:05:40:14 +0100] "GET /ticket2/opencms/no/buy/?page=1&edid=D1F8A3A7-C078-475B-CB20-6510EA9FEBE4 HTTP/1.1" 200 69811
167.114.64.97 - - [01/Jan/2021:05:40:17 +0100] "GET /ticket2/opencms/nl/buy/?page=1&edid=3A2101C4-1199-2D0C-4863-53088BE0FA63&sortorder=asc&column=price HTTP/1.1" 200 68339
167.114.159.99 - - [01/Jan/2021:05:40:18 +0100] "GET /ticket2/opencms/en/venue/?venueid=647BD788-7B05-E059-BBD3-E91B79E1D17A HTTP/1.1" 200 65195
216.245.221.83 - - [01/Jan/2021:05:40:19 +0100] "HEAD /ticket2/opencms/ HTTP/1.1" 302 -
216.245.221.83 - - [01/Jan/2021:05:40:19 +0100] "HEAD /ticket2/opencms/en/ HTTP/1.1" 200 -
213.136.75.74 - - [01/Jan/2021:05:40:19 +0100] "GET /ticket2/opencms/en/buy/?page=1&edid=4C433C59-5FE9-0C43-7DAC-788A4C3689C5&sortorder=asc&column=row HTTP/1.1" 200 69254
213.136.75.74 - - [01/Jan/2021:05:40:29 +0100] "GET /ticket2/opencms/en/buy/?page=1&edid=4C433C59-5FE9-0C43-7DAC-788A4C3689C5&sortorder=asc&column=section HTTP/1.1" 200 69254
167.114.159.99 - - [01/Jan/2021:05:40:33 +0100] "GET /ticket2/opencms/en/venue/?venueid=64823F37-C894-99FC-7FB9-1CA1007A4F17 HTTP/1.1" 200 65299
167.86.85.194 - - [01/Jan/2021:05:40:35 +0100] "GET /ticket2/opencms/en/buy/?page=1&edid=8A029F20-77FD-725F-29C1-767EADBAC7CA&sortorder=desc&column=price HTTP/1.1" 200 69255
167.114.64.97 - - [01/Jan/2021:05:40:40 +0100] "GET /ticket2/opencms/nl/buy/?page=1&edid=3F666EA8-3582-CA4F-7916-99CDCAA57E7F&sortorder=asc&column=row HTTP/1.1" 200 71524
114.119.152.86 - - [01/Jan/2021:05:40:43 +0100] "GET /ticket2/opencms/system/modules/com.gridnine.opencms.ticketbrokerage.site/resources/pics/content/affiliate_nl.png HTTP/1.1" 200 15344
213.136.75.74 - - [01/Jan/2021:05:40:49 +0100] "GET /ticket2/opencms/en/buy/?page=1&edid=4E0966A1-2AF5-BC91-C36B-83F4CBC30FFC&sortorder=asc&column=price HTTP/1.1" 200 70694
167.86.85.194 - - [01/Jan/2021:05:40:53 +0100] "GET /ticket2/opencms/en/buy/?page=1&edid=8A029F20-77FD-725F-29C1-767EADBAC7CA&sortorder=desc&column=row HTTP/1.1" 200 69255
167.114.159.99 - - [01/Jan/2021:05:40:58 +0100] "GET /ticket2/opencms/en/venue/?venueid=65ED2D8A-C56D-F2C5-27DA-120D16E2A9AE HTTP/1.1" 200 65212
213.136.75.74 - - [01/Jan/2021:05:41:01 +0100] "GET /ticket2/opencms/en/buy/?page=1&edid=4E0966A1-2AF5-BC91-C36B-83F4CBC30FFC&sortorder=asc&column=row HTTP/1.1" 200 70694
167.114.64.97 - - [01/Jan/2021:05:41:12 +0100] "GET /ticket2/opencms/nl/buy/?page=1&edid=3F666EA8-3582-CA4F-7916-99CDCAA57E7F&sortorder=asc&column=section HTTP/1.1" 200 71524
167.86.85.194 - - [01/Jan/2021:05:41:16 +0100] "GET /ticket2/opencms/en/buy/?page=1&edid=8A029F20-77FD-725F-29C1-767EADBAC7CA&sortorder=desc&column=section HTTP/1.1" 200 69255
167.114.159.99 - - [01/Jan/2021:05:41:17 +0100] "GET /ticket2/opencms/en/venue/?venueid=66310A18-45F7-A89D-BD9F-A3196DFA666D HTTP/1.1" 200 65209
213.136.75.74 - - [01/Jan/2021:05:41:20 +0100] "GET /ticket2/opencms/en/buy/?page=1&edid=4EB29A38-A62A-4BD0-B6B6-5B151A6FEC1F&sortorder=asc&column=section HTTP/1.1" 200 70645
54.36.148.124 - - [01/Jan/2021:05:41:24 +0100] "GET /ticket2/opencms/dk/venue/?venueid=31714C71-62AB-341F-02CF-2D7553D967CB HTTP/1.1" 200 65256
167.86.85.194 - - [01/Jan/2021:05:41:31 +0100] "GET /ticket2/opencms/en/buy/?page=1&edid=8A1734CD-57B7-0726-0561-5D6E94CAD0FB HTTP/1.1" 200 69229
213.136.75.74 - - [01/Jan/2021:05:41:36 +0100] "GET /ticket2/opencms/en/buy/?page=1&edid=4ED59769-62CD-4944-D65C-674ED335D7FB&sortorder=asc&column=price HTTP/1.1" 200 70623
167.114.159.99 - - [01/Jan/2021:05:41:39 +0100] "GET /ticket2/opencms/en/venue/?venueid=665605D3-62A4-ADC3-6DF2-C7BBE2C5024A HTTP/1.1" 200 65209
167.114.64.97 - - [01/Jan/2021:05:41:44 +0100] "GET /ticket2/opencms/nl/buy/?page=1&edid=3F9F05EB-A597-8452-1800-96B78CF48D70&sortorder=asc&column=price HTTP/1.1" 200 70155
213.136.75.74 - - [01/Jan/2021:05:41:48 +0100] "GET /ticket2/opencms/en/buy/?page=1&edid=4ED59769-62CD-4944-D65C-674ED335D7FB&sortorder=asc&column=row HTTP/1.1" 200 70623
167.86.85.194 - - [01/Jan/2021:05:41:55 +0100] "GET /ticket2/opencms/en/buy/?page=1&edid=8A4A718B-F47F-7F60-721A-7893320E945C HTTP/1.1" 200 71115
167.114.159.99 - - [01/Jan/2021:05:42:00 +0100] "GET /ticket2/opencms/en/venue/?venueid=66A22C85-2637-5B6C-2F7A-DE5700A1A711 HTTP/1.1" 200 65200
213.136.75.74 - - [01/Jan/2021:05:42:02 +0100] "GET /ticket2/opencms/en/buy/?page=1&edid=4ED59769-62CD-4944-D65C-674ED335D7FB&sortorder=asc&column=section HTTP/1.1" 200 70623
167.114.64.97 - - [01/Jan/2021:05:42:11 +0100] "GET /ticket2/opencms/nl/buy/?page=1&edid=3F9F05EB-A597-8452-1800-96B78CF48D70&sortorder=asc&column=row HTTP/1.1" 200 70155
167.86.85.194 - - [01/Jan/2021:05:42:15 +0100] "GET /ticket2/opencms/en/buy/?page=1&edid=8A4A718B-F47F-7F60-721A-7893320E945C&sortorder=asc&column=price HTTP/1.1" 200 71151
213.136.75.74 - - [01/Jan/2021:05:42:16 +0100] "GET /ticket2/opencms/en/buy/?page=1&edid=4FCE6C51-B261-31DC-6DFE-3A8595E7F6A0&sortorder=asc&column=price HTTP/1.1" 200 70878
213.136.75.74 - - [01/Jan/2021:05:42:25 +0100] "GET /ticket2/opencms/en/buy/?page=1&edid=4FCE6C51-B261-31DC-6DFE-3A8595E7F6A0&sortorder=asc&column=row HTTP/1.1" 200 70878
167.114.159.99 - - [01/Jan/2021:05:42:28 +0100] "GET /ticket2/opencms/en/venue/?venueid=66B7684A-34D7-B171-288C-D950D3063FA0 HTTP/1.1" 200 65292
167.86.85.194 - - [01/Jan/2021:05:42:30 +0100] "GET /ticket2/opencms/en/buy/?page=1&edid=8A4A718B-F47F-7F60-721A-7893320E945C&sortorder=asc&column=row HTTP/1.1" 200 71151
54.36.148.140 - - [01/Jan/2021:05:42:30 +0100] "GET /ticket2/opencms/fi/venue/?venueid=6D360DF1-D10E-80D6-413A-8A8A7657A599 HTTP/1.1" 200 66450
66.249.66.221 - - [01/Jan/2021:05:42:37 +0100] "GET /ticket2/opencms/dk/sport/fodboldbilletter/serie-a/sassuolo/ HTTP/1.1" 200 66113
167.114.64.97 - - [01/Jan/2021:05:42:40 +0100] "GET /ticket2/opencms/nl/buy/?page=1&edid=3F9F05EB-A597-8452-1800-96B78CF48D70&sortorder=asc&column=section HTTP/1.1" 200 70155
213.136.75.74 - - [01/Jan/2021:05:42:45 +0100] "GET /ticket2/opencms/en/buy/?page=1&edid=4FCE6C51-B261-31DC-6DFE-3A8595E7F6A0&sortorder=asc&column=section HTTP/1.1" 200 70878
167.114.159.99 - - [01/Jan/2021:05:42:49 +0100] "GET /ticket2/opencms/en/venue/?venueid=66B80C8D-02F9-D9AE-4568-9AC2DE8502C2 HTTP/1.1" 200 65260
167.86.85.194 - - [01/Jan/2021:05:42:49 +0100] "GET /ticket2/opencms/en/buy/?page=1&edid=8A4A718B-F47F-7F60-721A-7893320E945C&sortorder=asc&column=section HTTP/1.1" 200 71151
167.86.85.194 - - [01/Jan/2021:05:43:01 +0100] "GET /ticket2/opencms/en/buy/?page=1&edid=8A4A718B-F47F-7F60-721A-7893320E945C&sortorder=desc&column=price HTTP/1.1" 200 71150
213.136.75.74 - - [01/Jan/2021:05:43:03 +0100] "GET /ticket2/opencms/en/buy/?page=1&edid=50B4BE82-3262-F014-61DB-5D5E6B9C8C97&sortorder=asc&column=price HTTP/1.1" 200 69273
167.114.64.97 - - [01/Jan/2021:05:43:05 +0100] "GET /ticket2/opencms/nl/buy/?page=1&edid=4287F78B-9CDD-D450-2BF0-AB9A6FD9A9EB&sortorder=asc&column=row HTTP/1.1" 200 69735
167.114.159.99 - - [01/Jan/2021:05:43:13 +0100] "GET /ticket2/opencms/en/venue/?venueid=66CAA8A1-0259-F3AA-7522-0F138635803F HTTP/1.1" 200 65197
213.136.75.74 - - [01/Jan/2021:05:43:17 +0100] "GET /ticket2/opencms/en/buy/?page=1&edid=50B4BE82-3262-F014-61DB-5D5E6B9C8C97&sortorder=asc&column=row HTTP/1.1" 200 69273
167.86.85.194 - - [01/Jan/2021:05:43:19 +0100] "GET /ticket2/opencms/en/buy/?page=1&edid=8A4A718B-F47F-7F60-721A-7893320E945C&sortorder=desc&column=row HTTP/1.1" 200 71150
167.114.64.97 - - [01/Jan/2021:05:43:29 +0100] "GET /ticket2/opencms/nl/buy/?page=1&edid=4287F78B-9CDD-D450-2BF0-AB9A6FD9A9EB&sortorder=asc&column=section HTTP/1.1" 200 69735
213.136.75.74 - - [01/Jan/2021:05:43:30 +0100] "GET /ticket2/opencms/en/buy/?page=1&edid=50B4BE82-3262-F014-61DB-5D5E6B9C8C97&sortorder=asc&column=section HTTP/1.1" 200 69273
54.36.148.154 - - [01/Jan/2021:05:43:31 +0100] "GET /ticket2/opencms/dk/venue/?venueid=6EE9D0D2-BB74-C6F6-8AEF-6C13077000FE HTTP/1.1" 200 65223
167.86.85.194 - - [01/Jan/2021:05:43:38 +0100] "GET /ticket2/opencms/en/buy/?page=1&edid=8A4A718B-F47F-7F60-721A-7893320E945C&sortorder=desc&column=section HTTP/1.1" 200 71150
167.114.159.99 - - [01/Jan/2021:05:43:40 +0100] "GET /ticket2/opencms/en/venue/?venueid=6715D129-7F99-046D-7040-DEB649AA3A0C HTTP/1.1" 200 65228
213.136.75.74 - - [01/Jan/2021:05:43:51 +0100] "GET /ticket2/opencms/en/buy/?page=1&edid=50E8A782-F5E1-50F5-9967-33A85E7D3FBF&sortorder=asc&column=price HTTP/1.1" 200 70883
167.86.85.194 - - [01/Jan/2021:05:43:55 +0100] "GET /ticket2/opencms/en/buy/?page=1&edid=8A4E8672-BDD7-58C4-DFF5-DF28D7CEBF0B&sortorder=asc&column=price HTTP/1.1" 200 71571
167.114.64.97 - - [01/Jan/2021:05:43:57 +0100] "GET /ticket2/opencms/nl/buy/?page=1&edid=448E97AD-A675-26E8-5DB2-B1923040DF7D&sortorder=asc&column=price HTTP/1.1" 200 70225
167.114.159.99 - - [01/Jan/2021:05:44:01 +0100] "GET /ticket2/opencms/en/venue/?venueid=676CED6B-6430-3729-D591-76E90D94F1B5 HTTP/1.1" 200 65183
167.86.85.194 - - [01/Jan/2021:05:44:06 +0100] "GET /ticket2/opencms/en/buy/?page=1&edid=8A4E8672-BDD7-58C4-DFF5-DF28D7CEBF0B&sortorder=asc&column=row HTTP/1.1" 200 71571
213.136.75.74 - - [01/Jan/2021:05:44:08 +0100] "GET /ticket2/opencms/en/buy/?page=1&edid=50E8A782-F5E1-50F5-9967-33A85E7D3FBF&sortorder=asc&column=row HTTP/1.1" 200 70883
213.136.75.74 - - [01/Jan/2021:05:44:18 +0100] "GET /ticket2/opencms/en/buy/?page=1&edid=50E8A782-F5E1-50F5-9967-33A85E7D3FBF&sortorder=asc&column=section HTTP/1.1" 200 70883
167.86.85.194 - - [01/Jan/2021:05:44:19 +0100] "GET /ticket2/opencms/en/buy/?page=1&edid=8A4E8672-BDD7-58C4-DFF5-DF28D7CEBF0B&sortorder=asc&column=section HTTP/1.1" 200 71571
167.114.159.99 - - [01/Jan/2021:05:44:25 +0100] "GET /ticket2/opencms/en/venue/?venueid=678131D6-267B-A67E-3FCF-710EEFB21484 HTTP/1.1" 200 65215
167.114.64.97 - - [01/Jan/2021:05:44:26 +0100] "GET /ticket2/opencms/nl/buy/?page=1&edid=448E97AD-A675-26E8-5DB2-B1923040DF7D&sortorder=asc&column=row HTTP/1.1" 200 70225
213.136.75.74 - - [01/Jan/2021:05:44:27 +0100] "GET /ticket2/opencms/en/buy/?page=1&edid=5195EDA7-EE0D-9ABB-7595-CB3B16024BD5&sortorder=asc&column=price HTTP/1.1" 200 69248
54.36.148.0 - - [01/Jan/2021:05:44:32 +0100] "GET /ticket2/opencms/dk/venue/?venueid=4C06C577-F477-221D-FB2B-584531FBAF49 HTTP/1.1" 200 65229
167.86.85.194 - - [01/Jan/2021:05:44:35 +0100] "GET /ticket2/opencms/en/buy/?page=1&edid=8A4E8672-BDD7-58C4-DFF5-DF28D7CEBF0B&sortorder=desc&column=price HTTP/1.1" 200 71570
213.136.75.74 - - [01/Jan/2021:05:44:43 +0100] "GET /ticket2/opencms/en/buy/?page=1&edid=5195EDA7-EE0D-9ABB-7595-CB3B16024BD5&sortorder=asc&column=row HTTP/1.1" 200 69248
167.86.85.194 - - [01/Jan/2021:05:44:49 +0100] "GET /ticket2/opencms/en/buy/?page=1&edid=8A4E8672-BDD7-58C4-DFF5-DF28D7CEBF0B&sortorder=desc&column=section HTTP/1.1" 200 71570
167.114.159.99 - - [01/Jan/2021:05:44:54 +0100] "GET /ticket2/opencms/en/venue/?venueid=67A06CF6-50B1-39D9-CC81-9C78D966E53A HTTP/1.1" 200 65206
167.114.64.97 - - [01/Jan/2021:05:44:56 +0100] "GET /ticket2/opencms/nl/buy/?page=1&edid=4AF707F4-9108-7CBE-07DC-A15F5B43F7E0&sortorder=asc&column=price HTTP/1.1" 200 68296
213.136.75.74 - - [01/Jan/2021:05:44:57 +0100] "GET /ticket2/opencms/en/buy/?page=1&edid=5195EDA7-EE0D-9ABB-7595-CB3B16024BD5&sortorder=asc&column=section HTTP/1.1" 200 69248
167.86.85.194 - - [01/Jan/2021:05:45:05 +0100] "GET /ticket2/opencms/en/buy/?page=1&edid=8A53C5DF-AAF6-93C2-922B-2DA851DB6E32 HTTP/1.1" 200 70596
114.119.155.83 - - [01/Jan/2021:05:45:06 +0100] "GET /ticket2/opencms/system/modules/com.gridnine.opencms.ticketbrokerage.site/resources/pics/banners/sv/french_ligue_1_sv.png HTTP/1.1" 200 82097
213.136.75.74 - - [01/Jan/2021:05:45:15 +0100] "GET /ticket2/opencms/en/buy/?page=1&edid=519733AC-AA34-BA65-0EA7-E44859D414BE&sortorder=asc&column=price HTTP/1.1" 200 69233
167.114.159.99 - - [01/Jan/2021:05:45:16 +0100] "GET /ticket2/opencms/en/venue/?venueid=67AF8090-FC23-3E8E-CD6F-9207EBD4436E HTTP/1.1" 200 65176
216.245.221.83 - - [01/Jan/2021:05:45:19 +0100] "HEAD /ticket2/opencms/ HTTP/1.1" 302 -
216.245.221.83 - - [01/Jan/2021:05:45:19 +0100] "HEAD /ticket2/opencms/en/ HTTP/1.1" 200 -
167.114.64.97 - - [01/Jan/2021:05:45:25 +0100] "GET /ticket2/opencms/nl/buy/?page=1&edid=4AF707F4-9108-7CBE-07DC-A15F5B43F7E0&sortorder=asc&column=row HTTP/1.1" 200 68296
167.86.85.194 - - [01/Jan/2021:05:45:27 +0100] "GET /ticket2/opencms/en/buy/?page=1&edid=8A53C5DF-AAF6-93C2-922B-2DA851DB6E32&sortorder=asc&column=row HTTP/1.1" 200 70632
213.136.75.74 - - [01/Jan/2021:05:45:28 +0100] "GET /ticket2/opencms/en/buy/?page=1&edid=519733AC-AA34-BA65-0EA7-E44859D414BE&sortorder=asc&column=row HTTP/1.1" 200 69233
54.36.148.250 - - [01/Jan/2021:05:45:33 +0100] "GET /ticket2/opencms/dk/venue/?venueid=8A164F69-C3AD-8904-FC05-FBEE26604F9B HTTP/1.1" 200 65229
213.136.75.74 - - [01/Jan/2021:05:45:40 +0100] "GET /ticket2/opencms/en/buy/?page=1&edid=519733AC-AA34-BA65-0EA7-E44859D414BE&sortorder=asc&column=section HTTP/1.1" 200 69233
167.86.85.194 - - [01/Jan/2021:05:45:45 +0100] "GET /ticket2/opencms/en/buy/?page=1&edid=8A6B520F-DEB7-C806-A39E-AE10718A1558&sortorder=desc&column=row HTTP/1.1" 200 69266
167.114.159.99 - - [01/Jan/2021:05:45:48 +0100] "GET /ticket2/opencms/en/venue/?venueid=67D31A6A-394A-8D69-C03A-43821313BB28 HTTP/1.1" 200 65189
66.249.66.137 - - [01/Jan/2021:05:45:55 +0100] "GET /ticket2/opencms/sv/konsertbiljetter/artister/konsertbiljetter/peter-lemarc-biljetter.html HTTP/1.1" 200 68087
213.136.75.74 - - [01/Jan/2021:05:45:55 +0100] "GET /ticket2/opencms/en/buy/?page=1&edid=5264929B-CFC6-6130-39CF-A9B1A1C1211D&sortorder=asc&column=price HTTP/1.1" 200 69233
167.114.64.97 - - [01/Jan/2021:05:46:01 +0100] "GET /ticket2/opencms/nl/buy/?page=1&edid=4AF707F4-9108-7CBE-07DC-A15F5B43F7E0&sortorder=asc&column=section HTTP/1.1" 200 68296
213.136.75.74 - - [01/Jan/2021:05:46:07 +0100] "GET /ticket2/opencms/en/buy/?page=1&edid=5264929B-CFC6-6130-39CF-A9B1A1C1211D&sortorder=asc&column=row HTTP/1.1" 200 69233
167.86.85.194 - - [01/Jan/2021:05:46:09 +0100] "GET /ticket2/opencms/en/buy/?page=1&edid=8A6B520F-DEB7-C806-A39E-AE10718A1558&sortorder=desc&column=section HTTP/1.1" 200 69266
167.114.159.99 - - [01/Jan/2021:05:46:11 +0100] "GET /ticket2/opencms/en/venue/?venueid=67DA257D-26D2-0E2E-4524-14E8E3D430E4 HTTP/1.1" 200 65171
213.136.75.74 - - [01/Jan/2021:05:46:17 +0100] "GET /ticket2/opencms/en/buy/?page=1&edid=5264929B-CFC6-6130-39CF-A9B1A1C1211D&sortorder=asc&column=section HTTP/1.1" 200 69233
167.86.85.194 - - [01/Jan/2021:05:46:24 +0100] "GET /ticket2/opencms/en/buy/?page=1&edid=8A72D4B2-B7A8-95A5-DC2B-AAB90C135C02 HTTP/1.1" 200 71282
167.114.159.99 - - [01/Jan/2021:05:46:31 +0100] "GET /ticket2/opencms/en/venue/?venueid=680079F6-3D84-3124-6D4E-6A5AE95CB384 HTTP/1.1" 200 65249
54.36.148.250 - - [01/Jan/2021:05:46:33 +0100] "GET /ticket2/opencms/dk/venue/?venueid=4EB732D1-1652-2B2A-5343-888F777F34B4 HTTP/1.1" 200 65243
213.136.75.74 - - [01/Jan/2021:05:46:34 +0100] "GET /ticket2/opencms/en/buy/?page=1&edid=52F96119-8DE8-02DF-9B26-6EB899FEED96&sortorder=asc&column=price HTTP/1.1" 200 69269
167.86.85.194 - - [01/Jan/2021:05:46:37 +0100] "GET /ticket2/opencms/en/buy/?page=1&edid=8A72D4B2-B7A8-95A5-DC2B-AAB90C135C02&sortorder=asc&column=section HTTP/1.1" 200 71318
167.114.64.97 - - [01/Jan/2021:05:46:39 +0100] "GET /ticket2/opencms/nl/buy/?page=1&edid=4CCCE17A-D346-BB0B-92E1-11763BCC5ACD&sortorder=asc&column=price HTTP/1.1" 200 69774
167.86.85.194 - - [01/Jan/2021:05:46:48 +0100] "GET /ticket2/opencms/en/buy/?page=1&edid=8A72D4B2-B7A8-95A5-DC2B-AAB90C135C02&sortorder=desc&column=price HTTP/1.1" 200 71317
213.136.75.74 - - [01/Jan/2021:05:46:53 +0100] "GET /ticket2/opencms/en/buy/?page=1&edid=52F96119-8DE8-02DF-9B26-6EB899FEED96&sortorder=asc&column=row HTTP/1.1" 200 69269
167.114.159.99 - - [01/Jan/2021:05:46:57 +0100] "GET /ticket2/opencms/en/venue/?venueid=680E364F-C434-6295-07B6-C0DA445E75CC HTTP/1.1" 200 65277
167.86.85.194 - - [01/Jan/2021:05:47:02 +0100] "GET /ticket2/opencms/en/buy/?page=1&edid=8A72D4B2-B7A8-95A5-DC2B-AAB90C135C02&sortorder=desc&column=row HTTP/1.1" 200 71317
213.136.75.74 - - [01/Jan/2021:05:47:06 +0100] "GET /ticket2/opencms/en/buy/?page=1&edid=52F96119-8DE8-02DF-9B26-6EB899FEED96&sortorder=asc&column=section HTTP/1.1" 200 69269
167.114.64.97 - - [01/Jan/2021:05:47:09 +0100] "GET /ticket2/opencms/nl/buy/?page=1&edid=4CCCE17A-D346-BB0B-92E1-11763BCC5ACD&sortorder=asc&column=row HTTP/1.1" 200 69774
213.136.75.74 - - [01/Jan/2021:05:47:15 +0100] "GET /ticket2/opencms/en/buy/?page=1&edid=531FEBC2-24ED-CF99-1E76-EA7A9C29B82E&sortorder=asc&column=price HTTP/1.1" 200 69253
167.86.85.194 - - [01/Jan/2021:05:47:15 +0100] "GET /ticket2/opencms/en/buy/?page=1&edid=8A72D4B2-B7A8-95A5-DC2B-AAB90C135C02&sortorder=desc&column=section HTTP/1.1" 200 71317
167.114.159.99 - - [01/Jan/2021:05:47:20 +0100] "GET /ticket2/opencms/en/venue/?venueid=689B24E3-EC07-27D9-31E9-D3BC81562DCF HTTP/1.1" 200 65195
167.86.85.194 - - [01/Jan/2021:05:47:25 +0100] "GET /ticket2/opencms/en/buy/?page=1&edid=8A967AF8-86E6-223B-5634-3A7744335834 HTTP/1.1" 200 70607
213.136.75.74 - - [01/Jan/2021:05:47:26 +0100] "GET /ticket2/opencms/en/buy/?page=1&edid=531FEBC2-24ED-CF99-1E76-EA7A9C29B82E&sortorder=asc&column=row HTTP/1.1" 200 69253
54.36.148.250 - - [01/Jan/2021:05:47:36 +0100] "GET /ticket2/opencms/dk/venue/?venueid=BB7269F8-B61E-FA7E-A9DA-3606646F64C6 HTTP/1.1" 200 65193
52.60.189.115 - - [01/Jan/2021:05:47:37 +0100] "GET /ticket2/opencms/wp-login.php HTTP/1.1" 404 -
167.114.159.99 - - [01/Jan/2021:05:47:38 +0100] "GET /ticket2/opencms/en/venue/?venueid=696CF794-7D31-9FC6-0B42-8ABB3E78F390 HTTP/1.1" 200 65300
167.114.64.97 - - [01/Jan/2021:05:47:38 +0100] "GET /ticket2/opencms/nl/buy/?page=1&edid=4CCCE17A-D346-BB0B-92E1-11763BCC5ACD&sortorder=asc&column=section HTTP/1.1" 200 69774
167.86.85.194 - - [01/Jan/2021:05:47:39 +0100] "GET /ticket2/opencms/en/buy/?page=1&edid=8A967AF8-86E6-223B-5634-3A7744335834&sortorder=asc&column=price HTTP/1.1" 200 70643
213.136.75.74 - - [01/Jan/2021:05:47:39 +0100] "GET /ticket2/opencms/en/buy/?page=1&edid=531FEBC2-24ED-CF99-1E76-EA7A9C29B82E&sortorder=asc&column=section HTTP/1.1" 200 69253
213.136.75.74 - - [01/Jan/2021:05:47:52 +0100] "GET /ticket2/opencms/en/buy/?page=1&edid=5392E939-2913-1A6E-CFC5-064780F64648&sortorder=asc&column=price HTTP/1.1" 200 71095
167.86.85.194 - - [01/Jan/2021:05:47:56 +0100] "GET /ticket2/opencms/en/buy/?page=1&edid=8A967AF8-86E6-223B-5634-3A7744335834&sortorder=asc&column=row HTTP/1.1" 200 70643
167.114.159.99 - - [01/Jan/2021:05:48:02 +0100] "GET /ticket2/opencms/en/venue/?venueid=69923349-A528-C93F-2999-4DA35CF7FB58 HTTP/1.1" 200 65233
213.136.75.74 - - [01/Jan/2021:05:48:05 +0100] "GET /ticket2/opencms/en/buy/?page=1&edid=5392E939-2913-1A6E-CFC5-064780F64648&sortorder=asc&column=row HTTP/1.1" 200 71095
167.86.85.194 - - [01/Jan/2021:05:48:08 +0100] "GET /ticket2/opencms/en/buy/?page=1&edid=8A967AF8-86E6-223B-5634-3A7744335834&sortorder=asc&column=section HTTP/1.1" 200 70643
167.114.64.97 - - [01/Jan/2021:05:48:09 +0100] "GET /ticket2/opencms/nl/buy/?page=1&edid=4D1AC77A-178D-6B48-E3D2-7EA87F1C2B38 HTTP/1.1" 200 70147
167.86.85.194 - - [01/Jan/2021:05:48:16 +0100] "GET /ticket2/opencms/en/buy/?page=1&edid=8A967AF8-86E6-223B-5634-3A7744335834&sortorder=desc&column=price HTTP/1.1" 200 70642
167.114.159.99 - - [01/Jan/2021:05:48:21 +0100] "GET /ticket2/opencms/en/venue/?venueid=6A1E7DDB-C31D-22B0-B981-1ED12482EA8B HTTP/1.1" 200 65179
213.136.75.74 - - [01/Jan/2021:05:48:30 +0100] "GET /ticket2/opencms/en/buy/?page=1&edid=54C8D044-BE77-988C-20EE-09862EBEA6D7&sortorder=asc&column=row HTTP/1.1" 200 69264
167.114.64.97 - - [01/Jan/2021:05:48:31 +0100] "GET /ticket2/opencms/nl/buy/?page=1&edid=4F4BA0E7-BE18-3507-884E-ACAD473F9C47&sortorder=desc&column=section HTTP/1.1" 200 68301
167.86.85.194 - - [01/Jan/2021:05:48:34 +0100] "GET /ticket2/opencms/en/buy/?page=1&edid=8A967AF8-86E6-223B-5634-3A7744335834&sortorder=desc&column=row HTTP/1.1" 200 70642
62.210.189.2 - - [01/Jan/2021:05:48:37 +0100] "GET /ticket2/opencms/robots.txt HTTP/1.1" 200 773
62.210.189.2 - - [01/Jan/2021:05:48:37 +0100] "GET /ticket2/opencms/robots.txt HTTP/1.1" 200 773
54.36.149.89 - - [01/Jan/2021:05:48:39 +0100] "GET /ticket2/opencms/dk/venue/?venueid=BD2383E2-D470-0DE4-1584-B3BAF90D1F5C HTTP/1.1" 200 65211
213.136.75.74 - - [01/Jan/2021:05:48:39 +0100] "GET /ticket2/opencms/en/buy/?page=1&edid=54C8D044-BE77-988C-20EE-09862EBEA6D7&sortorder=asc&column=section HTTP/1.1" 200 69264
62.210.189.2 - - [01/Jan/2021:05:48:45 +0100] "GET /ticket2/opencms/robots.txt HTTP/1.1" 200 773
167.114.159.99 - - [01/Jan/2021:05:48:47 +0100] "GET /ticket2/opencms/en/venue/?venueid=6AE8BBF6-5066-8662-47DB-0BB15CB09362 HTTP/1.1" 200 65203
213.136.75.74 - - [01/Jan/2021:05:48:49 +0100] "GET /ticket2/opencms/en/buy/?page=1&edid=5559CAE7-D755-DF3F-82CF-F2C1574D6712&sortorder=asc&column=price HTTP/1.1" 200 69239
62.210.189.2 - - [01/Jan/2021:05:48:52 +0100] "GET /ticket2/opencms/ HTTP/1.1" 302 -
167.86.85.194 - - [01/Jan/2021:05:48:52 +0100] "GET /ticket2/opencms/en/buy/?page=1&edid=DD99BFEC-4846-922C-64A2-1661CA2CB452&sortorder=desc&column=row HTTP/1.1" 200 71568
62.210.189.2 - - [01/Jan/2021:05:48:52 +0100] "GET /ticket2/opencms/en/ HTTP/1.1" 200 66287
167.114.64.97 - - [01/Jan/2021:05:48:57 +0100] "GET /ticket2/opencms/nl/buy/?page=1&edid=4FF84B36-9487-BC5F-C237-FCD3548938EA&sortorder=asc&column=section HTTP/1.1" 200 68312
213.136.75.74 - - [01/Jan/2021:05:48:58 +0100] "GET /ticket2/opencms/en/buy/?page=1&edid=5559CAE7-D755-DF3F-82CF-F2C1574D6712&sortorder=asc&column=row HTTP/1.1" 200 69239
62.210.189.2 - - [01/Jan/2021:05:49:01 +0100] "GET /ticket2/opencms/fi/urheilu/jalkapallo/premier_league/index.htm HTTP/1.1" 404 -
213.136.75.74 - - [01/Jan/2021:05:49:05 +0100] "GET /ticket2/opencms/en/buy/?page=1&edid=5559CAE7-D755-DF3F-82CF-F2C1574D6712&sortorder=asc&column=section HTTP/1.1" 200 69239
167.86.85.194 - - [01/Jan/2021:05:49:06 +0100] "GET /ticket2/opencms/en/buy/?page=1&edid=DD99BFEC-4846-922C-64A2-1661CA2CB452&sortorder=desc&column=section HTTP/1.1" 200 71568
167.114.159.99 - - [01/Jan/2021:05:49:07 +0100] "GET /ticket2/opencms/en/venue/?venueid=6AEAE4F9-6A8D-25BD-489B-DC7310A7EAF9 HTTP/1.1" 200 65210
62.210.189.2 - - [01/Jan/2021:05:49:12 +0100] "GET /ticket2/opencms/sv/ HTTP/1.1" 200 66405
213.136.75.74 - - [01/Jan/2021:05:49:16 +0100] "GET /ticket2/opencms/en/buy/?page=1&edid=55EEFA62-67EA-E95F-8964-BB35CEC0BB89&sortorder=asc&column=price HTTP/1.1" 200 69248
167.86.85.194 - - [01/Jan/2021:05:49:17 +0100] "GET /ticket2/opencms/en/buy/?page=1&edid=DDC42BBE-1C44-916C-70B3-5C60597CD058 HTTP/1.1" 200 71343
62.210.189.2 - - [01/Jan/2021:05:49:19 +0100] "GET /ticket2/opencms/fi/urheilu/jalkapallo/premier_league/chelsea/index.htm HTTP/1.1" 404 -
167.114.64.97 - - [01/Jan/2021:05:49:22 +0100] "GET /ticket2/opencms/nl/buy/?page=1&edid=5150A447-F05C-5984-7453-5C2BFFCE460D HTTP/1.1" 200 68284
114.119.138.239 - - [01/Jan/2021:05:49:28 +0100] "GET /ticket2/opencms/ru/buy/?page=6&comcatid=B41CCF2B-5558-7AEE-3602-09BBDE417D65 HTTP/1.1" 200 68241
167.114.159.99 - - [01/Jan/2021:05:49:28 +0100] "GET /ticket2/opencms/en/venue/?venueid=6B6CD597-19E3-DE91-73C1-62D0A84F1A85 HTTP/1.1" 200 65201
213.136.75.74 - - [01/Jan/2021:05:49:29 +0100] "GET /ticket2/opencms/en/buy/?page=1&edid=55EEFA62-67EA-E95F-8964-BB35CEC0BB89&sortorder=asc&column=row HTTP/1.1" 200 69248
167.86.85.194 - - [01/Jan/2021:05:49:31 +0100] "GET /ticket2/opencms/en/buy/?page=1&edid=DDC42BBE-1C44-916C-70B3-5C60597CD058&sortorder=asc&column=price HTTP/1.1" 200 71379
62.210.189.2 - - [01/Jan/2021:05:49:33 +0100] "GET /ticket2/opencms/tb/opencms/sv/ HTTP/1.1" 404 -
54.36.148.19 - - [01/Jan/2021:05:49:41 +0100] "GET /ticket2/opencms/dk/venue/?venueid=50ADE794-FDC0-9A3D-A90D-B6243D82F793 HTTP/1.1" 200 65258
66.249.66.137 - - [01/Jan/2021:05:49:42 +0100] "GET /ticket2/opencms/no/buy/?page=1&edid=DE13CA6C-49BF-7466-E458-1FB810909761 HTTP/1.1" 200 69793
167.114.64.97 - - [01/Jan/2021:05:49:42 +0100] "GET /ticket2/opencms/nl/buy/?page=1&edid=51B97722-D202-5F9B-2404-47133D11E51D HTTP/1.1" 200 70868
149.28.86.150 - - [01/Jan/2021:05:49:43 +0100] "GET / HTTP/1.1" 404 -
167.86.85.194 - - [01/Jan/2021:05:49:44 +0100] "GET /ticket2/opencms/en/buy/?page=1&edid=DDC42BBE-1C44-916C-70B3-5C60597CD058&sortorder=asc&column=row HTTP/1.1" 200 71379
62.210.189.2 - - [01/Jan/2021:05:49:47 +0100] "GET /ticket2/opencms/fi/urheilu/jalkapallo/premier_league/tottenham/index.htm HTTP/1.1" 404 -
213.136.75.74 - - [01/Jan/2021:05:49:48 +0100] "GET /ticket2/opencms/en/buy/?page=1&edid=55EEFA62-67EA-E95F-8964-BB35CEC0BB89&sortorder=asc&column=section HTTP/1.1" 200 69248
167.114.159.99 - - [01/Jan/2021:05:49:54 +0100] "GET /ticket2/opencms/en/venue/?venueid=6C55D1E9-72F5-889C-F1F5-1AEF3FBCF763 HTTP/1.1" 200 65200
62.210.189.2 - - [01/Jan/2021:05:49:55 +0100] "GET /ticket2/opencms/se/tb/opencms/sv/ HTTP/1.1" 404 -
167.114.64.97 - - [01/Jan/2021:05:50:02 +0100] "GET /ticket2/opencms/nl/buy/?page=1&edid=52EE3F5E-EA77-DDFB-0D6F-384FAF780AAF&sortorder=desc&column=price HTTP/1.1" 200 69982
62.210.189.2 - - [01/Jan/2021:05:50:02 +0100] "GET /ticket2/opencms/dk?partner=5DA1B85A-5A44-4C00-C2EF-3DFF7E687A1D HTTP/1.1" 302 -
213.136.75.74 - - [01/Jan/2021:05:50:03 +0100] "GET /ticket2/opencms/en/buy/?page=1&edid=5640FAB9-24F8-EBAE-85B5-70F8CD8DA0D7&sortorder=asc&column=section HTTP/1.1" 200 69253
62.210.189.2 - - [01/Jan/2021:05:50:03 +0100] "GET /ticket2/opencms/set_aff_cookie.jsp?partner=5DA1B85A-5A44-4C00-C2EF-3DFF7E687A1D&url=%2Fdk%2Findex.html%3Fr%3Dtrue HTTP/1.1" 200 126
62.210.189.2 - - [01/Jan/2021:05:50:03 +0100] "GET /ticket2/opencms/dk?partner=5DA1B85A-5A44-4C00-C2EF-3DFF7E687A1D HTTP/1.1" 302 -
167.86.85.194 - - [01/Jan/2021:05:50:03 +0100] "GET /ticket2/opencms/en/buy/?page=1&edid=DDC42BBE-1C44-916C-70B3-5C60597CD058&sortorder=asc&column=section HTTP/1.1" 200 71379
62.210.189.2 - - [01/Jan/2021:05:50:11 +0100] "GET /ticket2/opencms/tb/opencms/sv/?partner=8D97A890-4D02-4995-6EB5-36A379530ABF HTTP/1.1" 404 -
213.136.75.74 - - [01/Jan/2021:05:50:14 +0100] "GET /ticket2/opencms/en/buy/?page=1&edid=56EB48DE-C920-96AE-7A9D-852BD8A1A365&sortorder=asc&column=price HTTP/1.1" 200 71342
167.114.159.99 - - [01/Jan/2021:05:50:15 +0100] "GET /ticket2/opencms/en/venue/?venueid=6D0642BB-05FC-BA80-36B9-6F63B86457CB HTTP/1.1" 200 65282
216.245.221.83 - - [01/Jan/2021:05:50:19 +0100] "HEAD /ticket2/opencms/ HTTP/1.1" 302 -
216.245.221.83 - - [01/Jan/2021:05:50:19 +0100] "HEAD /ticket2/opencms/en/ HTTP/1.1" 200 -
62.210.189.2 - - [01/Jan/2021:05:50:19 +0100] "GET /ticket2/opencms/dk/sport/fodboldbilletter/?partner=5DA1B85A-5A44-4C00-C2EF-3DFF7E687A1D HTTP/1.1" 302 -
62.210.189.2 - - [01/Jan/2021:05:50:19 +0100] "GET /ticket2/opencms/set_aff_cookie.jsp?partner=5DA1B85A-5A44-4C00-C2EF-3DFF7E687A1D&url=%2Fdk%2Fsport%2Ffodboldbilletter%2Findex.html%3Fr%3Dtrue HTTP/1.1" 200 149
167.86.85.194 - - [01/Jan/2021:05:50:22 +0100] "GET /ticket2/opencms/en/buy/?page=1&edid=DDC42BBE-1C44-916C-70B3-5C60597CD058&sortorder=desc&column=price HTTP/1.1" 200 71378
