192.99.9.25 - - [01/Jan/2021:04:25:26 +0100] "GET /ticket2/opencms/ru/buy/?page=1&edid=DB9BE274-E110-3B03-9434-A1026B1CB96D&sortorder=asc&column=price HTTP/1.1" 200 72349
66.249.66.135 - - [01/Jan/2021:04:25:45 +0100] "GET /ticket2/opencms/fi/urheilu/jalkapallo/serie_a/bologna/ HTTP/1.1" 200 67691
66.249.66.133 - - [01/Jan/2021:04:25:47 +0100] "GET /ticket2/opencms/system/modules/com.gridnine.opencms.ticketbrokerage.site/resources/js/standard.js HTTP/1.1" 200 3928
66.249.66.137 - - [01/Jan/2021:04:25:48 +0100] "GET /ticket2/opencms/system/modules/com.gridnine.opencms.ticketbrokerage.site/resources/js/jquery.placeholder.min.js HTTP/1.1" 200 1737
192.99.9.25 - - [01/Jan/2021:04:26:02 +0100] "GET /ticket2/opencms/ru/buy/?page=1&edid=DB9BE274-E110-3B03-9434-A1026B1CB96D&sortorder=asc&column=row HTTP/1.1" 200 72349
54.36.148.192 - - [01/Jan/2021:04:26:08 +0100] "GET /ticket2/opencms/dk/venue/?venueid=3982A8DF-0386-82E3-C996-B71876E1637D HTTP/1.1" 200 65349
192.99.9.25 - - [01/Jan/2021:04:26:40 +0100] "GET /ticket2/opencms/ru/buy/?page=1&edid=DB9BE274-E110-3B03-9434-A1026B1CB96D&sortorder=asc&column=section HTTP/1.1" 200 72349
114.119.147.233 - - [01/Jan/2021:04:26:44 +0100] "GET /ticket2/opencms/ru/buy/?page=1&edid=E469B9C9-243B-1B75-04D1-50A5987FFFC3&sortorder=asc&column=price HTTP/1.1" 200 73476
66.249.66.158 - - [01/Jan/2021:04:26:53 +0100] "GET /ticket2/opencms/sv/sport/fotbollsbiljetter/serie_a/roma/ HTTP/1.1" 200 67036
192.99.9.25 - - [01/Jan/2021:04:27:15 +0100] "GET /ticket2/opencms/ru/buy/?page=1&edid=DC15B801-FC41-85D8-B33F-8FF1EFE0758A&sortorder=desc&column=row HTTP/1.1" 200 73001
216.18.204.210 - - [01/Jan/2021:04:27:20 +0100] "GET /ticket2/opencms/no/buy/?page=1&edid=09005E3B-4ACC-E7EC-3393-748C2CCB94AF&sortorder=asc&column=row HTTP/1.1" 200 72187
216.244.66.237 - - [01/Jan/2021:04:27:34 +0100] "GET /ticket2/opencms/en/venue/?countryid=E1B3F038-2C75-F5F0-10E7-1C4055EF4908 HTTP/1.1" 200 94598
192.99.9.25 - - [01/Jan/2021:04:27:34 +0100] "GET /ticket2/opencms/ru/buy/?page=1&edid=DC15B801-FC41-85D8-B33F-8FF1EFE0758A&sortorder=desc&column=section HTTP/1.1" 200 73001
192.99.9.25 - - [01/Jan/2021:04:28:02 +0100] "GET /ticket2/opencms/ru/buy/?page=1&edid=DCA97FA2-CCDF-A455-0A9B-CB6F2CDFE2CD&sortorder=asc&column=section HTTP/1.1" 200 72153
54.36.148.60 - - [01/Jan/2021:04:28:16 +0100] "GET /ticket2/opencms/en/venue/?venueid=CEECF1E7-5F75-125A-BBD9-315FE319D489 HTTP/1.1" 200 65218
192.99.9.25 - - [01/Jan/2021:04:28:33 +0100] "GET /ticket2/opencms/ru/buy/?page=1&edid=DD5B8B5C-4127-5C16-39BD-75C8AA69D4C7&sortorder=desc&column=row HTTP/1.1" 200 71939
192.99.9.25 - - [01/Jan/2021:04:29:07 +0100] "GET /ticket2/opencms/ru/buy/?page=1&edid=DE77F923-33DD-F680-B03C-157F39802E52&sortorder=desc&column=row HTTP/1.1" 200 70245
54.36.148.250 - - [01/Jan/2021:04:29:15 +0100] "GET /ticket2/opencms/dk/venue/?venueid=0CF887BF-1E8A-49C1-B411-2D2FF23ACB2B HTTP/1.1" 200 65264
123.183.224.79 - - [01/Jan/2021:04:29:27 +0100] "GET /ticket2/opencms/ HTTP/1.1" 302 -
192.99.9.25 - - [01/Jan/2021:04:29:39 +0100] "GET /ticket2/opencms/ru/buy/?page=1&edid=DE77F923-33DD-F680-B03C-157F39802E52&sortorder=desc&column=section HTTP/1.1" 200 70245
192.99.9.25 - - [01/Jan/2021:04:30:05 +0100] "GET /ticket2/opencms/ru/buy/?page=1&edid=DEB3E546-7518-41EE-6D12-41AB6F5C89B6&sortorder=asc&column=row HTTP/1.1" 200 70219
54.36.148.52 - - [01/Jan/2021:04:30:18 +0100] "GET /ticket2/opencms/dk/venue/?venueid=A0E4EE07-64B1-76B6-E369-05D7AACF7559 HTTP/1.1" 200 65219
216.245.221.83 - - [01/Jan/2021:04:30:19 +0100] "HEAD /ticket2/opencms/ HTTP/1.1" 302 -
216.245.221.83 - - [01/Jan/2021:04:30:20 +0100] "HEAD /ticket2/opencms/en/ HTTP/1.1" 200 -
192.99.9.25 - - [01/Jan/2021:04:30:28 +0100] "GET /ticket2/opencms/ru/buy/?page=1&edid=DEB3E546-7518-41EE-6D12-41AB6F5C89B6&sortorder=asc&column=section HTTP/1.1" 200 70219
123.183.224.79 - - [01/Jan/2021:04:30:45 +0100] "GET /ticket2/opencms/en/ HTTP/1.1" 200 66287
192.99.9.25 - - [01/Jan/2021:04:30:50 +0100] "GET /ticket2/opencms/ru/buy/?page=1&edid=DEB9D183-E9D1-B6AD-28F4-03F3EA049231&sortorder=desc&column=price HTTP/1.1" 200 70232
114.119.136.144 - - [01/Jan/2021:04:31:05 +0100] "GET /ticket2/opencms/sv/sport/hockeybiljetter/nhl/Buffalo_Sabres/ HTTP/1.1" 200 67810
192.99.9.25 - - [01/Jan/2021:04:31:06 +0100] "GET /ticket2/opencms/ru/buy/?page=1&edid=DEB9D183-E9D1-B6AD-28F4-03F3EA049231&sortorder=desc&column=section HTTP/1.1" 200 70232
216.18.204.210 - - [01/Jan/2021:04:31:24 +0100] "GET /ticket2/opencms/no/buy/?page=1&edid=3B73D4E9-A300-4AB3-6A7F-0ED10ECAB724&sortorder=asc&column=row HTTP/1.1" 200 72173
192.99.9.25 - - [01/Jan/2021:04:31:26 +0100] "GET /ticket2/opencms/ru/buy/?page=1&edid=F0BB4202-2944-A849-AD75-EF4C542F402F&sortorder=asc&column=price HTTP/1.1" 200 71718
192.99.9.25 - - [01/Jan/2021:04:31:39 +0100] "GET /ticket2/opencms/ru/buy/?page=1&edid=F0BB4202-2944-A849-AD75-EF4C542F402F&sortorder=asc&column=row HTTP/1.1" 200 71718
192.99.9.25 - - [01/Jan/2021:04:31:57 +0100] "GET /ticket2/opencms/ru/buy/?page=1&edid=F0BB4202-2944-A849-AD75-EF4C542F402F&sortorder=asc&column=section HTTP/1.1" 200 71718
192.99.9.25 - - [01/Jan/2021:04:32:26 +0100] "GET /ticket2/opencms/ru/buy/?page=1&edid=F3C59FE8-84DA-4168-9DD0-7FF9F22B1ED6&sortorder=desc&column=price HTTP/1.1" 200 71974
13.66.139.20 - - [01/Jan/2021:04:32:45 +0100] "GET /ticket2/opencms/en/buy_safety/ HTTP/1.1" 200 65824
17.58.101.37 - - [01/Jan/2021:04:32:49 +0100] "GET /ticket2/opencms/en/buy/?page=6&comcatid=A17713B6-D984-201A-4143-ED4DB5ED5C2E HTTP/1.1" 200 75614
192.99.9.25 - - [01/Jan/2021:04:33:00 +0100] "GET /ticket2/opencms/ru/buy/?page=1&edid=F3C59FE8-84DA-4168-9DD0-7FF9F22B1ED6&sortorder=desc&column=row HTTP/1.1" 200 71974
54.36.148.116 - - [01/Jan/2021:04:33:19 +0100] "GET /ticket2/opencms/dk/venue/?venueid=A301B0C2-F71E-4DB0-24CC-ECF0C1A755C2 HTTP/1.1" 200 65184
192.99.9.25 - - [01/Jan/2021:04:33:34 +0100] "GET /ticket2/opencms/ru/buy/?page=1&edid=F3C59FE8-84DA-4168-9DD0-7FF9F22B1ED6&sortorder=desc&column=section HTTP/1.1" 200 71974
216.18.204.210 - - [01/Jan/2021:04:33:48 +0100] "GET /ticket2/opencms/no/buy/?page=1&edid=4D321089-A4D4-3298-5E79-776EE5413D4E&sortorder=asc&column=row HTTP/1.1" 200 72088
66.249.66.133 - - [01/Jan/2021:04:33:58 +0100] "GET /ticket2/opencms/sv/buy/?page=1&edid=6C8914BF-377D-3452-0F17-49D4496BD1E8 HTTP/1.1" 200 71544
111.202.101.65 - - [01/Jan/2021:04:33:58 +0100] "GET /ticket2/opencms/ HTTP/1.1" 302 -
192.99.9.25 - - [01/Jan/2021:04:34:09 +0100] "GET /ticket2/opencms/ru/buy/?page=1&edid=F4EDA942-5BFA-5F02-510A-C207D637F017&sortorder=asc&column=price HTTP/1.1" 200 70200
207.46.13.108 - - [01/Jan/2021:04:34:11 +0100] "GET /ticket2/opencms/sv/buy/?comcatid=0A6B8208-FDA4-E929-9D72-5312FD481B76&catid=26594C33-56CE-F529-FAF3-61AB33F74A3B HTTP/1.1" 200 69520
54.36.148.39 - - [01/Jan/2021:04:34:19 +0100] "GET /ticket2/opencms/dk/venue/?venueid=40ADA438-5D69-32FD-AA2D-421A8A0BD7EA HTTP/1.1" 200 65231
192.99.9.25 - - [01/Jan/2021:04:34:39 +0100] "GET /ticket2/opencms/ru/buy/?page=1&edid=F4EDA942-5BFA-5F02-510A-C207D637F017&sortorder=asc&column=section HTTP/1.1" 200 70200
167.86.71.242 - - [01/Jan/2021:04:35:10 +0100] "GET /ticket2/opencms/robots.txt HTTP/1.1" 200 773
111.202.101.65 - - [01/Jan/2021:04:35:15 +0100] "GET /ticket2/opencms/en/ HTTP/1.1" 200 66287
157.55.39.170 - - [01/Jan/2021:04:35:15 +0100] "GET /ticket2/opencms/dk/buy/?page=1&edid=8BA86FA9-C734-4E24-6C8F-AD29372A2A6B HTTP/1.1" 200 71654
192.99.9.25 - - [01/Jan/2021:04:35:17 +0100] "GET /ticket2/opencms/ru/buy/?page=1&edid=F541B1AC-9307-5EEA-C033-D65A6B5E9F5B&sortorder=desc&column=section HTTP/1.1" 200 70219
216.245.221.83 - - [01/Jan/2021:04:35:19 +0100] "HEAD /ticket2/opencms/ HTTP/1.1" 302 -
66.249.66.137 - - [01/Jan/2021:04:35:19 +0100] "GET /ticket2/opencms/dk/sport/fodboldbilletter/premier-league/crystal_palace/ HTTP/1.1" 200 66191
216.245.221.83 - - [01/Jan/2021:04:35:20 +0100] "HEAD /ticket2/opencms/en/ HTTP/1.1" 200 -
167.86.71.242 - - [01/Jan/2021:04:35:20 +0100] "GET /ticket2/opencms/en/buy/?page=1&edid=9B375AEE-764B-503F-3F66-4B53C8619B09&sortorder=desc&column=row HTTP/1.1" 200 71156
54.36.148.198 - - [01/Jan/2021:04:35:20 +0100] "GET /ticket2/opencms/dk/venue/?venueid=668FA348-5F37-61C1-5A07-66229040EC65 HTTP/1.1" 200 65286
114.119.136.144 - - [01/Jan/2021:04:35:26 +0100] "GET /ticket2/opencms/sv/konsertbiljetter/mustasch/ HTTP/1.1" 200 66687
167.86.71.242 - - [01/Jan/2021:04:35:31 +0100] "GET /ticket2/opencms/en/buy/?page=1&edid=9B375AEE-764B-503F-3F66-4B53C8619B09&sortorder=desc&column=section HTTP/1.1" 200 71156
66.249.66.215 - - [01/Jan/2021:04:35:35 +0100] "GET /ticket2/opencms/ru/sport/football/premier_league/liverpool/ HTTP/1.1" 200 68667
167.86.71.242 - - [01/Jan/2021:04:35:40 +0100] "GET /ticket2/opencms/en/buy/?page=1&edid=9B5FF650-6073-5E8D-792C-56A70F14541A&sortorder=desc&column=row HTTP/1.1" 200 71179
66.249.66.213 - - [01/Jan/2021:04:35:42 +0100] "GET /ticket2/opencms/ru/ask-form.html HTTP/1.1" 200 3610
167.86.71.242 - - [01/Jan/2021:04:35:48 +0100] "GET /ticket2/opencms/en/buy/?page=1&edid=9B5FF650-6073-5E8D-792C-56A70F14541A&sortorder=desc&column=section HTTP/1.1" 200 71179
192.99.9.25 - - [01/Jan/2021:04:35:55 +0100] "GET /ticket2/opencms/ru/buy/?page=1&edid=F5457626-650E-91F7-8E0A-573DA573BFB0&sortorder=asc&column=section HTTP/1.1" 200 71973
167.86.71.242 - - [01/Jan/2021:04:35:57 +0100] "GET /ticket2/opencms/fi/buy/?page=1&edid=5C70B1F0-4607-47F9-95A0-AADB29E20053&sortorder=desc&column=price HTTP/1.1" 200 72507
167.86.71.242 - - [01/Jan/2021:04:36:05 +0100] "GET /ticket2/opencms/fi/buy/?page=1&edid=5C70B1F0-4607-47F9-95A0-AADB29E20053&sortorder=desc&column=row HTTP/1.1" 200 72507
167.86.71.242 - - [01/Jan/2021:04:36:14 +0100] "GET /ticket2/opencms/fi/buy/?page=1&edid=5C70B1F0-4607-47F9-95A0-AADB29E20053&sortorder=desc&column=section HTTP/1.1" 200 72507
66.249.66.135 - - [01/Jan/2021:04:36:22 +0100] "GET /ticket2/opencms/no/sport/fotballsbilletter/bundesliga/bayer-leverkusen/ HTTP/1.1" 200 66740
192.99.9.25 - - [01/Jan/2021:04:36:22 +0100] "GET /ticket2/opencms/ru/buy/?page=1&edid=F607E087-2558-2D9A-8793-E6AAB607D346&sortorder=desc&column=price HTTP/1.1" 200 70216
54.36.148.250 - - [01/Jan/2021:04:36:24 +0100] "GET /ticket2/opencms/dk/venue/?venueid=30A3EFF3-07B1-64F9-5D01-D1B64748FDE3 HTTP/1.1" 200 65231
167.86.71.242 - - [01/Jan/2021:04:36:28 +0100] "GET /ticket2/opencms/no/buy/?page=1&edid=C2C96D4A-A8C3-D5FC-2638-E050ECF38B9E&sortorder=desc&column=row HTTP/1.1" 200 71174
167.86.71.242 - - [01/Jan/2021:04:36:39 +0100] "GET /ticket2/opencms/no/buy/?page=1&edid=E15668F5-4E3A-1346-EBDC-91E9E224E763&sortorder=desc&column=price HTTP/1.1" 200 71736
192.99.9.25 - - [01/Jan/2021:04:36:43 +0100] "GET /ticket2/opencms/ru/buy/?page=1&edid=F607E087-2558-2D9A-8793-E6AAB607D346&sortorder=desc&column=row HTTP/1.1" 200 70216
167.86.71.242 - - [01/Jan/2021:04:36:52 +0100] "GET /ticket2/opencms/no/buy/?page=1&edid=E15668F5-4E3A-1346-EBDC-91E9E224E763&sortorder=desc&column=row HTTP/1.1" 200 71736
192.99.9.25 - - [01/Jan/2021:04:37:04 +0100] "GET /ticket2/opencms/ru/buy/?page=1&edid=F607E087-2558-2D9A-8793-E6AAB607D346&sortorder=desc&column=section HTTP/1.1" 200 70216
157.55.39.206 - - [01/Jan/2021:04:37:21 +0100] "GET /ticket2/opencms/no/sport/fotballsbilletter/champions_league/manchester_united/ HTTP/1.1" 200 67776
54.36.148.49 - - [01/Jan/2021:04:37:25 +0100] "GET /ticket2/opencms/dk/venue/?venueid=4127EEBD-FCE3-EDFF-3B26-3C946EF7942B HTTP/1.1" 200 65252
192.99.9.25 - - [01/Jan/2021:04:37:25 +0100] "GET /ticket2/opencms/ru/buy/?page=1&edid=F6CC0FC0-119E-8C04-0DA1-6DA80CB43AB2&sortorder=asc&column=row HTTP/1.1" 200 72178
192.99.9.25 - - [01/Jan/2021:04:37:49 +0100] "GET /ticket2/opencms/ru/buy/?page=1&edid=F6CC0FC0-119E-8C04-0DA1-6DA80CB43AB2&sortorder=asc&column=section HTTP/1.1" 200 72178
54.36.149.39 - - [01/Jan/2021:04:38:25 +0100] "GET /ticket2/opencms/en/venue/?venueid=6715D129-7F99-046D-7040-DEB649AA3A0C HTTP/1.1" 200 65228
192.99.9.25 - - [01/Jan/2021:04:38:26 +0100] "GET /ticket2/opencms/ru/buy/?page=1&edid=F820A2EC-F927-925D-C4BE-7AC75C5AC250&sortorder=desc&column=price HTTP/1.1" 200 70244
192.99.9.25 - - [01/Jan/2021:04:38:48 +0100] "GET /ticket2/opencms/ru/buy/?page=1&edid=F820A2EC-F927-925D-C4BE-7AC75C5AC250&sortorder=desc&column=row HTTP/1.1" 200 70244
17.58.101.37 - - [01/Jan/2021:04:39:16 +0100] "GET /ticket2/opencms/no/buy/?page=1&edid=339F7634-8AC0-9C3C-6C47-F4D07133A50F HTTP/1.1" 200 72947
192.99.9.25 - - [01/Jan/2021:04:39:20 +0100] "GET /ticket2/opencms/ru/buy/?page=1&edid=FA1D4F5B-4CE2-C9D1-B78A-CD1BF177B4FA&sortorder=asc&column=price HTTP/1.1" 200 72104
114.119.136.144 - - [01/Jan/2021:04:39:43 +0100] "GET /ticket2/opencms/fi/urheilu/jalkapallo/serie_a/atalanta/ HTTP/1.1" 200 67489
192.99.9.25 - - [01/Jan/2021:04:39:50 +0100] "GET /ticket2/opencms/ru/buy/?page=1&edid=FAD16CFC-593C-3F8A-EEDB-202690D24C14&sortorder=asc&column=price HTTP/1.1" 200 71720
192.99.9.25 - - [01/Jan/2021:04:40:11 +0100] "GET /ticket2/opencms/ru/buy/?page=1&edid=FAD16CFC-593C-3F8A-EEDB-202690D24C14&sortorder=asc&column=row HTTP/1.1" 200 71720
216.245.221.83 - - [01/Jan/2021:04:40:19 +0100] "HEAD /ticket2/opencms/ HTTP/1.1" 302 -
216.245.221.83 - - [01/Jan/2021:04:40:19 +0100] "HEAD /ticket2/opencms/en/ HTTP/1.1" 200 -
54.36.148.250 - - [01/Jan/2021:04:40:30 +0100] "GET /ticket2/opencms/dk/venue/?venueid=319027E4-2AEF-9DD6-6B96-F07AEFAF0D00 HTTP/1.1" 200 65258
192.99.9.25 - - [01/Jan/2021:04:40:37 +0100] "GET /ticket2/opencms/ru/buy/?page=1&edid=FAD16CFC-593C-3F8A-EEDB-202690D24C14&sortorder=asc&column=section HTTP/1.1" 200 71720
192.99.9.25 - - [01/Jan/2021:04:41:05 +0100] "GET /ticket2/opencms/ru/buy/?page=1&edid=FB626257-F009-754B-29C0-9609C8BA12FE&sortorder=desc&column=price HTTP/1.1" 200 71988
157.55.39.134 - - [01/Jan/2021:04:41:20 +0100] "GET /ticket2/opencms/ HTTP/1.1" 302 -
157.55.39.134 - - [01/Jan/2021:04:41:21 +0100] "GET /ticket2/opencms/en/ HTTP/1.1" 200 66287
192.99.9.25 - - [01/Jan/2021:04:41:29 +0100] "GET /ticket2/opencms/ru/buy/?page=1&edid=FB626257-F009-754B-29C0-9609C8BA12FE&sortorder=desc&column=row HTTP/1.1" 200 71988
54.36.148.251 - - [01/Jan/2021:04:41:33 +0100] "GET /ticket2/opencms/no/buy/?comcatid=66708183-7480-3365-06BF-DBF60280AB45 HTTP/1.1" 200 68140
192.99.9.25 - - [01/Jan/2021:04:41:53 +0100] "GET /ticket2/opencms/ru/buy/?page=1&edid=FB626257-F009-754B-29C0-9609C8BA12FE&sortorder=desc&column=section HTTP/1.1" 200 71988
192.99.9.25 - - [01/Jan/2021:04:42:15 +0100] "GET /ticket2/opencms/ru/buy/?page=1&edid=FC6C7C18-83B6-E104-2781-4BFAA17207F5&sortorder=asc&column=price HTTP/1.1" 200 70216
157.55.39.144 - - [01/Jan/2021:04:42:24 +0100] "GET /ticket2/opencms/en/venue/?venueid=9105DCA9-DA89-4D98-8EC3-D0773C34A12F HTTP/1.1" 200 65200
192.99.9.25 - - [01/Jan/2021:04:42:36 +0100] "GET /ticket2/opencms/ru/buy/?page=1&edid=FC6C7C18-83B6-E104-2781-4BFAA17207F5&sortorder=asc&column=section HTTP/1.1" 200 70216
192.99.9.25 - - [01/Jan/2021:04:43:09 +0100] "GET /ticket2/opencms/ru/buy/?page=1&edid=FCBD6E3D-863A-5B3A-5EE9-2A6644C9666A&sortorder=desc&column=price HTTP/1.1" 200 71708
66.249.66.135 - - [01/Jan/2021:04:43:26 +0100] "GET /ticket2/opencms/no/buy/?page=1&edid=3CC669F6-0C63-5743-F1E5-8F5E9C2AB45D HTTP/1.1" 200 71177
192.99.9.25 - - [01/Jan/2021:04:43:36 +0100] "GET /ticket2/opencms/ru/buy/?page=1&edid=FCBD6E3D-863A-5B3A-5EE9-2A6644C9666A&sortorder=desc&column=row HTTP/1.1" 200 71708
54.36.148.216 - - [01/Jan/2021:04:43:36 +0100] "GET /ticket2/opencms/dk/venue/?venueid=4281EF24-819D-10DB-AFDA-8A385BCC22F4 HTTP/1.1" 200 65249
114.119.156.122 - - [01/Jan/2021:04:43:50 +0100] "GET /ticket2/opencms/fi/buy/?page=6&comcatid=A17713B6-D984-201A-4143-ED4DB5ED5C2E&catid=36394212-F82E-F845-399B-42BED55969CC HTTP/1.1" 200 77135
114.119.156.188 - - [01/Jan/2021:04:44:07 +0100] "GET /ticket2/opencms/sv/buy/?page=1&edid=56F7A79F-ED6D-503D-46E5-CD44AF89319D&sortorder=asc&column=price HTTP/1.1" 200 72216
192.99.9.25 - - [01/Jan/2021:04:44:08 +0100] "GET /ticket2/opencms/ru/buy/?page=1&edid=FCBD6E3D-863A-5B3A-5EE9-2A6644C9666A&sortorder=desc&column=section HTTP/1.1" 200 71708
192.99.9.25 - - [01/Jan/2021:04:44:33 +0100] "GET /ticket2/opencms/ru/buy/?page=1&edid=FCCEA0AD-179D-2AD4-9A08-938973A163A5&sortorder=asc&column=price HTTP/1.1" 200 70242
54.36.148.9 - - [01/Jan/2021:04:44:42 +0100] "GET /ticket2/opencms/en/venue/?venueid=D32D7D15-39F6-AD54-233F-8A09600A4A49 HTTP/1.1" 200 65270
192.99.9.25 - - [01/Jan/2021:04:44:57 +0100] "GET /ticket2/opencms/ru/buy/?page=1&edid=FCCEA0AD-179D-2AD4-9A08-938973A163A5&sortorder=asc&column=row HTTP/1.1" 200 70242
216.18.204.210 - - [01/Jan/2021:04:45:02 +0100] "GET /ticket2/opencms/no/buy/?page=1&edid=4E36BB56-7827-6345-3899-56B2C4EE18D8&sortorder=asc&column=row HTTP/1.1" 200 72189
216.245.221.83 - - [01/Jan/2021:04:45:19 +0100] "HEAD /ticket2/opencms/ HTTP/1.1" 302 -
216.245.221.83 - - [01/Jan/2021:04:45:19 +0100] "HEAD /ticket2/opencms/en/ HTTP/1.1" 200 -
192.99.9.25 - - [01/Jan/2021:04:45:25 +0100] "GET /ticket2/opencms/ru/buy/?page=1&edid=FCCEA0AD-179D-2AD4-9A08-938973A163A5&sortorder=asc&column=section HTTP/1.1" 200 70242
66.249.66.137 - - [01/Jan/2021:04:45:45 +0100] "GET /ticket2/opencms/dk/sport/fodboldbilletter/serie-a/juventus/ HTTP/1.1" 200 67016
66.249.66.78 - - [01/Jan/2021:04:45:49 +0100] "GET /ticket2/opencms/sv/sport/fotbollsbiljetter/uefa-champions-league/atletico_madrid/ HTTP/1.1" 200 67253
54.36.148.34 - - [01/Jan/2021:04:45:55 +0100] "GET /ticket2/opencms/robots.txt HTTP/1.1" 200 773
192.99.9.25 - - [01/Jan/2021:04:46:01 +0100] "GET /ticket2/opencms/ru/buy/?page=1&edid=FD5A2C37-48A0-DFD0-5732-0BBB5C62B6CE&sortorder=desc&column=price HTTP/1.1" 200 70240
157.55.39.169 - - [01/Jan/2021:04:46:04 +0100] "GET /ticket2/opencms/fi/venue/?venueid=CBFE8A4E-C585-9190-3329-E41131A827AB HTTP/1.1" 200 66481
192.99.9.25 - - [01/Jan/2021:04:46:34 +0100] "GET /ticket2/opencms/ru/buy/?page=1&edid=FD5A2C37-48A0-DFD0-5732-0BBB5C62B6CE&sortorder=desc&column=row HTTP/1.1" 200 70240
54.36.148.178 - - [01/Jan/2021:04:46:42 +0100] "GET /ticket2/opencms/dk/venue/?venueid=44FEF35E-84F0-1C09-675A-B5A8DF72F159 HTTP/1.1" 200 65294
192.99.9.25 - - [01/Jan/2021:04:46:56 +0100] "GET /ticket2/opencms/ru/buy/?page=1&edid=FD5A2C37-48A0-DFD0-5732-0BBB5C62B6CE&sortorder=desc&column=section HTTP/1.1" 200 70240
157.55.39.240 - - [01/Jan/2021:04:47:23 +0100] "GET /ticket2/opencms/no/sport/fotballsbilletter/premier_league/chelsea/ HTTP/1.1" 200 68896
192.99.9.25 - - [01/Jan/2021:04:47:25 +0100] "GET /ticket2/opencms/ru/buy/?page=1&edid=FE84BAFC-CCB6-50CE-4161-D28C42F593C7&sortorder=asc&column=section HTTP/1.1" 200 70246
54.36.148.76 - - [01/Jan/2021:04:47:44 +0100] "GET /ticket2/opencms/en/venue/?countryid=4F919533-4A01-8CFD-B333-C95FA433589C HTTP/1.1" 200 94598
192.99.9.25 - - [01/Jan/2021:04:47:52 +0100] "GET /ticket2/opencms/ru/buy/?page=1&edid=FFA889B6-9240-4F46-70D3-4493AA2A2E30 HTTP/1.1" 200 70203
192.99.9.25 - - [01/Jan/2021:04:48:14 +0100] "GET /ticket2/opencms/ru/buy/?page=6&comcatid=A17713B6-D984-201A-4143-ED4DB5ED5C2E&catid=21C3854B-901E-11F9-7B7D-6838CC6AFAA4&eventid=4BFE0049-E26D-F28C-59BF-33D4A5B123CD HTTP/1.1" 200 76678
157.55.39.134 - - [01/Jan/2021:04:48:23 +0100] "GET /ticket2/opencms/fi/venue/?venueid=D31B494E-29D2-BF7C-6AAE-E87A4373A889 HTTP/1.1" 200 66453
114.119.154.115 - - [01/Jan/2021:04:48:29 +0100] "GET /ticket2/opencms/fi/venue/?venueid=7099633B-1F6B-63DD-621F-E75AD7E075E8 HTTP/1.1" 200 66483
13.66.139.99 - - [01/Jan/2021:04:48:43 +0100] "GET /ticket2/opencms/dk/buy/?comcatid=A17713B6-D984-201A-4143-ED4DB5ED5C2E&catid=0A6C99D2-F5BD-7A18-9A5F-5668827042E0 HTTP/1.1" 200 83944
54.36.149.82 - - [01/Jan/2021:04:48:48 +0100] "GET /ticket2/opencms/no/login/?url=/no/sell/ HTTP/1.1" 200 67873
207.46.13.108 - - [01/Jan/2021:04:48:50 +0100] "GET /ticket2/opencms/en/venue/?countryid=3F84C922-E52E-4F0E-1F8F-97D62941C628 HTTP/1.1" 200 94598
207.46.13.130 - - [01/Jan/2021:04:48:55 +0100] "GET /ticket2/opencms/no/venue/?venueid=B9A3249B-A407-83D8-700C-4E1EE9D257A8 HTTP/1.1" 200 65762
157.55.39.240 - - [01/Jan/2021:04:49:02 +0100] "GET /ticket2/opencms/sv/buy/?page=1&edid=72EA71D3-6F9C-57D5-7B7F-73AA197889AE HTTP/1.1" 200 71365
192.99.9.25 - - [01/Jan/2021:04:49:08 +0100] "GET /ticket2/opencms/ru/login/?edid=0ED421D5-7883-F3F6-6140-60A891D6FA14 HTTP/1.1" 200 68444
54.36.148.250 - - [01/Jan/2021:04:49:51 +0100] "GET /ticket2/opencms/dk/venue/?venueid=3696F630-3175-B624-1F25-409A07AAD64C HTTP/1.1" 200 65252
192.99.9.25 - - [01/Jan/2021:04:50:00 +0100] "GET /ticket2/opencms/ru/login/?edid=D0713995-7A61-911E-7E61-253175699AC7 HTTP/1.1" 200 68444
216.245.221.83 - - [01/Jan/2021:04:50:19 +0100] "HEAD /ticket2/opencms/ HTTP/1.1" 302 -
216.245.221.83 - - [01/Jan/2021:04:50:19 +0100] "HEAD /ticket2/opencms/en/ HTTP/1.1" 200 -
192.99.9.25 - - [01/Jan/2021:04:50:45 +0100] "GET /ticket2/opencms/ru/login/?edid=D0888ED0-F1ED-2044-4AA9-3CC8E2345F16 HTTP/1.1" 200 68444
54.36.148.218 - - [01/Jan/2021:04:50:51 +0100] "GET /ticket2/opencms/dk/venue/?venueid=37C435E9-F183-6029-6984-FE323816144B HTTP/1.1" 200 65213
216.18.204.210 - - [01/Jan/2021:04:50:51 +0100] "GET /ticket2/opencms/no/buy/?page=1&edid=67A31EC9-82B4-3111-C328-5A8583423072&sortorder=asc&column=row HTTP/1.1" 200 71729
207.46.13.149 - - [01/Jan/2021:04:51:21 +0100] "GET /ticket2/opencms/en/sport/football-tickets/la-liga/barcelona/ HTTP/1.1" 200 67199
195.54.160.230 - - [01/Jan/2021:04:51:40 +0100] "/*àCookie: mstshash=Administr " 400 -
192.99.9.25 - - [01/Jan/2021:04:51:45 +0100] "GET /ticket2/opencms/ru/login/?edid=D107AF81-2625-16F6-4945-BFED75601468 HTTP/1.1" 200 68444
54.36.148.228 - - [01/Jan/2021:04:51:49 +0100] "GET /ticket2/opencms/dk/venue/?venueid=152137BD-51FA-C49F-6002-B503D5181B54 HTTP/1.1" 200 65313
216.18.204.210 - - [01/Jan/2021:04:51:56 +0100] "GET /ticket2/opencms/no/buy/?page=1&edid=82016DAC-0EF2-ED96-7CF6-C55FAF2A2BCC&sortorder=asc&column=row HTTP/1.1" 200 72183
173.208.157.186 - - [01/Jan/2021:04:52:08 +0100] "GET /ticket2/opencms/robots.txt HTTP/1.1" 200 773
173.208.157.186 - - [01/Jan/2021:04:52:10 +0100] "GET /ticket2/opencms/dk/buy/?page=1&edid=00C1D740-19CA-DE2A-304E-0064B72FA18D&sortorder=desc&column=price HTTP/1.1" 200 69331
173.208.157.186 - - [01/Jan/2021:04:52:12 +0100] "GET /ticket2/opencms/dk/buy/?page=1&edid=149E4898-886E-801A-DF9C-A6639D44D86F HTTP/1.1" 200 71187
173.208.157.186 - - [01/Jan/2021:04:52:14 +0100] "GET /ticket2/opencms/dk/buy/?page=1&edid=1641B98B-A297-1D9C-65B8-EC5F1450DCFE HTTP/1.1" 200 71186
173.208.157.186 - - [01/Jan/2021:04:52:15 +0100] "GET /ticket2/opencms/dk/buy/?page=1&edid=1883B848-C2AA-E4F0-1F07-3E2222F1A59D HTTP/1.1" 200 69275
173.208.157.186 - - [01/Jan/2021:04:52:17 +0100] "GET /ticket2/opencms/dk/buy/?page=1&edid=23B8F2BB-E1B5-3E6E-15C8-38C0795BC2EC&sortorder=asc&column=price HTTP/1.1" 200 69300
173.208.157.186 - - [01/Jan/2021:04:52:19 +0100] "GET /ticket2/opencms/dk/buy/?page=1&edid=23B8F2BB-E1B5-3E6E-15C8-38C0795BC2EC&sortorder=asc&column=row HTTP/1.1" 200 69300
173.208.157.186 - - [01/Jan/2021:04:52:21 +0100] "GET /ticket2/opencms/dk/buy/?page=1&edid=23B8F2BB-E1B5-3E6E-15C8-38C0795BC2EC&sortorder=asc&column=section HTTP/1.1" 200 69300
173.208.157.186 - - [01/Jan/2021:04:52:23 +0100] "GET /ticket2/opencms/dk/buy/?page=1&edid=2616230B-0292-4166-A011-E68F0F142C6D&sortorder=asc&column=row HTTP/1.1" 200 69300
173.208.157.186 - - [01/Jan/2021:04:52:24 +0100] "GET /ticket2/opencms/dk/buy/?page=1&edid=6CC3E9A8-1436-5A17-00B4-F4DF53732709&sortorder=asc&column=section HTTP/1.1" 200 70781
173.208.157.186 - - [01/Jan/2021:04:52:26 +0100] "GET /ticket2/opencms/dk/buy/?page=1&edid=703B9188-07D2-D0DA-558A-C19524FFF0C0&sortorder=asc&column=section HTTP/1.1" 200 69288
173.208.157.186 - - [01/Jan/2021:04:52:28 +0100] "GET /ticket2/opencms/dk/buy/?page=1&edid=75B1AAC4-1735-8EB6-727D-C58CD7B8C873&sortorder=asc&column=row HTTP/1.1" 200 70785
173.208.157.186 - - [01/Jan/2021:04:52:30 +0100] "GET /ticket2/opencms/dk/buy/?page=1&edid=75B1AAC4-1735-8EB6-727D-C58CD7B8C873&sortorder=asc&column=section HTTP/1.1" 200 70785
173.208.157.186 - - [01/Jan/2021:04:52:31 +0100] "GET /ticket2/opencms/dk/buy/?page=1&edid=75FF6D71-09F5-D46B-0F5F-60B05A57DEC1&sortorder=desc&column=price HTTP/1.1" 200 69329
173.208.157.186 - - [01/Jan/2021:04:52:33 +0100] "GET /ticket2/opencms/dk/buy/?page=1&edid=78F7BA2E-FEFA-77F1-62CF-8EDCD3806611&sortorder=asc&column=row HTTP/1.1" 200 70945
173.208.157.186 - - [01/Jan/2021:04:52:35 +0100] "GET /ticket2/opencms/dk/sport/fodboldbilletter/champions_league/malmo_ff/ HTTP/1.1" 200 66619
173.208.157.186 - - [01/Jan/2021:04:52:37 +0100] "GET /ticket2/opencms/dk/sport/fodboldbilletter/premier-league/manchester-city/ HTTP/1.1" 200 66884
173.208.157.186 - - [01/Jan/2021:04:52:38 +0100] "GET /ticket2/opencms/en/buy/?page=1&edid=D8EA692B-687F-02F3-F633-477D649035B5&sortorder=desc&column=section HTTP/1.1" 200 71114
173.208.157.186 - - [01/Jan/2021:04:52:40 +0100] "GET /ticket2/opencms/en/buy/?page=1&edid=D995694D-350B-F222-F2E2-1BFF2A2E395F&sortorder=asc&column=price HTTP/1.1" 200 70644
173.208.157.186 - - [01/Jan/2021:04:52:42 +0100] "GET /ticket2/opencms/en/buy/?page=1&edid=D995694D-350B-F222-F2E2-1BFF2A2E395F&sortorder=asc&column=row HTTP/1.1" 200 70644
157.55.39.206 - - [01/Jan/2021:04:52:42 +0100] "GET /ticket2/opencms/no/venue/?venueid=DB39254B-3E28-48BE-15E1-03374B8325A4 HTTP/1.1" 200 65762
173.208.157.186 - - [01/Jan/2021:04:52:44 +0100] "GET /ticket2/opencms/en/buy/?page=1&edid=D995694D-350B-F222-F2E2-1BFF2A2E395F&sortorder=asc&column=section HTTP/1.1" 200 70644
192.99.9.25 - - [01/Jan/2021:04:52:44 +0100] "GET /ticket2/opencms/ru/login/?edid=D20C1282-CCD6-3831-ADEE-DAFE3665F1E7 HTTP/1.1" 200 68444
173.208.157.186 - - [01/Jan/2021:04:52:46 +0100] "GET /ticket2/opencms/en/buy/?page=1&edid=DA205E04-65EE-7F78-067D-CBCBD424C79F&sortorder=desc&column=price HTTP/1.1" 200 71561
54.36.148.250 - - [01/Jan/2021:04:52:47 +0100] "GET /ticket2/opencms/dk/venue/?venueid=157C41AC-9990-241E-A78B-828C374EF543 HTTP/1.1" 200 65355
173.208.157.186 - - [01/Jan/2021:04:52:47 +0100] "GET /ticket2/opencms/en/buy/?page=1&edid=DA205E04-65EE-7F78-067D-CBCBD424C79F&sortorder=desc&column=section HTTP/1.1" 200 71561
216.18.204.210 - - [01/Jan/2021:04:52:47 +0100] "GET /ticket2/opencms/no/buy/?page=1&edid=93D16233-A2B3-F73E-A92E-3387C202F68F&sortorder=asc&column=row HTTP/1.1" 200 72182
173.208.157.186 - - [01/Jan/2021:04:52:49 +0100] "GET /ticket2/opencms/en/buy/?page=1&edid=DD99BFEC-4846-922C-64A2-1661CA2CB452&sortorder=desc&column=row HTTP/1.1" 200 71568
195.248.251.18 - - [01/Jan/2021:04:52:50 +0100] "GET /ticket2/opencms/ads.txt HTTP/1.1" 404 -
195.248.251.18 - - [01/Jan/2021:04:52:51 +0100] "GET /ticket2/opencms/ads.txt HTTP/1.1" 404 -
114.119.139.25 - - [01/Jan/2021:04:52:51 +0100] "GET /ticket2/opencms/dk/venue/?venueid=119E4BA1-98C5-E36E-192F-2176B379FB25 HTTP/1.1" 200 65220
173.208.157.186 - - [01/Jan/2021:04:52:51 +0100] "GET /ticket2/opencms/en/buy/?page=1&edid=DD99BFEC-4846-922C-64A2-1661CA2CB452&sortorder=desc&column=section HTTP/1.1" 200 71568
173.208.157.186 - - [01/Jan/2021:04:52:53 +0100] "GET /ticket2/opencms/en/buy/?page=1&edid=DDC42BBE-1C44-916C-70B3-5C60597CD058&sortorder=asc&column=price HTTP/1.1" 200 71379
66.249.66.133 - - [01/Jan/2021:04:52:54 +0100] "GET /ticket2/opencms/fi/venue/?venueid=3E052964-D5DB-7727-FFA4-1BA16C172E21 HTTP/1.1" 200 66424
173.208.157.186 - - [01/Jan/2021:04:52:54 +0100] "GET /ticket2/opencms/en/buy/?page=1&edid=E12F4022-1973-9A42-8144-79292D1B75BA&sortorder=desc&column=row HTTP/1.1" 200 71185
173.208.157.186 - - [01/Jan/2021:04:52:56 +0100] "GET /ticket2/opencms/en/buy/?page=1&edid=E12F4022-1973-9A42-8144-79292D1B75BA&sortorder=desc&column=section HTTP/1.1" 200 71185
173.208.157.186 - - [01/Jan/2021:04:52:58 +0100] "GET /ticket2/opencms/en/buy/?page=1&edid=E15668F5-4E3A-1346-EBDC-91E9E224E763&sortorder=desc&column=price HTTP/1.1" 200 71186
173.208.157.186 - - [01/Jan/2021:04:53:00 +0100] "GET /ticket2/opencms/en/buy/?page=1&edid=E15668F5-4E3A-1346-EBDC-91E9E224E763&sortorder=desc&column=row HTTP/1.1" 200 71186
173.208.157.186 - - [01/Jan/2021:04:53:02 +0100] "GET /ticket2/opencms/en/buy/?page=1&edid=E15668F5-4E3A-1346-EBDC-91E9E224E763&sortorder=desc&column=section HTTP/1.1" 200 71186
173.208.157.186 - - [01/Jan/2021:04:53:03 +0100] "GET /ticket2/opencms/en/buy/?page=1&edid=E248EF6A-8342-3B78-4B0A-536EC18AFDB8 HTTP/1.1" 200 71295
173.208.157.186 - - [01/Jan/2021:04:53:05 +0100] "GET /ticket2/opencms/en/buy/?page=1&edid=E5717319-73D8-DE0E-B7AA-AA889F763447&sortorder=desc&column=price HTTP/1.1" 200 71186
173.208.157.186 - - [01/Jan/2021:04:53:07 +0100] "GET /ticket2/opencms/en/buy/?page=1&edid=E735E944-5AAE-BA7A-ED2E-E44FC3522855&sortorder=asc&column=section HTTP/1.1" 200 70882
173.208.157.186 - - [01/Jan/2021:04:53:09 +0100] "GET /ticket2/opencms/en/buy/?page=1&edid=E83099B1-485E-5C84-84B0-FD9FB227033F&sortorder=desc&column=price HTTP/1.1" 200 70894
173.208.157.186 - - [01/Jan/2021:04:53:11 +0100] "GET /ticket2/opencms/en/buy/?page=1&edid=EA6DAAD2-200A-052A-B4F6-5898239F72D4&sortorder=desc&column=price HTTP/1.1" 200 71109
173.208.157.186 - - [01/Jan/2021:04:53:12 +0100] "GET /ticket2/opencms/en/buy/?page=1&edid=EA6DAAD2-200A-052A-B4F6-5898239F72D4&sortorder=desc&column=row HTTP/1.1" 200 71109
173.208.157.186 - - [01/Jan/2021:04:53:14 +0100] "GET /ticket2/opencms/en/buy/?page=1&edid=EA94D3D4-FFFA-F63F-1970-2CE5FF8D4442&sortorder=desc&column=row HTTP/1.1" 200 71561
173.208.157.186 - - [01/Jan/2021:04:53:16 +0100] "GET /ticket2/opencms/en/buy/?page=1&edid=EA94D3D4-FFFA-F63F-1970-2CE5FF8D4442&sortorder=desc&column=section HTTP/1.1" 200 71561
173.208.157.186 - - [01/Jan/2021:04:53:18 +0100] "GET /ticket2/opencms/en/buy/?page=1&edid=ED81349D-86B2-C0F6-EF58-DEEDD0455CAC&sortorder=desc&column=price HTTP/1.1" 200 69247
173.208.157.186 - - [01/Jan/2021:04:53:20 +0100] "GET /ticket2/opencms/en/buy/?page=1&edid=F304E181-E936-71FB-E213-CFCB44032C9B&sortorder=desc&column=price HTTP/1.1" 200 71150
173.208.157.186 - - [01/Jan/2021:04:53:21 +0100] "GET /ticket2/opencms/en/buy/?page=1&edid=F304E181-E936-71FB-E213-CFCB44032C9B&sortorder=desc&column=row HTTP/1.1" 200 71150
173.208.157.186 - - [01/Jan/2021:04:53:23 +0100] "GET /ticket2/opencms/en/buy/?page=1&edid=F55FD46B-77AB-3FD2-8E77-5D8B9DF55395&sortorder=desc&column=price HTTP/1.1" 200 71116
173.208.157.186 - - [01/Jan/2021:04:53:25 +0100] "GET /ticket2/opencms/en/buy/?page=1&edid=F55FD46B-77AB-3FD2-8E77-5D8B9DF55395&sortorder=desc&column=row HTTP/1.1" 200 71116
173.208.157.186 - - [01/Jan/2021:04:53:27 +0100] "GET /ticket2/opencms/en/buy/?page=1&edid=F55FD46B-77AB-3FD2-8E77-5D8B9DF55395&sortorder=desc&column=section HTTP/1.1" 200 71116
173.208.157.186 - - [01/Jan/2021:04:53:29 +0100] "GET /ticket2/opencms/en/buy/?page=1&edid=F7ADBC49-B3F9-5F47-5079-2A05B4076CA2&sortorder=desc&column=price HTTP/1.1" 200 70875
173.208.157.186 - - [01/Jan/2021:04:53:30 +0100] "GET /ticket2/opencms/en/buy/?page=1&edid=F7ADBC49-B3F9-5F47-5079-2A05B4076CA2&sortorder=desc&column=row HTTP/1.1" 200 70875
173.208.157.186 - - [01/Jan/2021:04:53:32 +0100] "GET /ticket2/opencms/en/buy/?page=1&edid=FB258716-98B5-9120-93E8-787488A6CE47&sortorder=desc&column=section HTTP/1.1" 200 71177
192.99.9.25 - - [01/Jan/2021:04:53:34 +0100] "GET /ticket2/opencms/ru/login/?edid=D30E26A4-7AE5-40F3-5965-2D237F7CEA41 HTTP/1.1" 200 68444
173.208.157.186 - - [01/Jan/2021:04:53:34 +0100] "GET /ticket2/opencms/en/buy/?page=1&edid=FB730AA6-A470-8EFB-27FE-924D530AC7B8&sortorder=desc&column=price HTTP/1.1" 200 71110
173.208.157.186 - - [01/Jan/2021:04:53:36 +0100] "GET /ticket2/opencms/en/buy/?page=1&edid=FB730AA6-A470-8EFB-27FE-924D530AC7B8&sortorder=desc&column=row HTTP/1.1" 200 71110
173.208.157.186 - - [01/Jan/2021:04:53:38 +0100] "GET /ticket2/opencms/en/buy/?page=1&edid=FB730AA6-A470-8EFB-27FE-924D530AC7B8&sortorder=desc&column=section HTTP/1.1" 200 71110
173.208.157.186 - - [01/Jan/2021:04:53:39 +0100] "GET /ticket2/opencms/en/login/?edid=99523186-4BD8-BF28-0D02-3020D55214AE HTTP/1.1" 200 67300
173.208.157.186 - - [01/Jan/2021:04:53:41 +0100] "GET /ticket2/opencms/en/login/?edid=9C4836A1-BD2A-4D85-1156-08B8E0333D34 HTTP/1.1" 200 67300
173.208.157.186 - - [01/Jan/2021:04:53:43 +0100] "GET /ticket2/opencms/en/venue/?venueid=7F4399DF-09B0-51D6-E82A-35DDE26DDE35 HTTP/1.1" 200 65243
173.208.157.186 - - [01/Jan/2021:04:53:45 +0100] "GET /ticket2/opencms/en/venue/?venueid=7F775268-FDCE-3365-1815-747D9CD711D9 HTTP/1.1" 200 65209
173.208.157.186 - - [01/Jan/2021:04:53:47 +0100] "GET /ticket2/opencms/en/venue/?venueid=8016D2EB-5A30-A503-2E51-C1845CAF0467 HTTP/1.1" 200 65284
173.208.157.186 - - [01/Jan/2021:04:53:48 +0100] "GET /ticket2/opencms/en/venue/?venueid=ECEC05FE-7D59-CD00-2E1B-1B40B02BB84F HTTP/1.1" 200 65206
54.36.148.86 - - [01/Jan/2021:04:53:49 +0100] "GET /ticket2/opencms/dk/venue/?venueid=482A31C1-C33C-ABEE-E572-D6A56AE33E8F HTTP/1.1" 200 65219
173.208.157.186 - - [01/Jan/2021:04:53:50 +0100] "GET /ticket2/opencms/en/venue/?venueid=EF3DDBD0-8AD7-39F7-94D9-5BDDBB2A78DA HTTP/1.1" 200 65198
173.208.157.186 - - [01/Jan/2021:04:53:52 +0100] "GET /ticket2/opencms/en/venue/?venueid=EF6FD3C5-92B8-0848-2522-37DD22A0F2CC HTTP/1.1" 200 65224
173.208.157.186 - - [01/Jan/2021:04:53:54 +0100] "GET /ticket2/opencms/en/venue/?venueid=EF9A381D-E146-D5CF-CC6A-B0B8DD77CAB7 HTTP/1.1" 200 65236
173.208.157.186 - - [01/Jan/2021:04:53:56 +0100] "GET /ticket2/opencms/en/venue/?venueid=EFA6E1D1-4242-14C9-92E7-0490DFFC81B7 HTTP/1.1" 200 65188
66.249.66.215 - - [01/Jan/2021:04:53:56 +0100] "GET /ticket2/opencms/system/modules/com.gridnine.opencms.ticketbrokerage.site/resources/pics/bank_1_nordea.png HTTP/1.1" 200 4807
173.208.157.186 - - [01/Jan/2021:04:53:58 +0100] "GET /ticket2/opencms/en/venue/?venueid=EFAE3AB1-91B2-5DD3-E2E2-A440AD33BE5C HTTP/1.1" 200 65183
173.208.157.186 - - [01/Jan/2021:04:53:59 +0100] "GET /ticket2/opencms/en/venue/?venueid=F2980A6F-B64F-4B0C-6D38-4E1B59B5AA8D HTTP/1.1" 200 65236
173.208.157.186 - - [01/Jan/2021:04:54:01 +0100] "GET /ticket2/opencms/en/venue/?venueid=F3839010-FA04-80EF-00C0-301AFB1437AD HTTP/1.1" 200 65284
173.208.157.186 - - [01/Jan/2021:04:54:03 +0100] "GET /ticket2/opencms/en/venue/?venueid=F3A5C9EC-4CEF-B563-FECD-1A9EEC18334F HTTP/1.1" 200 65216
173.208.157.186 - - [01/Jan/2021:04:54:05 +0100] "GET /ticket2/opencms/en/venue/?venueid=F42AFEE1-85C5-55E9-807A-662212AA85FC HTTP/1.1" 200 65201
173.208.157.186 - - [01/Jan/2021:04:54:06 +0100] "GET /ticket2/opencms/en/venue/?venueid=F4FE8A93-D3AE-B0FC-0EBF-CDEF79158B44 HTTP/1.1" 200 65221
35.243.23.193 - - [01/Jan/2021:04:54:07 +0100] "GET /ticket2/opencms/ HTTP/1.1" 302 -
35.243.23.196 - - [01/Jan/2021:04:54:07 +0100] "GET /ticket2/opencms/en/ HTTP/1.1" 200 66287
173.208.157.186 - - [01/Jan/2021:04:54:08 +0100] "GET /ticket2/opencms/en/venue/?venueid=F547B08D-C839-63CC-DDB8-9139B0448DEC HTTP/1.1" 200 65201
35.243.23.199 - - [01/Jan/2021:04:54:10 +0100] "GET /ticket2/opencms/system/modules/com.gridnine.opencms.ticketbrokerage.site/resources/pics/logo-new.png HTTP/1.1" 200 13541
173.208.157.186 - - [01/Jan/2021:04:54:10 +0100] "GET /ticket2/opencms/en/venue/?venueid=F559DC88-543C-9BE7-D4C6-F477D1C58CD9 HTTP/1.1" 200 65192
173.208.157.186 - - [01/Jan/2021:04:54:12 +0100] "GET /ticket2/opencms/en/venue/?venueid=F670BB4E-C7FE-DBAC-B41D-241CF96C0068 HTTP/1.1" 200 65218
173.208.157.186 - - [01/Jan/2021:04:54:13 +0100] "GET /ticket2/opencms/en/venue/?venueid=F6919005-F697-F5C9-0CDE-A016772170CD HTTP/1.1" 200 65227
173.208.157.186 - - [01/Jan/2021:04:54:15 +0100] "GET /ticket2/opencms/en/venue/?venueid=F6924F27-E301-BC1C-E625-AF49CF33565E HTTP/1.1" 200 65230
173.208.157.186 - - [01/Jan/2021:04:54:17 +0100] "GET /ticket2/opencms/en/venue/?venueid=F6F762B7-B573-80DB-59E3-860FE5BEB66D HTTP/1.1" 200 65197
173.208.157.186 - - [01/Jan/2021:04:54:19 +0100] "GET /ticket2/opencms/en/venue/?venueid=F70F08EA-0F3A-95EA-07F1-FD6D52373424 HTTP/1.1" 200 65203
173.208.157.186 - - [01/Jan/2021:04:54:21 +0100] "GET /ticket2/opencms/en/venue/?venueid=F71B1DE7-11E1-4331-6276-7D92F25D2949 HTTP/1.1" 200 65274
173.208.157.186 - - [01/Jan/2021:04:54:23 +0100] "GET /ticket2/opencms/en/venue/?venueid=F7774C51-8CD2-101E-19D7-20F0BF0B2FF2 HTTP/1.1" 200 65200
173.208.157.186 - - [01/Jan/2021:04:54:24 +0100] "GET /ticket2/opencms/en/venue/?venueid=F7C7B813-65CC-75A1-88FA-A5B025A08445 HTTP/1.1" 200 65209
173.208.157.186 - - [01/Jan/2021:04:54:26 +0100] "GET /ticket2/opencms/en/venue/?venueid=F8078854-6367-8924-C9B6-285A2F3B6E0C HTTP/1.1" 200 65221
173.208.157.186 - - [01/Jan/2021:04:54:28 +0100] "GET /ticket2/opencms/en/venue/?venueid=FA1F63EA-EA54-4899-F30D-0FB3D87C3647 HTTP/1.1" 200 65261
173.208.157.186 - - [01/Jan/2021:04:54:30 +0100] "GET /ticket2/opencms/en/venue/?venueid=FAA326B5-8F35-0D52-6643-3316F08C9C34 HTTP/1.1" 200 65204
173.208.157.186 - - [01/Jan/2021:04:54:32 +0100] "GET /ticket2/opencms/en/venue/?venueid=FBAFDD4B-DAD3-1027-F610-2E658B7C0EA4 HTTP/1.1" 200 65285
173.208.157.186 - - [01/Jan/2021:04:54:34 +0100] "GET /ticket2/opencms/en/venue/?venueid=FF21FF50-A37F-0165-85A9-80D1D5F77A6E HTTP/1.1" 200 65188
173.208.157.186 - - [01/Jan/2021:04:54:35 +0100] "GET /ticket2/opencms/en/venue/?venueid=FF5203A7-122F-1365-4962-1F8CB4E034AD HTTP/1.1" 200 65236
173.208.157.186 - - [01/Jan/2021:04:54:37 +0100] "GET /ticket2/opencms/en/venue/?venueid=FF8D2B77-C235-F0A7-6D99-CAC26AC9D392 HTTP/1.1" 200 65242
192.99.9.25 - - [01/Jan/2021:04:54:39 +0100] "GET /ticket2/opencms/ru/login/?edid=D671AA4B-F4FE-4377-0CEE-00CC26515A20 HTTP/1.1" 200 68444
173.208.157.186 - - [01/Jan/2021:04:54:39 +0100] "GET /ticket2/opencms/en/venue/?venueid=FF995A14-40EA-8EEB-6CB2-5F20B0A58DD9 HTTP/1.1" 200 65224
173.208.157.186 - - [01/Jan/2021:04:54:41 +0100] "GET /ticket2/opencms/en/venue/?venueid=FFA115B2-38B9-DF68-21D2-8F2E64EF271D HTTP/1.1" 200 65212
173.208.157.186 - - [01/Jan/2021:04:54:43 +0100] "GET /ticket2/opencms/en/venue/?venueid=FFAD140D-D3E3-13F5-E204-505E06314019 HTTP/1.1" 200 65194
173.208.157.186 - - [01/Jan/2021:04:54:45 +0100] "GET /ticket2/opencms/en/venue/?venueid=FFD58926-E43E-9E2E-9DB6-3170AF0A87CC HTTP/1.1" 200 65227
173.208.157.186 - - [01/Jan/2021:04:54:47 +0100] "GET /ticket2/opencms/fi/buy/?page=1&edid=00E46ACE-4E1A-25FB-61C9-5EB2142305DE HTTP/1.1" 200 70586
173.208.157.186 - - [01/Jan/2021:04:54:48 +0100] "GET /ticket2/opencms/fi/buy/?page=1&edid=00E46ACE-4E1A-25FB-61C9-5EB2142305DE&sortorder=desc&column=row HTTP/1.1" 200 70621
173.208.157.186 - - [01/Jan/2021:04:54:50 +0100] "GET /ticket2/opencms/fi/buy/?page=1&edid=00E46ACE-4E1A-25FB-61C9-5EB2142305DE&sortorder=desc&column=section HTTP/1.1" 200 70621
173.208.157.186 - - [01/Jan/2021:04:54:52 +0100] "GET /ticket2/opencms/fi/buy/?page=1&edid=04B62BE8-DBA1-6837-BCBE-53D7E0288921&sortorder=desc&column=price HTTP/1.1" 200 72311
54.36.148.64 - - [01/Jan/2021:04:54:53 +0100] "GET /ticket2/opencms/dk/venue/?venueid=6F45CC98-0FF4-9684-10A7-A4EABAFB5F44 HTTP/1.1" 200 65244
173.208.157.186 - - [01/Jan/2021:04:54:54 +0100] "GET /ticket2/opencms/fi/buy/?page=1&edid=04B62BE8-DBA1-6837-BCBE-53D7E0288921&sortorder=desc&column=row HTTP/1.1" 200 72311
173.208.157.186 - - [01/Jan/2021:04:54:56 +0100] "GET /ticket2/opencms/fi/buy/?page=1&edid=04B62BE8-DBA1-6837-BCBE-53D7E0288921&sortorder=desc&column=section HTTP/1.1" 200 72311
173.208.157.186 - - [01/Jan/2021:04:54:57 +0100] "GET /ticket2/opencms/fi/buy/?page=1&edid=06AB1029-8E21-0855-E286-967CAD2386CB&sortorder=desc&column=section HTTP/1.1" 200 70610
173.208.157.186 - - [01/Jan/2021:04:54:59 +0100] "GET /ticket2/opencms/fi/buy/?page=1&edid=06E063D7-AE27-0DA0-0E8E-0E82EFDCE11C&sortorder=desc&column=price HTTP/1.1" 200 70626
173.208.157.186 - - [01/Jan/2021:04:55:01 +0100] "GET /ticket2/opencms/fi/buy/?page=1&edid=2385A97C-ADBC-714E-058F-F9D1A81366A6 HTTP/1.1" 200 70578
173.208.157.186 - - [01/Jan/2021:04:55:03 +0100] "GET /ticket2/opencms/fi/buy/?page=1&edid=2385A97C-ADBC-714E-058F-F9D1A81366A6&sortorder=desc&column=row HTTP/1.1" 200 70613
173.208.157.186 - - [01/Jan/2021:04:55:05 +0100] "GET /ticket2/opencms/fi/buy/?page=1&edid=2385A97C-ADBC-714E-058F-F9D1A81366A6&sortorder=desc&column=section HTTP/1.1" 200 70613
173.208.157.186 - - [01/Jan/2021:04:55:07 +0100] "GET /ticket2/opencms/fi/buy/?page=1&edid=2575916B-6579-ECDB-CD33-6F8E4E970260 HTTP/1.1" 200 70596
173.208.157.186 - - [01/Jan/2021:04:55:08 +0100] "GET /ticket2/opencms/fi/buy/?page=1&edid=2575916B-6579-ECDB-CD33-6F8E4E970260&sortorder=desc&column=price HTTP/1.1" 200 70631
173.208.157.186 - - [01/Jan/2021:04:55:11 +0100] "GET /ticket2/opencms/fi/buy/?page=1&edid=2575916B-6579-ECDB-CD33-6F8E4E970260&sortorder=desc&column=row HTTP/1.1" 200 70631
173.208.157.186 - - [01/Jan/2021:04:55:13 +0100] "GET /ticket2/opencms/fi/buy/?page=1&edid=258E0A48-C024-C3DB-0BF3-5E676CFFAE46&sortorder=desc&column=price HTTP/1.1" 200 70614
173.208.157.186 - - [01/Jan/2021:04:55:14 +0100] "GET /ticket2/opencms/fi/buy/?page=1&edid=258E0A48-C024-C3DB-0BF3-5E676CFFAE46&sortorder=desc&column=row HTTP/1.1" 200 70614
173.208.157.186 - - [01/Jan/2021:04:55:16 +0100] "GET /ticket2/opencms/fi/buy/?page=1&edid=27C123AB-DDEB-9544-7BBD-F441CE093363&sortorder=desc&column=price HTTP/1.1" 200 72290
66.249.66.78 - - [01/Jan/2021:04:55:17 +0100] "GET /ticket2/opencms/no/sport/fotballsbilletter/premier_league/watford/ HTTP/1.1" 200 66428
173.208.157.186 - - [01/Jan/2021:04:55:18 +0100] "GET /ticket2/opencms/fi/buy/?page=1&edid=27C123AB-DDEB-9544-7BBD-F441CE093363&sortorder=desc&column=row HTTP/1.1" 200 72290
216.245.221.83 - - [01/Jan/2021:04:55:19 +0100] "HEAD /ticket2/opencms/ HTTP/1.1" 302 -
216.245.221.83 - - [01/Jan/2021:04:55:19 +0100] "HEAD /ticket2/opencms/en/ HTTP/1.1" 200 -
173.208.157.186 - - [01/Jan/2021:04:55:20 +0100] "GET /ticket2/opencms/fi/buy/?page=1&edid=27C123AB-DDEB-9544-7BBD-F441CE093363&sortorder=desc&column=section HTTP/1.1" 200 72290
66.249.66.79 - - [01/Jan/2021:04:55:21 +0100] "GET /ticket2/opencms/system/modules/com.gridnine.opencms.ticketbrokerage.site/resources/js/calendar-setup.js HTTP/1.1" 200 4923
66.249.66.79 - - [01/Jan/2021:04:55:21 +0100] "GET /ticket2/opencms/system/modules/com.gridnine.opencms.ticketbrokerage.site/resources/js/common-ajax.js HTTP/1.1" 200 20175
192.99.9.25 - - [01/Jan/2021:04:55:36 +0100] "GET /ticket2/opencms/ru/login/?edid=E37D9788-59C6-DADE-FC63-F7F06CE589EF HTTP/1.1" 200 68444
54.36.148.250 - - [01/Jan/2021:04:55:51 +0100] "GET /ticket2/opencms/dk/venue/?venueid=4C9467B2-6A62-2081-D8AE-397B47B3C12E HTTP/1.1" 200 65252
216.18.204.210 - - [01/Jan/2021:04:56:17 +0100] "GET /ticket2/opencms/no/buy/?page=1&edid=9B063FAC-18A1-0083-3F00-C83D29618E99&sortorder=asc&column=row HTTP/1.1" 200 72180
192.99.9.25 - - [01/Jan/2021:04:56:18 +0100] "GET /ticket2/opencms/ru/login/?edid=F4F9CF15-E46F-6692-1384-B244A9E1955F HTTP/1.1" 200 68444
54.36.149.97 - - [01/Jan/2021:04:56:54 +0100] "GET /ticket2/opencms/dk/venue/?venueid=16257228-1CE6-E162-4B0C-1C2D941B1F23 HTTP/1.1" 200 65222
192.99.9.25 - - [01/Jan/2021:04:57:04 +0100] "GET /ticket2/opencms/ru/login/?edid=F675517E-77A1-26BF-A8E7-E48FFFB49370 HTTP/1.1" 200 68444
114.119.153.172 - - [01/Jan/2021:04:57:13 +0100] "GET /ticket2/opencms/nl/buy/?page=1&edid=035EA6C4-0B9C-9EE2-0E21-91544FF197C8 HTTP/1.1" 200 70564
54.36.148.147 - - [01/Jan/2021:04:57:49 +0100] "GET /ticket2/opencms/dk/venue/?venueid=1D8D6A4F-9ED4-4698-838F-ADCA81DD135B HTTP/1.1" 200 65255
216.18.204.210 - - [01/Jan/2021:04:58:00 +0100] "GET /ticket2/opencms/no/buy/?page=1&edid=A03EAA2C-2EFF-45A8-B381-DF86A299AA05&sortorder=asc&column=row HTTP/1.1" 200 71692
192.99.9.25 - - [01/Jan/2021:04:58:01 +0100] "GET /ticket2/opencms/ru/login/?edid=F6CC0FC0-119E-8C04-0DA1-6DA80CB43AB2 HTTP/1.1" 200 68444
207.46.13.183 - - [01/Jan/2021:04:58:31 +0100] "GET /ticket2/opencms/en/archive/events/djurgardens_if/2007_01_22_19_00/ HTTP/1.1" 200 65892
192.99.9.25 - - [01/Jan/2021:04:58:45 +0100] "GET /ticket2/opencms/ru/login/?edid=FAED712B-522B-34FA-DE6B-5495BF7FC4C3 HTTP/1.1" 200 68444
192.99.9.25 - - [01/Jan/2021:04:59:44 +0100] "GET /ticket2/opencms/sv/login/?edid=0318FBA9-8FFF-BC30-E67D-5568E5F27D3B HTTP/1.1" 200 67543
54.36.148.250 - - [01/Jan/2021:04:59:52 +0100] "GET /ticket2/opencms/dk/venue/?venueid=433584BA-B375-64FC-9A6E-936720923E1A HTTP/1.1" 200 65249
216.18.204.210 - - [01/Jan/2021:04:59:54 +0100] "GET /ticket2/opencms/no/buy/?page=1&edid=A3190A63-6FBC-ADA1-B1CD-CF47F8FAB5EA&sortorder=asc&column=row HTTP/1.1" 200 71647
114.119.152.36 - - [01/Jan/2021:04:59:55 +0100] "GET /ticket2/opencms/no/sport/fotballsbilletter/premier_league/manchester_city/ HTTP/1.1" 200 67463
192.99.9.25 - - [01/Jan/2021:05:00:13 +0100] "GET /ticket2/opencms/sv/login/?edid=0321A71D-58D8-8ECD-3D87-C0C5B0A335D6 HTTP/1.1" 200 67543
216.245.221.83 - - [01/Jan/2021:05:00:19 +0100] "HEAD /ticket2/opencms/ HTTP/1.1" 302 -
216.245.221.83 - - [01/Jan/2021:05:00:19 +0100] "HEAD /ticket2/opencms/en/ HTTP/1.1" 200 -
54.36.148.250 - - [01/Jan/2021:05:00:50 +0100] "GET /ticket2/opencms/dk/venue/?venueid=52388965-2AC8-8249-1E85-2C16DFEC77E8 HTTP/1.1" 200 65213
192.99.9.25 - - [01/Jan/2021:05:01:00 +0100] "GET /ticket2/opencms/sv/login/?edid=07D063F2-E88B-66B3-2176-A8CD7061F92B HTTP/1.1" 200 67543
114.119.156.188 - - [01/Jan/2021:05:01:37 +0100] "GET /ticket2/opencms/system/modules/com.gridnine.opencms.ticketbrokerage.site/resources/pics/content/affiliate_no.png HTTP/1.1" 200 17326
192.99.9.25 - - [01/Jan/2021:05:01:46 +0100] "GET /ticket2/opencms/sv/login/?edid=11E0F3F3-866B-8B11-2E4F-E306B11A08DD HTTP/1.1" 200 67543
54.36.148.153 - - [01/Jan/2021:05:01:54 +0100] "GET /ticket2/opencms/dk/venue/?venueid=555014B0-08D8-515D-B9A4-B900DC7639D7 HTTP/1.1" 200 65222
66.249.66.159 - - [01/Jan/2021:05:02:22 +0100] "GET /ticket2/opencms/en/buy/?page=1&edid=4C057F1A-F8DE-8654-F39E-9DF6A45A6174 HTTP/1.1" 200 72415
192.99.9.25 - - [01/Jan/2021:05:02:33 +0100] "GET /ticket2/opencms/sv/login/?edid=21A86BB8-64D8-CBA2-3B98-AF717437C3CC HTTP/1.1" 200 67543
52.210.122.6 - - [01/Jan/2021:05:03:08 +0100] "GET /ticket2/opencms/fi/urheilu/jalkapallo/la-liga/rayo_vallecano/ HTTP/1.0" 200 67463
192.99.9.25 - - [01/Jan/2021:05:03:58 +0100] "GET /ticket2/opencms/sv/login/?edid=4D9E9B53-D6C2-EBD3-ECBD-EC61B335C986 HTTP/1.1" 200 67543
66.249.66.133 - - [01/Jan/2021:05:04:46 +0100] "GET /ticket2/opencms/tb/opencms/en/archive/events/sound_of_music/2007_03_30_19_30/ HTTP/1.1" 404 -
52.210.122.6 - - [01/Jan/2021:05:04:46 +0100] "GET /ticket2/opencms/sv/sport/fotbollsbiljetter/english-championship/ HTTP/1.0" 200 66583
54.36.148.172 - - [01/Jan/2021:05:04:49 +0100] "GET /ticket2/opencms/en/venue/?countryid=1D29B349-241A-DA25-C29E-C6C960274511 HTTP/1.1" 200 94598
193.239.147.228 - - [01/Jan/2021:05:04:51 +0100] "GET /config/getuser?index=0 HTTP/1.1" 404 -
192.99.9.25 - - [01/Jan/2021:05:05:08 +0100] "GET /ticket2/opencms/sv/login/?edid=528D87B5-5CB7-420B-8599-7ECD4AE1B624 HTTP/1.1" 200 67543
216.245.221.83 - - [01/Jan/2021:05:05:19 +0100] "HEAD /ticket2/opencms/ HTTP/1.1" 302 -
216.245.221.83 - - [01/Jan/2021:05:05:19 +0100] "HEAD /ticket2/opencms/en/ HTTP/1.1" 200 -
66.249.66.158 - - [01/Jan/2021:05:05:45 +0100] "GET /ticket2/opencms/ru/sport/football/premier_league/liverpool/ HTTP/1.1" 200 68667
54.36.148.250 - - [01/Jan/2021:05:05:49 +0100] "GET /ticket2/opencms/en/venue/?venueid=17AD70CD-06E0-2606-B2B4-860C9CBEAC08 HTTP/1.1" 200 65283
52.210.122.6 - - [01/Jan/2021:05:05:57 +0100] "GET /ticket2/opencms/fi/buy/?page=6&comcatid=A17713B6-D984-201A-4143-ED4DB5ED5C2E&catid=7CF2D645-F785-0CBB-1B7C-C4711617EAAD HTTP/1.0" 200 77147
114.119.156.188 - - [01/Jan/2021:05:05:57 +0100] "GET /ticket2/opencms/dk/buy/?page=1&edid=E735E944-5AAE-BA7A-ED2E-E44FC3522855&sortorder=asc&column=price HTTP/1.1" 200 70970
192.99.9.25 - - [01/Jan/2021:05:06:00 +0100] "GET /ticket2/opencms/sv/login/?edid=7753EA52-7985-00A7-A9DB-D81E6156C674 HTTP/1.1" 200 67543
52.210.122.6 - - [01/Jan/2021:05:06:58 +0100] "GET /ticket2/opencms/fi/buy/?page=6&comcatid=A17713B6-D984-201A-4143-ED4DB5ED5C2E&catid=F2006A3D-5EE0-B40B-5749-60C15271538F HTTP/1.0" 200 77127
192.99.9.25 - - [01/Jan/2021:05:07:09 +0100] "GET /ticket2/opencms/sv/login/?edid=7921910F-74F6-EA36-BF50-52319F322FAA HTTP/1.1" 200 67543
54.36.148.55 - - [01/Jan/2021:05:07:46 +0100] "GET /ticket2/opencms/dk/venue/?venueid=03F062B9-ACA1-F236-0E66-5FB2E8B6786E HTTP/1.1" 200 65234
52.210.122.6 - - [01/Jan/2021:05:07:46 +0100] "GET /ticket2/opencms/sv/buying_tickets/ HTTP/1.0" 200 66940
192.99.9.25 - - [01/Jan/2021:05:08:13 +0100] "GET /ticket2/opencms/sv/login/?edid=79F0DF9A-E59A-A8F7-04A7-97B5561CB701 HTTP/1.1" 200 67543
54.36.148.74 - - [01/Jan/2021:05:08:48 +0100] "GET /ticket2/opencms/en/venue/?countryid=3E153AD4-B966-FBA9-55D2-B5BF8B4DBAEE HTTP/1.1" 200 94598
192.99.9.25 - - [01/Jan/2021:05:09:06 +0100] "GET /ticket2/opencms/sv/login/?edid=7DF77E99-8194-C3D0-5A00-8A12D492E581 HTTP/1.1" 200 67543
157.55.39.206 - - [01/Jan/2021:05:09:23 +0100] "GET /ticket2/opencms/sv/sport/fotbollsbiljetter/premier_league/wolverhampton/wigan.html HTTP/1.1" 200 67534
207.46.13.183 - - [01/Jan/2021:05:09:28 +0100] "GET /ticket2/opencms/fi/venue/?venueid=C3E4CC75-3C9F-601D-8995-33AEDA27699E HTTP/1.1" 200 66480
54.36.149.51 - - [01/Jan/2021:05:09:48 +0100] "GET /ticket2/opencms/no/about/contact/ HTTP/1.1" 200 65384
114.119.131.131 - - [01/Jan/2021:05:10:13 +0100] "GET /ticket2/opencms/fi/urheilu/jalkapallo/serie_a/napoli/ HTTP/1.1" 200 67897
192.99.9.25 - - [01/Jan/2021:05:10:15 +0100] "GET /ticket2/opencms/sv/login/?edid=8BA86FA9-C734-4E24-6C8F-AD29372A2A6B HTTP/1.1" 200 67543
216.245.221.83 - - [01/Jan/2021:05:10:19 +0100] "HEAD /ticket2/opencms/ HTTP/1.1" 302 -
216.245.221.83 - - [01/Jan/2021:05:10:19 +0100] "HEAD /ticket2/opencms/en/ HTTP/1.1" 200 -
54.36.148.230 - - [01/Jan/2021:05:10:51 +0100] "GET /ticket2/opencms/dk/venue/?venueid=5949849E-0AEC-C63E-5500-600C02F1FC5F HTTP/1.1" 200 65192
192.99.9.25 - - [01/Jan/2021:05:11:17 +0100] "GET /ticket2/opencms/sv/login/?edid=8DDE8B67-2000-FC13-BC50-206499AE7292 HTTP/1.1" 200 67543
66.249.66.137 - - [01/Jan/2021:05:11:50 +0100] "GET /ticket2/opencms/sv/buy/?page=1&edid=E9273ADB-397B-8C66-EF24-3A92BD3295EC HTTP/1.1" 200 72032
