167.114.211.237 - - [01/Jan/2021:15:56:40 +0100] "GET /ticket2/opencms/no/buy/?page=1&edid=716F15C9-42CE-5192-C005-50D592325C6C HTTP/1.1" 200 69768
192.99.13.75 - - [01/Jan/2021:15:56:48 +0100] "GET /ticket2/opencms/ru/buy/?page=1&edid=03337102-274E-EF7A-5BBB-8B18B768E4C2&sortorder=desc&column=price HTTP/1.1" 200 71593
167.114.211.237 - - [01/Jan/2021:15:57:03 +0100] "GET /ticket2/opencms/no/buy/?page=1&edid=71CAA233-6DD4-F0FB-CA6A-DFCF2E288B9A HTTP/1.1" 200 69802
167.114.209.104 - - [01/Jan/2021:15:57:24 +0100] "GET /ticket2/opencms/fi/buy/?page=1&edid=4D5A6B7D-0DD5-3376-6674-50F62F149FE4&sortorder=asc&column=section HTTP/1.1" 200 72517
192.99.13.75 - - [01/Jan/2021:15:57:29 +0100] "GET /ticket2/opencms/ru/buy/?page=1&edid=03337102-274E-EF7A-5BBB-8B18B768E4C2&sortorder=desc&column=row HTTP/1.1" 200 71593
167.114.211.237 - - [01/Jan/2021:15:57:39 +0100] "GET /ticket2/opencms/no/buy/?page=1&edid=724A83C9-CDED-0E27-D4D6-2D13687BF857 HTTP/1.1" 200 69796
192.99.13.75 - - [01/Jan/2021:15:57:53 +0100] "GET /ticket2/opencms/ru/buy/?page=1&edid=03337102-274E-EF7A-5BBB-8B18B768E4C2&sortorder=desc&column=section HTTP/1.1" 200 71593
66.249.66.137 - - [01/Jan/2021:15:57:57 +0100] "GET /ticket2/opencms/sv/buy/?page=6&comcatid=A17713B6-D984-201A-4143-ED4DB5ED5C2E&catid=D8B345C9-F7A5-E620-4B43-C34EB0D6885B&eventid=751FDF35-7BC0-E384-D058-DB0965C9A9B0 HTTP/1.1" 200 75879
54.36.148.250 - - [01/Jan/2021:15:58:00 +0100] "GET /ticket2/opencms/fi/buy/?comcatid=A17713B6-D984-201A-4143-ED4DB5ED5C2E&catid=F2006A3D-5EE0-B40B-5749-60C15271538F HTTP/1.1" 200 76621
157.55.39.144 - - [01/Jan/2021:15:58:03 +0100] "GET /ticket2/opencms/dk/sport/fodboldbilletter/bundesliga/monchengladbach/ HTTP/1.1" 200 66247
167.114.209.104 - - [01/Jan/2021:15:58:10 +0100] "GET /ticket2/opencms/fi/buy/?page=1&edid=4E8EDA18-84C5-1D68-07E6-4F55FEDF2DED&sortorder=asc&column=row HTTP/1.1" 200 70647
167.114.211.237 - - [01/Jan/2021:15:58:10 +0100] "GET /ticket2/opencms/no/buy/?page=1&edid=72D5103D-5252-5D0E-5EEF-39FB0BB4BED9 HTTP/1.1" 200 69795
192.99.13.75 - - [01/Jan/2021:15:58:11 +0100] "GET /ticket2/opencms/ru/buy/?page=1&edid=0341AF20-4F3F-63CA-C1A9-8C1AA13C52B1&sortorder=asc&column=price HTTP/1.1" 200 73472
192.99.13.75 - - [01/Jan/2021:15:58:30 +0100] "GET /ticket2/opencms/ru/buy/?page=1&edid=0341AF20-4F3F-63CA-C1A9-8C1AA13C52B1&sortorder=asc&column=row HTTP/1.1" 200 73472
167.114.211.237 - - [01/Jan/2021:15:58:36 +0100] "GET /ticket2/opencms/no/buy/?page=1&edid=72EFF4C3-F2CF-1B27-5F03-64D46F8CDC4B HTTP/1.1" 200 71203
192.99.13.75 - - [01/Jan/2021:15:58:48 +0100] "GET /ticket2/opencms/ru/buy/?page=1&edid=0341AF20-4F3F-63CA-C1A9-8C1AA13C52B1&sortorder=asc&column=section HTTP/1.1" 200 73472
192.99.13.75 - - [01/Jan/2021:15:59:03 +0100] "GET /ticket2/opencms/ru/buy/?page=1&edid=037933B2-BE61-53EE-FA20-8AEB3C558A32&sortorder=asc&column=price HTTP/1.1" 200 72128
167.114.209.104 - - [01/Jan/2021:15:59:06 +0100] "GET /ticket2/opencms/fi/buy/?page=1&edid=4EF098E4-DC23-530E-CD92-2B199FAFEF63&sortorder=asc&column=price HTTP/1.1" 200 70653
167.114.211.237 - - [01/Jan/2021:15:59:19 +0100] "GET /ticket2/opencms/no/buy/?page=1&edid=72EFF4C3-F2CF-1B27-5F03-64D46F8CDC4B&sortorder=desc&column=price HTTP/1.1" 200 71238
216.244.66.237 - - [01/Jan/2021:15:59:24 +0100] "GET /ticket2/opencms/dk/robots.txt HTTP/1.1" 404 -
114.119.133.76 - - [01/Jan/2021:15:59:26 +0100] "GET /ticket2/opencms/sv/buy/?page=1&edid=916F2EF4-6FE1-7E81-87CE-194E3C0EB782 HTTP/1.1" 200 71334
192.99.13.75 - - [01/Jan/2021:15:59:41 +0100] "GET /ticket2/opencms/ru/buy/?page=1&edid=037933B2-BE61-53EE-FA20-8AEB3C558A32&sortorder=asc&column=row HTTP/1.1" 200 72128
54.36.148.0 - - [01/Jan/2021:15:59:57 +0100] "GET /ticket2/opencms/fi/buy/?comcatid=A17713B6-D984-201A-4143-ED4DB5ED5C2E&catid=FF8D7FE7-4B09-7305-01C7-2D47F7913EB8 HTTP/1.1" 200 76622
167.114.209.104 - - [01/Jan/2021:15:59:57 +0100] "GET /ticket2/opencms/fi/buy/?page=1&edid=4EF098E4-DC23-530E-CD92-2B199FAFEF63&sortorder=asc&column=row HTTP/1.1" 200 70653
167.114.211.237 - - [01/Jan/2021:15:59:58 +0100] "GET /ticket2/opencms/no/buy/?page=1&edid=72EFF4C3-F2CF-1B27-5F03-64D46F8CDC4B&sortorder=desc&column=row HTTP/1.1" 200 71238
192.99.13.75 - - [01/Jan/2021:16:00:10 +0100] "GET /ticket2/opencms/ru/buy/?page=1&edid=037933B2-BE61-53EE-FA20-8AEB3C558A32&sortorder=asc&column=section HTTP/1.1" 200 72128
45.155.205.108 - - [01/Jan/2021:16:00:14 +0100] "GET /ticket2/opencms/vendor/phpunit/phpunit/src/Util/PHP/eval-stdin.php HTTP/1.1" 404 -
45.155.205.108 - - [01/Jan/2021:16:00:14 +0100] "GET /ticket2/opencms/api/jsonws/invoke HTTP/1.1" 404 -
207.46.13.183 - - [01/Jan/2021:16:00:16 +0100] "GET /ticket2/opencms/fi/venue/?venueid=F7C7B813-65CC-75A1-88FA-A5B025A08445 HTTP/1.1" 200 66444
45.155.205.108 - - [01/Jan/2021:16:00:16 +0100] "GET /ticket2/opencms/index.php?s=/Index/%255cthink%255capp/invokefunction&function=call_user_func_array&vars%255b0%255d=md5&vars%255b1%255d%255b%255d=HelloThinkPHP21 HTTP/1.1" 404 -
45.155.205.108 - - [01/Jan/2021:16:00:16 +0100] "GET /ticket2/opencms/wp-content/plugins/wp-file-manager/readme.txt HTTP/1.1" 404 -
216.245.221.83 - - [01/Jan/2021:16:00:18 +0100] "HEAD /ticket2/opencms/ HTTP/1.1" 302 -
45.155.205.108 - - [01/Jan/2021:16:00:18 +0100] "GET /ticket2/opencms/console/ HTTP/1.1" 404 -
216.245.221.83 - - [01/Jan/2021:16:00:18 +0100] "HEAD /ticket2/opencms/en/ HTTP/1.1" 200 -
45.155.205.108 - - [01/Jan/2021:16:00:19 +0100] "GET /ticket2/opencms/?XDEBUG_SESSION_START=phpstorm HTTP/1.1" 302 -
45.155.205.108 - - [01/Jan/2021:16:00:19 +0100] "GET /ticket2/opencms/vendor/phpunit/phpunit/src/Util/PHP/eval-stdin.php HTTP/1.1" 404 -
45.155.205.108 - - [01/Jan/2021:16:00:22 +0100] "GET /ticket2/opencms/solr/admin/info/system?wt=json HTTP/1.1" 404 -
45.155.205.108 - - [01/Jan/2021:16:00:23 +0100] "GET /ticket2/opencms/Autodiscover/Autodiscover.xml HTTP/1.1" 404 -
167.114.211.237 - - [01/Jan/2021:16:00:27 +0100] "GET /ticket2/opencms/no/buy/?page=1&edid=72EFF4C3-F2CF-1B27-5F03-64D46F8CDC4B&sortorder=desc&column=section HTTP/1.1" 200 71238
167.114.209.104 - - [01/Jan/2021:16:00:45 +0100] "GET /ticket2/opencms/fi/buy/?page=1&edid=4EF098E4-DC23-530E-CD92-2B199FAFEF63&sortorder=asc&column=section HTTP/1.1" 200 70653
192.99.13.75 - - [01/Jan/2021:16:00:45 +0100] "GET /ticket2/opencms/ru/buy/?page=1&edid=037933B2-BE61-53EE-FA20-8AEB3C558A32&sortorder=desc&column=price HTTP/1.1" 200 72127
167.114.211.237 - - [01/Jan/2021:16:00:55 +0100] "GET /ticket2/opencms/no/buy/?page=1&edid=7336D913-08E6-2684-3416-39DC03B1DB86 HTTP/1.1" 200 71665
192.99.13.75 - - [01/Jan/2021:16:01:10 +0100] "GET /ticket2/opencms/ru/buy/?page=1&edid=037933B2-BE61-53EE-FA20-8AEB3C558A32&sortorder=desc&column=row HTTP/1.1" 200 72127
157.55.39.240 - - [01/Jan/2021:16:01:30 +0100] "GET /ticket2/opencms/dk/buy/?page=1&edid=4BC975E3-859D-D81F-E825-955CB09477D2 HTTP/1.1" 200 71384
167.114.211.237 - - [01/Jan/2021:16:01:34 +0100] "GET /ticket2/opencms/no/buy/?page=1&edid=7339101C-AB59-95E5-2B5B-50B0ADC75A8C HTTP/1.1" 200 69782
167.114.209.104 - - [01/Jan/2021:16:01:39 +0100] "GET /ticket2/opencms/fi/buy/?page=1&edid=5264929B-CFC6-6130-39CF-A9B1A1C1211D&sortorder=asc&column=price HTTP/1.1" 200 70621
54.36.148.250 - - [01/Jan/2021:16:01:51 +0100] "GET /ticket2/opencms/fi/buy/?comcatid=A17713B6-D984-201A-4143-ED4DB5ED5C2E&catid=3A7AEA37-903D-9533-4B33-21B0001FF1D1 HTTP/1.1" 200 76626
192.99.13.75 - - [01/Jan/2021:16:01:55 +0100] "GET /ticket2/opencms/ru/buy/?page=1&edid=037933B2-BE61-53EE-FA20-8AEB3C558A32&sortorder=desc&column=section HTTP/1.1" 200 72127
167.114.211.237 - - [01/Jan/2021:16:02:09 +0100] "GET /ticket2/opencms/no/buy/?page=1&edid=74879902-3305-5658-7FBC-5B1AD375E2DC HTTP/1.1" 200 71643
192.99.13.75 - - [01/Jan/2021:16:02:21 +0100] "GET /ticket2/opencms/ru/buy/?page=1&edid=0402FC40-F678-C9EA-3CF1-F40BA80359DC HTTP/1.1" 200 70212
167.114.209.104 - - [01/Jan/2021:16:02:27 +0100] "GET /ticket2/opencms/fi/buy/?page=1&edid=55937450-3F28-1801-A771-9DC76286638A&sortorder=asc&column=price HTTP/1.1" 200 72047
167.114.211.237 - - [01/Jan/2021:16:02:36 +0100] "GET /ticket2/opencms/no/buy/?page=1&edid=74EFCA32-6815-FF4B-4089-5178E45F69AE HTTP/1.1" 200 71623
192.99.13.75 - - [01/Jan/2021:16:02:56 +0100] "GET /ticket2/opencms/ru/buy/?page=1&edid=0402FC40-F678-C9EA-3CF1-F40BA80359DC&sortorder=asc&column=price HTTP/1.1" 200 70248
167.114.211.237 - - [01/Jan/2021:16:03:09 +0100] "GET /ticket2/opencms/no/buy/?page=1&edid=7506FBD2-A410-DF9F-8534-187856C1F15E HTTP/1.1" 200 69773
167.114.209.104 - - [01/Jan/2021:16:03:12 +0100] "GET /ticket2/opencms/fi/buy/?page=1&edid=55937450-3F28-1801-A771-9DC76286638A&sortorder=asc&column=row HTTP/1.1" 200 72047
192.99.13.75 - - [01/Jan/2021:16:03:18 +0100] "GET /ticket2/opencms/ru/buy/?page=1&edid=0402FC40-F678-C9EA-3CF1-F40BA80359DC&sortorder=asc&column=row HTTP/1.1" 200 70248
209.17.96.58 - - [01/Jan/2021:16:03:28 +0100] "GET / HTTP/1.1" 404 -
167.114.211.237 - - [01/Jan/2021:16:03:39 +0100] "GET /ticket2/opencms/no/buy/?page=1&edid=7545A501-A74F-FCD9-6047-6417398923F8 HTTP/1.1" 200 71693
13.66.139.68 - - [01/Jan/2021:16:03:44 +0100] "GET /ticket2/opencms/dk/sport/fodboldbilletter/premier-league/bournemouth/ HTTP/1.1" 200 66108
192.99.13.75 - - [01/Jan/2021:16:03:45 +0100] "GET /ticket2/opencms/ru/buy/?page=1&edid=0402FC40-F678-C9EA-3CF1-F40BA80359DC&sortorder=asc&column=section HTTP/1.1" 200 70248
54.36.148.250 - - [01/Jan/2021:16:03:46 +0100] "GET /ticket2/opencms/fi/buy/?comcatid=A17713B6-D984-201A-4143-ED4DB5ED5C2E&catid=7CF2D645-F785-0CBB-1B7C-C4711617EAAD HTTP/1.1" 200 76641
114.119.132.238 - - [01/Jan/2021:16:03:48 +0100] "GET /ticket2/opencms/fi/buy/?page=1&edid=B33DD1DC-05CA-B961-4569-DBEA9D57EDE4&sortorder=asc&column=section HTTP/1.1" 200 72728
167.114.211.237 - - [01/Jan/2021:16:03:53 +0100] "GET /ticket2/opencms/no/buy/?page=1&edid=754F99FA-61AE-B00D-5479-3360249E1BF3 HTTP/1.1" 200 69775
167.114.209.104 - - [01/Jan/2021:16:04:04 +0100] "GET /ticket2/opencms/fi/buy/?page=1&edid=55937450-3F28-1801-A771-9DC76286638A&sortorder=asc&column=section HTTP/1.1" 200 72047
192.99.13.75 - - [01/Jan/2021:16:04:07 +0100] "GET /ticket2/opencms/ru/buy/?page=1&edid=0402FC40-F678-C9EA-3CF1-F40BA80359DC&sortorder=desc&column=price HTTP/1.1" 200 70247
167.114.211.237 - - [01/Jan/2021:16:04:27 +0100] "GET /ticket2/opencms/no/buy/?page=1&edid=75721226-F70E-4F53-CBCB-357FA3EDE1B8 HTTP/1.1" 200 69799
192.99.13.75 - - [01/Jan/2021:16:04:36 +0100] "GET /ticket2/opencms/ru/buy/?page=1&edid=0402FC40-F678-C9EA-3CF1-F40BA80359DC&sortorder=desc&column=row HTTP/1.1" 200 70247
167.114.209.104 - - [01/Jan/2021:16:04:44 +0100] "GET /ticket2/opencms/fi/buy/?page=1&edid=560F8743-1189-B0F0-2D5F-D8CF952FE657&sortorder=asc&column=row HTTP/1.1" 200 70648
192.99.13.75 - - [01/Jan/2021:16:04:52 +0100] "GET /ticket2/opencms/ru/buy/?page=1&edid=0402FC40-F678-C9EA-3CF1-F40BA80359DC&sortorder=desc&column=section HTTP/1.1" 200 70247
167.114.211.237 - - [01/Jan/2021:16:05:04 +0100] "GET /ticket2/opencms/no/buy/?page=1&edid=7620AC05-C07D-20B0-5C26-2BB0AB225757 HTTP/1.1" 200 71866
216.18.204.210 - - [01/Jan/2021:16:05:06 +0100] "GET /ticket2/opencms/sv/buy/?comcatid=A17713B6-D984-201A-4143-ED4DB5ED5C2E&catid=0A9E385E-33D9-328E-DC79-CA2C7009C829 HTTP/1.1" 200 75514
192.99.13.75 - - [01/Jan/2021:16:05:09 +0100] "GET /ticket2/opencms/ru/buy/?page=1&edid=0423F886-7646-C776-7223-998CA06B03B8 HTTP/1.1" 200 70231
157.55.39.2 - - [01/Jan/2021:16:05:09 +0100] "GET /ticket2/opencms/robots.txt HTTP/1.1" 200 773
13.66.139.68 - - [01/Jan/2021:16:05:15 +0100] "GET /ticket2/opencms/dk/sport/fodboldbilletter/premier-league/crystal_palace/ HTTP/1.1" 200 66191
216.245.221.83 - - [01/Jan/2021:16:05:18 +0100] "HEAD /ticket2/opencms/ HTTP/1.1" 302 -
216.245.221.83 - - [01/Jan/2021:16:05:18 +0100] "HEAD /ticket2/opencms/en/ HTTP/1.1" 200 -
192.99.13.75 - - [01/Jan/2021:16:05:27 +0100] "GET /ticket2/opencms/ru/buy/?page=1&edid=0423F886-7646-C776-7223-998CA06B03B8&sortorder=asc&column=price HTTP/1.1" 200 70267
167.114.209.104 - - [01/Jan/2021:16:05:32 +0100] "GET /ticket2/opencms/fi/buy/?page=1&edid=560F8743-1189-B0F0-2D5F-D8CF952FE657&sortorder=asc&column=section HTTP/1.1" 200 70648
192.99.13.75 - - [01/Jan/2021:16:05:36 +0100] "GET /ticket2/opencms/ru/buy/?page=1&edid=0423F886-7646-C776-7223-998CA06B03B8&sortorder=asc&column=row HTTP/1.1" 200 70267
54.36.148.250 - - [01/Jan/2021:16:05:39 +0100] "GET /ticket2/opencms/fi/buy/?comcatid=A17713B6-D984-201A-4143-ED4DB5ED5C2E&catid=7EF04817-972D-18B1-F941-DE800D088075 HTTP/1.1" 200 76625
167.114.211.237 - - [01/Jan/2021:16:05:42 +0100] "GET /ticket2/opencms/no/buy/?page=1&edid=765F97BA-C920-639C-860F-B72DB0C768A6 HTTP/1.1" 200 71432
192.99.13.75 - - [01/Jan/2021:16:05:56 +0100] "GET /ticket2/opencms/ru/buy/?page=1&edid=0423F886-7646-C776-7223-998CA06B03B8&sortorder=asc&column=section HTTP/1.1" 200 70267
13.66.139.68 - - [01/Jan/2021:16:06:14 +0100] "GET /ticket2/opencms/fi/urheilu/jalkapallo/bundesliga/schalke/ HTTP/1.1" 200 67432
192.99.13.75 - - [01/Jan/2021:16:06:19 +0100] "GET /ticket2/opencms/ru/buy/?page=1&edid=0423F886-7646-C776-7223-998CA06B03B8&sortorder=desc&column=price HTTP/1.1" 200 70266
167.114.211.237 - - [01/Jan/2021:16:06:25 +0100] "GET /ticket2/opencms/no/buy/?page=1&edid=770A3EE6-BF74-E38D-C873-11B5411E184E HTTP/1.1" 200 69793
167.114.209.104 - - [01/Jan/2021:16:06:26 +0100] "GET /ticket2/opencms/fi/buy/?page=1&edid=56A490CF-7948-0078-52A7-122DAC9AF25D&sortorder=asc&column=price HTTP/1.1" 200 70673
192.99.13.75 - - [01/Jan/2021:16:06:29 +0100] "GET /ticket2/opencms/ru/buy/?page=1&edid=0423F886-7646-C776-7223-998CA06B03B8&sortorder=desc&column=row HTTP/1.1" 200 70266
114.119.154.211 - - [01/Jan/2021:16:06:30 +0100] "GET /ticket2/opencms/en/venue/?venueid=03CDE5C1-6C85-4333-AD6E-F14ADEB9C5AB HTTP/1.1" 200 65201
216.18.204.210 - - [01/Jan/2021:16:06:36 +0100] "GET /ticket2/opencms/sv/buy/?comcatid=A17713B6-D984-201A-4143-ED4DB5ED5C2E&catid=21C3854B-901E-11F9-7B7D-6838CC6AFAA4 HTTP/1.1" 200 75506
66.249.66.38 - - [01/Jan/2021:16:06:37 +0100] "GET /ticket2/opencms/ru/buy/?page=6&comcatid=810BB404-4103-77F2-A6C2-12D5E6C338E2 HTTP/1.1" 200 67621
192.99.13.75 - - [01/Jan/2021:16:07:02 +0100] "GET /ticket2/opencms/ru/buy/?page=1&edid=0423F886-7646-C776-7223-998CA06B03B8&sortorder=desc&column=section HTTP/1.1" 200 70266
167.114.211.237 - - [01/Jan/2021:16:07:02 +0100] "GET /ticket2/opencms/no/buy/?page=1&edid=7753EA52-7985-00A7-A9DB-D81E6156C674&sortorder=desc&column=price HTTP/1.1" 200 69821
167.114.209.104 - - [01/Jan/2021:16:07:13 +0100] "GET /ticket2/opencms/fi/buy/?page=1&edid=56A490CF-7948-0078-52A7-122DAC9AF25D&sortorder=asc&column=row HTTP/1.1" 200 70673
192.99.13.75 - - [01/Jan/2021:16:07:21 +0100] "GET /ticket2/opencms/ru/buy/?page=1&edid=0435AA01-DEED-F5D9-39FC-322BF9B9D7E3 HTTP/1.1" 200 70202
66.249.66.158 - - [01/Jan/2021:16:07:24 +0100] "GET /ticket2/opencms/fi/venue/?countryid=8858D171-8914-8DFD-A2E4-50FE56A44627 HTTP/1.1" 200 95819
167.114.211.237 - - [01/Jan/2021:16:07:36 +0100] "GET /ticket2/opencms/no/buy/?page=1&edid=79CCFD61-A014-AE43-C5ED-F574B4885086&sortorder=asc&column=row HTTP/1.1" 200 72090
54.36.148.250 - - [01/Jan/2021:16:07:36 +0100] "GET /ticket2/opencms/fi/buy/?comcatid=A17713B6-D984-201A-4143-ED4DB5ED5C2E&catid=88C381AD-5D76-A34D-AC15-A7129F8EF5BE HTTP/1.1" 200 76627
192.99.13.75 - - [01/Jan/2021:16:07:45 +0100] "GET /ticket2/opencms/ru/buy/?page=1&edid=0435AA01-DEED-F5D9-39FC-322BF9B9D7E3&sortorder=asc&column=price HTTP/1.1" 200 70238
167.114.211.237 - - [01/Jan/2021:16:08:01 +0100] "GET /ticket2/opencms/no/buy/?page=1&edid=79CCFD61-A014-AE43-C5ED-F574B4885086&sortorder=asc&column=section HTTP/1.1" 200 72090
17.58.101.37 - - [01/Jan/2021:16:08:01 +0100] "GET /ticket2/opencms/en/buy/?edid=24AF829E-10D1-5180-8437-2DA5F16AB60A&page=1 HTTP/1.1" 200 71962
66.249.66.137 - - [01/Jan/2021:16:08:06 +0100] "GET /ticket2/opencms/no/buy/?page=10&eventid=282F5DF8-5A3D-F7D2-3E5F-0D020732E34A&column= HTTP/1.1" 200 67163
114.119.135.253 - - [01/Jan/2021:16:08:10 +0100] "GET /ticket2/opencms/fi/buy/?page=1&edid=E78BA40C-2406-9134-FABA-A11F16887BBA&sortorder=desc&column=price HTTP/1.1" 200 71750
192.99.13.75 - - [01/Jan/2021:16:08:12 +0100] "GET /ticket2/opencms/ru/buy/?page=1&edid=0435AA01-DEED-F5D9-39FC-322BF9B9D7E3&sortorder=asc&column=row HTTP/1.1" 200 70238
167.114.211.237 - - [01/Jan/2021:16:08:19 +0100] "GET /ticket2/opencms/no/buy/?page=1&edid=7AC6ABB3-09AC-6373-722A-4325330B2FBA HTTP/1.1" 200 71629
192.99.13.75 - - [01/Jan/2021:16:08:30 +0100] "GET /ticket2/opencms/ru/buy/?page=1&edid=0435AA01-DEED-F5D9-39FC-322BF9B9D7E3&sortorder=asc&column=section HTTP/1.1" 200 70238
167.114.209.104 - - [01/Jan/2021:16:08:32 +0100] "GET /ticket2/opencms/fi/buy/?page=1&edid=56A490CF-7948-0078-52A7-122DAC9AF25D&sortorder=asc&column=section HTTP/1.1" 200 70673
167.114.211.237 - - [01/Jan/2021:16:08:46 +0100] "GET /ticket2/opencms/no/buy/?page=1&edid=7B321A0B-1BF5-2AC4-8712-53EC9BDC70F1 HTTP/1.1" 200 71647
157.55.39.134 - - [01/Jan/2021:16:08:47 +0100] "GET /ticket2/opencms/fi/urheilu/jalkapallo/la-liga/real_betis/ HTTP/1.1" 200 67446
192.99.13.75 - - [01/Jan/2021:16:08:50 +0100] "GET /ticket2/opencms/ru/buy/?page=1&edid=0435AA01-DEED-F5D9-39FC-322BF9B9D7E3&sortorder=desc&column=price HTTP/1.1" 200 70237
192.99.13.75 - - [01/Jan/2021:16:09:10 +0100] "GET /ticket2/opencms/ru/buy/?page=1&edid=0435AA01-DEED-F5D9-39FC-322BF9B9D7E3&sortorder=desc&column=row HTTP/1.1" 200 70237
162.210.196.100 - - [01/Jan/2021:16:09:14 +0100] "GET /ticket2/opencms/robots.txt HTTP/1.1" 200 773
167.114.211.237 - - [01/Jan/2021:16:09:14 +0100] "GET /ticket2/opencms/no/buy/?page=1&edid=7BE80F00-2774-9750-D835-26047A5CC0BC&sortorder=asc&column=price HTTP/1.1" 200 69847
162.210.196.100 - - [01/Jan/2021:16:09:30 +0100] "GET /ticket2/opencms/ HTTP/1.1" 302 -
54.36.148.129 - - [01/Jan/2021:16:09:31 +0100] "GET /ticket2/opencms/fi/buy/?comcatid=A17713B6-D984-201A-4143-ED4DB5ED5C2E&catid=0A9E385E-33D9-328E-DC79-CA2C7009C829 HTTP/1.1" 200 76625
192.99.13.75 - - [01/Jan/2021:16:09:32 +0100] "GET /ticket2/opencms/ru/buy/?page=1&edid=04413630-8EF6-2C5F-D5B5-862DEDA40F72 HTTP/1.1" 200 70186
162.210.196.100 - - [01/Jan/2021:16:09:33 +0100] "GET /ticket2/opencms/en/ HTTP/1.1" 200 66287
167.114.209.104 - - [01/Jan/2021:16:09:35 +0100] "GET /ticket2/opencms/fi/buy/?page=1&edid=574A97A1-436C-7447-9CE6-CF4F5316C15F&sortorder=asc&column=price HTTP/1.1" 200 73811
167.114.211.237 - - [01/Jan/2021:16:09:45 +0100] "GET /ticket2/opencms/no/buy/?page=1&edid=7BE80F00-2774-9750-D835-26047A5CC0BC&sortorder=asc&column=row HTTP/1.1" 200 69847
192.99.13.75 - - [01/Jan/2021:16:09:49 +0100] "GET /ticket2/opencms/ru/buy/?page=1&edid=04F20BC9-AF27-8CB9-F603-C84D40086A47&sortorder=asc&column=price HTTP/1.1" 200 72153
192.99.13.75 - - [01/Jan/2021:16:10:07 +0100] "GET /ticket2/opencms/ru/buy/?page=1&edid=04F20BC9-AF27-8CB9-F603-C84D40086A47&sortorder=asc&column=row HTTP/1.1" 200 72153
216.245.221.83 - - [01/Jan/2021:16:10:18 +0100] "HEAD /ticket2/opencms/ HTTP/1.1" 302 -
216.245.221.83 - - [01/Jan/2021:16:10:19 +0100] "HEAD /ticket2/opencms/en/ HTTP/1.1" 200 -
157.55.39.170 - - [01/Jan/2021:16:10:22 +0100] "GET /ticket2/opencms/en/archive/events/ HTTP/1.1" 200 75183
192.99.13.75 - - [01/Jan/2021:16:10:23 +0100] "GET /ticket2/opencms/ru/buy/?page=1&edid=04F20BC9-AF27-8CB9-F603-C84D40086A47&sortorder=asc&column=section HTTP/1.1" 200 72153
167.114.211.237 - - [01/Jan/2021:16:10:27 +0100] "GET /ticket2/opencms/no/buy/?page=1&edid=7C751E74-70B5-A98A-2B53-C67CB5854788 HTTP/1.1" 200 69772
167.114.209.104 - - [01/Jan/2021:16:10:40 +0100] "GET /ticket2/opencms/fi/buy/?page=1&edid=574A97A1-436C-7447-9CE6-CF4F5316C15F&sortorder=asc&column=row HTTP/1.1" 200 73811
192.99.13.75 - - [01/Jan/2021:16:10:50 +0100] "GET /ticket2/opencms/ru/buy/?page=1&edid=04F20BC9-AF27-8CB9-F603-C84D40086A47&sortorder=desc&column=price HTTP/1.1" 200 72152
207.46.13.183 - - [01/Jan/2021:16:11:04 +0100] "GET /ticket2/opencms/no/buy/?page=1&edid=8DDE8B67-2000-FC13-BC50-206499AE7292 HTTP/1.1" 200 71691
167.114.211.237 - - [01/Jan/2021:16:11:05 +0100] "GET /ticket2/opencms/no/buy/?page=1&edid=7C790742-9A8F-2B11-F402-0A5FDFE417A7 HTTP/1.1" 200 69778
192.99.13.75 - - [01/Jan/2021:16:11:09 +0100] "GET /ticket2/opencms/ru/buy/?page=1&edid=04F20BC9-AF27-8CB9-F603-C84D40086A47&sortorder=desc&column=row HTTP/1.1" 200 72152
111.23.19.149 - - [01/Jan/2021:16:11:22 +0100] "GET /manager/html HTTP/1.1" 404 -
111.23.19.149 - - [01/Jan/1970:00:59:59 +0100] "-" 400 -
111.23.19.149 - - [01/Jan/1970:00:59:59 +0100] "-" 400 -
54.36.148.60 - - [01/Jan/2021:16:11:26 +0100] "GET /ticket2/opencms/fi/buy/?comcatid=A17713B6-D984-201A-4143-ED4DB5ED5C2E&catid=BE041FBE-C1A7-918C-EB61-99ED02D12F5B HTTP/1.1" 200 76629
167.114.211.237 - - [01/Jan/2021:16:11:35 +0100] "GET /ticket2/opencms/no/buy/?page=1&edid=7C856DBA-4F48-B4D9-82D1-DF373F59E83D HTTP/1.1" 200 69808
167.114.209.104 - - [01/Jan/2021:16:11:38 +0100] "GET /ticket2/opencms/fi/buy/?page=1&edid=574A97A1-436C-7447-9CE6-CF4F5316C15F&sortorder=asc&column=section HTTP/1.1" 200 73811
192.99.13.75 - - [01/Jan/2021:16:11:39 +0100] "GET /ticket2/opencms/ru/buy/?page=1&edid=04F20BC9-AF27-8CB9-F603-C84D40086A47&sortorder=desc&column=section HTTP/1.1" 200 72152
216.18.204.210 - - [01/Jan/2021:16:11:47 +0100] "GET /ticket2/opencms/sv/buy/?comcatid=A17713B6-D984-201A-4143-ED4DB5ED5C2E&catid=24AC1CA6-1C09-0BE5-C04A-9DCCDB15D5E9 HTTP/1.1" 200 75514
192.99.13.75 - - [01/Jan/2021:16:12:04 +0100] "GET /ticket2/opencms/ru/buy/?page=1&edid=051CC5A6-4F43-B108-1719-5B0E1658C6C2&sortorder=asc&column=price HTTP/1.1" 200 71763
167.114.211.237 - - [01/Jan/2021:16:12:15 +0100] "GET /ticket2/opencms/no/buy/?page=1&edid=7C9D1D8F-C2A8-5273-4C6A-8733A1E01057 HTTP/1.1" 200 69803
192.99.13.75 - - [01/Jan/2021:16:12:26 +0100] "GET /ticket2/opencms/ru/buy/?page=1&edid=051CC5A6-4F43-B108-1719-5B0E1658C6C2&sortorder=asc&column=row HTTP/1.1" 200 71763
114.119.137.95 - - [01/Jan/2021:16:12:32 +0100] "GET /ticket2/opencms/en/venue/?venueid=549D1F21-57F6-6965-4AE0-C027D23DF3A5 HTTP/1.1" 200 65312
167.114.209.104 - - [01/Jan/2021:16:12:41 +0100] "GET /ticket2/opencms/fi/buy/?page=1&edid=5B7A975E-50B5-FD5C-5441-DAE563F948E6&sortorder=asc&column=row HTTP/1.1" 200 70618
167.114.211.237 - - [01/Jan/2021:16:12:55 +0100] "GET /ticket2/opencms/no/buy/?page=1&edid=7E27BB3F-F26E-7D39-A83A-B6D06FAF84BC HTTP/1.1" 200 69806
157.55.39.170 - - [01/Jan/2021:16:12:58 +0100] "GET /ticket2/opencms/en/buy/?page=6&comcatid=0A6B8208-FDA4-E929-9D72-5312FD481B76 HTTP/1.1" 200 68785
192.99.13.75 - - [01/Jan/2021:16:13:02 +0100] "GET /ticket2/opencms/ru/buy/?page=1&edid=051CC5A6-4F43-B108-1719-5B0E1658C6C2&sortorder=asc&column=section HTTP/1.1" 200 71763
54.36.148.113 - - [01/Jan/2021:16:13:19 +0100] "GET /ticket2/opencms/fi/buy/?comcatid=A17713B6-D984-201A-4143-ED4DB5ED5C2E&catid=21C3854B-901E-11F9-7B7D-6838CC6AFAA4 HTTP/1.1" 200 76626
167.114.209.104 - - [01/Jan/2021:16:13:25 +0100] "GET /ticket2/opencms/fi/buy/?page=1&edid=5B7A975E-50B5-FD5C-5441-DAE563F948E6&sortorder=asc&column=section HTTP/1.1" 200 70618
167.114.211.237 - - [01/Jan/2021:16:13:40 +0100] "GET /ticket2/opencms/no/buy/?page=1&edid=7E2BCA1D-2716-DF70-E5BF-888ABD5879E9 HTTP/1.1" 200 71661
192.99.13.75 - - [01/Jan/2021:16:13:52 +0100] "GET /ticket2/opencms/ru/buy/?page=1&edid=051CC5A6-4F43-B108-1719-5B0E1658C6C2&sortorder=desc&column=price HTTP/1.1" 200 71762
216.18.204.210 - - [01/Jan/2021:16:14:00 +0100] "GET /ticket2/opencms/sv/buy/?comcatid=A17713B6-D984-201A-4143-ED4DB5ED5C2E&catid=2DE12DDA-A5FB-C1C6-CB20-FBF873FB032B HTTP/1.1" 200 75526
167.114.209.104 - - [01/Jan/2021:16:14:13 +0100] "GET /ticket2/opencms/fi/buy/?page=1&edid=5C32C181-43E5-011F-4117-B8BE3780A7C3&sortorder=asc&column=price HTTP/1.1" 200 72920
167.114.211.237 - - [01/Jan/2021:16:14:15 +0100] "GET /ticket2/opencms/no/buy/?page=1&edid=7EDF1BEF-5D50-8727-2707-09268639FF35 HTTP/1.1" 200 69793
192.99.13.75 - - [01/Jan/2021:16:14:28 +0100] "GET /ticket2/opencms/ru/buy/?page=1&edid=051CC5A6-4F43-B108-1719-5B0E1658C6C2&sortorder=desc&column=row HTTP/1.1" 200 71762
167.114.211.237 - - [01/Jan/2021:16:14:43 +0100] "GET /ticket2/opencms/no/buy/?page=1&edid=7EDF1BEF-5D50-8727-2707-09268639FF35&sortorder=desc&column=row HTTP/1.1" 200 69828
192.99.13.75 - - [01/Jan/2021:16:15:04 +0100] "GET /ticket2/opencms/ru/buy/?page=1&edid=051CC5A6-4F43-B108-1719-5B0E1658C6C2&sortorder=desc&column=section HTTP/1.1" 200 71762
167.114.209.104 - - [01/Jan/2021:16:15:06 +0100] "GET /ticket2/opencms/fi/buy/?page=1&edid=5C32C181-43E5-011F-4117-B8BE3780A7C3&sortorder=asc&column=section HTTP/1.1" 200 72920
54.36.148.171 - - [01/Jan/2021:16:15:13 +0100] "GET /ticket2/opencms/fi/buy/?comcatid=A17713B6-D984-201A-4143-ED4DB5ED5C2E&catid=739BFC5D-78FA-6834-D764-6CE64CA5F9EC HTTP/1.1" 200 76626
167.114.211.237 - - [01/Jan/2021:16:15:18 +0100] "GET /ticket2/opencms/no/buy/?page=1&edid=7EF7D37C-07FE-3083-E852-5E98E846AE0C HTTP/1.1" 200 69816
216.245.221.83 - - [01/Jan/2021:16:15:18 +0100] "HEAD /ticket2/opencms/ HTTP/1.1" 302 -
216.245.221.83 - - [01/Jan/2021:16:15:18 +0100] "HEAD /ticket2/opencms/en/ HTTP/1.1" 200 -
192.99.13.75 - - [01/Jan/2021:16:15:23 +0100] "GET /ticket2/opencms/ru/buy/?page=1&edid=0526AB7D-1492-E0D1-E5E6-6BADBF530B48&sortorder=desc&column=price HTTP/1.1" 200 72160
167.114.211.237 - - [01/Jan/2021:16:15:56 +0100] "GET /ticket2/opencms/no/buy/?page=1&edid=7FF5EB18-5CD4-97E7-2DB8-CB1FE9008083&sortorder=asc&column=price HTTP/1.1" 200 69835
167.114.209.104 - - [01/Jan/2021:16:16:04 +0100] "GET /ticket2/opencms/fi/buy/?page=1&edid=5D083840-1E35-771C-89E3-FB7788923EF6&sortorder=asc&column=row HTTP/1.1" 200 70638
192.99.13.75 - - [01/Jan/2021:16:16:04 +0100] "GET /ticket2/opencms/ru/buy/?page=1&edid=0526AB7D-1492-E0D1-E5E6-6BADBF530B48&sortorder=desc&column=section HTTP/1.1" 200 72160
167.114.211.237 - - [01/Jan/2021:16:16:19 +0100] "GET /ticket2/opencms/no/buy/?page=1&edid=7FF5EB18-5CD4-97E7-2DB8-CB1FE9008083&sortorder=asc&column=row HTTP/1.1" 200 69835
13.66.139.68 - - [01/Jan/2021:16:16:34 +0100] "GET /ticket2/opencms/nl/sport/voetbal-tickets/la_liga/barcelona/ HTTP/1.1" 200 67760
192.99.13.75 - - [01/Jan/2021:16:16:46 +0100] "GET /ticket2/opencms/ru/buy/?page=1&edid=05D22DC2-C8CC-911A-5392-29A47CDB52B7&sortorder=asc&column=price HTTP/1.1" 200 70229
114.119.139.59 - - [01/Jan/2021:16:16:48 +0100] "GET /ticket2/opencms/no/sport/fotballsbilletter/premier_league/newcastle_united/ HTTP/1.1" 200 68059
66.249.66.137 - - [01/Jan/2021:16:16:52 +0100] "GET /ticket2/opencms/tb/opencms/en/archive/events/shakira/2007_03_12_19_30/2.html HTTP/1.1" 404 -
216.18.204.210 - - [01/Jan/2021:16:16:56 +0100] "GET /ticket2/opencms/sv/buy/?comcatid=A17713B6-D984-201A-4143-ED4DB5ED5C2E&catid=2FC3D548-EAF9-1354-0CD2-7D7619DA2334 HTTP/1.1" 200 75506
167.114.211.237 - - [01/Jan/2021:16:17:11 +0100] "GET /ticket2/opencms/no/buy/?page=1&edid=7FF5EB18-5CD4-97E7-2DB8-CB1FE9008083&sortorder=asc&column=section HTTP/1.1" 200 69835
54.36.149.44 - - [01/Jan/2021:16:17:12 +0100] "GET /ticket2/opencms/fi/buy/?comcatid=A17713B6-D984-201A-4143-ED4DB5ED5C2E&catid=24AC1CA6-1C09-0BE5-C04A-9DCCDB15D5E9 HTTP/1.1" 200 76625
167.114.209.104 - - [01/Jan/2021:16:17:21 +0100] "GET /ticket2/opencms/fi/buy/?page=1&edid=5E81605B-F9CB-7DC0-8289-8F2317082EE7&sortorder=asc&column=price HTTP/1.1" 200 70615
192.99.13.75 - - [01/Jan/2021:16:17:22 +0100] "GET /ticket2/opencms/ru/buy/?page=1&edid=05D22DC2-C8CC-911A-5392-29A47CDB52B7&sortorder=asc&column=row HTTP/1.1" 200 70229
13.66.139.68 - - [01/Jan/2021:16:17:25 +0100] "GET /ticket2/opencms/dk/sport/fodboldbilletter/la-liga/las_palmas/ HTTP/1.1" 200 66089
167.114.211.237 - - [01/Jan/2021:16:17:39 +0100] "GET /ticket2/opencms/no/buy/?page=1&edid=80520F94-CD09-8A47-6BD3-D846BA0F2595 HTTP/1.1" 200 69783
192.99.13.75 - - [01/Jan/2021:16:17:51 +0100] "GET /ticket2/opencms/ru/buy/?page=1&edid=05D22DC2-C8CC-911A-5392-29A47CDB52B7&sortorder=asc&column=section HTTP/1.1" 200 70229
13.66.139.68 - - [01/Jan/2021:16:17:54 +0100] "GET /ticket2/opencms/sv/search.html?searchQuery=group+a&submit= HTTP/1.1" 200 85372
167.114.211.237 - - [01/Jan/2021:16:18:17 +0100] "GET /ticket2/opencms/no/buy/?page=1&edid=80F09B1E-DC1C-9CB6-D434-EBABD5638BB6 HTTP/1.1" 200 69782
66.249.66.75 - - [01/Jan/2021:16:18:19 +0100] "GET /ticket2/opencms/fi/venue/?venueid=129F0838-6D53-ECE6-93A4-F5C82745FA58 HTTP/1.1" 200 66421
167.114.209.104 - - [01/Jan/2021:16:18:22 +0100] "GET /ticket2/opencms/fi/buy/?page=1&edid=5E81605B-F9CB-7DC0-8289-8F2317082EE7&sortorder=asc&column=row HTTP/1.1" 200 70615
192.99.13.75 - - [01/Jan/2021:16:18:35 +0100] "GET /ticket2/opencms/ru/buy/?page=1&edid=07032C66-ECCC-8B3A-18FE-F2D4E467100E&sortorder=asc&column=price HTTP/1.1" 200 73001
95.91.76.137 - - [01/Jan/2021:16:18:40 +0100] "GET /ticket2/opencms/robots.txt HTTP/1.1" 200 773
95.91.76.137 - - [01/Jan/2021:16:18:44 +0100] "GET /ticket2/opencms/ru/buy/?page=1&edid=1B60BEE4-B5C3-315B-4A97-0C0CA8AE813C&sortorder=asc&column=section HTTP/1.1" 200 70237
95.91.76.137 - - [01/Jan/2021:16:18:48 +0100] "GET /ticket2/opencms/ru/buy/?page=1&edid=1B781AFE-A8BF-ECCF-D803-349449868C96&sortorder=desc&column=section HTTP/1.1" 200 70210
95.91.76.137 - - [01/Jan/2021:16:18:51 +0100] "GET /ticket2/opencms/ru/buy/?page=1&edid=1B7E6258-815D-432F-4E7E-31083E684184&sortorder=desc&column=price HTTP/1.1" 200 71207
95.91.76.137 - - [01/Jan/2021:16:18:55 +0100] "GET /ticket2/opencms/sv/login/?edid=AC293095-F943-6E2E-6AFF-DB98FBD22E45 HTTP/1.1" 200 67543
167.114.211.237 - - [01/Jan/2021:16:18:57 +0100] "GET /ticket2/opencms/no/buy/?page=1&edid=80F72DA3-C236-6F07-B2C3-94AC6FDC141B HTTP/1.1" 200 69779
95.91.76.137 - - [01/Jan/2021:16:18:59 +0100] "GET /ticket2/opencms/sv/login/?edid=B6C307FF-9F98-CF26-05DA-F53F99E1E2A8 HTTP/1.1" 200 67543
95.91.76.137 - - [01/Jan/2021:16:19:03 +0100] "GET /ticket2/opencms/sv/login/?edid=E5D1B5BB-FD1E-00B5-33D3-0488A6B94D06 HTTP/1.1" 200 67543
95.91.76.137 - - [01/Jan/2021:16:19:07 +0100] "GET /ticket2/opencms/sv/login/?edid=F02C7F98-D962-4F16-67CC-B88BF13049A1 HTTP/1.1" 200 67543
95.91.76.137 - - [01/Jan/2021:16:19:11 +0100] "GET /ticket2/opencms/ticket2/ticket2/ticket2/ticket2/sites/ticketbrokerage/en/standard/ HTTP/1.1" 404 -
216.18.204.210 - - [01/Jan/2021:16:19:12 +0100] "GET /ticket2/opencms/sv/buy/?comcatid=A17713B6-D984-201A-4143-ED4DB5ED5C2E&catid=36394212-F82E-F845-399B-42BED55969CC HTTP/1.1" 200 75509
54.36.148.250 - - [01/Jan/2021:16:19:15 +0100] "GET /ticket2/opencms/fi/buy/?comcatid=A17713B6-D984-201A-4143-ED4DB5ED5C2E&catid=70B37487-FE30-D476-CAE7-E6AFEA3153F2 HTTP/1.1" 200 76618
167.114.209.104 - - [01/Jan/2021:16:19:17 +0100] "GET /ticket2/opencms/fi/buy/?page=1&edid=5E81605B-F9CB-7DC0-8289-8F2317082EE7&sortorder=asc&column=section HTTP/1.1" 200 70615
216.244.66.237 - - [01/Jan/2021:16:19:20 +0100] "GET /ticket2/opencms/en/venue/?countryid=45F5A414-7E6A-581D-803C-BE75F86B0965 HTTP/1.1" 200 94598
192.99.13.75 - - [01/Jan/2021:16:19:21 +0100] "GET /ticket2/opencms/ru/buy/?page=1&edid=07032C66-ECCC-8B3A-18FE-F2D4E467100E&sortorder=asc&column=row HTTP/1.1" 200 73001
216.244.66.237 - - [01/Jan/2021:16:19:27 +0100] "GET /ticket2/opencms/en/venue/?countryid=A120839E-3691-C1CC-A7E6-AFA581C3B971 HTTP/1.1" 200 94598
167.114.211.237 - - [01/Jan/2021:16:19:31 +0100] "GET /ticket2/opencms/no/buy/?page=1&edid=824820CC-CEE0-C33E-47FE-80B69B5E3BC0&sortorder=asc&column=price HTTP/1.1" 200 71262
216.244.66.237 - - [01/Jan/2021:16:19:32 +0100] "GET /ticket2/opencms/en/venue/?countryid=A2F220AE-4AF1-2377-6B91-A90A18E35FA2 HTTP/1.1" 200 94598
192.99.13.75 - - [01/Jan/2021:16:19:55 +0100] "GET /ticket2/opencms/ru/buy/?page=1&edid=07032C66-ECCC-8B3A-18FE-F2D4E467100E&sortorder=asc&column=section HTTP/1.1" 200 73001
167.114.211.237 - - [01/Jan/2021:16:20:08 +0100] "GET /ticket2/opencms/no/buy/?page=1&edid=824820CC-CEE0-C33E-47FE-80B69B5E3BC0&sortorder=asc&column=row HTTP/1.1" 200 71262
216.18.204.210 - - [01/Jan/2021:16:20:12 +0100] "GET /ticket2/opencms/sv/buy/?comcatid=A17713B6-D984-201A-4143-ED4DB5ED5C2E&catid=3A7AEA37-903D-9533-4B33-21B0001FF1D1 HTTP/1.1" 200 75515
216.245.221.83 - - [01/Jan/2021:16:20:18 +0100] "HEAD /ticket2/opencms/ HTTP/1.1" 302 -
216.245.221.83 - - [01/Jan/2021:16:20:18 +0100] "HEAD /ticket2/opencms/en/ HTTP/1.1" 200 -
192.99.160.200 - - [01/Jan/2021:16:20:29 +0100] "GET /ticket2/opencms/robots.txt HTTP/1.1" 200 773
192.99.13.75 - - [01/Jan/2021:16:20:31 +0100] "GET /ticket2/opencms/ru/buy/?page=1&edid=07032C66-ECCC-8B3A-18FE-F2D4E467100E&sortorder=desc&column=price HTTP/1.1" 200 73000
167.114.209.104 - - [01/Jan/2021:16:20:41 +0100] "GET /ticket2/opencms/fi/buy/?page=1&edid=68AF64D9-DC10-F854-39FA-84D5E1F2F070&sortorder=asc&column=row HTTP/1.1" 200 72570
167.114.211.237 - - [01/Jan/2021:16:20:42 +0100] "GET /ticket2/opencms/no/buy/?page=1&edid=82CD5B36-CDC8-E695-F2A6-A362041AEA89 HTTP/1.1" 200 69818
192.99.13.75 - - [01/Jan/2021:16:20:55 +0100] "GET /ticket2/opencms/ru/buy/?page=1&edid=07032C66-ECCC-8B3A-18FE-F2D4E467100E&sortorder=desc&column=row HTTP/1.1" 200 73000
192.99.160.200 - - [01/Jan/2021:16:21:00 +0100] "GET /ticket2/opencms/nl/buy/?page=1&edid=2885F5B5-EAC4-1031-A06B-102F5CDC60A3&sortorder=desc&column=row HTTP/1.1" 200 68318
54.36.148.51 - - [01/Jan/2021:16:21:07 +0100] "GET /ticket2/opencms/en/sport/football-tickets/premier_league/tottenham/ HTTP/1.1" 200 66856
114.119.131.181 - - [01/Jan/2021:16:21:10 +0100] "GET /ticket2/opencms/sv/fotbollsresor/premier_league/everton/ HTTP/1.1" 200 67438
192.99.13.75 - - [01/Jan/2021:16:21:23 +0100] "GET /ticket2/opencms/ru/buy/?page=1&edid=07032C66-ECCC-8B3A-18FE-F2D4E467100E&sortorder=desc&column=section HTTP/1.1" 200 73000
192.99.160.200 - - [01/Jan/2021:16:21:23 +0100] "GET /ticket2/opencms/nl/buy/?page=1&edid=2885F5B5-EAC4-1031-A06B-102F5CDC60A3&sortorder=desc&column=section HTTP/1.1" 200 68318
167.114.211.237 - - [01/Jan/2021:16:21:29 +0100] "GET /ticket2/opencms/no/buy/?page=1&edid=84038E4F-7827-3966-E05C-79E830ED2F20 HTTP/1.1" 200 69773
192.99.160.200 - - [01/Jan/2021:16:21:56 +0100] "GET /ticket2/opencms/nl/buy/?page=1&edid=29A77A5D-4E78-9B53-4DF0-EAC0B1A09CF9&sortorder=desc&column=price HTTP/1.1" 200 68290
192.99.13.75 - - [01/Jan/2021:16:22:00 +0100] "GET /ticket2/opencms/ru/buy/?page=1&edid=07335531-3B1A-2C29-2B43-B2D35810611E&sortorder=desc&column=price HTTP/1.1" 200 70239
167.114.211.237 - - [01/Jan/2021:16:22:03 +0100] "GET /ticket2/opencms/no/buy/?page=1&edid=85390398-41BC-CB26-98F7-83FF0345259E HTTP/1.1" 200 69778
5.9.144.234 - - [01/Jan/2021:16:22:17 +0100] "GET /ticket2/opencms/robots.txt HTTP/1.1" 200 773
167.114.209.104 - - [01/Jan/2021:16:22:21 +0100] "GET /ticket2/opencms/fi/buy/?page=1&edid=68AF64D9-DC10-F854-39FA-84D5E1F2F070&sortorder=asc&column=section HTTP/1.1" 200 72570
192.99.13.75 - - [01/Jan/2021:16:22:23 +0100] "GET /ticket2/opencms/ru/buy/?page=1&edid=07335531-3B1A-2C29-2B43-B2D35810611E&sortorder=desc&column=row HTTP/1.1" 200 70239
5.9.144.234 - - [01/Jan/2021:16:22:23 +0100] "GET /ticket2/opencms/en/venue/?venueid=CEBAC815-5D1D-DBE9-245F-8746AEBA6E09 HTTP/1.1" 200 65240
192.99.160.200 - - [01/Jan/2021:16:22:27 +0100] "GET /ticket2/opencms/nl/buy/?page=1&edid=29A77A5D-4E78-9B53-4DF0-EAC0B1A09CF9&sortorder=desc&column=row HTTP/1.1" 200 68290
5.9.144.234 - - [01/Jan/2021:16:22:29 +0100] "GET /ticket2/opencms/en/venue/?venueid=CECD7212-C0C4-A2C4-7CE4-4BCC2D51A2B1 HTTP/1.1" 200 65264
5.9.144.234 - - [01/Jan/2021:16:22:36 +0100] "GET /ticket2/opencms/en/venue/?venueid=D84CD4C3-A05B-FEF5-C01D-0CB2BF594265 HTTP/1.1" 200 65213
5.9.144.234 - - [01/Jan/2021:16:22:40 +0100] "GET /ticket2/opencms/en/venue/?venueid=D865EDC3-A8C8-8107-EEAE-35A140CA5350 HTTP/1.1" 200 65227
167.114.211.237 - - [01/Jan/2021:16:22:42 +0100] "GET /ticket2/opencms/no/buy/?page=1&edid=8567C3FF-EEEB-6331-0D57-7F0C74A93B39 HTTP/1.1" 200 69799
5.9.144.234 - - [01/Jan/2021:16:22:45 +0100] "GET /ticket2/opencms/en/venue/?venueid=D8748AFA-5CFF-8E2A-FC7D-F16F92ED4536 HTTP/1.1" 200 65206
5.9.144.234 - - [01/Jan/2021:16:22:52 +0100] "GET /ticket2/opencms/en/venue/?venueid=F4FE8A93-D3AE-B0FC-0EBF-CDEF79158B44 HTTP/1.1" 200 65221
5.9.144.234 - - [01/Jan/2021:16:22:59 +0100] "GET /ticket2/opencms/en/venue/?venueid=F547B08D-C839-63CC-DDB8-9139B0448DEC HTTP/1.1" 200 65201
192.99.13.75 - - [01/Jan/2021:16:23:03 +0100] "GET /ticket2/opencms/ru/buy/?page=1&edid=075E3C70-69A2-5F4E-D9C5-90A6A85ED3CA HTTP/1.1" 200 72113
5.9.144.234 - - [01/Jan/2021:16:23:05 +0100] "GET /ticket2/opencms/en/venue/?venueid=F559DC88-543C-9BE7-D4C6-F477D1C58CD9 HTTP/1.1" 200 65192
192.99.160.200 - - [01/Jan/2021:16:23:08 +0100] "GET /ticket2/opencms/nl/buy/?page=1&edid=29A77A5D-4E78-9B53-4DF0-EAC0B1A09CF9&sortorder=desc&column=section HTTP/1.1" 200 68290
54.36.148.252 - - [01/Jan/2021:16:23:09 +0100] "GET /ticket2/opencms/fi/buy/?comcatid=A17713B6-D984-201A-4143-ED4DB5ED5C2E&catid=0A6C99D2-F5BD-7A18-9A5F-5668827042E0 HTTP/1.1" 200 85354
5.9.144.234 - - [01/Jan/2021:16:23:11 +0100] "GET /ticket2/opencms/fi/buy/?page=1&edid=5588B8CD-BB26-BC2D-8DA2-0851F243FD51 HTTP/1.1" 200 70597
167.114.211.237 - - [01/Jan/2021:16:23:19 +0100] "GET /ticket2/opencms/no/buy/?page=1&edid=859AFC52-CBE6-9F9D-BB23-1672BDAEEA65 HTTP/1.1" 200 69784
5.9.144.234 - - [01/Jan/2021:16:23:20 +0100] "GET /ticket2/opencms/fi/buy/?page=1&edid=61A920BB-7501-6BA5-BF61-F395A116E7BC HTTP/1.1" 200 70593
5.9.144.234 - - [01/Jan/2021:16:23:26 +0100] "GET /ticket2/opencms/fi/buy/?page=1&edid=638C0D1F-9A82-4A03-7D79-0E602D9C8DAA&sortorder=desc&column=price HTTP/1.1" 200 72284
167.114.209.104 - - [01/Jan/2021:16:23:30 +0100] "GET /ticket2/opencms/fi/buy/?page=1&edid=695D986D-E4F3-2AC4-2770-3CEB3137AC00&sortorder=asc&column=price HTTP/1.1" 200 70655
5.9.144.234 - - [01/Jan/2021:16:23:32 +0100] "GET /ticket2/opencms/fi/buy/?page=1&edid=638C0D1F-9A82-4A03-7D79-0E602D9C8DAA&sortorder=desc&column=row HTTP/1.1" 200 72284
192.99.160.200 - - [01/Jan/2021:16:23:32 +0100] "GET /ticket2/opencms/nl/buy/?page=1&edid=2CAB5555-278E-85B1-698D-866B9B29BE8E&sortorder=desc&column=section HTTP/1.1" 200 68343
5.9.144.234 - - [01/Jan/2021:16:23:37 +0100] "GET /ticket2/opencms/fi/buy/?page=1&edid=638C0D1F-9A82-4A03-7D79-0E602D9C8DAA&sortorder=desc&column=section HTTP/1.1" 200 72284
5.9.144.234 - - [01/Jan/2021:16:23:43 +0100] "GET /ticket2/opencms/fi/buy/?page=1&edid=674E44F7-8D0C-6D16-3C00-6B88D439BF8F&sortorder=desc&column=price HTTP/1.1" 200 70629
167.114.211.237 - - [01/Jan/2021:16:23:45 +0100] "GET /ticket2/opencms/no/buy/?page=1&edid=86D58C3C-F0C0-B63F-E2F8-CD47A83E5E88 HTTP/1.1" 200 71176
5.9.144.234 - - [01/Jan/2021:16:23:50 +0100] "GET /ticket2/opencms/fi/buy/?page=1&edid=674E44F7-8D0C-6D16-3C00-6B88D439BF8F&sortorder=desc&column=section HTTP/1.1" 200 70629
5.9.144.234 - - [01/Jan/2021:16:23:56 +0100] "GET /ticket2/opencms/fi/buy/?page=1&edid=69463D93-1B94-ECEF-559A-83CDF9B19DD4&sortorder=desc&column=price HTTP/1.1" 200 72712
5.9.144.234 - - [01/Jan/2021:16:24:02 +0100] "GET /ticket2/opencms/fi/buy/?page=1&edid=69463D93-1B94-ECEF-559A-83CDF9B19DD4&sortorder=desc&column=row HTTP/1.1" 200 72712
192.99.13.75 - - [01/Jan/2021:16:24:07 +0100] "GET /ticket2/opencms/ru/buy/?page=1&edid=07ACA4D8-D4E8-9520-D48C-20E99350C0C0&sortorder=desc&column=price HTTP/1.1" 200 72390
5.9.144.234 - - [01/Jan/2021:16:24:11 +0100] "GET /ticket2/opencms/fi/buy/?page=1&edid=69463D93-1B94-ECEF-559A-83CDF9B19DD4&sortorder=desc&column=section HTTP/1.1" 200 72712
192.99.160.200 - - [01/Jan/2021:16:24:11 +0100] "GET /ticket2/opencms/nl/buy/?page=1&edid=2D58DAAA-2383-18BA-2B40-1B039C7513DD HTTP/1.1" 200 68304
5.9.144.234 - - [01/Jan/2021:16:24:19 +0100] "GET /ticket2/opencms/fi/buy/?page=1&edid=69D2DD02-D621-FB86-F500-CC13D121EA62&sortorder=desc&column=price HTTP/1.1" 200 70660
167.114.211.237 - - [01/Jan/2021:16:24:21 +0100] "GET /ticket2/opencms/no/buy/?page=1&edid=87290264-453D-FFD4-E0AD-C907B793DD48&sortorder=asc&column=section HTTP/1.1" 200 72976
5.9.144.234 - - [01/Jan/2021:16:24:29 +0100] "GET /ticket2/opencms/fi/buy/?page=1&edid=69D2DD02-D621-FB86-F500-CC13D121EA62&sortorder=desc&column=row HTTP/1.1" 200 70660
192.99.13.75 - - [01/Jan/2021:16:24:37 +0100] "GET /ticket2/opencms/ru/buy/?page=1&edid=07E994FA-5ABF-79E5-A7D3-0B7E2EE6286D HTTP/1.1" 200 70202
5.9.144.234 - - [01/Jan/2021:16:24:38 +0100] "GET /ticket2/opencms/fi/buy/?page=1&edid=69D2DD02-D621-FB86-F500-CC13D121EA62&sortorder=desc&column=section HTTP/1.1" 200 70660
167.114.209.104 - - [01/Jan/2021:16:24:38 +0100] "GET /ticket2/opencms/fi/buy/?page=1&edid=695D986D-E4F3-2AC4-2770-3CEB3137AC00&sortorder=asc&column=row HTTP/1.1" 200 70655
216.18.204.210 - - [01/Jan/2021:16:24:44 +0100] "GET /ticket2/opencms/sv/buy/?comcatid=A17713B6-D984-201A-4143-ED4DB5ED5C2E&catid=3B549160-8B9C-E872-44A9-20FEA86B30E8 HTTP/1.1" 200 75511
5.9.144.234 - - [01/Jan/2021:16:24:49 +0100] "GET /ticket2/opencms/fi/buy/?page=1&edid=6A7CCC37-5F63-D2E0-8750-C9D98381AE77&sortorder=desc&column=price HTTP/1.1" 200 70654
192.99.160.200 - - [01/Jan/2021:16:24:54 +0100] "GET /ticket2/opencms/nl/buy/?page=1&edid=2E3308C6-12D0-B50B-7958-3212AA58F984&sortorder=asc&column=price HTTP/1.1" 200 69734
167.114.211.237 - - [01/Jan/2021:16:24:56 +0100] "GET /ticket2/opencms/no/buy/?page=1&edid=872EADC5-B9DD-21C0-9A0A-0D882685D686 HTTP/1.1" 200 71433
5.9.144.234 - - [01/Jan/2021:16:24:56 +0100] "GET /ticket2/opencms/fi/buy/?page=1&edid=6A7CCC37-5F63-D2E0-8750-C9D98381AE77&sortorder=desc&column=row HTTP/1.1" 200 70654
5.9.144.234 - - [01/Jan/2021:16:25:02 +0100] "GET /ticket2/opencms/fi/buy/?page=1&edid=6A7CCC37-5F63-D2E0-8750-C9D98381AE77&sortorder=desc&column=section HTTP/1.1" 200 70654
54.36.149.62 - - [01/Jan/2021:16:25:05 +0100] "GET /ticket2/opencms/fi/buy/?comcatid=A17713B6-D984-201A-4143-ED4DB5ED5C2E&catid=2FC3D548-EAF9-1354-0CD2-7D7619DA2334 HTTP/1.1" 200 76625
5.9.144.234 - - [01/Jan/2021:16:25:07 +0100] "GET /ticket2/opencms/fi/buy/?page=1&edid=6CE73640-861F-E63B-F569-7CD77E2D3806&sortorder=desc&column=price HTTP/1.1" 200 72038
5.9.144.234 - - [01/Jan/2021:16:25:12 +0100] "GET /ticket2/opencms/fi/buy/?page=1&edid=6CE73640-861F-E63B-F569-7CD77E2D3806&sortorder=desc&column=section HTTP/1.1" 200 72038
192.99.13.75 - - [01/Jan/2021:16:25:14 +0100] "GET /ticket2/opencms/ru/buy/?page=1&edid=07E994FA-5ABF-79E5-A7D3-0B7E2EE6286D&sortorder=asc&column=row HTTP/1.1" 200 70238
5.9.144.234 - - [01/Jan/2021:16:25:16 +0100] "GET /ticket2/opencms/fi/buy/?page=1&edid=6D363951-24DE-E3AF-D834-DF89F89CF77E&sortorder=asc&column=row HTTP/1.1" 200 73808
216.245.221.83 - - [01/Jan/2021:16:25:18 +0100] "HEAD /ticket2/opencms/ HTTP/1.1" 302 -
216.245.221.83 - - [01/Jan/2021:16:25:18 +0100] "HEAD /ticket2/opencms/en/ HTTP/1.1" 200 -
5.9.144.234 - - [01/Jan/2021:16:25:22 +0100] "GET /ticket2/opencms/fi/buy/?page=1&edid=6D363951-24DE-E3AF-D834-DF89F89CF77E&sortorder=asc&column=section HTTP/1.1" 200 73808
167.114.211.237 - - [01/Jan/2021:16:25:27 +0100] "GET /ticket2/opencms/no/buy/?page=1&edid=878FBCBC-1999-96EA-66C5-CA46710A03D2 HTTP/1.1" 200 69783
5.9.144.234 - - [01/Jan/2021:16:25:27 +0100] "GET /ticket2/opencms/fi/buy/?page=1&edid=6E0677CA-2B90-911F-BF29-2D63F1A636AB&sortorder=desc&column=price HTTP/1.1" 200 70635
5.9.144.234 - - [01/Jan/2021:16:25:33 +0100] "GET /ticket2/opencms/fi/buy/?page=1&edid=6E0677CA-2B90-911F-BF29-2D63F1A636AB&sortorder=desc&column=row HTTP/1.1" 200 70635
5.9.144.234 - - [01/Jan/2021:16:25:39 +0100] "GET /ticket2/opencms/fi/buy/?page=1&edid=7120C207-B2B4-FC1F-26E8-1A7CADFA22DF&sortorder=desc&column=row HTTP/1.1" 200 72299
192.99.13.75 - - [01/Jan/2021:16:25:43 +0100] "GET /ticket2/opencms/ru/buy/?page=1&edid=07E994FA-5ABF-79E5-A7D3-0B7E2EE6286D&sortorder=asc&column=section HTTP/1.1" 200 70238
13.66.139.20 - - [01/Jan/2021:16:25:45 +0100] "GET /ticket2/opencms/ HTTP/1.1" 302 -
5.9.144.234 - - [01/Jan/2021:16:25:45 +0100] "GET /ticket2/opencms/fi/buy/?page=1&edid=7120C207-B2B4-FC1F-26E8-1A7CADFA22DF&sortorder=desc&column=section HTTP/1.1" 200 72299
114.119.136.144 - - [01/Jan/2021:16:25:54 +0100] "GET /ticket2/opencms/dk/buy/?page=1&edid=7FE7A534-4766-BBE8-CE3B-4E8D373D9E56 HTTP/1.1" 200 71584
5.9.144.234 - - [01/Jan/2021:16:25:55 +0100] "GET /ticket2/opencms/fi/buy/?page=1&edid=71698F2E-1C68-DC0D-22EE-FD9B2AEF4453&sortorder=asc&column=price HTTP/1.1" 200 70641
192.99.160.200 - - [01/Jan/2021:16:25:57 +0100] "GET /ticket2/opencms/nl/buy/?page=1&edid=2E351EEA-33B4-0E8E-6D73-E9AB91DE426F HTTP/1.1" 200 68291
167.114.209.104 - - [01/Jan/2021:16:25:59 +0100] "GET /ticket2/opencms/fi/buy/?page=1&edid=695D986D-E4F3-2AC4-2770-3CEB3137AC00&sortorder=asc&column=section HTTP/1.1" 200 70655
5.9.144.234 - - [01/Jan/2021:16:26:01 +0100] "GET /ticket2/opencms/fi/buy/?page=1&edid=71698F2E-1C68-DC0D-22EE-FD9B2AEF4453&sortorder=asc&column=row HTTP/1.1" 200 70641
167.114.211.237 - - [01/Jan/2021:16:26:01 +0100] "GET /ticket2/opencms/no/buy/?page=1&edid=87E80F4E-52AF-C9C5-B2CC-F679C938B071 HTTP/1.1" 200 69817
192.99.13.75 - - [01/Jan/2021:16:26:07 +0100] "GET /ticket2/opencms/ru/buy/?page=1&edid=07E994FA-5ABF-79E5-A7D3-0B7E2EE6286D&sortorder=desc&column=price HTTP/1.1" 200 70237
5.9.144.234 - - [01/Jan/2021:16:26:11 +0100] "GET /ticket2/opencms/fi/buy/?page=1&edid=71698F2E-1C68-DC0D-22EE-FD9B2AEF4453&sortorder=asc&column=section HTTP/1.1" 200 70641
5.9.144.234 - - [01/Jan/2021:16:26:20 +0100] "GET /ticket2/opencms/fi/buy/?page=1&edid=7254CAF4-4ECC-397A-A9A2-882C0C1CF067&sortorder=asc&column=price HTTP/1.1" 200 72051
66.249.66.137 - - [01/Jan/2021:16:26:20 +0100] "GET /ticket2/opencms/ru/buy/?page=1&edid=1345F2A2-9308-20D2-82DB-74E8C87658E5 HTTP/1.1" 200 72313
5.9.144.234 - - [01/Jan/2021:16:26:25 +0100] "GET /ticket2/opencms/fi/buy/?page=1&edid=7254CAF4-4ECC-397A-A9A2-882C0C1CF067&sortorder=asc&column=row HTTP/1.1" 200 72051
5.9.144.234 - - [01/Jan/2021:16:26:30 +0100] "GET /ticket2/opencms/fi/buy/?page=1&edid=7254CAF4-4ECC-397A-A9A2-882C0C1CF067&sortorder=asc&column=section HTTP/1.1" 200 72051
167.114.211.237 - - [01/Jan/2021:16:26:32 +0100] "GET /ticket2/opencms/no/buy/?page=1&edid=883D5D36-7669-3BE5-E7C2-7115E038218A HTTP/1.1" 200 69802
5.9.144.234 - - [01/Jan/2021:16:26:34 +0100] "GET /ticket2/opencms/fi/buy/?page=1&edid=73D8189D-DEDA-4F8B-BA1C-9AC984A743C2&sortorder=desc&column=price HTTP/1.1" 200 70649
192.99.13.75 - - [01/Jan/2021:16:26:37 +0100] "GET /ticket2/opencms/ru/buy/?page=1&edid=07E994FA-5ABF-79E5-A7D3-0B7E2EE6286D&sortorder=desc&column=row HTTP/1.1" 200 70237
5.9.144.234 - - [01/Jan/2021:16:26:42 +0100] "GET /ticket2/opencms/fi/buy/?page=1&edid=7620AC05-C07D-20B0-5C26-2BB0AB225757&sortorder=asc&column=price HTTP/1.1" 200 72731
5.9.144.234 - - [01/Jan/2021:16:26:51 +0100] "GET /ticket2/opencms/fi/buy/?page=1&edid=7620AC05-C07D-20B0-5C26-2BB0AB225757&sortorder=asc&column=row HTTP/1.1" 200 72731
17.58.101.37 - - [01/Jan/2021:16:26:56 +0100] "GET /ticket2/opencms/en/buy/?page=1&edid=7A5430D9-8A5F-E813-847D-A5F70CDA36B3 HTTP/1.1" 200 71530
5.9.144.234 - - [01/Jan/2021:16:26:58 +0100] "GET /ticket2/opencms/fi/buy/?page=1&edid=7620AC05-C07D-20B0-5C26-2BB0AB225757&sortorder=asc&column=section HTTP/1.1" 200 72731
192.99.160.200 - - [01/Jan/2021:16:27:00 +0100] "GET /ticket2/opencms/nl/buy/?page=1&edid=2FABA4FD-BD5C-248A-2380-C7F2BF85A6F9&sortorder=desc&column=section HTTP/1.1" 200 68298
192.99.13.75 - - [01/Jan/2021:16:27:02 +0100] "GET /ticket2/opencms/ru/buy/?page=1&edid=07E994FA-5ABF-79E5-A7D3-0B7E2EE6286D&sortorder=desc&column=section HTTP/1.1" 200 70237
54.36.148.222 - - [01/Jan/2021:16:27:04 +0100] "GET /ticket2/opencms/fi/buy/?comcatid=A17713B6-D984-201A-4143-ED4DB5ED5C2E&catid=A3372871-3019-08B8-80CE-74B78F441ACA HTTP/1.1" 200 76621
5.9.144.234 - - [01/Jan/2021:16:27:05 +0100] "GET /ticket2/opencms/fi/buy/?page=1&edid=776505B3-48AB-51D3-A166-5294F952FBF7&sortorder=asc&column=price HTTP/1.1" 200 70657
167.114.211.237 - - [01/Jan/2021:16:27:12 +0100] "GET /ticket2/opencms/no/buy/?page=1&edid=891B9583-5926-B6F5-DFBC-2EA68E228996 HTTP/1.1" 200 69818
5.9.144.234 - - [01/Jan/2021:16:27:16 +0100] "GET /ticket2/opencms/fi/buy/?page=1&edid=776505B3-48AB-51D3-A166-5294F952FBF7&sortorder=asc&column=row HTTP/1.1" 200 70657
192.99.13.75 - - [01/Jan/2021:16:27:21 +0100] "GET /ticket2/opencms/ru/buy/?page=1&edid=07EA412C-3486-2D43-F1B9-FDEC67DDE38E&sortorder=asc&column=price HTTP/1.1" 200 71956
167.114.209.104 - - [01/Jan/2021:16:27:21 +0100] "GET /ticket2/opencms/fi/buy/?page=1&edid=70FDC3DC-F515-C07F-B4AD-EDA83BDCA260&sortorder=desc&column=price HTTP/1.1" 200 72303
5.9.144.234 - - [01/Jan/2021:16:27:23 +0100] "GET /ticket2/opencms/fi/buy/?page=1&edid=78EA1F40-A0BB-F77A-A36D-DD30E4B904C1&sortorder=asc&column=price HTTP/1.1" 200 70644
5.9.144.234 - - [01/Jan/2021:16:27:30 +0100] "GET /ticket2/opencms/fi/buy/?page=1&edid=78EA1F40-A0BB-F77A-A36D-DD30E4B904C1&sortorder=asc&column=row HTTP/1.1" 200 70644
5.9.144.234 - - [01/Jan/2021:16:27:37 +0100] "GET /ticket2/opencms/fi/buy/?page=1&edid=78EA1F40-A0BB-F77A-A36D-DD30E4B904C1&sortorder=asc&column=section HTTP/1.1" 200 70644
192.99.160.200 - - [01/Jan/2021:16:27:44 +0100] "GET /ticket2/opencms/nl/buy/?page=1&edid=3176E62D-2ABE-1AEC-AE78-5501F2AB2BE9&sortorder=desc&column=price HTTP/1.1" 200 69962
5.9.144.234 - - [01/Jan/2021:16:27:45 +0100] "GET /ticket2/opencms/fi/buy/?page=1&edid=7B14CF76-71A6-C2E3-60CB-8C556CB920FD&sortorder=asc&column=price HTTP/1.1" 200 73808
167.114.211.237 - - [01/Jan/2021:16:27:46 +0100] "GET /ticket2/opencms/no/buy/?page=1&edid=89426793-268A-C03E-4926-A9BF00570688 HTTP/1.1" 200 71689
5.9.144.234 - - [01/Jan/2021:16:27:52 +0100] "GET /ticket2/opencms/fi/buy/?page=1&edid=7B14CF76-71A6-C2E3-60CB-8C556CB920FD&sortorder=asc&column=row HTTP/1.1" 200 73808
5.9.144.234 - - [01/Jan/2021:16:27:58 +0100] "GET /ticket2/opencms/fi/buy/?page=1&edid=7B14CF76-71A6-C2E3-60CB-8C556CB920FD&sortorder=asc&column=section HTTP/1.1" 200 73808
5.9.144.234 - - [01/Jan/2021:16:28:06 +0100] "GET /ticket2/opencms/fi/buy/?page=1&edid=7EF7D37C-07FE-3083-E852-5E98E846AE0C&sortorder=asc&column=price HTTP/1.1" 200 70659
192.99.13.75 - - [01/Jan/2021:16:28:07 +0100] "GET /ticket2/opencms/ru/buy/?page=1&edid=07EA412C-3486-2D43-F1B9-FDEC67DDE38E&sortorder=asc&column=row HTTP/1.1" 200 71956
