213.136.75.74 - - [01/Jan/2021:05:50:24 +0100] "GET /ticket2/opencms/en/buy/?page=1&edid=56EB48DE-C920-96AE-7A9D-852BD8A1A365&sortorder=asc&column=row HTTP/1.1" 200 71342
62.210.189.2 - - [01/Jan/2021:05:50:27 +0100] "GET /ticket2/opencms/fi/urheilu/jalkapallo/premier_league/?gclid=CIaL6LCVxcsCFdYV0wodb7YKHw HTTP/1.1" 200 73699
167.114.64.97 - - [01/Jan/2021:05:50:31 +0100] "GET /ticket2/opencms/nl/buy/?page=1&edid=53002DE5-C670-ECFE-D5BC-AAAC0D901716&sortorder=desc&column=row HTTP/1.1" 200 68311
213.136.75.74 - - [01/Jan/2021:05:50:37 +0100] "GET /ticket2/opencms/en/buy/?page=1&edid=56EB48DE-C920-96AE-7A9D-852BD8A1A365&sortorder=asc&column=section HTTP/1.1" 200 71342
62.210.189.2 - - [01/Jan/2021:05:50:38 +0100] "GET /ticket2/opencms/dk/sport/fodboldbilletter/serie-a/?partner=5DA1B85A-5A44-4C00-C2EF-3DFF7E687A1D HTTP/1.1" 302 -
62.210.189.2 - - [01/Jan/2021:05:50:38 +0100] "GET /ticket2/opencms/set_aff_cookie.jsp?partner=5DA1B85A-5A44-4C00-C2EF-3DFF7E687A1D&url=%2Fdk%2Fsport%2Ffodboldbilletter%2Fserie-a%2Findex.html%3Fr%3Dtrue HTTP/1.1" 200 157
167.114.159.99 - - [01/Jan/2021:05:50:39 +0100] "GET /ticket2/opencms/en/venue/?venueid=73886E8B-D0CE-D693-4D83-304172C400FE HTTP/1.1" 200 65209
167.86.85.194 - - [01/Jan/2021:05:50:42 +0100] "GET /ticket2/opencms/en/buy/?page=1&edid=DDC42BBE-1C44-916C-70B3-5C60597CD058&sortorder=desc&column=row HTTP/1.1" 200 71378
54.36.148.250 - - [01/Jan/2021:05:50:48 +0100] "GET /ticket2/opencms/dk/venue/?venueid=523ADEA7-7A32-98AD-8406-4BAD485766BF HTTP/1.1" 200 65249
213.136.75.74 - - [01/Jan/2021:05:50:48 +0100] "GET /ticket2/opencms/en/buy/?page=1&edid=58535046-72BE-3CE1-BB9E-910DEDB611D2&sortorder=asc&column=row HTTP/1.1" 200 71322
62.210.189.2 - - [01/Jan/2021:05:50:53 +0100] "GET /ticket2/opencms/dk/sport/fodboldbilletter/la-liga/?partner=5DA1B85A-5A44-4C00-C2EF-3DFF7E687A1D HTTP/1.1" 302 -
62.210.189.2 - - [01/Jan/2021:05:50:54 +0100] "GET /ticket2/opencms/set_aff_cookie.jsp?partner=5DA1B85A-5A44-4C00-C2EF-3DFF7E687A1D&url=%2Fdk%2Fsport%2Ffodboldbilletter%2Fla-liga%2Findex.html%3Fr%3Dtrue HTTP/1.1" 200 157
167.86.85.194 - - [01/Jan/2021:05:50:55 +0100] "GET /ticket2/opencms/en/buy/?page=1&edid=DDC42BBE-1C44-916C-70B3-5C60597CD058&sortorder=desc&column=section HTTP/1.1" 200 71378
167.114.64.97 - - [01/Jan/2021:05:51:00 +0100] "GET /ticket2/opencms/nl/buy/?page=1&edid=53002DE5-C670-ECFE-D5BC-AAAC0D901716&sortorder=desc&column=section HTTP/1.1" 200 68311
213.136.75.74 - - [01/Jan/2021:05:51:01 +0100] "GET /ticket2/opencms/en/buy/?page=1&edid=58535046-72BE-3CE1-BB9E-910DEDB611D2&sortorder=asc&column=section HTTP/1.1" 200 71322
167.114.159.99 - - [01/Jan/2021:05:51:03 +0100] "GET /ticket2/opencms/en/venue/?venueid=73970756-584C-5AD0-AF0B-3AFA065A2530 HTTP/1.1" 200 65201
167.86.85.194 - - [01/Jan/2021:05:51:04 +0100] "GET /ticket2/opencms/en/buy/?page=1&edid=DDC7599B-D07F-381D-5227-9E1873654D32 HTTP/1.1" 200 69232
62.210.189.2 - - [01/Jan/2021:05:51:05 +0100] "GET /ticket2/opencms/dk/sport/fodboldbilletter/premier-league/chelsea/?partner=5DA1B85A-5A44-4C00-C2EF-3DFF7E687A1D HTTP/1.1" 302 -
62.210.189.2 - - [01/Jan/2021:05:51:05 +0100] "GET /ticket2/opencms/set_aff_cookie.jsp?partner=5DA1B85A-5A44-4C00-C2EF-3DFF7E687A1D&url=%2Fdk%2Fsport%2Ffodboldbilletter%2Fpremier-league%2Fchelsea%2Findex.html%3Fr%3Dtrue HTTP/1.1" 200 172
66.249.66.133 - - [01/Jan/2021:05:51:07 +0100] "GET /ticket2/opencms/dk/buy/?page=6&comcatid=97ECA65A-72DA-F9AF-9DBB-245D3CFED1BE&catid=DA31441B-C568-3C77-D08C-698809032494 HTTP/1.1" 200 70247
213.136.75.74 - - [01/Jan/2021:05:51:10 +0100] "GET /ticket2/opencms/en/buy/?page=1&edid=58693715-6CCC-352C-AA08-C201DA62B688&sortorder=asc&column=price HTTP/1.1" 200 70878
62.210.189.2 - - [01/Jan/2021:05:51:16 +0100] "GET /ticket2/opencms/dk/sport/fodboldbilletter/premier-league/?partner=5DA1B85A-5A44-4C00-C2EF-3DFF7E687A1D HTTP/1.1" 302 -
62.210.189.2 - - [01/Jan/2021:05:51:16 +0100] "GET /ticket2/opencms/set_aff_cookie.jsp?partner=5DA1B85A-5A44-4C00-C2EF-3DFF7E687A1D&url=%2Fdk%2Fsport%2Ffodboldbilletter%2Fpremier-league%2Findex.html%3Fr%3Dtrue HTTP/1.1" 200 164
167.86.85.194 - - [01/Jan/2021:05:51:17 +0100] "GET /ticket2/opencms/en/buy/?page=1&edid=DDC7599B-D07F-381D-5227-9E1873654D32&sortorder=asc&column=price HTTP/1.1" 200 69268
213.136.75.74 - - [01/Jan/2021:05:51:20 +0100] "GET /ticket2/opencms/en/buy/?page=1&edid=58693715-6CCC-352C-AA08-C201DA62B688&sortorder=asc&column=row HTTP/1.1" 200 70878
167.114.64.97 - - [01/Jan/2021:05:51:27 +0100] "GET /ticket2/opencms/nl/buy/?page=1&edid=54ED7F3E-87E9-B49D-0FE3-F4BDCE94BCDC&sortorder=asc&column=price HTTP/1.1" 200 69725
62.210.189.2 - - [01/Jan/2021:05:51:28 +0100] "GET /ticket2/opencms/dk/sport/fodboldbilletter/bundesliga/?partner=5DA1B85A-5A44-4C00-C2EF-3DFF7E687A1D HTTP/1.1" 302 -
62.210.189.2 - - [01/Jan/2021:05:51:28 +0100] "GET /ticket2/opencms/set_aff_cookie.jsp?partner=5DA1B85A-5A44-4C00-C2EF-3DFF7E687A1D&url=%2Fdk%2Fsport%2Ffodboldbilletter%2Fbundesliga%2Findex.html%3Fr%3Dtrue HTTP/1.1" 200 160
167.114.159.99 - - [01/Jan/2021:05:51:28 +0100] "GET /ticket2/opencms/en/venue/?venueid=73D30778-E729-2B5E-6F67-7A83775E811A HTTP/1.1" 200 65191
213.136.75.74 - - [01/Jan/2021:05:51:30 +0100] "GET /ticket2/opencms/en/buy/?page=1&edid=58693715-6CCC-352C-AA08-C201DA62B688&sortorder=asc&column=section HTTP/1.1" 200 70878
62.210.189.2 - - [01/Jan/2021:05:51:38 +0100] "GET /ticket2/opencms/dk/sport/fodboldbilletter/premier-league/liverpool/?partner=5DA1B85A-5A44-4C00-C2EF-3DFF7E687A1D HTTP/1.1" 302 -
62.210.189.2 - - [01/Jan/2021:05:51:38 +0100] "GET /ticket2/opencms/set_aff_cookie.jsp?partner=5DA1B85A-5A44-4C00-C2EF-3DFF7E687A1D&url=%2Fdk%2Fsport%2Ffodboldbilletter%2Fpremier-league%2Fliverpool%2Findex.html%3Fr%3Dtrue HTTP/1.1" 200 174
213.136.75.74 - - [01/Jan/2021:05:51:39 +0100] "GET /ticket2/opencms/en/buy/?page=1&edid=5877502F-33A9-B911-A118-3E4D91F5A611&sortorder=asc&column=price HTTP/1.1" 200 70643
213.136.75.74 - - [01/Jan/2021:05:51:48 +0100] "GET /ticket2/opencms/en/buy/?page=1&edid=5877502F-33A9-B911-A118-3E4D91F5A611&sortorder=asc&column=row HTTP/1.1" 200 70643
62.210.189.2 - - [01/Jan/2021:05:51:50 +0100] "GET /ticket2/opencms/dk/sport/fodboldbilletter/premier-league/arsenal/?partner=5DA1B85A-5A44-4C00-C2EF-3DFF7E687A1D HTTP/1.1" 302 -
62.210.189.2 - - [01/Jan/2021:05:51:50 +0100] "GET /ticket2/opencms/set_aff_cookie.jsp?partner=5DA1B85A-5A44-4C00-C2EF-3DFF7E687A1D&url=%2Fdk%2Fsport%2Ffodboldbilletter%2Fpremier-league%2Farsenal%2Findex.html%3Fr%3Dtrue HTTP/1.1" 200 172
167.114.64.97 - - [01/Jan/2021:05:51:52 +0100] "GET /ticket2/opencms/nl/buy/?page=1&edid=54ED7F3E-87E9-B49D-0FE3-F4BDCE94BCDC&sortorder=asc&column=row HTTP/1.1" 200 69725
167.86.85.194 - - [01/Jan/2021:05:51:53 +0100] "GET /ticket2/opencms/en/buy/?page=1&edid=DDCD27F7-F67D-B20D-8233-2E690371B465 HTTP/1.1" 200 72405
54.36.149.50 - - [01/Jan/2021:05:51:53 +0100] "GET /ticket2/opencms/dk/buy/?page=1&edid=1360E6F7-8499-827C-3ABB-366991C456E4 HTTP/1.1" 200 71665
213.136.75.74 - - [01/Jan/2021:05:51:59 +0100] "GET /ticket2/opencms/en/buy/?page=1&edid=5877502F-33A9-B911-A118-3E4D91F5A611&sortorder=asc&column=section HTTP/1.1" 200 70643
167.114.159.99 - - [01/Jan/2021:05:51:59 +0100] "GET /ticket2/opencms/en/venue/?venueid=7459A29D-3F4C-884C-C85C-9368023CDEDD HTTP/1.1" 200 65222
62.210.189.2 - - [01/Jan/2021:05:52:00 +0100] "GET /ticket2/opencms/sv/sport/fotbollsbiljetter/premier_league/chelsea/?partner=9A493E49-BC2B-5A14-BAAE-3BDF2D8DBB91 HTTP/1.1" 302 -
62.210.189.2 - - [01/Jan/2021:05:52:00 +0100] "GET /ticket2/opencms/set_aff_cookie.jsp?partner=9A493E49-BC2B-5A14-BAAE-3BDF2D8DBB91&url=%2Fsv%2Fsport%2Ffotbollsbiljetter%2Fpremier_league%2Fchelsea%2Findex.html%3Fr%3Dtrue HTTP/1.1" 200 173
213.136.75.74 - - [01/Jan/2021:05:52:03 +0100] "GET /ticket2/opencms/en/buy/?page=1&edid=589642D0-11F2-5FB7-4A4A-B45CE0E4D872&sortorder=asc&column=price HTTP/1.1" 200 71321
167.86.85.194 - - [01/Jan/2021:05:52:05 +0100] "GET /ticket2/opencms/en/buy/?page=1&edid=DDCD27F7-F67D-B20D-8233-2E690371B465&sortorder=asc&column=price HTTP/1.1" 200 72441
66.249.66.137 - - [01/Jan/2021:05:52:05 +0100] "GET /ticket2/opencms/tb/opencms/en/archive/venues/fm_mattsson_arena/ HTTP/1.1" 404 -
167.114.64.97 - - [01/Jan/2021:05:52:11 +0100] "GET /ticket2/opencms/nl/buy/?page=1&edid=55937450-3F28-1801-A771-9DC76286638A&sortorder=asc&column=row HTTP/1.1" 200 69723
62.210.189.2 - - [01/Jan/2021:05:52:12 +0100] "GET /ticket2/opencms/sv/sport/fotbollsbiljetter/premier_league/arsenal/?partner=9A493E49-BC2B-5A14-BAAE-3BDF2D8DBB91 HTTP/1.1" 302 -
62.210.189.2 - - [01/Jan/2021:05:52:12 +0100] "GET /ticket2/opencms/set_aff_cookie.jsp?partner=9A493E49-BC2B-5A14-BAAE-3BDF2D8DBB91&url=%2Fsv%2Fsport%2Ffotbollsbiljetter%2Fpremier_league%2Farsenal%2Findex.html%3Fr%3Dtrue HTTP/1.1" 200 173
167.114.159.99 - - [01/Jan/2021:05:52:16 +0100] "GET /ticket2/opencms/en/venue/?venueid=746CCE1D-277E-E4D6-B842-3BD4A3960F1B HTTP/1.1" 200 65251
213.136.75.74 - - [01/Jan/2021:05:52:19 +0100] "GET /ticket2/opencms/en/buy/?page=1&edid=589642D0-11F2-5FB7-4A4A-B45CE0E4D872&sortorder=asc&column=row HTTP/1.1" 200 71321
167.86.85.194 - - [01/Jan/2021:05:52:24 +0100] "GET /ticket2/opencms/en/buy/?page=1&edid=DDCD27F7-F67D-B20D-8233-2E690371B465&sortorder=asc&column=row HTTP/1.1" 200 72441
62.210.189.2 - - [01/Jan/2021:05:52:28 +0100] "GET /ticket2/opencms/dk/sport/fodboldbilletter/premier-league/manchester-united/?partner=5DA1B85A-5A44-4C00-C2EF-3DFF7E687A1D HTTP/1.1" 302 -
62.210.189.2 - - [01/Jan/2021:05:52:28 +0100] "GET /ticket2/opencms/set_aff_cookie.jsp?partner=5DA1B85A-5A44-4C00-C2EF-3DFF7E687A1D&url=%2Fdk%2Fsport%2Ffodboldbilletter%2Fpremier-league%2Fmanchester-united%2Findex.html%3Fr%3Dtrue HTTP/1.1" 200 182
213.136.75.74 - - [01/Jan/2021:05:52:32 +0100] "GET /ticket2/opencms/en/buy/?page=1&edid=589642D0-11F2-5FB7-4A4A-B45CE0E4D872&sortorder=asc&column=section HTTP/1.1" 200 71321
167.114.64.97 - - [01/Jan/2021:05:52:33 +0100] "GET /ticket2/opencms/nl/buy/?page=1&edid=56620ABF-F3DD-4A9B-E6C4-076728889E50&sortorder=asc&column=price HTTP/1.1" 200 70228
167.114.159.99 - - [01/Jan/2021:05:52:42 +0100] "GET /ticket2/opencms/en/venue/?venueid=74835483-DDAC-3DE1-0EB1-B44B58F2B260 HTTP/1.1" 200 65242
167.86.85.194 - - [01/Jan/2021:05:52:43 +0100] "GET /ticket2/opencms/en/buy/?page=1&edid=DDCD27F7-F67D-B20D-8233-2E690371B465&sortorder=asc&column=section HTTP/1.1" 200 72441
213.136.75.74 - - [01/Jan/2021:05:52:44 +0100] "GET /ticket2/opencms/en/buy/?page=1&edid=5A2DFBF4-8470-A6C2-2249-BF19FA14C619&sortorder=asc&column=price HTTP/1.1" 200 71361
167.86.85.194 - - [01/Jan/2021:05:52:56 +0100] "GET /ticket2/opencms/en/buy/?page=1&edid=DDCD27F7-F67D-B20D-8233-2E690371B465&sortorder=desc&column=price HTTP/1.1" 200 72440
213.136.75.74 - - [01/Jan/2021:05:52:57 +0100] "GET /ticket2/opencms/en/buy/?page=1&edid=5A2DFBF4-8470-A6C2-2249-BF19FA14C619&sortorder=asc&column=row HTTP/1.1" 200 71361
167.114.64.97 - - [01/Jan/2021:05:52:58 +0100] "GET /ticket2/opencms/nl/buy/?page=1&edid=5693F4A3-DF3A-7DE7-893C-20EBEBDA7A22&sortorder=asc&column=price HTTP/1.1" 200 68333
54.36.148.250 - - [01/Jan/2021:05:53:00 +0100] "GET /ticket2/opencms/fi/venue/?venueid=E1FDA495-A4B3-5F1B-7AE5-E9A07438E5E1 HTTP/1.1" 200 66450
213.136.75.74 - - [01/Jan/2021:05:53:07 +0100] "GET /ticket2/opencms/en/buy/?page=1&edid=5A2DFBF4-8470-A6C2-2249-BF19FA14C619&sortorder=asc&column=section HTTP/1.1" 200 71361
167.86.85.194 - - [01/Jan/2021:05:53:08 +0100] "GET /ticket2/opencms/en/buy/?page=1&edid=DDCD27F7-F67D-B20D-8233-2E690371B465&sortorder=desc&column=row HTTP/1.1" 200 72440
167.114.159.99 - - [01/Jan/2021:05:53:08 +0100] "GET /ticket2/opencms/en/venue/?venueid=74E93720-C3FA-2F30-0F46-87134F9A6B90 HTTP/1.1" 200 65197
167.114.64.97 - - [01/Jan/2021:05:53:16 +0100] "GET /ticket2/opencms/nl/buy/?page=1&edid=56A490CF-7948-0078-52A7-122DAC9AF25D&sortorder=asc&column=price HTTP/1.1" 200 68359
213.136.75.74 - - [01/Jan/2021:05:53:16 +0100] "GET /ticket2/opencms/en/buy/?page=1&edid=5A2DFBF4-8470-A6C2-2249-BF19FA14C619&sortorder=desc&column=price HTTP/1.1" 200 71360
167.86.85.194 - - [01/Jan/2021:05:53:24 +0100] "GET /ticket2/opencms/en/buy/?page=1&edid=DDCD27F7-F67D-B20D-8233-2E690371B465&sortorder=desc&column=section HTTP/1.1" 200 72440
213.136.75.74 - - [01/Jan/2021:05:53:26 +0100] "GET /ticket2/opencms/en/buy/?page=1&edid=5A2DFBF4-8470-A6C2-2249-BF19FA14C619&sortorder=desc&column=row HTTP/1.1" 200 71360
213.136.75.74 - - [01/Jan/2021:05:53:34 +0100] "GET /ticket2/opencms/en/buy/?page=1&edid=5A2DFBF4-8470-A6C2-2249-BF19FA14C619&sortorder=desc&column=section HTTP/1.1" 200 71360
167.86.85.194 - - [01/Jan/2021:05:53:36 +0100] "GET /ticket2/opencms/en/buy/?page=1&edid=DDCF7438-316B-ADAD-2352-8D3568BFE43C&sortorder=asc&column=price HTTP/1.1" 200 69252
167.114.159.99 - - [01/Jan/2021:05:53:36 +0100] "GET /ticket2/opencms/en/venue/?venueid=753D9703-2EA8-730A-BAEA-4685B6EF459E HTTP/1.1" 200 65245
213.136.75.74 - - [01/Jan/2021:05:53:41 +0100] "GET /ticket2/opencms/en/buy/?page=1&edid=5A4C510F-9E60-2432-DA6F-424C1D4896E8&sortorder=asc&column=price HTTP/1.1" 200 69263
167.114.64.97 - - [01/Jan/2021:05:53:46 +0100] "GET /ticket2/opencms/nl/buy/?page=1&edid=56A490CF-7948-0078-52A7-122DAC9AF25D&sortorder=asc&column=row HTTP/1.1" 200 68359
167.86.85.194 - - [01/Jan/2021:05:53:47 +0100] "GET /ticket2/opencms/en/buy/?page=1&edid=DDCF7438-316B-ADAD-2352-8D3568BFE43C&sortorder=asc&column=row HTTP/1.1" 200 69252
114.119.149.83 - - [01/Jan/2021:05:53:50 +0100] "GET /ticket2/opencms/ru/buy/?page=1&edid=5E100F11-07B4-ABAF-8BB0-5EC601120162&sortorder=asc&column=row HTTP/1.1" 200 72142
213.136.75.74 - - [01/Jan/2021:05:53:53 +0100] "GET /ticket2/opencms/en/buy/?page=1&edid=5A4C510F-9E60-2432-DA6F-424C1D4896E8&sortorder=asc&column=row HTTP/1.1" 200 69263
167.114.159.99 - - [01/Jan/2021:05:54:02 +0100] "GET /ticket2/opencms/en/venue/?venueid=753FF712-B99D-3B71-760E-1B27349FD0F1 HTTP/1.1" 200 65239
167.86.85.194 - - [01/Jan/2021:05:54:04 +0100] "GET /ticket2/opencms/en/buy/?page=1&edid=DDCF7438-316B-ADAD-2352-8D3568BFE43C&sortorder=asc&column=section HTTP/1.1" 200 69252
213.136.75.74 - - [01/Jan/2021:05:54:05 +0100] "GET /ticket2/opencms/en/buy/?page=1&edid=5A4C510F-9E60-2432-DA6F-424C1D4896E8&sortorder=asc&column=section HTTP/1.1" 200 69263
167.114.64.97 - - [01/Jan/2021:05:54:08 +0100] "GET /ticket2/opencms/nl/buy/?page=1&edid=56AC65AD-6792-298C-C62F-1AAD7AFA4221&sortorder=asc&column=price HTTP/1.1" 200 69964
54.36.149.15 - - [01/Jan/2021:05:54:08 +0100] "GET /ticket2/opencms/dk/venue/?venueid=70AA4849-07BC-CB86-8CD6-03E82E5FE632 HTTP/1.1" 200 65216
213.136.75.74 - - [01/Jan/2021:05:54:16 +0100] "GET /ticket2/opencms/en/buy/?page=1&edid=5A53D059-2717-7212-ED4E-000015E5862F&sortorder=desc&column=price HTTP/1.1" 200 71640
167.114.159.99 - - [01/Jan/2021:05:54:16 +0100] "GET /ticket2/opencms/en/venue/?venueid=75885D15-264E-60FB-5DAC-D1D386082DD7 HTTP/1.1" 200 65216
167.86.85.194 - - [01/Jan/2021:05:54:18 +0100] "GET /ticket2/opencms/en/buy/?page=1&edid=DDCF7438-316B-ADAD-2352-8D3568BFE43C&sortorder=desc&column=price HTTP/1.1" 200 69251
213.136.75.74 - - [01/Jan/2021:05:54:28 +0100] "GET /ticket2/opencms/en/buy/?page=1&edid=5B7A975E-50B5-FD5C-5441-DAE563F948E6&sortorder=desc&column=price HTTP/1.1" 200 69229
167.114.64.97 - - [01/Jan/2021:05:54:29 +0100] "GET /ticket2/opencms/nl/buy/?page=1&edid=56AC65AD-6792-298C-C62F-1AAD7AFA4221&sortorder=asc&column=row HTTP/1.1" 200 69964
167.86.85.194 - - [01/Jan/2021:05:54:34 +0100] "GET /ticket2/opencms/en/buy/?page=1&edid=DDCF7438-316B-ADAD-2352-8D3568BFE43C&sortorder=desc&column=row HTTP/1.1" 200 69251
213.136.75.74 - - [01/Jan/2021:05:54:37 +0100] "GET /ticket2/opencms/en/buy/?page=1&edid=5D083840-1E35-771C-89E3-FB7788923EF6&sortorder=asc&column=section HTTP/1.1" 200 69250
167.114.159.99 - - [01/Jan/2021:05:54:40 +0100] "GET /ticket2/opencms/en/venue/?venueid=76E0809A-C474-0954-0DA0-B94A2D036A68 HTTP/1.1" 200 65230
167.86.85.194 - - [01/Jan/2021:05:54:45 +0100] "GET /ticket2/opencms/en/buy/?page=1&edid=DDCF7438-316B-ADAD-2352-8D3568BFE43C&sortorder=desc&column=section HTTP/1.1" 200 69251
213.136.75.74 - - [01/Jan/2021:05:54:49 +0100] "GET /ticket2/opencms/en/buy/?page=1&edid=5D316A17-67AE-AB26-3845-7466FBF7E082&sortorder=desc&column=row HTTP/1.1" 200 69226
213.136.75.74 - - [01/Jan/2021:05:54:58 +0100] "GET /ticket2/opencms/en/buy/?page=1&edid=5E7075CA-ADD6-855D-E5E9-3825C6C9A47D&sortorder=asc&column=price HTTP/1.1" 200 69247
167.114.64.97 - - [01/Jan/2021:05:55:00 +0100] "GET /ticket2/opencms/nl/buy/?page=1&edid=56AC65AD-6792-298C-C62F-1AAD7AFA4221&sortorder=asc&column=section HTTP/1.1" 200 69964
167.114.159.99 - - [01/Jan/2021:05:55:04 +0100] "GET /ticket2/opencms/en/venue/?venueid=77047E47-2FF4-16B0-5A77-56A30F69DDD8 HTTP/1.1" 200 65225
167.86.85.194 - - [01/Jan/2021:05:55:04 +0100] "GET /ticket2/opencms/en/buy/?page=1&edid=DE0A9995-56A6-04E8-985B-0AA01BAE89DA HTTP/1.1" 200 71530
213.136.75.74 - - [01/Jan/2021:05:55:07 +0100] "GET /ticket2/opencms/en/buy/?page=1&edid=5E7075CA-ADD6-855D-E5E9-3825C6C9A47D&sortorder=asc&column=row HTTP/1.1" 200 69247
54.36.148.250 - - [01/Jan/2021:05:55:16 +0100] "GET /ticket2/opencms/dk/venue/?venueid=BD822697-3740-82B9-1A6D-F3495CC47DAB HTTP/1.1" 200 65211
213.136.75.74 - - [01/Jan/2021:05:55:18 +0100] "GET /ticket2/opencms/en/buy/?page=1&edid=5E7075CA-ADD6-855D-E5E9-3825C6C9A47D&sortorder=asc&column=section HTTP/1.1" 200 69247
167.86.85.194 - - [01/Jan/2021:05:55:18 +0100] "GET /ticket2/opencms/en/buy/?page=1&edid=DE0A9995-56A6-04E8-985B-0AA01BAE89DA&sortorder=asc&column=row HTTP/1.1" 200 71566
216.245.221.83 - - [01/Jan/2021:05:55:19 +0100] "HEAD /ticket2/opencms/ HTTP/1.1" 302 -
216.245.221.83 - - [01/Jan/2021:05:55:19 +0100] "HEAD /ticket2/opencms/en/ HTTP/1.1" 200 -
167.114.64.97 - - [01/Jan/2021:05:55:25 +0100] "GET /ticket2/opencms/nl/buy/?page=1&edid=575DEBEF-D2BA-ADFD-CABD-F28043A54D4D HTTP/1.1" 200 70146
167.114.159.99 - - [01/Jan/2021:05:55:26 +0100] "GET /ticket2/opencms/en/venue/?venueid=7719E5D9-AEE7-7FC5-A9DB-E1C60C1C5852 HTTP/1.1" 200 65252
213.136.75.74 - - [01/Jan/2021:05:55:38 +0100] "GET /ticket2/opencms/en/buy/?page=1&edid=61A4236D-8A4F-347D-2797-7565CB47221F&sortorder=asc&column=row HTTP/1.1" 200 70876
167.86.85.194 - - [01/Jan/2021:05:55:39 +0100] "GET /ticket2/opencms/en/buy/?page=1&edid=DE0A9995-56A6-04E8-985B-0AA01BAE89DA&sortorder=asc&column=section HTTP/1.1" 200 71566
167.114.64.97 - - [01/Jan/2021:05:55:50 +0100] "GET /ticket2/opencms/nl/buy/?page=1&edid=58EAE724-1596-B77F-AEFE-52B8A95E302A&sortorder=asc&column=section HTTP/1.1" 200 70177
167.114.159.99 - - [01/Jan/2021:05:55:52 +0100] "GET /ticket2/opencms/en/venue/?venueid=77422572-4F48-F10C-1394-DA0E03E07BDC HTTP/1.1" 200 65219
213.136.75.74 - - [01/Jan/2021:05:55:58 +0100] "GET /ticket2/opencms/en/buy/?page=1&edid=61A4236D-8A4F-347D-2797-7565CB47221F&sortorder=asc&column=section HTTP/1.1" 200 70876
167.86.85.194 - - [01/Jan/2021:05:55:59 +0100] "GET /ticket2/opencms/en/buy/?page=1&edid=DE0A9995-56A6-04E8-985B-0AA01BAE89DA&sortorder=desc&column=row HTTP/1.1" 200 71565
17.58.101.37 - - [01/Jan/2021:05:56:01 +0100] "GET /ticket2/opencms/en/buy/?edid=7BA84921-7493-D469-9091-29990BCD69BA&page=1 HTTP/1.1" 200 71035
66.249.66.133 - - [01/Jan/2021:05:56:04 +0100] "GET /ticket2/opencms/sv/tickets/chelsea/ HTTP/1.1" 200 66960
213.136.75.74 - - [01/Jan/2021:05:56:08 +0100] "GET /ticket2/opencms/en/buy/?page=1&edid=626D6770-17E9-BC21-0111-AAFA15CA9F3B&sortorder=asc&column=row HTTP/1.1" 200 70394
66.249.66.135 - - [01/Jan/2021:05:56:09 +0100] "GET /ticket2/opencms/sv/sport/fotbollsbiljetter/premier_league/arsenal/ HTTP/1.1" 200 77730
202.102.144.121 - - [01/Jan/2021:05:56:11 +0100] "GET /ticket2/opencms/ HTTP/1.1" 302 -
202.102.144.121 - - [01/Jan/2021:05:56:12 +0100] "GET /ticket2/opencms/en/ HTTP/1.1" 200 66287
167.114.64.97 - - [01/Jan/2021:05:56:13 +0100] "GET /ticket2/opencms/nl/buy/?page=1&edid=6C66269F-1C8A-026B-D7A5-A693D7B74066&sortorder=asc&column=price HTTP/1.1" 200 69696
167.86.85.194 - - [01/Jan/2021:05:56:14 +0100] "GET /ticket2/opencms/en/buy/?page=1&edid=DE573EFB-4B68-86A9-A221-F8F509C4353B HTTP/1.1" 200 71066
167.114.159.99 - - [01/Jan/2021:05:56:16 +0100] "GET /ticket2/opencms/en/venue/?venueid=774CE0C8-BD49-BECE-B867-F0D360E1A586 HTTP/1.1" 200 65191
213.136.75.74 - - [01/Jan/2021:05:56:19 +0100] "GET /ticket2/opencms/en/buy/?page=1&edid=626D6770-17E9-BC21-0111-AAFA15CA9F3B&sortorder=asc&column=section HTTP/1.1" 200 70394
167.86.85.194 - - [01/Jan/2021:05:56:28 +0100] "GET /ticket2/opencms/en/buy/?page=1&edid=DE573EFB-4B68-86A9-A221-F8F509C4353B&sortorder=asc&column=price HTTP/1.1" 200 71102
213.136.75.74 - - [01/Jan/2021:05:56:28 +0100] "GET /ticket2/opencms/en/buy/?page=1&edid=64440914-4E90-FA96-F683-7E671AB5B4CA&sortorder=desc&column=price HTTP/1.1" 200 71583
167.114.159.99 - - [01/Jan/2021:05:56:30 +0100] "GET /ticket2/opencms/en/venue/?venueid=7F535AB1-F888-ED6B-B55A-1270FA6C3498 HTTP/1.1" 200 65209
213.136.75.74 - - [01/Jan/2021:05:56:35 +0100] "GET /ticket2/opencms/en/buy/?page=1&edid=64440914-4E90-FA96-F683-7E671AB5B4CA&sortorder=desc&column=row HTTP/1.1" 200 71583
54.36.148.250 - - [01/Jan/2021:05:56:38 +0100] "GET /ticket2/opencms/dk/venue/?venueid=286341D2-7EEF-95B1-EEDE-7755BEF9E107 HTTP/1.1" 200 65344
167.114.64.97 - - [01/Jan/2021:05:56:40 +0100] "GET /ticket2/opencms/nl/buy/?page=1&edid=6C66269F-1C8A-026B-D7A5-A693D7B74066&sortorder=asc&column=row HTTP/1.1" 200 69696
213.136.75.74 - - [01/Jan/2021:05:56:47 +0100] "GET /ticket2/opencms/en/buy/?page=1&edid=64440914-4E90-FA96-F683-7E671AB5B4CA&sortorder=desc&column=section HTTP/1.1" 200 71583
167.86.85.194 - - [01/Jan/2021:05:56:49 +0100] "GET /ticket2/opencms/en/buy/?page=1&edid=DE573EFB-4B68-86A9-A221-F8F509C4353B&sortorder=asc&column=row HTTP/1.1" 200 71102
167.114.159.99 - - [01/Jan/2021:05:56:52 +0100] "GET /ticket2/opencms/en/venue/?venueid=8BDEA22F-AEEB-2CF5-B679-E036CF5C4797 HTTP/1.1" 200 65200
167.114.64.97 - - [01/Jan/2021:05:57:00 +0100] "GET /ticket2/opencms/nl/buy/?page=1&edid=6C66269F-1C8A-026B-D7A5-A693D7B74066&sortorder=asc&column=section HTTP/1.1" 200 69696
167.86.85.194 - - [01/Jan/2021:05:57:04 +0100] "GET /ticket2/opencms/en/buy/?page=1&edid=DE573EFB-4B68-86A9-A221-F8F509C4353B&sortorder=asc&column=section HTTP/1.1" 200 71102
213.136.75.74 - - [01/Jan/2021:05:57:07 +0100] "GET /ticket2/opencms/en/buy/?page=1&edid=678CB4E4-A3AE-D7C4-66AA-9D60A5E8F007&sortorder=desc&column=row HTTP/1.1" 200 70880
167.86.85.194 - - [01/Jan/2021:05:57:17 +0100] "GET /ticket2/opencms/en/buy/?page=1&edid=DE573EFB-4B68-86A9-A221-F8F509C4353B&sortorder=desc&column=price HTTP/1.1" 200 71101
157.55.39.134 - - [01/Jan/2021:05:57:17 +0100] "GET /ticket2/opencms/fi/buy/?page=1&edid=EA94D3D4-FFFA-F63F-1970-2CE5FF8D4442 HTTP/1.1" 200 72942
167.114.159.99 - - [01/Jan/2021:05:57:18 +0100] "GET /ticket2/opencms/en/venue/?venueid=8D3E338D-57EA-2754-337D-4094BF8B8E3F HTTP/1.1" 200 65224
213.136.75.74 - - [01/Jan/2021:05:57:19 +0100] "GET /ticket2/opencms/en/buy/?page=1&edid=678CB4E4-A3AE-D7C4-66AA-9D60A5E8F007&sortorder=desc&column=section HTTP/1.1" 200 70880
167.114.64.97 - - [01/Jan/2021:05:57:24 +0100] "GET /ticket2/opencms/nl/buy/?page=1&edid=6CE22AFE-7E26-9B1A-918A-6FE581476E2D&sortorder=asc&column=price HTTP/1.1" 200 68347
213.136.75.74 - - [01/Jan/2021:05:57:28 +0100] "GET /ticket2/opencms/en/buy/?page=1&edid=6869066C-20B9-BB4A-77E7-AD490FF5D90D&sortorder=desc&column=price HTTP/1.1" 200 69250
167.86.85.194 - - [01/Jan/2021:05:57:34 +0100] "GET /ticket2/opencms/en/buy/?page=1&edid=DE573EFB-4B68-86A9-A221-F8F509C4353B&sortorder=desc&column=row HTTP/1.1" 200 71101
213.136.75.74 - - [01/Jan/2021:05:57:37 +0100] "GET /ticket2/opencms/en/buy/?page=1&edid=695D986D-E4F3-2AC4-2770-3CEB3137AC00&sortorder=asc&column=price HTTP/1.1" 200 69267
167.114.159.99 - - [01/Jan/2021:05:57:42 +0100] "GET /ticket2/opencms/en/venue/?venueid=8E39DE37-BBFD-7354-2829-B45EF99FC5B8 HTTP/1.1" 200 65224
213.136.75.74 - - [01/Jan/2021:05:57:46 +0100] "GET /ticket2/opencms/en/buy/?page=1&edid=695D986D-E4F3-2AC4-2770-3CEB3137AC00&sortorder=asc&column=row HTTP/1.1" 200 69267
167.114.64.97 - - [01/Jan/2021:05:57:47 +0100] "GET /ticket2/opencms/nl/buy/?page=1&edid=6CE73640-861F-E63B-F569-7CD77E2D3806 HTTP/1.1" 200 69679
54.36.148.250 - - [01/Jan/2021:05:57:48 +0100] "GET /ticket2/opencms/dk/venue/?venueid=528266DB-B725-5242-215F-7BD3CE4ED9FF HTTP/1.1" 200 65240
213.136.75.74 - - [01/Jan/2021:05:57:56 +0100] "GET /ticket2/opencms/en/buy/?page=1&edid=695D986D-E4F3-2AC4-2770-3CEB3137AC00&sortorder=asc&column=section HTTP/1.1" 200 69267
167.86.85.194 - - [01/Jan/2021:05:57:58 +0100] "GET /ticket2/opencms/en/buy/?page=1&edid=DE573EFB-4B68-86A9-A221-F8F509C4353B&sortorder=desc&column=section HTTP/1.1" 200 71101
192.99.37.116 - - [01/Jan/2021:05:58:03 +0100] "GET /ticket2/opencms/robots.txt HTTP/1.1" 200 773
167.114.159.99 - - [01/Jan/2021:05:58:05 +0100] "GET /ticket2/opencms/en/venue/?venueid=8F5E4425-8141-7E8A-A807-2D9CCA042D40 HTTP/1.1" 200 65221
167.114.64.97 - - [01/Jan/2021:05:58:07 +0100] "GET /ticket2/opencms/nl/buy/?page=1&edid=6D363951-24DE-E3AF-D834-DF89F89CF77E&sortorder=asc&column=price HTTP/1.1" 200 71487
213.136.75.74 - - [01/Jan/2021:05:58:09 +0100] "GET /ticket2/opencms/en/buy/?page=1&edid=6B4FF110-2A69-47F1-0B05-03CF6FBA99A8&sortorder=asc&column=price HTTP/1.1" 200 72442
167.86.85.194 - - [01/Jan/2021:05:58:10 +0100] "GET /ticket2/opencms/en/buy/?page=1&edid=DE57F8FA-9219-7B6F-C52C-4E26A1185AB4 HTTP/1.1" 200 70869
114.119.159.134 - - [01/Jan/2021:05:58:12 +0100] "GET /ticket2/opencms/system/modules/com.gridnine.opencms.ticketbrokerage.site/resources/pics/content/affiliate_dk.png HTTP/1.1" 200 17472
74.82.47.4 - - [01/Jan/2021:05:58:21 +0100] "GET /ticket2/opencms/ HTTP/1.1" 500 -
167.114.159.99 - - [01/Jan/2021:05:58:23 +0100] "GET /ticket2/opencms/en/venue/?venueid=9105DCA9-DA89-4D98-8EC3-D0773C34A12F HTTP/1.1" 200 65200
213.136.75.74 - - [01/Jan/2021:05:58:25 +0100] "GET /ticket2/opencms/en/buy/?page=1&edid=6B4FF110-2A69-47F1-0B05-03CF6FBA99A8&sortorder=asc&column=row HTTP/1.1" 200 72442
167.86.85.194 - - [01/Jan/2021:05:58:31 +0100] "GET /ticket2/opencms/en/buy/?page=1&edid=DE77F923-33DD-F680-B03C-157F39802E52 HTTP/1.1" 200 69225
167.114.64.97 - - [01/Jan/2021:05:58:31 +0100] "GET /ticket2/opencms/nl/buy/?page=1&edid=6D363951-24DE-E3AF-D834-DF89F89CF77E&sortorder=asc&column=row HTTP/1.1" 200 71487
213.136.75.74 - - [01/Jan/2021:05:58:37 +0100] "GET /ticket2/opencms/en/buy/?page=1&edid=6B4FF110-2A69-47F1-0B05-03CF6FBA99A8&sortorder=asc&column=section HTTP/1.1" 200 72442
192.99.37.116 - - [01/Jan/2021:05:58:45 +0100] "GET /ticket2/opencms/no/buy/?page=1&edid=F1993932-B303-1D1B-DCBB-BBBBB4362534&sortorder=desc&column=section HTTP/1.1" 200 71468
213.136.75.74 - - [01/Jan/2021:05:58:48 +0100] "GET /ticket2/opencms/en/buy/?page=1&edid=70FDC3DC-F515-C07F-B4AD-EDA83BDCA260&sortorder=asc&column=price HTTP/1.1" 200 70907
209.17.97.34 - - [01/Jan/2021:05:58:50 +0100] "GET / HTTP/1.1" 404 -
167.86.85.194 - - [01/Jan/2021:05:58:51 +0100] "GET /ticket2/opencms/en/buy/?page=1&edid=DE9494C2-2DFE-FEF4-23E3-5DDEA6568CA9 HTTP/1.1" 200 69194
114.119.154.211 - - [01/Jan/2021:05:58:51 +0100] "GET /ticket2/opencms/system/modules/com.gridnine.opencms.ticketbrokerage.site/resources/pics/content/affiliate_no.png HTTP/1.1" 200 17326
54.36.148.124 - - [01/Jan/2021:05:58:52 +0100] "GET /ticket2/opencms/dk/buy/?page=6&comcatid=A17713B6-D984-201A-4143-ED4DB5ED5C2E&catid=E961462E-5AC2-64D6-5850-A310C9DEAA06 HTTP/1.1" 200 75817
213.136.75.74 - - [01/Jan/2021:05:58:55 +0100] "GET /ticket2/opencms/en/buy/?page=1&edid=70FDC3DC-F515-C07F-B4AD-EDA83BDCA260&sortorder=asc&column=row HTTP/1.1" 200 70907
167.114.159.99 - - [01/Jan/2021:05:58:57 +0100] "GET /ticket2/opencms/en/venue/?venueid=912F0069-B2C0-0AC0-F2EF-4265D10E9B2C HTTP/1.1" 200 65224
167.114.64.97 - - [01/Jan/2021:05:58:58 +0100] "GET /ticket2/opencms/nl/buy/?page=1&edid=6D363951-24DE-E3AF-D834-DF89F89CF77E&sortorder=asc&column=section HTTP/1.1" 200 71487
167.86.85.194 - - [01/Jan/2021:05:59:01 +0100] "GET /ticket2/opencms/en/buy/?page=1&edid=DE9494C2-2DFE-FEF4-23E3-5DDEA6568CA9&sortorder=asc&column=price HTTP/1.1" 200 69230
157.55.39.240 - - [01/Jan/2021:05:59:03 +0100] "GET /ticket2/opencms/fi/venue/?venueid=500BC477-83DB-4098-EE3E-1AC6E6FE1016 HTTP/1.1" 200 66420
213.136.75.74 - - [01/Jan/2021:05:59:04 +0100] "GET /ticket2/opencms/en/buy/?page=1&edid=70FDC3DC-F515-C07F-B4AD-EDA83BDCA260&sortorder=asc&column=section HTTP/1.1" 200 70907
66.249.66.137 - - [01/Jan/2021:05:59:10 +0100] "GET /ticket2/opencms/sv/buy/?page=1&edid=9AD13E7F-5D82-866E-76B8-DBF6F4BC3E55 HTTP/1.1" 200 69440
213.136.75.74 - - [01/Jan/2021:05:59:14 +0100] "GET /ticket2/opencms/en/buy/?page=1&edid=72EFF4C3-F2CF-1B27-5F03-64D46F8CDC4B&sortorder=asc&column=price HTTP/1.1" 200 70670
167.114.159.99 - - [01/Jan/2021:05:59:15 +0100] "GET /ticket2/opencms/en/venue/?venueid=91672A3F-D5FF-A436-E120-7AA50E9CF3E6 HTTP/1.1" 200 65264
167.86.85.194 - - [01/Jan/2021:05:59:18 +0100] "GET /ticket2/opencms/en/buy/?page=1&edid=DE9494C2-2DFE-FEF4-23E3-5DDEA6568CA9&sortorder=asc&column=row HTTP/1.1" 200 69230
167.114.64.97 - - [01/Jan/2021:05:59:23 +0100] "GET /ticket2/opencms/nl/buy/?page=1&edid=6D659B0C-D907-0405-67DC-00DF3824F864&sortorder=asc&column=price HTTP/1.1" 200 68324
213.136.75.74 - - [01/Jan/2021:05:59:27 +0100] "GET /ticket2/opencms/en/buy/?page=1&edid=72EFF4C3-F2CF-1B27-5F03-64D46F8CDC4B&sortorder=asc&column=row HTTP/1.1" 200 70670
167.86.85.194 - - [01/Jan/2021:05:59:29 +0100] "GET /ticket2/opencms/en/buy/?page=1&edid=DE9494C2-2DFE-FEF4-23E3-5DDEA6568CA9&sortorder=asc&column=section HTTP/1.1" 200 69230
167.114.159.99 - - [01/Jan/2021:05:59:36 +0100] "GET /ticket2/opencms/en/venue/?venueid=91735E97-CBE8-0381-C0A7-AFDBBB70E5D4 HTTP/1.1" 200 65279
157.55.39.169 - - [01/Jan/2021:05:59:38 +0100] "GET /ticket2/opencms/en/buy/?page=6&comcatid=A17713B6-D984-201A-4143-ED4DB5ED5C2E&catid=0A6C99D2-F5BD-7A18-9A5F-5668827042E0&eventid=2D882524-F20E-911C-330E-DB5F72C129F5 HTTP/1.1" 200 75681
213.136.75.74 - - [01/Jan/2021:05:59:39 +0100] "GET /ticket2/opencms/en/buy/?page=1&edid=72EFF4C3-F2CF-1B27-5F03-64D46F8CDC4B&sortorder=asc&column=section HTTP/1.1" 200 70670
167.86.85.194 - - [01/Jan/2021:05:59:48 +0100] "GET /ticket2/opencms/en/buy/?page=1&edid=DE9494C2-2DFE-FEF4-23E3-5DDEA6568CA9&sortorder=desc&column=price HTTP/1.1" 200 69229
185.191.171.26 - - [01/Jan/2021:05:59:49 +0100] "GET /ticket2/opencms/robots.txt HTTP/1.1" 200 773
185.191.171.20 - - [01/Jan/2021:05:59:50 +0100] "GET /ticket2/opencms/ru/buy/?edid=1360E6F7-8499-827C-3ABB-366991C456E4&page=1 HTTP/1.1" 200 72624
167.114.64.97 - - [01/Jan/2021:05:59:54 +0100] "GET /ticket2/opencms/nl/buy/?page=1&edid=6D659B0C-D907-0405-67DC-00DF3824F864&sortorder=asc&column=row HTTP/1.1" 200 68324
54.36.148.169 - - [01/Jan/2021:05:59:56 +0100] "GET /ticket2/opencms/dk/venue/?venueid=C81AD7E5-8D0C-B7E1-63A6-C15C2A1202E2 HTTP/1.1" 200 65226
213.136.75.74 - - [01/Jan/2021:05:59:58 +0100] "GET /ticket2/opencms/en/buy/?page=1&edid=765F97BA-C920-639C-860F-B72DB0C768A6&sortorder=asc&column=price HTTP/1.1" 200 70888
167.114.159.99 - - [01/Jan/2021:05:59:59 +0100] "GET /ticket2/opencms/en/venue/?venueid=91CC5869-2AA5-E430-A488-769315842D86 HTTP/1.1" 200 65219
167.86.85.194 - - [01/Jan/2021:06:00:01 +0100] "GET /ticket2/opencms/en/buy/?page=1&edid=DE9494C2-2DFE-FEF4-23E3-5DDEA6568CA9&sortorder=desc&column=row HTTP/1.1" 200 69229
213.136.75.74 - - [01/Jan/2021:06:00:08 +0100] "GET /ticket2/opencms/en/buy/?page=1&edid=765F97BA-C920-639C-860F-B72DB0C768A6&sortorder=asc&column=row HTTP/1.1" 200 70888
192.99.37.116 - - [01/Jan/2021:06:00:10 +0100] "GET /ticket2/opencms/no/buy/?page=1&edid=F1A94DF6-0410-4651-F3FB-0AB19BC09731 HTTP/1.1" 200 71435
167.86.85.194 - - [01/Jan/2021:06:00:15 +0100] "GET /ticket2/opencms/en/buy/?page=1&edid=DE9494C2-2DFE-FEF4-23E3-5DDEA6568CA9&sortorder=desc&column=section HTTP/1.1" 200 69229
216.245.221.83 - - [01/Jan/2021:06:00:19 +0100] "HEAD /ticket2/opencms/ HTTP/1.1" 302 -
216.245.221.83 - - [01/Jan/2021:06:00:19 +0100] "HEAD /ticket2/opencms/en/ HTTP/1.1" 200 -
167.114.64.97 - - [01/Jan/2021:06:00:20 +0100] "GET /ticket2/opencms/nl/buy/?page=1&edid=6D659B0C-D907-0405-67DC-00DF3824F864&sortorder=asc&column=section HTTP/1.1" 200 68324
167.114.159.99 - - [01/Jan/2021:06:00:22 +0100] "GET /ticket2/opencms/en/venue/?venueid=950EE001-B436-52E3-8102-457AB519569A HTTP/1.1" 200 65228
213.136.75.74 - - [01/Jan/2021:06:00:27 +0100] "GET /ticket2/opencms/en/buy/?page=1&edid=765F97BA-C920-639C-860F-B72DB0C768A6&sortorder=asc&column=section HTTP/1.1" 200 70888
167.86.85.194 - - [01/Jan/2021:06:00:28 +0100] "GET /ticket2/opencms/en/buy/?page=1&edid=DEA4A591-9EE5-BF64-43D1-08A1DEA4CC02 HTTP/1.1" 200 71064
167.114.159.99 - - [01/Jan/2021:06:00:36 +0100] "GET /ticket2/opencms/en/venue/?venueid=988CFED4-6B4C-E666-FAD2-FF27363C6BC5 HTTP/1.1" 200 65239
213.136.75.74 - - [01/Jan/2021:06:00:38 +0100] "GET /ticket2/opencms/en/buy/?page=1&edid=7821A60F-0A4F-8978-889F-2A006C733B51&sortorder=asc&column=price HTTP/1.1" 200 69272
192.99.37.116 - - [01/Jan/2021:06:00:40 +0100] "GET /ticket2/opencms/no/buy/?page=1&edid=F1A94DF6-0410-4651-F3FB-0AB19BC09731&sortorder=desc&column=price HTTP/1.1" 200 71470
167.114.64.97 - - [01/Jan/2021:06:00:44 +0100] "GET /ticket2/opencms/nl/buy/?page=1&edid=6D659B0C-D907-0405-67DC-00DF3824F864&sortorder=desc&column=price HTTP/1.1" 200 68323
213.136.75.74 - - [01/Jan/2021:06:00:49 +0100] "GET /ticket2/opencms/en/buy/?page=1&edid=79659525-0E47-A424-DB1D-E23DBC28C86D&sortorder=asc&column=section HTTP/1.1" 200 71144
167.86.85.194 - - [01/Jan/2021:06:00:51 +0100] "GET /ticket2/opencms/en/buy/?page=1&edid=DEA4A591-9EE5-BF64-43D1-08A1DEA4CC02&sortorder=asc&column=price HTTP/1.1" 200 71100
213.136.75.74 - - [01/Jan/2021:06:00:58 +0100] "GET /ticket2/opencms/en/buy/?page=1&edid=7A3FA477-85FC-B8DC-D245-B224FB4AD223&sortorder=asc&column=price HTTP/1.1" 200 69256
54.36.148.112 - - [01/Jan/2021:06:00:59 +0100] "GET /ticket2/opencms/dk/venue/?venueid=3EFA133C-9DC2-28D1-976C-FF89420A85DD HTTP/1.1" 200 65225
167.114.159.99 - - [01/Jan/2021:06:00:59 +0100] "GET /ticket2/opencms/en/venue/?venueid=99C4482B-3D33-70EC-E3A5-3BCAD2D2C524 HTTP/1.1" 200 65191
192.99.37.116 - - [01/Jan/2021:06:01:01 +0100] "GET /ticket2/opencms/no/buy/?page=1&edid=F1A94DF6-0410-4651-F3FB-0AB19BC09731&sortorder=desc&column=row HTTP/1.1" 200 71470
167.114.64.97 - - [01/Jan/2021:06:01:10 +0100] "GET /ticket2/opencms/nl/buy/?page=1&edid=6D659B0C-D907-0405-67DC-00DF3824F864&sortorder=desc&column=row HTTP/1.1" 200 68323
167.86.85.194 - - [01/Jan/2021:06:01:11 +0100] "GET /ticket2/opencms/en/buy/?page=1&edid=DEA4A591-9EE5-BF64-43D1-08A1DEA4CC02&sortorder=asc&column=row HTTP/1.1" 200 71100
213.136.75.74 - - [01/Jan/2021:06:01:11 +0100] "GET /ticket2/opencms/en/buy/?page=1&edid=7A3FA477-85FC-B8DC-D245-B224FB4AD223&sortorder=asc&column=row HTTP/1.1" 200 69256
192.99.37.116 - - [01/Jan/2021:06:01:14 +0100] "GET /ticket2/opencms/no/buy/?page=1&edid=F217EE7F-E2B0-ACDA-2542-88F4775D7E83&sortorder=desc&column=row HTTP/1.1" 200 69830
167.114.159.99 - - [01/Jan/2021:06:01:15 +0100] "GET /ticket2/opencms/en/venue/?venueid=99EB5D09-9A33-95A7-F158-1EC6D2BA2BAD HTTP/1.1" 200 65252
66.249.66.213 - - [01/Jan/2021:06:01:25 +0100] "GET /ticket2/opencms/dk/venue/?venueid=214162D4-F755-2444-761E-1B8A12025521 HTTP/1.1" 200 65222
167.86.85.194 - - [01/Jan/2021:06:01:28 +0100] "GET /ticket2/opencms/en/buy/?page=1&edid=DEA4A591-9EE5-BF64-43D1-08A1DEA4CC02&sortorder=asc&column=section HTTP/1.1" 200 71100
213.136.75.74 - - [01/Jan/2021:06:01:30 +0100] "GET /ticket2/opencms/en/buy/?page=1&edid=7A3FA477-85FC-B8DC-D245-B224FB4AD223&sortorder=asc&column=section HTTP/1.1" 200 69256
66.249.66.137 - - [01/Jan/2021:06:01:33 +0100] "GET /ticket2/opencms/tb/opencms/en/archive/events/melodifestivalen/2007_03_13_19_00/46.html HTTP/1.1" 404 -
167.114.64.97 - - [01/Jan/2021:06:01:38 +0100] "GET /ticket2/opencms/nl/buy/?page=1&edid=6D659B0C-D907-0405-67DC-00DF3824F864&sortorder=desc&column=section HTTP/1.1" 200 68323
213.136.75.74 - - [01/Jan/2021:06:01:47 +0100] "GET /ticket2/opencms/en/buy/?page=1&edid=7B13364F-9EE2-FFC9-44E1-6055539DCB61&sortorder=asc&column=price HTTP/1.1" 200 69260
167.114.159.99 - - [01/Jan/2021:06:01:47 +0100] "GET /ticket2/opencms/en/venue/?venueid=9B08A22F-3415-C8C6-6EBA-E63C520CFD46 HTTP/1.1" 200 65197
157.55.39.169 - - [01/Jan/2021:06:01:53 +0100] "GET /ticket2/opencms/no/sport/fotballsbilletter/serie_a/lazio/ HTTP/1.1" 200 67893
167.86.85.194 - - [01/Jan/2021:06:01:55 +0100] "GET /ticket2/opencms/en/buy/?page=1&edid=DED8B8D3-5A2A-3FF7-3F3B-8C7FAC67E2E1 HTTP/1.1" 200 70641
213.136.75.74 - - [01/Jan/2021:06:01:58 +0100] "GET /ticket2/opencms/en/buy/?page=1&edid=7B13364F-9EE2-FFC9-44E1-6055539DCB61&sortorder=asc&column=row HTTP/1.1" 200 69260
167.114.64.97 - - [01/Jan/2021:06:01:59 +0100] "GET /ticket2/opencms/nl/buy/?page=1&edid=6D7A8123-61E5-5833-B05E-2C23906BD89C&sortorder=asc&column=price HTTP/1.1" 200 69953
192.99.37.116 - - [01/Jan/2021:06:02:00 +0100] "GET /ticket2/opencms/no/buy/?page=1&edid=F2B72B5B-8A69-BEB5-D93E-6209E408FB87 HTTP/1.1" 200 69786
54.36.149.39 - - [01/Jan/2021:06:02:03 +0100] "GET /ticket2/opencms/dk/venue/?venueid=CAA98BF5-BF8C-9F8D-456A-D5DB923FB95B HTTP/1.1" 200 65226
213.136.75.74 - - [01/Jan/2021:06:02:08 +0100] "GET /ticket2/opencms/en/buy/?page=1&edid=7B13364F-9EE2-FFC9-44E1-6055539DCB61&sortorder=asc&column=section HTTP/1.1" 200 69260
167.114.159.99 - - [01/Jan/2021:06:02:10 +0100] "GET /ticket2/opencms/en/venue/?venueid=9B2C1699-4E48-3395-23F5-8C5155F452CE HTTP/1.1" 200 65206
192.99.37.116 - - [01/Jan/2021:06:02:19 +0100] "GET /ticket2/opencms/no/buy/?page=1&edid=F2B72B5B-8A69-BEB5-D93E-6209E408FB87&sortorder=desc&column=row HTTP/1.1" 200 69821
213.136.75.74 - - [01/Jan/2021:06:02:21 +0100] "GET /ticket2/opencms/en/buy/?page=1&edid=7B13364F-9EE2-FFC9-44E1-6055539DCB61&sortorder=desc&column=price HTTP/1.1" 200 69259
167.114.64.97 - - [01/Jan/2021:06:02:23 +0100] "GET /ticket2/opencms/nl/buy/?page=1&edid=6D7A8123-61E5-5833-B05E-2C23906BD89C&sortorder=asc&column=row HTTP/1.1" 200 69953
167.86.85.194 - - [01/Jan/2021:06:02:23 +0100] "GET /ticket2/opencms/en/buy/?page=1&edid=DED8B8D3-5A2A-3FF7-3F3B-8C7FAC67E2E1&sortorder=asc&column=price HTTP/1.1" 200 70677
213.136.75.74 - - [01/Jan/2021:06:02:31 +0100] "GET /ticket2/opencms/en/buy/?page=1&edid=7C751E74-70B5-A98A-2B53-C67CB5854788&sortorder=asc&column=price HTTP/1.1" 200 69227
109.74.4.119 - - [01/Jan/2021:06:02:31 +0100] "GET /ticket2/tickets_export/outgoing/export.txt HTTP/1.0" 200 -
138.246.253.24 - - [01/Jan/2021:06:02:32 +0100] "HEAD /ticket2/opencms/ HTTP/1.1" 302 -
167.114.159.99 - - [01/Jan/2021:06:02:33 +0100] "GET /ticket2/opencms/en/venue/?venueid=9BA72295-2DDF-9809-9F6B-30A7553066D1 HTTP/1.1" 200 65200
167.86.85.194 - - [01/Jan/2021:06:02:35 +0100] "GET /ticket2/opencms/en/buy/?page=1&edid=E040E264-7E8E-AEF9-BAA1-D19970F65C5B HTTP/1.1" 200 69209
114.119.153.67 - - [01/Jan/2021:06:02:35 +0100] "GET /ticket2/opencms/dk/venue/?venueid=75885D15-264E-60FB-5DAC-D1D386082DD7 HTTP/1.1" 200 65241
213.136.75.74 - - [01/Jan/2021:06:02:43 +0100] "GET /ticket2/opencms/en/buy/?page=1&edid=7C751E74-70B5-A98A-2B53-C67CB5854788&sortorder=asc&column=row HTTP/1.1" 200 69227
167.114.64.97 - - [01/Jan/2021:06:02:47 +0100] "GET /ticket2/opencms/nl/buy/?page=1&edid=6D7A8123-61E5-5833-B05E-2C23906BD89C&sortorder=asc&column=section HTTP/1.1" 200 69953
144.76.29.149 - - [01/Jan/2021:06:02:49 +0100] "GET /ticket2/opencms/robots.txt HTTP/1.1" 200 773
167.86.85.194 - - [01/Jan/2021:06:02:54 +0100] "GET /ticket2/opencms/en/buy/?page=1&edid=E040E264-7E8E-AEF9-BAA1-D19970F65C5B&sortorder=asc&column=price HTTP/1.1" 200 69245
167.114.159.99 - - [01/Jan/2021:06:02:54 +0100] "GET /ticket2/opencms/en/venue/?venueid=A003754C-3E1C-9E13-64E9-6F827A08D00B HTTP/1.1" 200 65191
144.76.29.149 - - [01/Jan/2021:06:02:56 +0100] "GET /ticket2/opencms/fi/buy/?page=1&edid=47A673BE-C245-9F8B-C91F-05F588A16FEE&sortorder=asc&column=price HTTP/1.1" 200 72052
213.136.75.74 - - [01/Jan/2021:06:02:59 +0100] "GET /ticket2/opencms/en/buy/?page=1&edid=7C751E74-70B5-A98A-2B53-C67CB5854788&sortorder=asc&column=section HTTP/1.1" 200 69227
144.76.29.149 - - [01/Jan/2021:06:03:03 +0100] "GET /ticket2/opencms/fi/buy/?page=1&edid=47A673BE-C245-9F8B-C91F-05F588A16FEE&sortorder=asc&column=row HTTP/1.1" 200 72052
54.36.148.148 - - [01/Jan/2021:06:03:04 +0100] "GET /ticket2/opencms/dk/venue/?venueid=4D17CC3A-BD8B-68E3-235C-47D5A4795C72 HTTP/1.1" 200 65288
144.76.29.149 - - [01/Jan/2021:06:03:08 +0100] "GET /ticket2/opencms/fi/buy/?page=1&edid=47A673BE-C245-9F8B-C91F-05F588A16FEE&sortorder=asc&column=section HTTP/1.1" 200 72052
192.99.37.116 - - [01/Jan/2021:06:03:09 +0100] "GET /ticket2/opencms/no/buy/?page=1&edid=F2B72B5B-8A69-BEB5-D93E-6209E408FB87&sortorder=desc&column=section HTTP/1.1" 200 69821
167.86.85.194 - - [01/Jan/2021:06:03:10 +0100] "GET /ticket2/opencms/en/buy/?page=1&edid=E0A53669-91D6-866E-C069-2204E55E6CA3&sortorder=asc&column=row HTTP/1.1" 200 71104
167.114.64.97 - - [01/Jan/2021:06:03:13 +0100] "GET /ticket2/opencms/nl/buy/?page=1&edid=6DA75030-6EA2-83E3-DB99-AFEEFF38FF71&sortorder=asc&column=price HTTP/1.1" 200 71047
144.76.29.149 - - [01/Jan/2021:06:03:13 +0100] "GET /ticket2/opencms/fi/buy/?page=1&edid=480E7B33-B8FB-DE6E-BC2D-C94272347172&sortorder=asc&column=price HTTP/1.1" 200 70648
167.114.159.99 - - [01/Jan/2021:06:03:18 +0100] "GET /ticket2/opencms/en/venue/?venueid=A0215E07-B078-8AA5-6DA4-5B2EADC61CED HTTP/1.1" 200 65272
144.76.29.149 - - [01/Jan/2021:06:03:20 +0100] "GET /ticket2/opencms/fi/buy/?page=1&edid=480E7B33-B8FB-DE6E-BC2D-C94272347172&sortorder=asc&column=row HTTP/1.1" 200 70648
167.86.85.194 - - [01/Jan/2021:06:03:20 +0100] "GET /ticket2/opencms/en/buy/?page=1&edid=E0A53669-91D6-866E-C069-2204E55E6CA3&sortorder=asc&column=section HTTP/1.1" 200 71104
192.99.37.116 - - [01/Jan/2021:06:03:25 +0100] "GET /ticket2/opencms/no/buy/?page=1&edid=F2DF3B4F-CEC8-231B-1AD3-28E4066A7ADE HTTP/1.1" 200 69815
144.76.29.149 - - [01/Jan/2021:06:03:30 +0100] "GET /ticket2/opencms/fi/buy/?page=1&edid=480E7B33-B8FB-DE6E-BC2D-C94272347172&sortorder=asc&column=section HTTP/1.1" 200 70648
213.136.75.74 - - [01/Jan/2021:06:03:31 +0100] "GET /ticket2/opencms/en/buy/?page=1&edid=82CD5B36-CDC8-E695-F2A6-A362041AEA89&sortorder=asc&column=price HTTP/1.1" 200 69273
144.76.29.149 - - [01/Jan/2021:06:03:38 +0100] "GET /ticket2/opencms/fi/buy/?page=1&edid=480EA493-0E5F-7F69-07F4-58B5BF351D39&sortorder=asc&column=price HTTP/1.1" 200 72076
167.114.159.99 - - [01/Jan/2021:06:03:40 +0100] "GET /ticket2/opencms/en/venue/?venueid=A0B35C83-269D-8EEE-39B8-9C45CBF0DD7B HTTP/1.1" 200 65224
167.86.85.194 - - [01/Jan/2021:06:03:41 +0100] "GET /ticket2/opencms/en/buy/?page=1&edid=E0E4CC6D-24E3-040F-1B69-4E1F3E08A0A3 HTTP/1.1" 200 72410
167.114.64.97 - - [01/Jan/2021:06:03:42 +0100] "GET /ticket2/opencms/nl/buy/?page=1&edid=6DA75030-6EA2-83E3-DB99-AFEEFF38FF71&sortorder=asc&column=section HTTP/1.1" 200 71047
213.136.75.74 - - [01/Jan/2021:06:03:45 +0100] "GET /ticket2/opencms/en/buy/?page=1&edid=82CD5B36-CDC8-E695-F2A6-A362041AEA89&sortorder=asc&column=row HTTP/1.1" 200 69273
144.76.29.149 - - [01/Jan/2021:06:03:46 +0100] "GET /ticket2/opencms/fi/buy/?page=1&edid=480EA493-0E5F-7F69-07F4-58B5BF351D39&sortorder=asc&column=row HTTP/1.1" 200 72076
144.76.29.149 - - [01/Jan/2021:06:03:55 +0100] "GET /ticket2/opencms/fi/buy/?page=1&edid=480EA493-0E5F-7F69-07F4-58B5BF351D39&sortorder=asc&column=section HTTP/1.1" 200 72076
167.114.159.99 - - [01/Jan/2021:06:03:59 +0100] "GET /ticket2/opencms/en/venue/?venueid=A2EB5051-2CE6-1081-A940-AC218E058885 HTTP/1.1" 200 65185
213.136.75.74 - - [01/Jan/2021:06:03:59 +0100] "GET /ticket2/opencms/en/buy/?page=1&edid=82CD5B36-CDC8-E695-F2A6-A362041AEA89&sortorder=asc&column=section HTTP/1.1" 200 69273
192.99.37.116 - - [01/Jan/2021:06:04:00 +0100] "GET /ticket2/opencms/no/buy/?page=1&edid=F2DF3B4F-CEC8-231B-1AD3-28E4066A7ADE&sortorder=desc&column=price HTTP/1.1" 200 69850
144.76.29.149 - - [01/Jan/2021:06:04:01 +0100] "GET /ticket2/opencms/fi/buy/?page=1&edid=48E039F7-006E-1F50-BADB-DE9D9973E789&sortorder=asc&column=section HTTP/1.1" 200 70664
167.114.64.97 - - [01/Jan/2021:06:04:04 +0100] "GET /ticket2/opencms/nl/buy/?page=1&edid=6DB046DB-410B-73D4-9D8B-16FCC7635D61&sortorder=asc&column=price HTTP/1.1" 200 70157
167.86.85.194 - - [01/Jan/2021:06:04:05 +0100] "GET /ticket2/opencms/en/buy/?page=1&edid=E0E4CC6D-24E3-040F-1B69-4E1F3E08A0A3&sortorder=asc&column=price HTTP/1.1" 200 72446
144.76.29.149 - - [01/Jan/2021:06:04:06 +0100] "GET /ticket2/opencms/fi/buy/?page=1&edid=4B7056C7-B18C-ECB8-1E3F-F15C483408B8&sortorder=asc&column=price HTTP/1.1" 200 70593
54.36.149.8 - - [01/Jan/2021:06:04:11 +0100] "GET /ticket2/opencms/dk/buy/?page=6&comcatid=A17713B6-D984-201A-4143-ED4DB5ED5C2E&catid=F03B8ADD-988E-AE6A-8DBA-AF502C691C60 HTTP/1.1" 200 75820
213.136.75.74 - - [01/Jan/2021:06:04:11 +0100] "GET /ticket2/opencms/en/buy/?page=1&edid=84038E4F-7827-3966-E05C-79E830ED2F20&sortorder=asc&column=price HTTP/1.1" 200 69228
144.76.29.149 - - [01/Jan/2021:06:04:12 +0100] "GET /ticket2/opencms/fi/buy/?page=1&edid=4B7056C7-B18C-ECB8-1E3F-F15C483408B8&sortorder=asc&column=row HTTP/1.1" 200 70593
144.76.29.149 - - [01/Jan/2021:06:04:19 +0100] "GET /ticket2/opencms/fi/buy/?page=1&edid=4B7056C7-B18C-ECB8-1E3F-F15C483408B8&sortorder=asc&column=section HTTP/1.1" 200 70593
213.136.75.74 - - [01/Jan/2021:06:04:21 +0100] "GET /ticket2/opencms/en/buy/?page=1&edid=84038E4F-7827-3966-E05C-79E830ED2F20&sortorder=asc&column=row HTTP/1.1" 200 69228
13.78.166.23 - - [01/Jan/2021:06:04:23 +0100] "GET /ticket2/opencms/.env HTTP/1.1" 404 -
192.99.37.116 - - [01/Jan/2021:06:04:23 +0100] "GET /ticket2/opencms/no/buy/?page=1&edid=F32982F9-8DBA-9119-12C3-8C280A2BFA84 HTTP/1.1" 200 71438
167.114.159.99 - - [01/Jan/2021:06:04:24 +0100] "GET /ticket2/opencms/en/venue/?venueid=A349DBED-07A6-8985-882B-FBE6633B82A6 HTTP/1.1" 200 65198
167.86.85.194 - - [01/Jan/2021:06:04:24 +0100] "GET /ticket2/opencms/en/buy/?page=1&edid=E0E4CC6D-24E3-040F-1B69-4E1F3E08A0A3&sortorder=asc&column=row HTTP/1.1" 200 72446
13.78.166.23 - - [01/Jan/2021:06:04:24 +0100] "POST /ticket2/opencms/ HTTP/1.1" 302 -
144.76.29.149 - - [01/Jan/2021:06:04:24 +0100] "GET /ticket2/opencms/fi/buy/?page=1&edid=4C02011D-24C0-2535-1DBC-D54833672F3A&sortorder=asc&column=price HTTP/1.1" 200 70631
167.114.64.97 - - [01/Jan/2021:06:04:27 +0100] "GET /ticket2/opencms/nl/buy/?page=1&edid=6DB046DB-410B-73D4-9D8B-16FCC7635D61&sortorder=asc&column=row HTTP/1.1" 200 70157
144.76.29.149 - - [01/Jan/2021:06:04:30 +0100] "GET /ticket2/opencms/fi/buy/?page=1&edid=4C02011D-24C0-2535-1DBC-D54833672F3A&sortorder=asc&column=row HTTP/1.1" 200 70631
213.136.75.74 - - [01/Jan/2021:06:04:37 +0100] "GET /ticket2/opencms/en/buy/?page=1&edid=84038E4F-7827-3966-E05C-79E830ED2F20&sortorder=asc&column=section HTTP/1.1" 200 69228
167.86.85.194 - - [01/Jan/2021:06:04:38 +0100] "GET /ticket2/opencms/en/buy/?page=1&edid=E0E4CC6D-24E3-040F-1B69-4E1F3E08A0A3&sortorder=asc&column=section HTTP/1.1" 200 72446
192.99.37.116 - - [01/Jan/2021:06:04:40 +0100] "GET /ticket2/opencms/no/buy/?page=1&edid=F3452852-98B1-10BC-00D5-B8C192736B35 HTTP/1.1" 200 69777
167.114.159.99 - - [01/Jan/2021:06:04:44 +0100] "GET /ticket2/opencms/en/venue/?venueid=A3B71C1B-E926-B112-21C1-4B4246731BD7 HTTP/1.1" 200 65233
213.136.75.74 - - [01/Jan/2021:06:04:49 +0100] "GET /ticket2/opencms/en/buy/?page=1&edid=841F01BE-9A3A-AE33-4004-B13EAF3CAACE&sortorder=asc&column=price HTTP/1.1" 200 69240
167.86.85.194 - - [01/Jan/2021:06:04:58 +0100] "GET /ticket2/opencms/en/buy/?page=1&edid=E0E4CC6D-24E3-040F-1B69-4E1F3E08A0A3&sortorder=desc&column=price HTTP/1.1" 200 72445
167.114.64.97 - - [01/Jan/2021:06:05:00 +0100] "GET /ticket2/opencms/nl/buy/?page=1&edid=6DB046DB-410B-73D4-9D8B-16FCC7635D61&sortorder=asc&column=section HTTP/1.1" 200 70157
213.136.75.74 - - [01/Jan/2021:06:05:00 +0100] "GET /ticket2/opencms/en/buy/?page=1&edid=841F01BE-9A3A-AE33-4004-B13EAF3CAACE&sortorder=asc&column=row HTTP/1.1" 200 69240
192.99.37.116 - - [01/Jan/2021:06:05:01 +0100] "GET /ticket2/opencms/no/buy/?page=1&edid=F3452852-98B1-10BC-00D5-B8C192736B35&sortorder=desc&column=price HTTP/1.1" 200 69812
167.114.159.99 - - [01/Jan/2021:06:05:04 +0100] "GET /ticket2/opencms/en/venue/?venueid=A3BB5C5F-AE9B-C3F6-5C60-F2B46B94318E HTTP/1.1" 200 65227
144.76.29.149 - - [01/Jan/2021:06:05:11 +0100] "GET /ticket2/opencms/fi/buy/?page=1&edid=4C02011D-24C0-2535-1DBC-D54833672F3A&sortorder=asc&column=section HTTP/1.1" 200 70631
192.99.37.116 - - [01/Jan/2021:06:05:13 +0100] "GET /ticket2/opencms/no/buy/?page=1&edid=F3452852-98B1-10BC-00D5-B8C192736B35&sortorder=desc&column=section HTTP/1.1" 200 69812
167.86.85.194 - - [01/Jan/2021:06:05:14 +0100] "GET /ticket2/opencms/en/buy/?page=1&edid=E113F3CA-626C-689F-3541-C9362109316D HTTP/1.1" 200 71347
213.136.75.74 - - [01/Jan/2021:06:05:14 +0100] "GET /ticket2/opencms/en/buy/?page=1&edid=841F01BE-9A3A-AE33-4004-B13EAF3CAACE&sortorder=asc&column=section HTTP/1.1" 200 69240
216.245.221.83 - - [01/Jan/2021:06:05:19 +0100] "HEAD /ticket2/opencms/ HTTP/1.1" 302 -
216.245.221.83 - - [01/Jan/2021:06:05:19 +0100] "HEAD /ticket2/opencms/en/ HTTP/1.1" 200 -
167.114.64.97 - - [01/Jan/2021:06:05:19 +0100] "GET /ticket2/opencms/nl/buy/?page=1&edid=6DE6F49B-9DDC-AE93-D3C4-D0745D66A6AA&sortorder=asc&column=price HTTP/1.1" 200 68321
213.136.75.74 - - [01/Jan/2021:06:05:26 +0100] "GET /ticket2/opencms/en/buy/?page=1&edid=8583C3B4-68A3-FF6C-44E3-F622BF6F6133&sortorder=asc&column=price HTTP/1.1" 200 70887
167.114.159.99 - - [01/Jan/2021:06:05:27 +0100] "GET /ticket2/opencms/en/venue/?venueid=A4B450CD-3BF7-4595-C93C-7068867671D3 HTTP/1.1" 200 65233
54.36.149.50 - - [01/Jan/2021:06:05:28 +0100] "GET /ticket2/opencms/dk/venue/?venueid=52FEA340-600C-C2A6-D05C-0B94F2E2DFB9 HTTP/1.1" 200 65225
167.86.85.194 - - [01/Jan/2021:06:05:29 +0100] "GET /ticket2/opencms/en/buy/?page=1&edid=E16EA1CF-1064-8F45-5205-B18CEE91E169&sortorder=desc&column=section HTTP/1.1" 200 70901
