144.76.40.222 - - [01/Jan/2021:14:46:50 +0100] "GET /ticket2/opencms/ru/buy/?page=1&edid=5D700640-E13B-1534-DC36-11A7DB2850E1&sortorder=desc&column=row HTTP/1.1" 200 73002
192.99.13.75 - - [01/Jan/2021:14:46:59 +0100] "GET /ticket2/opencms/no/buy/?page=1&edid=DA205E04-65EE-7F78-067D-CBCBD424C79F&sortorder=asc&column=price HTTP/1.1" 200 72121
144.76.40.222 - - [01/Jan/2021:14:47:14 +0100] "GET /ticket2/opencms/ru/buy/?page=1&edid=5D700640-E13B-1534-DC36-11A7DB2850E1&sortorder=desc&column=section HTTP/1.1" 200 73002
167.114.211.237 - - [01/Jan/2021:14:47:17 +0100] "GET /ticket2/opencms/no/buy/?page=1&edid=1CB0579F-1D7F-7A19-BD4F-0612A3C3F1F9&sortorder=desc&column=section HTTP/1.1" 200 71215
167.114.209.104 - - [01/Jan/2021:14:47:23 +0100] "GET /ticket2/opencms/en/sell/?edid=6DCAB90D-3A3D-2AD8-B841-FCB9C117FC7B HTTP/1.1" 302 -
192.99.13.75 - - [01/Jan/2021:14:47:28 +0100] "GET /ticket2/opencms/no/buy/?page=1&edid=DA205E04-65EE-7F78-067D-CBCBD424C79F&sortorder=asc&column=row HTTP/1.1" 200 72121
144.76.40.222 - - [01/Jan/2021:14:47:39 +0100] "GET /ticket2/opencms/ru/buy/?page=1&edid=5EE257CD-6CFD-C3AA-E97B-8BF12044F3A7&sortorder=desc&column=price HTTP/1.1" 200 70251
192.99.13.75 - - [01/Jan/2021:14:47:57 +0100] "GET /ticket2/opencms/no/buy/?page=1&edid=DA205E04-65EE-7F78-067D-CBCBD424C79F&sortorder=asc&column=section HTTP/1.1" 200 72121
167.114.211.237 - - [01/Jan/2021:14:48:02 +0100] "GET /ticket2/opencms/no/buy/?page=1&edid=1D9C4E83-75C7-ABF5-F43E-B206803FFAA5&sortorder=desc&column=price HTTP/1.1" 200 69840
144.76.40.222 - - [01/Jan/2021:14:48:05 +0100] "GET /ticket2/opencms/ru/buy/?page=1&edid=5EE257CD-6CFD-C3AA-E97B-8BF12044F3A7&sortorder=desc&column=row HTTP/1.1" 200 70251
54.36.148.86 - - [01/Jan/2021:14:48:20 +0100] "GET /ticket2/opencms/dk/venue/?countryid=7181F1B1-BB62-9D43-5EFA-B07E8505C9FD HTTP/1.1" 200 94618
192.99.13.75 - - [01/Jan/2021:14:48:23 +0100] "GET /ticket2/opencms/no/buy/?page=1&edid=DA205E04-65EE-7F78-067D-CBCBD424C79F&sortorder=desc&column=row HTTP/1.1" 200 72120
144.76.40.222 - - [01/Jan/2021:14:48:23 +0100] "GET /ticket2/opencms/ru/buy/?page=1&edid=5EE257CD-6CFD-C3AA-E97B-8BF12044F3A7&sortorder=desc&column=section HTTP/1.1" 200 70251
216.18.204.210 - - [01/Jan/2021:14:48:35 +0100] "GET /ticket2/opencms/sv/buy/?comcatid=97ECA65A-72DA-F9AF-9DBB-245D3CFED1BE&catid=4C4DADF0-07CC-9B24-D2D9-940EF378BE99 HTTP/1.1" 200 70628
144.76.40.222 - - [01/Jan/2021:14:48:40 +0100] "GET /ticket2/opencms/ru/buy/?page=1&edid=64C1AC91-6B5E-EF7A-74E3-5FE0FCEB79F6&sortorder=asc&column=price HTTP/1.1" 200 72158
167.114.209.104 - - [01/Jan/2021:14:48:52 +0100] "GET /ticket2/opencms/en/login/?edid=6DCAB90D-3A3D-2AD8-B841-FCB9C117FC7B HTTP/1.1" 200 67300
144.76.40.222 - - [01/Jan/2021:14:48:58 +0100] "GET /ticket2/opencms/ru/buy/?page=1&edid=64C1AC91-6B5E-EF7A-74E3-5FE0FCEB79F6&sortorder=asc&column=row HTTP/1.1" 200 72158
167.114.211.237 - - [01/Jan/2021:14:48:59 +0100] "GET /ticket2/opencms/no/buy/?page=1&edid=1D9C4E83-75C7-ABF5-F43E-B206803FFAA5&sortorder=desc&column=row HTTP/1.1" 200 69840
192.99.13.75 - - [01/Jan/2021:14:49:13 +0100] "GET /ticket2/opencms/no/buy/?page=1&edid=DA205E04-65EE-7F78-067D-CBCBD424C79F&sortorder=desc&column=section HTTP/1.1" 200 72120
144.76.40.222 - - [01/Jan/2021:14:49:14 +0100] "GET /ticket2/opencms/ru/buy/?page=1&edid=64C1AC91-6B5E-EF7A-74E3-5FE0FCEB79F6&sortorder=asc&column=section HTTP/1.1" 200 72158
144.76.40.222 - - [01/Jan/2021:14:49:33 +0100] "GET /ticket2/opencms/ru/buy/?page=1&edid=674BD1C0-8CCF-FAF6-8C5F-0BB09BB6852A&sortorder=asc&column=row HTTP/1.1" 200 72162
167.114.209.104 - - [01/Jan/2021:14:49:38 +0100] "GET /ticket2/opencms/en/sell/?edid=6E8F24AB-74B3-3F4A-83EB-4CBDFC2D46B9 HTTP/1.1" 302 -
213.27.8.6 - - [01/Jan/2021:14:49:44 +0100] "GET / HTTP/1.1" 404 -
114.119.153.67 - - [01/Jan/2021:14:49:47 +0100] "GET /ticket2/opencms/nl/buy/?page=1&edid=29B573D8-16F6-7556-60C3-0029DCFF0A60&sortorder=desc&column=row HTTP/1.1" 200 71496
167.114.211.237 - - [01/Jan/2021:14:49:50 +0100] "GET /ticket2/opencms/no/buy/?page=1&edid=1D9C4E83-75C7-ABF5-F43E-B206803FFAA5&sortorder=desc&column=section HTTP/1.1" 200 69840
144.76.40.222 - - [01/Jan/2021:14:49:54 +0100] "GET /ticket2/opencms/ru/buy/?page=1&edid=674E44F7-8D0C-6D16-3C00-6B88D439BF8F&sortorder=desc&column=section HTTP/1.1" 200 70226
192.99.13.75 - - [01/Jan/2021:14:50:09 +0100] "GET /ticket2/opencms/no/buy/?page=1&edid=DA80AC96-9D5B-51F7-D55B-EACBDC4E7995&sortorder=desc&column=price HTTP/1.1" 200 69839
144.76.40.222 - - [01/Jan/2021:14:50:12 +0100] "GET /ticket2/opencms/ru/buy/?page=1&edid=67B3819E-C203-F7C9-1C5C-2A1AF592C733&sortorder=desc&column=price HTTP/1.1" 200 70221
54.36.148.250 - - [01/Jan/2021:14:50:13 +0100] "GET /ticket2/opencms/en/venue/?countryid=C83BD7D3-147E-EEE7-3AB4-19E8D9E56196 HTTP/1.1" 200 94598
216.245.221.83 - - [01/Jan/2021:14:50:18 +0100] "HEAD /ticket2/opencms/ HTTP/1.1" 302 -
216.245.221.83 - - [01/Jan/2021:14:50:18 +0100] "HEAD /ticket2/opencms/en/ HTTP/1.1" 200 -
144.76.40.222 - - [01/Jan/2021:14:50:28 +0100] "GET /ticket2/opencms/ru/buy/?page=1&edid=67B3819E-C203-F7C9-1C5C-2A1AF592C733&sortorder=desc&column=row HTTP/1.1" 200 70221
167.114.211.237 - - [01/Jan/2021:14:50:31 +0100] "GET /ticket2/opencms/no/buy/?page=1&edid=1F023B56-84BD-26B8-8FE2-E1B3179F3E69&sortorder=desc&column=row HTTP/1.1" 200 71240
216.18.204.210 - - [01/Jan/2021:14:50:41 +0100] "GET /ticket2/opencms/sv/buy/?comcatid=97ECA65A-72DA-F9AF-9DBB-245D3CFED1BE&catid=55D1256D-BDD9-CBA3-47A3-0A252F702555 HTTP/1.1" 200 70633
192.99.13.75 - - [01/Jan/2021:14:50:48 +0100] "GET /ticket2/opencms/no/buy/?page=1&edid=DA80AC96-9D5B-51F7-D55B-EACBDC4E7995&sortorder=desc&column=row HTTP/1.1" 200 69839
66.249.66.74 - - [01/Jan/2021:14:50:50 +0100] "GET /ticket2/opencms/fi/urheilu/jalkapallo/bundesliga/werder_bremen/ HTTP/1.1" 200 67487
144.76.40.222 - - [01/Jan/2021:14:50:55 +0100] "GET /ticket2/opencms/ru/buy/?page=1&edid=67B3819E-C203-F7C9-1C5C-2A1AF592C733&sortorder=desc&column=section HTTP/1.1" 200 70221
167.114.209.104 - - [01/Jan/2021:14:51:03 +0100] "GET /ticket2/opencms/en/login/?edid=6E8F24AB-74B3-3F4A-83EB-4CBDFC2D46B9 HTTP/1.1" 200 67300
216.244.66.237 - - [01/Jan/2021:14:51:12 +0100] "GET /ticket2/opencms/dk/robots.txt HTTP/1.1" 404 -
192.99.13.75 - - [01/Jan/2021:14:51:18 +0100] "GET /ticket2/opencms/no/buy/?page=1&edid=DA80AC96-9D5B-51F7-D55B-EACBDC4E7995&sortorder=desc&column=section HTTP/1.1" 200 69839
167.114.211.237 - - [01/Jan/2021:14:51:19 +0100] "GET /ticket2/opencms/no/buy/?page=1&edid=1F023B56-84BD-26B8-8FE2-E1B3179F3E69&sortorder=desc&column=section HTTP/1.1" 200 71240
144.76.40.222 - - [01/Jan/2021:14:51:21 +0100] "GET /ticket2/opencms/ru/buy/?page=1&edid=69463D93-1B94-ECEF-559A-83CDF9B19DD4&sortorder=desc&column=price HTTP/1.1" 200 72345
167.114.209.104 - - [01/Jan/2021:14:51:34 +0100] "GET /ticket2/opencms/en/sell/?edid=736BD66B-437C-04AF-E221-4773B900AE5E HTTP/1.1" 302 -
66.249.66.137 - - [01/Jan/2021:14:51:40 +0100] "GET /ticket2/opencms/nl/buy/?page=1&edid=DD5B8B5C-4127-5C16-39BD-75C8AA69D4C7 HTTP/1.1" 200 69950
144.76.40.222 - - [01/Jan/2021:14:51:49 +0100] "GET /ticket2/opencms/ru/buy/?page=1&edid=69463D93-1B94-ECEF-559A-83CDF9B19DD4&sortorder=desc&column=row HTTP/1.1" 200 72345
192.99.13.75 - - [01/Jan/2021:14:51:52 +0100] "GET /ticket2/opencms/no/buy/?page=1&edid=DA9D2A76-92D5-D9C9-5100-8D5EB69CFF78&sortorder=desc&column=price HTTP/1.1" 200 69835
54.36.148.34 - - [01/Jan/2021:14:52:02 +0100] "GET /ticket2/opencms/dk/venue/?countryid=298905FA-E037-07AD-4909-74C6371F3F35 HTTP/1.1" 200 94618
167.114.211.237 - - [01/Jan/2021:14:52:06 +0100] "GET /ticket2/opencms/no/buy/?page=1&edid=1F12980C-EA68-2189-E47E-1C934F72C98A&sortorder=asc&column=price HTTP/1.1" 200 71259
144.76.40.222 - - [01/Jan/2021:14:52:14 +0100] "GET /ticket2/opencms/ru/buy/?page=1&edid=69463D93-1B94-ECEF-559A-83CDF9B19DD4&sortorder=desc&column=section HTTP/1.1" 200 72345
13.66.139.68 - - [01/Jan/2021:14:52:17 +0100] "GET /ticket2/opencms/no/sport/ishockey/nhl/Pittsburgh_Penguins/ HTTP/1.1" 200 68347
192.99.13.75 - - [01/Jan/2021:14:52:24 +0100] "GET /ticket2/opencms/no/buy/?page=1&edid=DA9D2A76-92D5-D9C9-5100-8D5EB69CFF78&sortorder=desc&column=row HTTP/1.1" 200 69835
17.58.101.37 - - [01/Jan/2021:14:52:27 +0100] "GET /ticket2/opencms/en/buy/?page=1&edid=670DF4BD-8BFB-5FB3-6D8E-73E1D21832D7 HTTP/1.1" 200 71067
144.76.40.222 - - [01/Jan/2021:14:52:35 +0100] "GET /ticket2/opencms/ru/buy/?page=1&edid=6CB5D9E4-34AD-0DB6-333B-1A3A8EB0FB6F&sortorder=desc&column=row HTTP/1.1" 200 72554
144.76.40.222 - - [01/Jan/2021:14:52:55 +0100] "GET /ticket2/opencms/ru/buy/?page=1&edid=6CB5D9E4-34AD-0DB6-333B-1A3A8EB0FB6F&sortorder=desc&column=section HTTP/1.1" 200 72554
192.99.13.75 - - [01/Jan/2021:14:52:56 +0100] "GET /ticket2/opencms/no/buy/?page=1&edid=DA9D2A76-92D5-D9C9-5100-8D5EB69CFF78&sortorder=desc&column=section HTTP/1.1" 200 69835
167.114.209.104 - - [01/Jan/2021:14:52:56 +0100] "GET /ticket2/opencms/en/login/?edid=736BD66B-437C-04AF-E221-4773B900AE5E HTTP/1.1" 200 67300
167.114.211.237 - - [01/Jan/2021:14:53:16 +0100] "GET /ticket2/opencms/no/buy/?page=1&edid=1F54B902-CCE3-2C1F-2260-BC32A49842C2&sortorder=desc&column=row HTTP/1.1" 200 69828
144.76.40.222 - - [01/Jan/2021:14:53:19 +0100] "GET /ticket2/opencms/ru/buy/?page=1&edid=6CC3E9A8-1436-5A17-00B4-F4DF53732709&sortorder=asc&column=price HTTP/1.1" 200 71766
167.114.209.104 - - [01/Jan/2021:14:53:35 +0100] "GET /ticket2/opencms/en/sell/?edid=74EFCA32-6815-FF4B-4089-5178E45F69AE HTTP/1.1" 302 -
144.76.40.222 - - [01/Jan/2021:14:53:37 +0100] "GET /ticket2/opencms/ru/buy/?page=1&edid=6CC3E9A8-1436-5A17-00B4-F4DF53732709&sortorder=asc&column=row HTTP/1.1" 200 71766
54.36.148.90 - - [01/Jan/2021:14:53:44 +0100] "GET /ticket2/opencms/en/search.html?searchQuery=tottenham&submit= HTTP/1.1" 200 87408
192.99.13.75 - - [01/Jan/2021:14:53:46 +0100] "GET /ticket2/opencms/no/buy/?page=1&edid=DAB0CF77-5AA1-9D7C-95C2-E53E9FBADCFF&sortorder=desc&column=price HTTP/1.1" 200 69823
144.76.40.222 - - [01/Jan/2021:14:53:53 +0100] "GET /ticket2/opencms/ru/buy/?page=1&edid=6CC3E9A8-1436-5A17-00B4-F4DF53732709&sortorder=asc&column=section HTTP/1.1" 200 71766
167.114.211.237 - - [01/Jan/2021:14:53:55 +0100] "GET /ticket2/opencms/no/buy/?page=1&edid=1FD3F263-2F64-E336-94A0-E32BC58FA89D&sortorder=desc&column=price HTTP/1.1" 200 69852
144.76.40.222 - - [01/Jan/2021:14:54:01 +0100] "GET /ticket2/opencms/ru/buy/?page=1&edid=6CE73640-861F-E63B-F569-7CD77E2D3806&sortorder=desc&column=price HTTP/1.1" 200 71705
114.119.129.176 - - [01/Jan/2021:14:54:04 +0100] "GET /ticket2/opencms/no/buy/?page=1&edid=5D700640-E13B-1534-DC36-11A7DB2850E1 HTTP/1.1" 200 72505
144.76.40.222 - - [01/Jan/2021:14:54:10 +0100] "GET /ticket2/opencms/ru/buy/?page=1&edid=6CE73640-861F-E63B-F569-7CD77E2D3806&sortorder=desc&column=section HTTP/1.1" 200 71705
216.18.204.210 - - [01/Jan/2021:14:54:13 +0100] "GET /ticket2/opencms/sv/buy/?comcatid=97ECA65A-72DA-F9AF-9DBB-245D3CFED1BE&catid=6CD184E8-C8D4-E1CC-33D0-6F47E3751240 HTTP/1.1" 200 70631
144.76.40.222 - - [01/Jan/2021:14:54:17 +0100] "GET /ticket2/opencms/ru/buy/?page=1&edid=6F9E73C2-C121-BEC3-C713-1F67AF9C9388&sortorder=asc&column=price HTTP/1.1" 200 73003
192.99.13.75 - - [01/Jan/2021:14:54:23 +0100] "GET /ticket2/opencms/no/buy/?page=1&edid=DAB0CF77-5AA1-9D7C-95C2-E53E9FBADCFF&sortorder=desc&column=row HTTP/1.1" 200 69823
144.76.40.222 - - [01/Jan/2021:14:54:25 +0100] "GET /ticket2/opencms/ru/buy/?page=1&edid=6F9E73C2-C121-BEC3-C713-1F67AF9C9388&sortorder=asc&column=row HTTP/1.1" 200 73003
167.114.211.237 - - [01/Jan/2021:14:54:26 +0100] "GET /ticket2/opencms/no/buy/?page=1&edid=1FD3F263-2F64-E336-94A0-E32BC58FA89D&sortorder=desc&column=row HTTP/1.1" 200 69852
144.76.40.222 - - [01/Jan/2021:14:54:35 +0100] "GET /ticket2/opencms/ru/buy/?page=1&edid=6F9E73C2-C121-BEC3-C713-1F67AF9C9388&sortorder=asc&column=section HTTP/1.1" 200 73003
144.76.40.222 - - [01/Jan/2021:14:54:43 +0100] "GET /ticket2/opencms/ru/buy/?page=1&edid=7057B2C9-74F4-D569-B6F7-77B58D68F437&sortorder=asc&column=price HTTP/1.1" 200 70235
167.114.209.104 - - [01/Jan/2021:14:54:44 +0100] "GET /ticket2/opencms/en/login/?edid=74EFCA32-6815-FF4B-4089-5178E45F69AE HTTP/1.1" 200 67300
144.76.40.222 - - [01/Jan/2021:14:54:51 +0100] "GET /ticket2/opencms/ru/buy/?page=1&edid=7057B2C9-74F4-D569-B6F7-77B58D68F437&sortorder=asc&column=row HTTP/1.1" 200 70235
173.208.130.202 - - [01/Jan/2021:14:54:52 +0100] "GET /ticket2/opencms/robots.txt HTTP/1.1" 200 773
167.114.211.237 - - [01/Jan/2021:14:54:52 +0100] "GET /ticket2/opencms/no/buy/?page=1&edid=1FD3F263-2F64-E336-94A0-E32BC58FA89D&sortorder=desc&column=section HTTP/1.1" 200 69852
173.208.130.202 - - [01/Jan/2021:14:54:54 +0100] "GET /ticket2/opencms/ru/buy/?page=1&edid=0B99F264-DDE8-4DC8-6523-EAB707062740&sortorder=asc&column=section HTTP/1.1" 200 70223
192.99.13.75 - - [01/Jan/2021:14:54:54 +0100] "GET /ticket2/opencms/no/buy/?page=1&edid=DAB0CF77-5AA1-9D7C-95C2-E53E9FBADCFF&sortorder=desc&column=section HTTP/1.1" 200 69823
173.208.130.202 - - [01/Jan/2021:14:54:56 +0100] "GET /ticket2/opencms/ru/buy/?page=1&edid=0BDDE4B9-AAB0-03E7-CA27-8EE4DAC570B1&sortorder=asc&column=price HTTP/1.1" 200 70249
173.208.130.202 - - [01/Jan/2021:14:54:58 +0100] "GET /ticket2/opencms/ru/buy/?page=1&edid=0BDDE4B9-AAB0-03E7-CA27-8EE4DAC570B1&sortorder=asc&column=row HTTP/1.1" 200 70249
144.76.40.222 - - [01/Jan/2021:14:54:59 +0100] "GET /ticket2/opencms/ru/buy/?page=1&edid=7057B2C9-74F4-D569-B6F7-77B58D68F437&sortorder=asc&column=section HTTP/1.1" 200 70235
173.208.130.202 - - [01/Jan/2021:14:54:59 +0100] "GET /ticket2/opencms/ru/buy/?page=1&edid=0BDDE4B9-AAB0-03E7-CA27-8EE4DAC570B1&sortorder=asc&column=section HTTP/1.1" 200 70249
173.208.130.202 - - [01/Jan/2021:14:55:01 +0100] "GET /ticket2/opencms/ru/buy/?page=1&edid=0C3824AA-A8DC-8601-308D-FCE0BC3A1BA7&sortorder=asc&column=price HTTP/1.1" 200 72141
173.208.130.202 - - [01/Jan/2021:14:55:03 +0100] "GET /ticket2/opencms/ru/buy/?page=1&edid=0C3824AA-A8DC-8601-308D-FCE0BC3A1BA7&sortorder=asc&column=row HTTP/1.1" 200 72141
173.208.130.202 - - [01/Jan/2021:14:55:05 +0100] "GET /ticket2/opencms/ru/buy/?page=1&edid=0C3824AA-A8DC-8601-308D-FCE0BC3A1BA7&sortorder=asc&column=section HTTP/1.1" 200 72141
144.76.40.222 - - [01/Jan/2021:14:55:06 +0100] "GET /ticket2/opencms/ru/buy/?page=1&edid=7057B2C9-74F4-D569-B6F7-77B58D68F437&sortorder=desc&column=price HTTP/1.1" 200 70234
173.208.130.202 - - [01/Jan/2021:14:55:07 +0100] "GET /ticket2/opencms/ru/buy/?page=1&edid=0C964CA7-3C45-535D-15FE-520A14005C78&sortorder=asc&column=row HTTP/1.1" 200 70227
173.208.130.202 - - [01/Jan/2021:14:55:09 +0100] "GET /ticket2/opencms/ru/buy/?page=1&edid=0CBB46CA-9AD5-9B88-BA0F-7754E32E2606&sortorder=asc&column=price HTTP/1.1" 200 71410
173.208.130.202 - - [01/Jan/2021:14:55:11 +0100] "GET /ticket2/opencms/ru/buy/?page=1&edid=0CBB46CA-9AD5-9B88-BA0F-7754E32E2606&sortorder=asc&column=row HTTP/1.1" 200 71410
173.208.130.202 - - [01/Jan/2021:14:55:12 +0100] "GET /ticket2/opencms/ru/buy/?page=1&edid=0CBB46CA-9AD5-9B88-BA0F-7754E32E2606&sortorder=asc&column=section HTTP/1.1" 200 71410
144.76.40.222 - - [01/Jan/2021:14:55:13 +0100] "GET /ticket2/opencms/ru/buy/?page=1&edid=7057B2C9-74F4-D569-B6F7-77B58D68F437&sortorder=desc&column=row HTTP/1.1" 200 70234
173.208.130.202 - - [01/Jan/2021:14:55:14 +0100] "GET /ticket2/opencms/ru/buy/?page=1&edid=0CE3D1ED-F140-A773-89C8-A7BE93A5CFA7&sortorder=asc&column=price HTTP/1.1" 200 72150
173.208.130.202 - - [01/Jan/2021:14:55:16 +0100] "GET /ticket2/opencms/ru/buy/?page=1&edid=0CE3D1ED-F140-A773-89C8-A7BE93A5CFA7&sortorder=asc&column=row HTTP/1.1" 200 72150
173.208.130.202 - - [01/Jan/2021:14:55:18 +0100] "GET /ticket2/opencms/ru/buy/?page=1&edid=0CE3D1ED-F140-A773-89C8-A7BE93A5CFA7&sortorder=asc&column=section HTTP/1.1" 200 72150
216.245.221.83 - - [01/Jan/2021:14:55:18 +0100] "HEAD /ticket2/opencms/ HTTP/1.1" 302 -
216.245.221.83 - - [01/Jan/2021:14:55:18 +0100] "HEAD /ticket2/opencms/en/ HTTP/1.1" 200 -
173.208.130.202 - - [01/Jan/2021:14:55:20 +0100] "GET /ticket2/opencms/ru/buy/?page=1&edid=0CE3D1ED-F140-A773-89C8-A7BE93A5CFA7&sortorder=desc&column=price HTTP/1.1" 200 72149
144.76.40.222 - - [01/Jan/2021:14:55:20 +0100] "GET /ticket2/opencms/ru/buy/?page=1&edid=7057B2C9-74F4-D569-B6F7-77B58D68F437&sortorder=desc&column=section HTTP/1.1" 200 70234
173.208.130.202 - - [01/Jan/2021:14:55:21 +0100] "GET /ticket2/opencms/ru/buy/?page=1&edid=0CE3D1ED-F140-A773-89C8-A7BE93A5CFA7&sortorder=desc&column=row HTTP/1.1" 200 72149
167.114.209.104 - - [01/Jan/2021:14:55:22 +0100] "GET /ticket2/opencms/en/sell/?edid=7AC6ABB3-09AC-6373-722A-4325330B2FBA HTTP/1.1" 302 -
173.208.130.202 - - [01/Jan/2021:14:55:23 +0100] "GET /ticket2/opencms/ru/buy/?page=1&edid=0CE3D1ED-F140-A773-89C8-A7BE93A5CFA7&sortorder=desc&column=section HTTP/1.1" 200 72149
173.208.130.202 - - [01/Jan/2021:14:55:25 +0100] "GET /ticket2/opencms/ru/buy/?page=1&edid=0D0ADBCB-6EBA-B656-73A6-7D7B7FC3C3FA&sortorder=asc&column=price HTTP/1.1" 200 70227
54.36.148.98 - - [01/Jan/2021:14:55:25 +0100] "GET /ticket2/opencms/dk/venue/?countryid=7955C1DA-0203-9687-2994-14739AEE539F HTTP/1.1" 200 94618
173.208.130.202 - - [01/Jan/2021:14:55:27 +0100] "GET /ticket2/opencms/ru/buy/?page=1&edid=0D0ADBCB-6EBA-B656-73A6-7D7B7FC3C3FA&sortorder=asc&column=row HTTP/1.1" 200 70227
144.76.40.222 - - [01/Jan/2021:14:55:28 +0100] "GET /ticket2/opencms/ru/buy/?page=1&edid=70FDC3DC-F515-C07F-B4AD-EDA83BDCA260&sortorder=desc&column=price HTTP/1.1" 200 71936
173.208.130.202 - - [01/Jan/2021:14:55:29 +0100] "GET /ticket2/opencms/ru/buy/?page=1&edid=0D0ADBCB-6EBA-B656-73A6-7D7B7FC3C3FA&sortorder=asc&column=section HTTP/1.1" 200 70227
173.208.130.202 - - [01/Jan/2021:14:55:30 +0100] "GET /ticket2/opencms/ru/buy/?page=1&edid=0D4DB71A-4664-D34E-661B-2C2F571A6F09 HTTP/1.1" 200 71942
173.208.130.202 - - [01/Jan/2021:14:55:32 +0100] "GET /ticket2/opencms/ru/buy/?page=1&edid=0D94D087-3A1B-6894-B476-4BF664218857 HTTP/1.1" 200 70192
192.99.13.75 - - [01/Jan/2021:14:55:32 +0100] "GET /ticket2/opencms/no/buy/?page=1&edid=DAD74566-CCEA-5433-F423-A50B082DC66B&sortorder=desc&column=section HTTP/1.1" 200 69811
173.208.130.202 - - [01/Jan/2021:14:55:34 +0100] "GET /ticket2/opencms/ru/buy/?page=1&edid=0E64AEEE-C256-384A-95C3-A01C20EF3A5D&sortorder=asc&column=price HTTP/1.1" 200 72105
173.208.130.202 - - [01/Jan/2021:14:55:36 +0100] "GET /ticket2/opencms/ru/buy/?page=1&edid=0E64AEEE-C256-384A-95C3-A01C20EF3A5D&sortorder=desc&column=row HTTP/1.1" 200 72104
144.76.40.222 - - [01/Jan/2021:14:55:36 +0100] "GET /ticket2/opencms/ru/buy/?page=1&edid=7C9D1D8F-C2A8-5273-4C6A-8733A1E01057&sortorder=asc&column=row HTTP/1.1" 200 70243
173.208.130.202 - - [01/Jan/2021:14:55:38 +0100] "GET /ticket2/opencms/ru/buy/?page=1&edid=0E64AEEE-C256-384A-95C3-A01C20EF3A5D&sortorder=desc&column=section HTTP/1.1" 200 72104
173.208.130.202 - - [01/Jan/2021:14:55:39 +0100] "GET /ticket2/opencms/ru/buy/?page=1&edid=0EAD2254-DDFB-0374-EEC6-9BF23857697A HTTP/1.1" 200 71731
173.208.130.202 - - [01/Jan/2021:14:55:41 +0100] "GET /ticket2/opencms/ru/buy/?page=1&edid=0EAD2254-DDFB-0374-EEC6-9BF23857697A&sortorder=desc&column=price HTTP/1.1" 200 71766
173.208.130.202 - - [01/Jan/2021:14:55:43 +0100] "GET /ticket2/opencms/ru/buy/?page=1&edid=0EAD2254-DDFB-0374-EEC6-9BF23857697A&sortorder=desc&column=row HTTP/1.1" 200 71766
173.208.130.202 - - [01/Jan/2021:14:55:44 +0100] "GET /ticket2/opencms/ru/buy/?page=1&edid=0EAD2254-DDFB-0374-EEC6-9BF23857697A&sortorder=desc&column=section HTTP/1.1" 200 71766
173.208.130.202 - - [01/Jan/2021:14:55:46 +0100] "GET /ticket2/opencms/ru/buy/?page=1&edid=0EF78342-8C56-3514-0BF6-C63FDFC043C0&sortorder=asc&column=price HTTP/1.1" 200 73002
173.208.130.202 - - [01/Jan/2021:14:55:48 +0100] "GET /ticket2/opencms/ru/buy/?page=1&edid=0EF78342-8C56-3514-0BF6-C63FDFC043C0&sortorder=asc&column=row HTTP/1.1" 200 73002
173.208.130.202 - - [01/Jan/2021:14:55:50 +0100] "GET /ticket2/opencms/ru/buy/?page=1&edid=0EF78342-8C56-3514-0BF6-C63FDFC043C0&sortorder=asc&column=section HTTP/1.1" 200 73002
173.208.130.202 - - [01/Jan/2021:14:55:52 +0100] "GET /ticket2/opencms/ru/buy/?page=1&edid=0EF78342-8C56-3514-0BF6-C63FDFC043C0&sortorder=desc&column=price HTTP/1.1" 200 73001
47.242.16.129 - - [01/Jan/2021:14:55:53 +0100] "GET /ticket2/opencms/ HTTP/1.1" 302 -
173.208.130.202 - - [01/Jan/2021:14:55:54 +0100] "GET /ticket2/opencms/ru/buy/?page=1&edid=0EF78342-8C56-3514-0BF6-C63FDFC043C0&sortorder=desc&column=row HTTP/1.1" 200 73001
47.242.16.129 - - [01/Jan/2021:14:55:54 +0100] "GET /ticket2/opencms/en/ HTTP/1.1" 200 66287
173.208.130.202 - - [01/Jan/2021:14:55:55 +0100] "GET /ticket2/opencms/ru/buy/?page=1&edid=0EF78342-8C56-3514-0BF6-C63FDFC043C0&sortorder=desc&column=section HTTP/1.1" 200 73001
173.208.130.202 - - [01/Jan/2021:14:55:57 +0100] "GET /ticket2/opencms/ru/buy/?page=1&edid=0F695EC3-6F93-0672-2AA7-1B781C50C903 HTTP/1.1" 200 70189
167.114.211.237 - - [01/Jan/2021:14:55:58 +0100] "GET /ticket2/opencms/no/buy/?page=1&edid=20224A2C-37EC-9C96-4512-8470DDD66BF1&sortorder=desc&column=row HTTP/1.1" 200 71216
173.208.130.202 - - [01/Jan/2021:14:55:59 +0100] "GET /ticket2/opencms/ru/buy/?page=1&edid=0F695EC3-6F93-0672-2AA7-1B781C50C903&sortorder=desc&column=price HTTP/1.1" 200 70224
173.208.130.202 - - [01/Jan/2021:14:56:01 +0100] "GET /ticket2/opencms/ru/buy/?page=1&edid=0F695EC3-6F93-0672-2AA7-1B781C50C903&sortorder=desc&column=row HTTP/1.1" 200 70224
173.208.130.202 - - [01/Jan/2021:14:56:03 +0100] "GET /ticket2/opencms/ru/buy/?page=1&edid=0F9CBCC9-4895-1878-4B6D-99BC3B1A1FA0&sortorder=asc&column=price HTTP/1.1" 200 70202
173.208.130.202 - - [01/Jan/2021:14:56:04 +0100] "GET /ticket2/opencms/ru/buy/?page=1&edid=0F9CBCC9-4895-1878-4B6D-99BC3B1A1FA0&sortorder=asc&column=row HTTP/1.1" 200 70202
173.208.130.202 - - [01/Jan/2021:14:56:06 +0100] "GET /ticket2/opencms/ru/buy/?page=1&edid=0F9CBCC9-4895-1878-4B6D-99BC3B1A1FA0&sortorder=asc&column=section HTTP/1.1" 200 70202
173.208.130.202 - - [01/Jan/2021:14:56:08 +0100] "GET /ticket2/opencms/ru/buy/?page=1&edid=0FB0E314-7724-B9C7-6FA0-35E67023F72E HTTP/1.1" 200 70173
192.99.13.75 - - [01/Jan/2021:14:56:09 +0100] "GET /ticket2/opencms/no/buy/?page=1&edid=DAF0F7D4-24A4-8959-8D40-BEB1C48237D8 HTTP/1.1" 200 72081
173.208.130.202 - - [01/Jan/2021:14:56:10 +0100] "GET /ticket2/opencms/ru/buy/?page=1&edid=0FCCF9C5-3BD3-D317-E8F8-3BA4C8FD57CE&sortorder=asc&column=price HTTP/1.1" 200 70227
173.208.130.202 - - [01/Jan/2021:14:56:12 +0100] "GET /ticket2/opencms/ru/buy/?page=1&edid=0FCCF9C5-3BD3-D317-E8F8-3BA4C8FD57CE&sortorder=asc&column=row HTTP/1.1" 200 70227
173.208.130.202 - - [01/Jan/2021:14:56:14 +0100] "GET /ticket2/opencms/ru/buy/?page=1&edid=0FCCF9C5-3BD3-D317-E8F8-3BA4C8FD57CE&sortorder=asc&column=section HTTP/1.1" 200 70227
173.208.130.202 - - [01/Jan/2021:14:56:15 +0100] "GET /ticket2/opencms/ru/buy/?page=1&edid=1015CA7B-62B8-A132-8649-0F3DC2687EF5&sortorder=asc&column=price HTTP/1.1" 200 72350
173.208.130.202 - - [01/Jan/2021:14:56:17 +0100] "GET /ticket2/opencms/ru/buy/?page=1&edid=1015CA7B-62B8-A132-8649-0F3DC2687EF5&sortorder=asc&column=row HTTP/1.1" 200 72350
173.208.130.202 - - [01/Jan/2021:14:56:19 +0100] "GET /ticket2/opencms/ru/buy/?page=1&edid=1015CA7B-62B8-A132-8649-0F3DC2687EF5&sortorder=asc&column=section HTTP/1.1" 200 72350
173.208.130.202 - - [01/Jan/2021:14:56:21 +0100] "GET /ticket2/opencms/ru/buy/?page=1&edid=101C9D03-41F4-068B-AD6E-B79B3A86271B&sortorder=asc&column=row HTTP/1.1" 200 72159
173.208.130.202 - - [01/Jan/2021:14:56:23 +0100] "GET /ticket2/opencms/ru/buy/?page=1&edid=102514C2-4BB6-AD7D-D260-D9537E2D3DE4&sortorder=desc&column=price HTTP/1.1" 200 73446
47.242.16.129 - - [01/Jan/2021:14:56:23 +0100] "GET /ticket2/opencms/en/about/contact/ HTTP/1.1" 200 64822
173.208.130.202 - - [01/Jan/2021:14:56:24 +0100] "GET /ticket2/opencms/ru/buy/?page=1&edid=102514C2-4BB6-AD7D-D260-D9537E2D3DE4&sortorder=desc&column=row HTTP/1.1" 200 73446
173.208.130.202 - - [01/Jan/2021:14:56:26 +0100] "GET /ticket2/opencms/ru/buy/?page=1&edid=102514C2-4BB6-AD7D-D260-D9537E2D3DE4&sortorder=desc&column=section HTTP/1.1" 200 73446
173.208.130.202 - - [01/Jan/2021:14:56:28 +0100] "GET /ticket2/opencms/ru/buy/?page=1&edid=10515F0B-6422-A692-0748-D7547F0F118B&sortorder=desc&column=section HTTP/1.1" 200 72344
173.208.130.202 - - [01/Jan/2021:14:56:29 +0100] "GET /ticket2/opencms/ru/buy/?page=1&edid=106BCEB3-13F0-783A-EE54-960BEB88B5BD&sortorder=asc&column=row HTTP/1.1" 200 70236
173.208.130.202 - - [01/Jan/2021:14:56:31 +0100] "GET /ticket2/opencms/ru/buy/?page=1&edid=106BCEB3-13F0-783A-EE54-960BEB88B5BD&sortorder=asc&column=section HTTP/1.1" 200 70236
173.208.130.202 - - [01/Jan/2021:14:56:33 +0100] "GET /ticket2/opencms/ru/buy/?page=1&edid=10A62337-6080-4764-6B3B-E77181019E55&sortorder=asc&column=price HTTP/1.1" 200 72129
173.208.130.202 - - [01/Jan/2021:14:56:35 +0100] "GET /ticket2/opencms/ru/buy/?page=1&edid=10A62337-6080-4764-6B3B-E77181019E55&sortorder=asc&column=row HTTP/1.1" 200 72129
173.208.130.202 - - [01/Jan/2021:14:56:37 +0100] "GET /ticket2/opencms/ru/buy/?page=1&edid=10A62337-6080-4764-6B3B-E77181019E55&sortorder=asc&column=section HTTP/1.1" 200 72129
173.208.130.202 - - [01/Jan/2021:14:56:38 +0100] "GET /ticket2/opencms/ru/buy/?page=1&edid=10ACC236-9050-224D-9B74-CD4488885E9B&sortorder=asc&column=price HTTP/1.1" 200 72356
173.208.130.202 - - [01/Jan/2021:14:56:40 +0100] "GET /ticket2/opencms/ru/buy/?page=1&edid=10ACC236-9050-224D-9B74-CD4488885E9B&sortorder=asc&column=row HTTP/1.1" 200 72356
173.208.130.202 - - [01/Jan/2021:14:56:42 +0100] "GET /ticket2/opencms/ru/buy/?page=1&edid=10ACC236-9050-224D-9B74-CD4488885E9B&sortorder=asc&column=section HTTP/1.1" 200 72356
173.208.130.202 - - [01/Jan/2021:14:56:44 +0100] "GET /ticket2/opencms/ru/buy/?page=1&edid=10AF4A44-F0BC-B332-8793-ED38C57FC28B HTTP/1.1" 200 70220
173.208.130.202 - - [01/Jan/2021:14:56:46 +0100] "GET /ticket2/opencms/ru/buy/?page=1&edid=10BA5D39-7F27-45E8-D103-3E99604C4918 HTTP/1.1" 200 70203
173.208.130.202 - - [01/Jan/2021:14:56:47 +0100] "GET /ticket2/opencms/ru/buy/?page=1&edid=10D6239A-C87E-F4DB-2756-37EA531CCFE4 HTTP/1.1" 200 70185
167.114.211.237 - - [01/Jan/2021:14:56:47 +0100] "GET /ticket2/opencms/no/buy/?page=1&edid=20D271D1-397A-F3BD-4FB4-19AF419865FC&sortorder=desc&column=price HTTP/1.1" 200 69836
167.114.209.104 - - [01/Jan/2021:14:56:47 +0100] "GET /ticket2/opencms/en/login/?edid=7AC6ABB3-09AC-6373-722A-4325330B2FBA HTTP/1.1" 200 67300
173.208.130.202 - - [01/Jan/2021:14:56:49 +0100] "GET /ticket2/opencms/ru/buy/?page=1&edid=114E8367-495D-2921-581D-A5757D17A2D8 HTTP/1.1" 200 70180
173.208.130.202 - - [01/Jan/2021:14:56:51 +0100] "GET /ticket2/opencms/ru/buy/?page=1&edid=119D38B2-781A-9D91-BD0C-66BB4D932A19&sortorder=asc&column=price HTTP/1.1" 200 70231
173.208.130.202 - - [01/Jan/2021:14:56:53 +0100] "GET /ticket2/opencms/ru/buy/?page=1&edid=119D38B2-781A-9D91-BD0C-66BB4D932A19&sortorder=asc&column=row HTTP/1.1" 200 70231
173.208.130.202 - - [01/Jan/2021:14:56:54 +0100] "GET /ticket2/opencms/ru/buy/?page=1&edid=119D38B2-781A-9D91-BD0C-66BB4D932A19&sortorder=asc&column=section HTTP/1.1" 200 70231
192.99.13.75 - - [01/Jan/2021:14:56:56 +0100] "GET /ticket2/opencms/no/buy/?page=1&edid=DAFD8751-5600-01A2-5DAC-15D77C2E597B HTTP/1.1" 200 71224
173.208.130.202 - - [01/Jan/2021:14:56:56 +0100] "GET /ticket2/opencms/ru/buy/?page=1&edid=11A3DAC5-EFC7-A421-86C1-A49EFFF1D82E HTTP/1.1" 200 70181
173.208.130.202 - - [01/Jan/2021:14:56:58 +0100] "GET /ticket2/opencms/ru/buy/?page=1&edid=11C4CCD7-63C8-3CBA-976E-E1B3E9A47DFB&sortorder=asc&column=price HTTP/1.1" 200 72184
173.208.130.202 - - [01/Jan/2021:14:57:00 +0100] "GET /ticket2/opencms/ru/buy/?page=1&edid=11C4CCD7-63C8-3CBA-976E-E1B3E9A47DFB&sortorder=asc&column=row HTTP/1.1" 200 72184
47.242.16.129 - - [01/Jan/2021:14:57:01 +0100] "GET /ticket2/opencms/en/about/press/ HTTP/1.1" 200 65796
173.208.130.202 - - [01/Jan/2021:14:57:02 +0100] "GET /ticket2/opencms/ru/buy/?page=1&edid=11C4CCD7-63C8-3CBA-976E-E1B3E9A47DFB&sortorder=asc&column=section HTTP/1.1" 200 72184
173.208.130.202 - - [01/Jan/2021:14:57:04 +0100] "GET /ticket2/opencms/ru/buy/?page=1&edid=11EC6129-2F99-7195-7BFE-4C3510BAD9C9&sortorder=asc&column=price HTTP/1.1" 200 71906
173.208.130.202 - - [01/Jan/2021:14:57:05 +0100] "GET /ticket2/opencms/ru/buy/?page=1&edid=11EC6129-2F99-7195-7BFE-4C3510BAD9C9&sortorder=asc&column=row HTTP/1.1" 200 71906
47.242.16.129 - - [01/Jan/2021:14:57:06 +0100] "GET /ticket2/opencms/sv/about/press/ HTTP/1.1" 200 66385
173.208.130.202 - - [01/Jan/2021:14:57:07 +0100] "GET /ticket2/opencms/ru/buy/?page=1&edid=11EC6129-2F99-7195-7BFE-4C3510BAD9C9&sortorder=asc&column=section HTTP/1.1" 200 71906
173.208.130.202 - - [01/Jan/2021:14:57:09 +0100] "GET /ticket2/opencms/ru/buy/?page=1&edid=11F7D8A0-BC18-9A29-4718-7B45B440B81A&sortorder=asc&column=price HTTP/1.1" 200 71972
173.208.130.202 - - [01/Jan/2021:14:57:11 +0100] "GET /ticket2/opencms/ru/buy/?page=1&edid=11F7D8A0-BC18-9A29-4718-7B45B440B81A&sortorder=asc&column=row HTTP/1.1" 200 71972
173.208.130.202 - - [01/Jan/2021:14:57:13 +0100] "GET /ticket2/opencms/ru/buy/?page=1&edid=11F7D8A0-BC18-9A29-4718-7B45B440B81A&sortorder=asc&column=section HTTP/1.1" 200 71972
173.208.130.202 - - [01/Jan/2021:14:57:15 +0100] "GET /ticket2/opencms/ru/buy/?page=1&edid=11F7D8A0-BC18-9A29-4718-7B45B440B81A&sortorder=desc&column=price HTTP/1.1" 200 71971
173.208.130.202 - - [01/Jan/2021:14:57:17 +0100] "GET /ticket2/opencms/ru/buy/?page=1&edid=11F7D8A0-BC18-9A29-4718-7B45B440B81A&sortorder=desc&column=section HTTP/1.1" 200 71971
173.208.130.202 - - [01/Jan/2021:14:57:19 +0100] "GET /ticket2/opencms/ru/buy/?page=1&edid=11FD6A0D-DBDD-2EB1-4BAA-FE0CA8F88A9E&sortorder=desc&column=price HTTP/1.1" 200 73469
167.114.209.104 - - [01/Jan/2021:14:57:20 +0100] "GET /ticket2/opencms/en/sell/?edid=89512C49-9985-8A64-3ABD-3F9CEE88DFB0 HTTP/1.1" 302 -
173.208.130.202 - - [01/Jan/2021:14:57:20 +0100] "GET /ticket2/opencms/ru/buy/?page=1&edid=124C2DD7-891F-4D2C-5E7B-358410DB99F6&sortorder=asc&column=price HTTP/1.1" 200 72550
54.36.148.121 - - [01/Jan/2021:14:57:22 +0100] "GET /ticket2/opencms/dk/venue/?countryid=2F10777F-9907-2201-7AD1-ACB3606C47A4 HTTP/1.1" 200 94618
173.208.130.202 - - [01/Jan/2021:14:57:22 +0100] "GET /ticket2/opencms/ru/buy/?page=1&edid=124C2DD7-891F-4D2C-5E7B-358410DB99F6&sortorder=desc&column=section HTTP/1.1" 200 72549
173.208.130.202 - - [01/Jan/2021:14:57:24 +0100] "GET /ticket2/opencms/ru/buy/?page=1&edid=1252E2E2-FE4E-D44E-918B-562BF5806726 HTTP/1.1" 200 70181
173.208.130.202 - - [01/Jan/2021:14:57:26 +0100] "GET /ticket2/opencms/ru/buy/?page=1&edid=1252E2E2-FE4E-D44E-918B-562BF5806726&sortorder=desc&column=price HTTP/1.1" 200 70216
157.55.39.170 - - [01/Jan/2021:14:57:27 +0100] "GET /ticket2/opencms/en/venue/?venueid=A2DA50D6-BCAE-498A-9037-86B27666A07C HTTP/1.1" 200 65249
173.208.130.202 - - [01/Jan/2021:14:57:28 +0100] "GET /ticket2/opencms/ru/buy/?page=1&edid=1252E2E2-FE4E-D44E-918B-562BF5806726&sortorder=desc&column=row HTTP/1.1" 200 70216
173.208.130.202 - - [01/Jan/2021:14:57:30 +0100] "GET /ticket2/opencms/ru/buy/?page=1&edid=1252E2E2-FE4E-D44E-918B-562BF5806726&sortorder=desc&column=section HTTP/1.1" 200 70216
167.114.211.237 - - [01/Jan/2021:14:57:30 +0100] "GET /ticket2/opencms/no/buy/?page=1&edid=20D271D1-397A-F3BD-4FB4-19AF419865FC&sortorder=desc&column=section HTTP/1.1" 200 69836
173.208.130.202 - - [01/Jan/2021:14:57:31 +0100] "GET /ticket2/opencms/ru/buy/?page=1&edid=12A4F62C-E2CE-1C31-42F7-D36B1F6E35C4&sortorder=asc&column=price HTTP/1.1" 200 71715
173.208.130.202 - - [01/Jan/2021:14:57:33 +0100] "GET /ticket2/opencms/ru/buy/?page=1&edid=12A4F62C-E2CE-1C31-42F7-D36B1F6E35C4&sortorder=asc&column=row HTTP/1.1" 200 71715
173.208.130.202 - - [01/Jan/2021:14:57:35 +0100] "GET /ticket2/opencms/ru/buy/?page=1&edid=12A4F62C-E2CE-1C31-42F7-D36B1F6E35C4&sortorder=asc&column=section HTTP/1.1" 200 71715
173.208.130.202 - - [01/Jan/2021:14:57:37 +0100] "GET /ticket2/opencms/ru/buy/?page=1&edid=12FCB962-16C9-F16D-DBC8-DFF0E8F85879&sortorder=desc&column=section HTTP/1.1" 200 70246
192.99.13.75 - - [01/Jan/2021:14:57:37 +0100] "GET /ticket2/opencms/no/buy/?page=1&edid=DAFD8751-5600-01A2-5DAC-15D77C2E597B&sortorder=desc&column=price HTTP/1.1" 200 71259
173.208.130.202 - - [01/Jan/2021:14:57:39 +0100] "GET /ticket2/opencms/ru/buy/?page=1&edid=12FE55BF-2AA1-17CB-8945-A3B5B651AB75&sortorder=desc&column=row HTTP/1.1" 200 73470
173.208.130.202 - - [01/Jan/2021:14:57:41 +0100] "GET /ticket2/opencms/ru/buy/?page=1&edid=12FE55BF-2AA1-17CB-8945-A3B5B651AB75&sortorder=desc&column=section HTTP/1.1" 200 73470
173.208.130.202 - - [01/Jan/2021:14:57:42 +0100] "GET /ticket2/opencms/ru/buy/?page=1&edid=13028973-2956-536D-3E4C-D3C42A8E8C22 HTTP/1.1" 200 70186
173.208.130.202 - - [01/Jan/2021:14:57:44 +0100] "GET /ticket2/opencms/ru/buy/?page=1&edid=134A23E7-1E39-DD8C-D559-48953CE7205F HTTP/1.1" 200 70180
173.208.130.202 - - [01/Jan/2021:14:57:46 +0100] "GET /ticket2/opencms/ru/buy/?page=1&edid=13B2F0A5-0DDE-A485-8416-D2BF596EBB21&sortorder=asc&column=price HTTP/1.1" 200 70233
173.208.130.202 - - [01/Jan/2021:14:57:48 +0100] "GET /ticket2/opencms/ru/buy/?page=1&edid=13B2F0A5-0DDE-A485-8416-D2BF596EBB21&sortorder=asc&column=row HTTP/1.1" 200 70233
173.208.130.202 - - [01/Jan/2021:14:57:50 +0100] "GET /ticket2/opencms/ru/buy/?page=1&edid=13B2F0A5-0DDE-A485-8416-D2BF596EBB21&sortorder=asc&column=section HTTP/1.1" 200 70233
173.208.130.202 - - [01/Jan/2021:14:57:51 +0100] "GET /ticket2/opencms/ru/buy/?page=1&edid=150E989B-796A-B52C-42BD-5722DC8BA47C&sortorder=asc&column=price HTTP/1.1" 200 71760
173.208.130.202 - - [01/Jan/2021:14:57:53 +0100] "GET /ticket2/opencms/ru/buy/?page=1&edid=150E989B-796A-B52C-42BD-5722DC8BA47C&sortorder=asc&column=row HTTP/1.1" 200 71760
173.208.130.202 - - [01/Jan/2021:14:57:56 +0100] "GET /ticket2/opencms/ru/buy/?page=1&edid=150E989B-796A-B52C-42BD-5722DC8BA47C&sortorder=asc&column=section HTTP/1.1" 200 71760
173.208.130.202 - - [01/Jan/2021:14:57:57 +0100] "GET /ticket2/opencms/ru/buy/?page=1&edid=1570A5A8-9F59-7B85-D5CB-DF1B005C18AF&sortorder=asc&column=price HTTP/1.1" 200 73468
173.208.130.202 - - [01/Jan/2021:14:57:59 +0100] "GET /ticket2/opencms/ru/buy/?page=1&edid=1570A5A8-9F59-7B85-D5CB-DF1B005C18AF&sortorder=asc&column=row HTTP/1.1" 200 73468
173.208.130.202 - - [01/Jan/2021:14:58:01 +0100] "GET /ticket2/opencms/ru/buy/?page=1&edid=1570A5A8-9F59-7B85-D5CB-DF1B005C18AF&sortorder=asc&column=section HTTP/1.1" 200 73468
173.208.130.202 - - [01/Jan/2021:14:58:03 +0100] "GET /ticket2/opencms/ru/buy/?page=1&edid=15BB19E1-B9E5-29F0-5BA3-C3A99CBBDA30&sortorder=desc&column=price HTTP/1.1" 200 71952
173.208.130.202 - - [01/Jan/2021:14:58:04 +0100] "GET /ticket2/opencms/ru/buy/?page=1&edid=160D29C9-4961-9915-718B-4EFD71C8D516 HTTP/1.1" 200 71944
173.208.130.202 - - [01/Jan/2021:14:58:06 +0100] "GET /ticket2/opencms/ru/buy/?page=1&edid=160D29C9-4961-9915-718B-4EFD71C8D516&sortorder=desc&column=price HTTP/1.1" 200 71979
173.208.130.202 - - [01/Jan/2021:14:58:08 +0100] "GET /ticket2/opencms/ru/buy/?page=1&edid=160D29C9-4961-9915-718B-4EFD71C8D516&sortorder=desc&column=row HTTP/1.1" 200 71979
173.208.130.202 - - [01/Jan/2021:14:58:10 +0100] "GET /ticket2/opencms/ru/buy/?page=1&edid=160D29C9-4961-9915-718B-4EFD71C8D516&sortorder=desc&column=section HTTP/1.1" 200 71979
167.114.209.104 - - [01/Jan/2021:14:58:11 +0100] "GET /ticket2/opencms/en/login/?edid=89512C49-9985-8A64-3ABD-3F9CEE88DFB0 HTTP/1.1" 200 67300
173.208.130.202 - - [01/Jan/2021:14:58:12 +0100] "GET /ticket2/opencms/ru/buy/?page=1&edid=1668013F-3B82-FE85-2AEC-4B43F85BF774 HTTP/1.1" 200 70220
173.208.130.202 - - [01/Jan/2021:14:58:13 +0100] "GET /ticket2/opencms/ru/buy/?page=1&edid=1668013F-3B82-FE85-2AEC-4B43F85BF774&sortorder=desc&column=price HTTP/1.1" 200 70255
167.114.211.237 - - [01/Jan/2021:14:58:15 +0100] "GET /ticket2/opencms/no/buy/?page=1&edid=211E0135-ADD6-734B-2AE9-1468FFD74229&sortorder=desc&column=price HTTP/1.1" 200 69809
173.208.130.202 - - [01/Jan/2021:14:58:15 +0100] "GET /ticket2/opencms/ru/buy/?page=1&edid=1668013F-3B82-FE85-2AEC-4B43F85BF774&sortorder=desc&column=section HTTP/1.1" 200 70255
173.208.130.202 - - [01/Jan/2021:14:58:17 +0100] "GET /ticket2/opencms/ru/buy/?page=1&edid=16D8D8B6-E3B7-19D1-2440-03B3A2E90B73 HTTP/1.1" 200 70204
173.208.130.202 - - [01/Jan/2021:14:58:19 +0100] "GET /ticket2/opencms/ru/buy/?page=1&edid=170F0E9E-40BC-A898-35B2-3530EA3C6DB1&sortorder=asc&column=price HTTP/1.1" 200 73472
173.208.130.202 - - [01/Jan/2021:14:58:20 +0100] "GET /ticket2/opencms/ru/buy/?page=1&edid=170F0E9E-40BC-A898-35B2-3530EA3C6DB1&sortorder=asc&column=row HTTP/1.1" 200 73472
173.208.130.202 - - [01/Jan/2021:14:58:22 +0100] "GET /ticket2/opencms/ru/buy/?page=1&edid=17173721-29ED-E7D9-9C19-AF2AC3847802 HTTP/1.1" 200 70214
173.208.130.202 - - [01/Jan/2021:14:58:24 +0100] "GET /ticket2/opencms/ru/buy/?page=1&edid=17691BA0-3B62-7E67-D3D1-B182892E58DB&sortorder=desc&column=price HTTP/1.1" 200 73468
173.208.130.202 - - [01/Jan/2021:14:58:26 +0100] "GET /ticket2/opencms/ru/buy/?page=1&edid=17691BA0-3B62-7E67-D3D1-B182892E58DB&sortorder=desc&column=section HTTP/1.1" 200 73468
114.119.153.172 - - [01/Jan/2021:14:58:27 +0100] "GET /ticket2/opencms/sv/buy/?page=1&edid=46B98409-BE11-50C1-A27B-F9F14E8510F5 HTTP/1.1" 200 71112
192.99.13.75 - - [01/Jan/2021:14:58:27 +0100] "GET /ticket2/opencms/no/buy/?page=1&edid=DB65FF5F-A45B-145E-3BAC-807446F256DF&sortorder=desc&column=row HTTP/1.1" 200 69857
173.208.130.202 - - [01/Jan/2021:14:58:27 +0100] "GET /ticket2/opencms/ru/buy/?page=1&edid=177D30A1-22EC-59EE-174D-0010F1CD08B4&sortorder=asc&column=price HTTP/1.1" 200 70231
173.208.130.202 - - [01/Jan/2021:14:58:29 +0100] "GET /ticket2/opencms/ru/buy/?page=1&edid=177D30A1-22EC-59EE-174D-0010F1CD08B4&sortorder=asc&column=row HTTP/1.1" 200 70231
173.208.130.202 - - [01/Jan/2021:14:58:31 +0100] "GET /ticket2/opencms/ru/buy/?page=1&edid=177D30A1-22EC-59EE-174D-0010F1CD08B4&sortorder=asc&column=section HTTP/1.1" 200 70231
173.208.130.202 - - [01/Jan/2021:14:58:33 +0100] "GET /ticket2/opencms/ru/buy/?page=1&edid=17A4C5EE-2B91-231E-F4BB-23D3CBAC7196 HTTP/1.1" 200 71944
173.208.130.202 - - [01/Jan/2021:14:58:34 +0100] "GET /ticket2/opencms/ru/buy/?page=1&edid=187E092C-960D-AC1C-5E02-4E2DE1D37346 HTTP/1.1" 200 70205
173.208.130.202 - - [01/Jan/2021:14:58:36 +0100] "GET /ticket2/opencms/ru/buy/?page=1&edid=198C2F20-0889-8E76-8538-95AECBDEF9B0 HTTP/1.1" 200 70180
173.208.130.202 - - [01/Jan/2021:14:58:38 +0100] "GET /ticket2/opencms/ru/buy/?page=1&edid=19D66BA5-648A-C46A-DE8D-5430B81B6BBB HTTP/1.1" 200 70219
173.208.130.202 - - [01/Jan/2021:14:58:40 +0100] "GET /ticket2/opencms/ru/buy/?page=1&edid=1A0F9343-6154-1DA9-CEE8-3CEC5610C673 HTTP/1.1" 200 70176
173.208.130.202 - - [01/Jan/2021:14:58:42 +0100] "GET /ticket2/opencms/ru/buy/?page=1&edid=1AE621AF-9BA7-1116-2628-94D24047719F HTTP/1.1" 200 70219
207.46.13.130 - - [01/Jan/2021:14:58:43 +0100] "GET /ticket2/opencms/sv/sell/?edid=A9F462FF-41AE-6F95-4744-DA8066BF52EE HTTP/1.1" 302 -
167.114.209.104 - - [01/Jan/2021:14:58:43 +0100] "GET /ticket2/opencms/en/sell/?edid=8B78E801-414F-C225-4F2D-8966763BF6B2 HTTP/1.1" 302 -
173.208.130.202 - - [01/Jan/2021:14:58:44 +0100] "GET /ticket2/opencms/ru/buy/?page=1&edid=1AE621AF-9BA7-1116-2628-94D24047719F&sortorder=desc&column=price HTTP/1.1" 200 70254
173.208.130.202 - - [01/Jan/2021:14:58:46 +0100] "GET /ticket2/opencms/ru/buy/?page=1&edid=1AE621AF-9BA7-1116-2628-94D24047719F&sortorder=desc&column=section HTTP/1.1" 200 70254
167.114.211.237 - - [01/Jan/2021:14:58:46 +0100] "GET /ticket2/opencms/no/buy/?page=1&edid=211E0135-ADD6-734B-2AE9-1468FFD74229&sortorder=desc&column=row HTTP/1.1" 200 69809
173.208.130.202 - - [01/Jan/2021:14:58:47 +0100] "GET /ticket2/opencms/ru/buy/?page=1&edid=1AF62000-EC1E-5E56-7F0B-6BAC553CA612 HTTP/1.1" 200 71873
173.208.130.202 - - [01/Jan/2021:14:58:49 +0100] "GET /ticket2/opencms/ru/buy/?page=1&edid=1AF62000-EC1E-5E56-7F0B-6BAC553CA612&sortorder=desc&column=price HTTP/1.1" 200 71908
173.208.130.202 - - [01/Jan/2021:14:58:51 +0100] "GET /ticket2/opencms/ru/buy/?page=1&edid=1AF62000-EC1E-5E56-7F0B-6BAC553CA612&sortorder=desc&column=row HTTP/1.1" 200 71908
173.208.130.202 - - [01/Jan/2021:14:58:53 +0100] "GET /ticket2/opencms/ru/buy/?page=1&edid=1AF62000-EC1E-5E56-7F0B-6BAC553CA612&sortorder=desc&column=section HTTP/1.1" 200 71908
173.208.130.202 - - [01/Jan/2021:14:58:55 +0100] "GET /ticket2/opencms/ru/buy/?page=1&edid=1B022CA7-FE6D-532E-2FEE-58D5C427FD13 HTTP/1.1" 200 70204
173.208.130.202 - - [01/Jan/2021:14:58:57 +0100] "GET /ticket2/opencms/ru/buy/?page=1&edid=1B0840D6-2F71-B58C-3433-DBF603BC8CEC HTTP/1.1" 200 70181
216.18.204.210 - - [01/Jan/2021:14:58:58 +0100] "GET /ticket2/opencms/sv/buy/?comcatid=97ECA65A-72DA-F9AF-9DBB-245D3CFED1BE&catid=757E2DFB-33DA-9B34-8402-9F06B19D8409 HTTP/1.1" 200 70635
173.208.130.202 - - [01/Jan/2021:14:58:58 +0100] "GET /ticket2/opencms/ru/buy/?page=1&edid=1B0840D6-2F71-B58C-3433-DBF603BC8CEC&sortorder=desc&column=price HTTP/1.1" 200 70216
173.208.130.202 - - [01/Jan/2021:14:59:00 +0100] "GET /ticket2/opencms/ru/buy/?page=1&edid=1B0840D6-2F71-B58C-3433-DBF603BC8CEC&sortorder=desc&column=row HTTP/1.1" 200 70216
173.208.130.202 - - [01/Jan/2021:14:59:02 +0100] "GET /ticket2/opencms/ru/buy/?page=1&edid=1B0840D6-2F71-B58C-3433-DBF603BC8CEC&sortorder=desc&column=section HTTP/1.1" 200 70216
173.208.130.202 - - [01/Jan/2021:14:59:04 +0100] "GET /ticket2/opencms/ru/buy/?page=1&edid=1B3695A1-C6BF-D11C-9A7D-82951655EF61 HTTP/1.1" 200 70222
192.99.13.75 - - [01/Jan/2021:14:59:04 +0100] "GET /ticket2/opencms/no/buy/?page=1&edid=DB65FF5F-A45B-145E-3BAC-807446F256DF&sortorder=desc&column=section HTTP/1.1" 200 69857
173.208.130.202 - - [01/Jan/2021:14:59:06 +0100] "GET /ticket2/opencms/ru/buy/?page=1&edid=1B4F6C5B-BAFB-1ABF-BC73-B86FEBD8CF90 HTTP/1.1" 200 70212
173.208.130.202 - - [01/Jan/2021:14:59:07 +0100] "GET /ticket2/opencms/ru/buy/?page=1&edid=1B4F6C5B-BAFB-1ABF-BC73-B86FEBD8CF90&sortorder=desc&column=price HTTP/1.1" 200 70247
173.208.130.202 - - [01/Jan/2021:14:59:09 +0100] "GET /ticket2/opencms/ru/buy/?page=1&edid=1B60BEE4-B5C3-315B-4A97-0C0CA8AE813C HTTP/1.1" 200 70201
173.208.130.202 - - [01/Jan/2021:14:59:11 +0100] "GET /ticket2/opencms/ru/buy/?page=1&edid=1B60BEE4-B5C3-315B-4A97-0C0CA8AE813C&sortorder=desc&column=price HTTP/1.1" 200 70236
173.208.130.202 - - [01/Jan/2021:14:59:13 +0100] "GET /ticket2/opencms/ru/buy/?page=1&edid=1C1ADD6A-16A8-05F6-5F31-1A1238426644 HTTP/1.1" 200 70209
173.208.130.202 - - [01/Jan/2021:14:59:15 +0100] "GET /ticket2/opencms/ru/buy/?page=1&edid=1C49381D-AC02-A7FE-56F4-57C1D32BC2D4 HTTP/1.1" 200 71944
54.36.149.87 - - [01/Jan/2021:14:59:16 +0100] "GET /ticket2/opencms/en/venue/?countryid=52C47DB4-FAB4-2851-C1B4-C8688282983C HTTP/1.1" 200 94598
173.208.130.202 - - [01/Jan/2021:14:59:16 +0100] "GET /ticket2/opencms/ru/buy/?page=1&edid=1C826B1D-7CFD-DD3C-C8BD-1C0EE14E4036 HTTP/1.1" 200 70184
173.208.130.202 - - [01/Jan/2021:14:59:18 +0100] "GET /ticket2/opencms/ru/buy/?page=1&edid=1C826B1D-7CFD-DD3C-C8BD-1C0EE14E4036&sortorder=desc&column=price HTTP/1.1" 200 70219
167.114.211.237 - - [01/Jan/2021:14:59:20 +0100] "GET /ticket2/opencms/no/buy/?page=1&edid=211E0135-ADD6-734B-2AE9-1468FFD74229&sortorder=desc&column=section HTTP/1.1" 200 69809
173.208.130.202 - - [01/Jan/2021:14:59:20 +0100] "GET /ticket2/opencms/ru/buy/?page=1&edid=1C826B1D-7CFD-DD3C-C8BD-1C0EE14E4036&sortorder=desc&column=row HTTP/1.1" 200 70219
173.208.130.202 - - [01/Jan/2021:14:59:22 +0100] "GET /ticket2/opencms/ru/buy/?page=1&edid=1CB0579F-1D7F-7A19-BD4F-0612A3C3F1F9 HTTP/1.1" 200 71683
173.208.130.202 - - [01/Jan/2021:14:59:24 +0100] "GET /ticket2/opencms/ru/buy/?page=1&edid=1D6B0E8B-DB9D-7198-FC85-A1A93F56BD7C&sortorder=desc&column=section HTTP/1.1" 200 72125
173.208.130.202 - - [01/Jan/2021:14:59:25 +0100] "GET /ticket2/opencms/ru/buy/?page=1&edid=1D80DC80-D16D-56B6-6DA4-48F837A484A6&sortorder=desc&column=price HTTP/1.1" 200 72113
173.208.130.202 - - [01/Jan/2021:14:59:27 +0100] "GET /ticket2/opencms/ru/buy/?page=1&edid=1D9C4E83-75C7-ABF5-F43E-B206803FFAA5 HTTP/1.1" 200 70209
173.208.130.202 - - [01/Jan/2021:14:59:29 +0100] "GET /ticket2/opencms/ru/buy/?page=1&edid=1D9C4E83-75C7-ABF5-F43E-B206803FFAA5&sortorder=desc&column=section HTTP/1.1" 200 70244
173.208.130.202 - - [01/Jan/2021:14:59:31 +0100] "GET /ticket2/opencms/ru/buy/?page=1&edid=1F013ACC-BF70-0C32-B400-7D3374312DFC&sortorder=asc&column=row HTTP/1.1" 200 70248
173.208.130.202 - - [01/Jan/2021:14:59:32 +0100] "GET /ticket2/opencms/ru/buy/?page=1&edid=1F023B56-84BD-26B8-8FE2-E1B3179F3E69 HTTP/1.1" 200 71708
173.208.130.202 - - [01/Jan/2021:14:59:34 +0100] "GET /ticket2/opencms/ru/buy/?page=1&edid=1FD3F263-2F64-E336-94A0-E32BC58FA89D HTTP/1.1" 200 70221
173.208.130.202 - - [01/Jan/2021:14:59:36 +0100] "GET /ticket2/opencms/ru/buy/?page=1&edid=1FEF4FEF-CF0C-92BC-775F-94603805D578 HTTP/1.1" 200 70174
173.208.130.202 - - [01/Jan/2021:14:59:38 +0100] "GET /ticket2/opencms/ru/buy/?page=1&edid=20224A2C-37EC-9C96-4512-8470DDD66BF1&sortorder=desc&column=price HTTP/1.1" 200 71719
192.99.13.75 - - [01/Jan/2021:14:59:40 +0100] "GET /ticket2/opencms/no/buy/?page=1&edid=DBD2F27E-21DC-3107-D380-75B8CAFA6CB5&sortorder=desc&column=price HTTP/1.1" 200 69806
173.208.130.202 - - [01/Jan/2021:14:59:40 +0100] "GET /ticket2/opencms/ru/buy/?page=1&edid=20224A2C-37EC-9C96-4512-8470DDD66BF1&sortorder=desc&column=section HTTP/1.1" 200 71719
173.208.130.202 - - [01/Jan/2021:14:59:42 +0100] "GET /ticket2/opencms/ru/buy/?page=1&edid=207C58FC-5F06-AACA-42F0-9B1FA63F792E&sortorder=desc&column=price HTTP/1.1" 200 70220
173.208.130.202 - - [01/Jan/2021:14:59:43 +0100] "GET /ticket2/opencms/ru/buy/?page=1&edid=207C58FC-5F06-AACA-42F0-9B1FA63F792E&sortorder=desc&column=row HTTP/1.1" 200 70220
173.208.130.202 - - [01/Jan/2021:14:59:45 +0100] "GET /ticket2/opencms/ru/buy/?page=1&edid=207C58FC-5F06-AACA-42F0-9B1FA63F792E&sortorder=desc&column=section HTTP/1.1" 200 70220
173.208.130.202 - - [01/Jan/2021:14:59:47 +0100] "GET /ticket2/opencms/ru/buy/?page=1&edid=20C1AD53-6A65-5759-88A8-7AC99619D561&sortorder=desc&column=price HTTP/1.1" 200 72552
173.208.130.202 - - [01/Jan/2021:14:59:49 +0100] "GET /ticket2/opencms/ru/buy/?page=1&edid=20C1AD53-6A65-5759-88A8-7AC99619D561&sortorder=desc&column=row HTTP/1.1" 200 72552
167.114.209.104 - - [01/Jan/2021:14:59:49 +0100] "GET /ticket2/opencms/en/login/?edid=8B78E801-414F-C225-4F2D-8966763BF6B2 HTTP/1.1" 200 67300
173.208.130.202 - - [01/Jan/2021:14:59:51 +0100] "GET /ticket2/opencms/ru/buy/?page=1&edid=20C1AD53-6A65-5759-88A8-7AC99619D561&sortorder=desc&column=section HTTP/1.1" 200 72552
173.208.130.202 - - [01/Jan/2021:14:59:53 +0100] "GET /ticket2/opencms/ru/buy/?page=1&edid=211862C4-F169-B992-68EA-5F8BFF80A6F8&sortorder=asc&column=price HTTP/1.1" 200 72134
173.208.130.202 - - [01/Jan/2021:14:59:54 +0100] "GET /ticket2/opencms/ru/buy/?page=1&edid=211862C4-F169-B992-68EA-5F8BFF80A6F8&sortorder=asc&column=row HTTP/1.1" 200 72134
173.208.130.202 - - [01/Jan/2021:14:59:56 +0100] "GET /ticket2/opencms/ru/buy/?page=1&edid=211862C4-F169-B992-68EA-5F8BFF80A6F8&sortorder=asc&column=section HTTP/1.1" 200 72134
173.208.130.202 - - [01/Jan/2021:14:59:58 +0100] "GET /ticket2/opencms/ru/buy/?page=1&edid=211909F1-B26B-74AD-3CC9-2A46B04760BB&sortorder=asc&column=price HTTP/1.1" 200 70227
167.114.211.237 - - [01/Jan/2021:14:59:59 +0100] "GET /ticket2/opencms/no/buy/?page=1&edid=225ED81D-14D9-65BF-2E7D-B99F95E4B9C3&sortorder=asc&column=price HTTP/1.1" 200 71888
173.208.130.202 - - [01/Jan/2021:15:00:00 +0100] "GET /ticket2/opencms/ru/buy/?page=1&edid=211909F1-B26B-74AD-3CC9-2A46B04760BB&sortorder=asc&column=row HTTP/1.1" 200 70227
173.208.130.202 - - [01/Jan/2021:15:00:01 +0100] "GET /ticket2/opencms/ru/buy/?page=1&edid=211909F1-B26B-74AD-3CC9-2A46B04760BB&sortorder=asc&column=section HTTP/1.1" 200 70227
173.208.130.202 - - [01/Jan/2021:15:00:03 +0100] "GET /ticket2/opencms/ru/buy/?page=1&edid=211E0135-ADD6-734B-2AE9-1468FFD74229 HTTP/1.1" 200 70178
173.208.130.202 - - [01/Jan/2021:15:00:05 +0100] "GET /ticket2/opencms/ru/buy/?page=1&edid=2175AB22-B4EA-B727-B0F8-7317ABD0AD46&sortorder=asc&column=row HTTP/1.1" 200 70203
173.208.130.202 - - [01/Jan/2021:15:00:07 +0100] "GET /ticket2/opencms/ru/buy/?page=1&edid=2175AB22-B4EA-B727-B0F8-7317ABD0AD46&sortorder=asc&column=section HTTP/1.1" 200 70203
173.208.130.202 - - [01/Jan/2021:15:00:09 +0100] "GET /ticket2/opencms/ru/buy/?page=1&edid=2175AB22-B4EA-B727-B0F8-7317ABD0AD46&sortorder=desc&column=section HTTP/1.1" 200 70202
173.208.130.202 - - [01/Jan/2021:15:00:11 +0100] "GET /ticket2/opencms/ru/buy/?page=1&edid=21A89752-0742-16BE-138C-E54253972996&sortorder=asc&column=section HTTP/1.1" 200 70237
173.208.130.202 - - [01/Jan/2021:15:00:13 +0100] "GET /ticket2/opencms/ru/buy/?page=1&edid=2220CB80-B64C-3BDC-0712-55A886835053 HTTP/1.1" 200 70202
173.208.130.202 - - [01/Jan/2021:15:00:14 +0100] "GET /ticket2/opencms/ru/buy/?page=1&edid=2236E088-FD20-1D85-5B5C-965B7823FDFE&sortorder=asc&column=price HTTP/1.1" 200 71980
173.208.130.202 - - [01/Jan/2021:15:00:16 +0100] "GET /ticket2/opencms/ru/buy/?page=1&edid=2236E088-FD20-1D85-5B5C-965B7823FDFE&sortorder=asc&column=row HTTP/1.1" 200 71980
216.245.221.83 - - [01/Jan/2021:15:00:18 +0100] "HEAD /ticket2/opencms/ HTTP/1.1" 302 -
173.208.130.202 - - [01/Jan/2021:15:00:18 +0100] "GET /ticket2/opencms/ru/buy/?page=1&edid=2236E088-FD20-1D85-5B5C-965B7823FDFE&sortorder=asc&column=section HTTP/1.1" 200 71980
216.245.221.83 - - [01/Jan/2021:15:00:18 +0100] "HEAD /ticket2/opencms/en/ HTTP/1.1" 200 -
173.208.130.202 - - [01/Jan/2021:15:00:20 +0100] "GET /ticket2/opencms/ru/buy/?page=1&edid=22A17C81-63DD-246D-25C8-9F1B0441634F&sortorder=asc&column=price HTTP/1.1" 200 71909
173.208.130.202 - - [01/Jan/2021:15:00:22 +0100] "GET /ticket2/opencms/ru/buy/?page=1&edid=22A17C81-63DD-246D-25C8-9F1B0441634F&sortorder=asc&column=section HTTP/1.1" 200 71909
173.208.130.202 - - [01/Jan/2021:15:00:24 +0100] "GET /ticket2/opencms/ru/buy/?page=1&edid=22B145C5-BEDA-4A6D-0FAA-1632BB3EC997 HTTP/1.1" 200 70178
