207.180.203.210 - - [01/Jan/2021:11:18:58 +0100] "GET /ticket2/opencms/no/buy/?page=1&edid=A73B240C-7D61-AA56-4D37-875DF3743FEC&sortorder=asc&column=row HTTP/1.1" 200 69836
192.99.37.116 - - [01/Jan/2021:11:19:10 +0100] "GET /ticket2/opencms/fi/buy/?page=1&edid=083412B6-9EF2-E01A-24FB-4AAAB2DEF1B1&sortorder=desc&column=price HTTP/1.1" 200 70631
192.99.13.88 - - [01/Jan/2021:11:19:14 +0100] "GET /ticket2/opencms/sv/buy/?page=1&edid=336107FE-A480-FFB9-CEBB-733E82F740BB&sortorder=desc&column=price HTTP/1.1" 200 69480
167.114.116.38 - - [01/Jan/2021:11:19:17 +0100] "GET /ticket2/opencms/en/buy/?page=1&edid=E62B4F76-D79E-CE0B-163D-146A0351ED10&sortorder=asc&column=section HTTP/1.1" 200 69225
207.180.203.210 - - [01/Jan/2021:11:19:37 +0100] "GET /ticket2/opencms/no/buy/?page=1&edid=A83D16CB-BFDE-F1DE-57AD-95C5FC0F7E49&sortorder=asc&column=row HTTP/1.1" 200 71452
167.114.116.38 - - [01/Jan/2021:11:19:49 +0100] "GET /ticket2/opencms/en/buy/?page=10&eventid=004A3608-BA08-CF55-C79D-63CD9B0F471C HTTP/1.1" 200 66551
192.99.37.116 - - [01/Jan/2021:11:19:49 +0100] "GET /ticket2/opencms/fi/buy/?page=1&edid=2575916B-6579-ECDB-CD33-6F8E4E970260&sortorder=desc&column=row HTTP/1.1" 200 70631
192.99.13.88 - - [01/Jan/2021:11:19:59 +0100] "GET /ticket2/opencms/sv/buy/?page=1&edid=336107FE-A480-FFB9-CEBB-733E82F740BB&sortorder=desc&column=row HTTP/1.1" 200 69480
167.114.116.38 - - [01/Jan/2021:11:20:14 +0100] "GET /ticket2/opencms/en/buy/?page=10&eventid=0273BB03-23F4-FF1F-8ED5-09150C503D8D HTTP/1.1" 200 66540
207.180.203.210 - - [01/Jan/2021:11:20:14 +0100] "GET /ticket2/opencms/no/buy/?page=1&edid=A83D16CB-BFDE-F1DE-57AD-95C5FC0F7E49&sortorder=asc&column=section HTTP/1.1" 200 71452
216.245.221.83 - - [01/Jan/2021:11:20:18 +0100] "HEAD /ticket2/opencms/ HTTP/1.1" 302 -
216.245.221.83 - - [01/Jan/2021:11:20:19 +0100] "HEAD /ticket2/opencms/en/ HTTP/1.1" 200 -
54.36.149.16 - - [01/Jan/2021:11:20:20 +0100] "GET /ticket2/opencms/no/buy/?page=6&comcatid=A17713B6-D984-201A-4143-ED4DB5ED5C2E&catid=7ACC33AD-EE7E-AAA7-9050-0F4587759B87 HTTP/1.1" 200 76319
192.99.13.88 - - [01/Jan/2021:11:20:29 +0100] "GET /ticket2/opencms/sv/buy/?page=1&edid=336107FE-A480-FFB9-CEBB-733E82F740BB&sortorder=desc&column=section HTTP/1.1" 200 69480
192.99.37.116 - - [01/Jan/2021:11:20:40 +0100] "GET /ticket2/opencms/fi/buy/?page=1&edid=258E0A48-C024-C3DB-0BF3-5E676CFFAE46&sortorder=desc&column=price HTTP/1.1" 200 70614
114.119.153.67 - - [01/Jan/2021:11:20:43 +0100] "GET /ticket2/opencms/no/buy/?page=1&edid=6AEA7B0B-C565-4F77-5066-1C24C6353E29 HTTP/1.1" 200 71856
207.180.203.210 - - [01/Jan/2021:11:20:49 +0100] "GET /ticket2/opencms/no/buy/?page=1&edid=A87C3478-F9EB-9D27-1E5B-E850DFB02BC8&sortorder=desc&column=price HTTP/1.1" 200 71262
167.114.116.38 - - [01/Jan/2021:11:20:49 +0100] "GET /ticket2/opencms/en/buy/?page=10&eventid=0273BB03-23F4-FF1F-8ED5-09150C503D8D&venueid=725EAA96-3504-C885-60D8-51C3C379F292 HTTP/1.1" 200 66540
192.99.13.88 - - [01/Jan/2021:11:21:01 +0100] "GET /ticket2/opencms/sv/buy/?page=1&edid=399991E5-88C2-190C-7742-7D3EFD89FB0D&sortorder=asc&column=section HTTP/1.1" 200 71796
167.114.116.38 - - [01/Jan/2021:11:21:14 +0100] "GET /ticket2/opencms/en/buy/?page=10&eventid=0301901D-CDB0-76E6-A443-30FEE7E893FB HTTP/1.1" 200 66537
207.180.203.210 - - [01/Jan/2021:11:21:17 +0100] "GET /ticket2/opencms/no/buy/?page=1&edid=A9986142-D8AC-2A6B-A4FC-5134AB8F57B1&sortorder=desc&column=section HTTP/1.1" 200 69852
192.99.37.116 - - [01/Jan/2021:11:21:35 +0100] "GET /ticket2/opencms/fi/buy/?page=1&edid=258E0A48-C024-C3DB-0BF3-5E676CFFAE46&sortorder=desc&column=row HTTP/1.1" 200 70614
167.114.116.38 - - [01/Jan/2021:11:21:42 +0100] "GET /ticket2/opencms/en/buy/?page=10&eventid=06FCED55-A960-C265-377B-058DA40B6257 HTTP/1.1" 200 66541
207.180.203.210 - - [01/Jan/2021:11:21:48 +0100] "GET /ticket2/opencms/no/buy/?page=1&edid=AB846FE3-D252-0F8D-9888-1616F9907D4C&sortorder=desc&column=price HTTP/1.1" 200 69828
192.99.13.88 - - [01/Jan/2021:11:21:57 +0100] "GET /ticket2/opencms/sv/buy/?page=1&edid=3AB65601-4EE3-2449-68F0-32A09A52B78E&sortorder=desc&column=price HTTP/1.1" 200 69458
54.36.148.25 - - [01/Jan/2021:11:22:07 +0100] "GET /ticket2/opencms/no/buy/?page=6&comcatid=A17713B6-D984-201A-4143-ED4DB5ED5C2E&catid=7BADFFFB-57C5-5DBC-E7EB-B45075B3D8F9 HTTP/1.1" 200 76322
216.18.204.210 - - [01/Jan/2021:11:22:11 +0100] "GET /ticket2/opencms/sv/buy/?page=1&edid=48A3A523-93C2-03B5-226A-1AFF2F8C5684&sortorder=asc&column=row HTTP/1.1" 200 71332
192.99.37.116 - - [01/Jan/2021:11:22:13 +0100] "GET /ticket2/opencms/fi/buy/?page=1&edid=27C123AB-DDEB-9544-7BBD-F441CE093363&sortorder=desc&column=row HTTP/1.1" 200 72290
207.180.203.210 - - [01/Jan/2021:11:22:13 +0100] "GET /ticket2/opencms/no/buy/?page=1&edid=AB846FE3-D252-0F8D-9888-1616F9907D4C&sortorder=desc&column=section HTTP/1.1" 200 69828
167.114.116.38 - - [01/Jan/2021:11:22:18 +0100] "GET /ticket2/opencms/en/buy/?page=10&eventid=080309A2-9AF6-914F-9FD3-1CF32BAE4613 HTTP/1.1" 200 66539
192.99.13.88 - - [01/Jan/2021:11:22:41 +0100] "GET /ticket2/opencms/sv/buy/?page=1&edid=3AB65601-4EE3-2449-68F0-32A09A52B78E&sortorder=desc&column=row HTTP/1.1" 200 69458
207.180.203.210 - - [01/Jan/2021:11:22:51 +0100] "GET /ticket2/opencms/no/buy/?page=1&edid=AD5DB98E-0383-82ED-D9EA-4EF4C6517FB7&sortorder=desc&column=price HTTP/1.1" 200 69849
192.99.37.116 - - [01/Jan/2021:11:22:54 +0100] "GET /ticket2/opencms/fi/buy/?page=1&edid=2885F5B5-EAC4-1031-A06B-102F5CDC60A3 HTTP/1.1" 200 70597
167.114.116.38 - - [01/Jan/2021:11:23:02 +0100] "GET /ticket2/opencms/set_aff_cookie.jsp?partner=32AEBC49-1CC2-7329-0771-A30B1D5B3D38&url=/sv/buy/index.html%3Fr=true%26edid=4D87B875-6E26-5CDB-F066-AD80DA0F7816%26page=1 HTTP/1.1" 200 179
207.180.203.210 - - [01/Jan/2021:11:23:12 +0100] "GET /ticket2/opencms/no/buy/?page=1&edid=AD5DB98E-0383-82ED-D9EA-4EF4C6517FB7&sortorder=desc&column=row HTTP/1.1" 200 69849
66.249.66.133 - - [01/Jan/2021:11:23:25 +0100] "GET /ticket2/opencms/nl/buy/?page=1&edid=149E4898-886E-801A-DF9C-A6639D44D86F HTTP/1.1" 200 70181
192.99.13.88 - - [01/Jan/2021:11:23:35 +0100] "GET /ticket2/opencms/sv/buy/?page=1&edid=3AB65601-4EE3-2449-68F0-32A09A52B78E&sortorder=desc&column=section HTTP/1.1" 200 69458
167.114.116.38 - - [01/Jan/2021:11:23:37 +0100] "GET /ticket2/opencms/set_aff_cookie.jsp?partner=32AEBC49-1CC2-7329-0771-A30B1D5B3D38&url=/sv/buy/index.html%3Fr=true%26edid=4FCB449E-EA67-7D06-DD6A-C041E26583BB%26page=1 HTTP/1.1" 200 179
207.180.203.210 - - [01/Jan/2021:11:23:39 +0100] "GET /ticket2/opencms/no/buy/?page=1&edid=AD5DB98E-0383-82ED-D9EA-4EF4C6517FB7&sortorder=desc&column=section HTTP/1.1" 200 69849
54.36.148.176 - - [01/Jan/2021:11:23:51 +0100] "GET /ticket2/opencms/no/buy/?page=6&comcatid=A17713B6-D984-201A-4143-ED4DB5ED5C2E&catid=7CF2D645-F785-0CBB-1B7C-C4711617EAAD HTTP/1.1" 200 76328
216.18.204.210 - - [01/Jan/2021:11:23:54 +0100] "GET /ticket2/opencms/sv/buy/?page=1&edid=591CFC12-3AB5-ED29-1FAF-5E88C8593ADE&sortorder=asc&column=row HTTP/1.1" 200 71623
192.99.37.116 - - [01/Jan/2021:11:24:02 +0100] "GET /ticket2/opencms/fi/buy/?page=1&edid=2885F5B5-EAC4-1031-A06B-102F5CDC60A3&sortorder=desc&column=price HTTP/1.1" 200 70632
167.114.116.38 - - [01/Jan/2021:11:24:15 +0100] "GET /ticket2/opencms/set_aff_cookie.jsp?partner=32AEBC49-1CC2-7329-0771-A30B1D5B3D38&url=/sv/buy/index.html%3Fr=true%26edid=568CF576-3168-6EE3-EEC7-67A361E49766%26page=1 HTTP/1.1" 200 179
207.180.203.210 - - [01/Jan/2021:11:24:23 +0100] "GET /ticket2/opencms/no/buy/?page=1&edid=AD7CC956-29A2-9E10-9B81-D673B6C0E599&sortorder=asc&column=price HTTP/1.1" 200 69843
192.99.13.88 - - [01/Jan/2021:11:24:27 +0100] "GET /ticket2/opencms/sv/buy/?page=1&edid=3B2B632D-2D9E-A780-282C-D4563639E830&sortorder=desc&column=price HTTP/1.1" 200 71144
207.180.203.210 - - [01/Jan/2021:11:24:40 +0100] "GET /ticket2/opencms/no/buy/?page=1&edid=AD7CC956-29A2-9E10-9B81-D673B6C0E599&sortorder=asc&column=row HTTP/1.1" 200 69843
5.9.108.254 - - [01/Jan/2021:11:24:43 +0100] "GET /ticket2/opencms/robots.txt HTTP/1.1" 200 773
5.9.108.254 - - [01/Jan/2021:11:24:48 +0100] "GET /ticket2/opencms/dk/sell/?edid=3CC17989-3033-10BE-F5C3-D729834B05F5 HTTP/1.1" 302 -
167.114.116.38 - - [01/Jan/2021:11:24:49 +0100] "GET /ticket2/opencms/set_aff_cookie.jsp?partner=32AEBC49-1CC2-7329-0771-A30B1D5B3D38&url=/sv/buy/index.html%3Fr=true%26edid=569D4229-6A9E-CAB2-7330-F3B004D9845F%26page=1 HTTP/1.1" 200 179
192.99.37.116 - - [01/Jan/2021:11:24:55 +0100] "GET /ticket2/opencms/fi/buy/?page=1&edid=2885F5B5-EAC4-1031-A06B-102F5CDC60A3&sortorder=desc&column=section HTTP/1.1" 200 70632
207.180.203.210 - - [01/Jan/2021:11:24:57 +0100] "GET /ticket2/opencms/no/buy/?page=1&edid=AD7CC956-29A2-9E10-9B81-D673B6C0E599&sortorder=asc&column=section HTTP/1.1" 200 69843
5.9.108.254 - - [01/Jan/2021:11:24:58 +0100] "GET /ticket2/opencms/dk/login/?edid=3CC17989-3033-10BE-F5C3-D729834B05F5 HTTP/1.1" 200 67413
114.119.150.223 - - [01/Jan/2021:11:25:02 +0100] "GET /ticket2/opencms/fi/buy/?page=1&edid=8871F39D-CC75-6BEB-E911-E7E368F4B404&sortorder=desc&column=row HTTP/1.1" 200 72281
5.9.108.254 - - [01/Jan/2021:11:25:11 +0100] "GET /ticket2/opencms/dk/sell/?edid=52E9C51D-192F-C954-8F05-403EF150A75E HTTP/1.1" 302 -
5.9.108.254 - - [01/Jan/2021:11:25:18 +0100] "GET /ticket2/opencms/dk/login/?edid=52E9C51D-192F-C954-8F05-403EF150A75E HTTP/1.1" 200 67413
167.114.116.38 - - [01/Jan/2021:11:25:18 +0100] "GET /ticket2/opencms/set_aff_cookie.jsp?partner=32AEBC49-1CC2-7329-0771-A30B1D5B3D38&url=/sv/buy/index.html%3Fr=true%26edid=8B4C9901-0F50-A93E-32B9-7CEDBBCA7E66%26page=1 HTTP/1.1" 200 179
216.245.221.83 - - [01/Jan/2021:11:25:18 +0100] "HEAD /ticket2/opencms/ HTTP/1.1" 302 -
216.245.221.83 - - [01/Jan/2021:11:25:19 +0100] "HEAD /ticket2/opencms/en/ HTTP/1.1" 200 -
5.9.108.254 - - [01/Jan/2021:11:25:22 +0100] "GET /ticket2/opencms/dk/sell/?edid=5432ED02-FAD8-0258-AF31-52B1290A487D HTTP/1.1" 302 -
192.99.13.88 - - [01/Jan/2021:11:25:24 +0100] "GET /ticket2/opencms/sv/buy/?page=1&edid=3B2B632D-2D9E-A780-282C-D4563639E830&sortorder=desc&column=row HTTP/1.1" 200 71144
5.9.108.254 - - [01/Jan/2021:11:25:30 +0100] "GET /ticket2/opencms/dk/login/?edid=5432ED02-FAD8-0258-AF31-52B1290A487D HTTP/1.1" 200 67413
5.9.108.254 - - [01/Jan/2021:11:25:34 +0100] "GET /ticket2/opencms/dk/sell/?edid=54BF7B38-1191-4855-07DB-8DE87C08BACB HTTP/1.1" 302 -
207.180.203.210 - - [01/Jan/2021:11:25:42 +0100] "GET /ticket2/opencms/no/buy/?page=1&edid=AD8B286C-A601-B37E-CF61-F8810D020A2B&sortorder=desc&column=price HTTP/1.1" 200 69807
5.9.108.254 - - [01/Jan/2021:11:25:43 +0100] "GET /ticket2/opencms/dk/login/?edid=54BF7B38-1191-4855-07DB-8DE87C08BACB HTTP/1.1" 200 67413
5.9.108.254 - - [01/Jan/2021:11:25:45 +0100] "GET /ticket2/opencms/dk/sell/?edid=57072AE9-079B-ACB3-B3CD-D3AC948AC064 HTTP/1.1" 302 -
54.36.148.191 - - [01/Jan/2021:11:25:46 +0100] "GET /ticket2/opencms/no/buy/?page=6&comcatid=A17713B6-D984-201A-4143-ED4DB5ED5C2E&catid=42C82D82-D02A-8562-E55C-48ADB3771882 HTTP/1.1" 200 76334
192.99.37.116 - - [01/Jan/2021:11:25:48 +0100] "GET /ticket2/opencms/fi/buy/?page=1&edid=28C947AC-84E0-6193-CC42-DA6E43AFA5BA&sortorder=desc&column=row HTTP/1.1" 200 72041
5.9.108.254 - - [01/Jan/2021:11:25:54 +0100] "GET /ticket2/opencms/dk/login/?edid=57072AE9-079B-ACB3-B3CD-D3AC948AC064 HTTP/1.1" 200 67413
167.114.116.38 - - [01/Jan/2021:11:25:55 +0100] "GET /ticket2/opencms/set_aff_cookie.jsp?partner=32AEBC49-1CC2-7329-0771-A30B1D5B3D38&url=/sv/buy/index.html%3Fr=true%26edid=8DDA9AB9-8E42-6DCF-067E-CFD465659FAC%26page=1 HTTP/1.1" 200 179
5.9.108.254 - - [01/Jan/2021:11:25:57 +0100] "GET /ticket2/opencms/dk/sell/?edid=5BED4F96-461F-3406-5552-6C548F77CB08 HTTP/1.1" 302 -
216.18.204.210 - - [01/Jan/2021:11:26:00 +0100] "GET /ticket2/opencms/sv/buy/?page=1&edid=EAA98A6E-20F3-6D01-3D0B-DC007380F0E3&sortorder=desc&column=row HTTP/1.1" 200 71338
192.99.13.88 - - [01/Jan/2021:11:26:05 +0100] "GET /ticket2/opencms/sv/buy/?page=1&edid=3B2B632D-2D9E-A780-282C-D4563639E830&sortorder=desc&column=section HTTP/1.1" 200 71144
5.9.108.254 - - [01/Jan/2021:11:26:07 +0100] "GET /ticket2/opencms/dk/login/?edid=5BED4F96-461F-3406-5552-6C548F77CB08 HTTP/1.1" 200 67413
5.9.108.254 - - [01/Jan/2021:11:26:10 +0100] "GET /ticket2/opencms/dk/sell/?edid=5E394636-BF24-8546-4F48-C95E49B131BE HTTP/1.1" 302 -
207.180.203.210 - - [01/Jan/2021:11:26:11 +0100] "GET /ticket2/opencms/no/buy/?page=1&edid=AD8B286C-A601-B37E-CF61-F8810D020A2B&sortorder=desc&column=row HTTP/1.1" 200 69807
5.9.108.254 - - [01/Jan/2021:11:26:18 +0100] "GET /ticket2/opencms/dk/login/?edid=5E394636-BF24-8546-4F48-C95E49B131BE HTTP/1.1" 200 67413
5.9.108.254 - - [01/Jan/2021:11:26:22 +0100] "GET /ticket2/opencms/dk/sell/?edid=60A92E2C-5D4D-C143-3776-D1790FE7FB3F HTTP/1.1" 302 -
167.114.116.38 - - [01/Jan/2021:11:26:26 +0100] "GET /ticket2/opencms/set_aff_cookie.jsp?partner=32AEBC49-1CC2-7329-0771-A30B1D5B3D38&url=/sv/buy/index.html%3Fr=true%26edid=8F29AFF6-55D8-93F2-1CB7-F23B23EBC23F%26page=1 HTTP/1.1" 200 179
5.9.108.254 - - [01/Jan/2021:11:26:31 +0100] "GET /ticket2/opencms/dk/login/?edid=60A92E2C-5D4D-C143-3776-D1790FE7FB3F HTTP/1.1" 200 67413
207.180.203.210 - - [01/Jan/2021:11:26:35 +0100] "GET /ticket2/opencms/no/buy/?page=1&edid=AD8B286C-A601-B37E-CF61-F8810D020A2B&sortorder=desc&column=section HTTP/1.1" 200 69807
5.9.108.254 - - [01/Jan/2021:11:26:38 +0100] "GET /ticket2/opencms/dk/sell/?edid=61A4236D-8A4F-347D-2797-7565CB47221F HTTP/1.1" 302 -
192.99.37.116 - - [01/Jan/2021:11:26:43 +0100] "GET /ticket2/opencms/fi/buy/?page=1&edid=3C4AC0DA-BC5E-B8E0-9AC1-A88B81742FE7&sortorder=desc&column=price HTTP/1.1" 200 70630
5.9.108.254 - - [01/Jan/2021:11:26:45 +0100] "GET /ticket2/opencms/dk/login/?edid=61A4236D-8A4F-347D-2797-7565CB47221F HTTP/1.1" 200 67413
5.9.108.254 - - [01/Jan/2021:11:26:49 +0100] "GET /ticket2/opencms/dk/sell/?edid=6391B8D2-4805-E3DF-858D-572DEDE95203 HTTP/1.1" 302 -
167.114.116.38 - - [01/Jan/2021:11:26:52 +0100] "GET /ticket2/opencms/set_aff_cookie.jsp?partner=32AEBC49-1CC2-7329-0771-A30B1D5B3D38&url=/sv/buy/index.html%3Fr=true%26edid=93F8B587-3AFC-6422-AD9B-B31F0210CA17%26page=1 HTTP/1.1" 200 179
192.99.13.88 - - [01/Jan/2021:11:26:56 +0100] "GET /ticket2/opencms/sv/buy/?page=1&edid=3E844C64-2B32-A35E-237A-EDAC48338BDA HTTP/1.1" 200 71296
5.9.108.254 - - [01/Jan/2021:11:26:59 +0100] "GET /ticket2/opencms/dk/login/?edid=6391B8D2-4805-E3DF-858D-572DEDE95203 HTTP/1.1" 200 67413
5.9.108.254 - - [01/Jan/2021:11:27:02 +0100] "GET /ticket2/opencms/dk/sell/?edid=6440E7CC-E56C-CD13-BB09-A84D83EDDD53 HTTP/1.1" 302 -
207.180.203.210 - - [01/Jan/2021:11:27:04 +0100] "GET /ticket2/opencms/no/buy/?page=1&edid=AD9481A5-A300-A43A-AA29-A475A26DF184&sortorder=desc&column=price HTTP/1.1" 200 71467
5.9.108.254 - - [01/Jan/2021:11:27:10 +0100] "GET /ticket2/opencms/dk/login/?edid=6440E7CC-E56C-CD13-BB09-A84D83EDDD53 HTTP/1.1" 200 67413
5.9.108.254 - - [01/Jan/2021:11:27:14 +0100] "GET /ticket2/opencms/dk/sell/?edid=724247B2-796B-C977-0062-C004D5C1A4FC HTTP/1.1" 302 -
5.9.108.254 - - [01/Jan/2021:11:27:21 +0100] "GET /ticket2/opencms/dk/login/?edid=724247B2-796B-C977-0062-C004D5C1A4FC HTTP/1.1" 200 67413
5.9.108.254 - - [01/Jan/2021:11:27:25 +0100] "GET /ticket2/opencms/dk/sell/?edid=74EFCA32-6815-FF4B-4089-5178E45F69AE HTTP/1.1" 302 -
167.114.116.38 - - [01/Jan/2021:11:27:29 +0100] "GET /ticket2/opencms/set_aff_cookie.jsp?partner=32AEBC49-1CC2-7329-0771-A30B1D5B3D38&url=/sv/buy/index.html%3Fr=true%26edid=9624712D-7BF2-B8CD-C528-445B841E2654%26page=1 HTTP/1.1" 200 179
5.9.108.254 - - [01/Jan/2021:11:27:33 +0100] "GET /ticket2/opencms/dk/login/?edid=74EFCA32-6815-FF4B-4089-5178E45F69AE HTTP/1.1" 200 67413
192.99.13.88 - - [01/Jan/2021:11:27:35 +0100] "GET /ticket2/opencms/sv/buy/?page=1&edid=3E844C64-2B32-A35E-237A-EDAC48338BDA&sortorder=desc&column=price HTTP/1.1" 200 71331
5.9.108.254 - - [01/Jan/2021:11:27:36 +0100] "GET /ticket2/opencms/dk/sell/?edid=7545A501-A74F-FCD9-6047-6417398923F8 HTTP/1.1" 302 -
54.36.149.29 - - [01/Jan/2021:11:27:37 +0100] "GET /ticket2/opencms/no/buy/?page=6&comcatid=A17713B6-D984-201A-4143-ED4DB5ED5C2E&catid=88C381AD-5D76-A34D-AC15-A7129F8EF5BE HTTP/1.1" 200 76318
192.99.37.116 - - [01/Jan/2021:11:27:40 +0100] "GET /ticket2/opencms/fi/buy/?page=1&edid=3C4AC0DA-BC5E-B8E0-9AC1-A88B81742FE7&sortorder=desc&column=row HTTP/1.1" 200 70630
5.9.108.254 - - [01/Jan/2021:11:27:45 +0100] "GET /ticket2/opencms/dk/login/?edid=7545A501-A74F-FCD9-6047-6417398923F8 HTTP/1.1" 200 67413
5.9.108.254 - - [01/Jan/2021:11:27:48 +0100] "GET /ticket2/opencms/dk/sell/?edid=80EE9861-CE07-B7DE-A3DB-A6E5C8995BA8 HTTP/1.1" 302 -
207.180.203.210 - - [01/Jan/2021:11:27:56 +0100] "GET /ticket2/opencms/no/buy/?page=1&edid=ADE3597D-A6E8-88A2-2D38-4DA59DAE8129&sortorder=asc&column=section HTTP/1.1" 200 71703
5.9.108.254 - - [01/Jan/2021:11:27:56 +0100] "GET /ticket2/opencms/dk/login/?edid=80EE9861-CE07-B7DE-A3DB-A6E5C8995BA8 HTTP/1.1" 200 67413
167.114.116.38 - - [01/Jan/2021:11:27:56 +0100] "GET /ticket2/opencms/set_aff_cookie.jsp?partner=32AEBC49-1CC2-7329-0771-A30B1D5B3D38&url=/sv/buy/index.html%3Fr=true%26edid=9E895286-4DF2-9E22-3127-0EDC3248C99D%26page=1 HTTP/1.1" 200 179
5.9.108.254 - - [01/Jan/2021:11:28:00 +0100] "GET /ticket2/opencms/dk/sell/?edid=916F2EF4-6FE1-7E81-87CE-194E3C0EB782 HTTP/1.1" 302 -
5.9.108.254 - - [01/Jan/2021:11:28:09 +0100] "GET /ticket2/opencms/dk/login/?edid=916F2EF4-6FE1-7E81-87CE-194E3C0EB782 HTTP/1.1" 200 67413
5.9.108.254 - - [01/Jan/2021:11:28:14 +0100] "GET /ticket2/opencms/dk/sell/?edid=97090501-1E61-49E3-928B-F233AE55277C HTTP/1.1" 302 -
192.99.13.88 - - [01/Jan/2021:11:28:15 +0100] "GET /ticket2/opencms/sv/buy/?page=1&edid=3F81A579-C5D8-A8AE-791F-F6F1E7AD279B HTTP/1.1" 200 71341
5.9.108.254 - - [01/Jan/2021:11:28:22 +0100] "GET /ticket2/opencms/dk/login/?edid=97090501-1E61-49E3-928B-F233AE55277C HTTP/1.1" 200 67413
207.180.203.210 - - [01/Jan/2021:11:28:24 +0100] "GET /ticket2/opencms/no/buy/?page=1&edid=AE0B1CB0-C071-E4CC-A5D8-E94E57C9DEB0 HTTP/1.1" 200 69801
167.114.116.38 - - [01/Jan/2021:11:28:25 +0100] "GET /ticket2/opencms/set_aff_cookie.jsp?partner=32AEBC49-1CC2-7329-0771-A30B1D5B3D38&url=/sv/buy/index.html%3Fr=true%26edid=A426BA6C-DA03-08DF-D7B3-655AA13EBE13%26page=1 HTTP/1.1" 200 179
5.9.108.254 - - [01/Jan/2021:11:28:27 +0100] "GET /ticket2/opencms/dk/sell/?edid=9CB88255-C1D7-A550-4F71-3BA9C5085A0C HTTP/1.1" 302 -
192.99.37.116 - - [01/Jan/2021:11:28:31 +0100] "GET /ticket2/opencms/fi/buy/?page=1&edid=3C4AC0DA-BC5E-B8E0-9AC1-A88B81742FE7&sortorder=desc&column=section HTTP/1.1" 200 70630
5.9.108.254 - - [01/Jan/2021:11:28:36 +0100] "GET /ticket2/opencms/dk/login/?edid=9CB88255-C1D7-A550-4F71-3BA9C5085A0C HTTP/1.1" 200 67413
5.9.108.254 - - [01/Jan/2021:11:28:39 +0100] "GET /ticket2/opencms/dk/sell/?edid=9EA63819-F5C6-0A09-AF16-0D985EE0DC58 HTTP/1.1" 302 -
5.9.108.254 - - [01/Jan/2021:11:28:46 +0100] "GET /ticket2/opencms/dk/login/?edid=9EA63819-F5C6-0A09-AF16-0D985EE0DC58 HTTP/1.1" 200 67413
207.180.203.210 - - [01/Jan/2021:11:28:47 +0100] "GET /ticket2/opencms/no/buy/?page=1&edid=AE0B1CB0-C071-E4CC-A5D8-E94E57C9DEB0&sortorder=desc&column=row HTTP/1.1" 200 69836
5.9.108.254 - - [01/Jan/2021:11:28:49 +0100] "GET /ticket2/opencms/dk/sell/?edid=BDEBDFC7-284E-9E6E-D1BB-65EBB5818C8B HTTP/1.1" 302 -
167.114.116.38 - - [01/Jan/2021:11:28:53 +0100] "GET /ticket2/opencms/set_aff_cookie.jsp?partner=32AEBC49-1CC2-7329-0771-A30B1D5B3D38&url=/sv/buy/index.html%3Fr=true%26edid=A536E6E8-41AB-7420-52C1-621EEAA4A6F2%26page=1 HTTP/1.1" 200 179
5.9.108.254 - - [01/Jan/2021:11:28:58 +0100] "GET /ticket2/opencms/dk/login/?edid=BDEBDFC7-284E-9E6E-D1BB-65EBB5818C8B HTTP/1.1" 200 67413
192.99.13.88 - - [01/Jan/2021:11:28:58 +0100] "GET /ticket2/opencms/sv/buy/?page=1&edid=3FC2B591-D536-D1BB-E60B-6C053ECAFC38&sortorder=desc&column=price HTTP/1.1" 200 71144
5.9.108.254 - - [01/Jan/2021:11:29:07 +0100] "GET /ticket2/opencms/dk/sell/?edid=32A8F56D-1146-586D-D282-0D84CEE4FD54 HTTP/1.1" 302 -
192.99.37.116 - - [01/Jan/2021:11:29:08 +0100] "GET /ticket2/opencms/fi/buy/?page=1&edid=40B479D3-21EE-894D-F38D-1B68A6108A49&sortorder=asc&column=row HTTP/1.1" 200 73369
5.9.108.254 - - [01/Jan/2021:11:29:15 +0100] "GET /ticket2/opencms/dk/login/?edid=32A8F56D-1146-586D-D282-0D84CEE4FD54 HTTP/1.1" 200 67413
207.180.203.210 - - [01/Jan/2021:11:29:18 +0100] "GET /ticket2/opencms/no/buy/?page=1&edid=AE0B1CB0-C071-E4CC-A5D8-E94E57C9DEB0&sortorder=desc&column=section HTTP/1.1" 200 69836
5.9.108.254 - - [01/Jan/2021:11:29:25 +0100] "GET /ticket2/opencms/dk/sell/?edid=3CC17989-3033-10BE-F5C3-D729834B05F5 HTTP/1.1" 302 -
114.119.139.25 - - [01/Jan/2021:11:29:26 +0100] "GET /ticket2/opencms/nl/buy/?page=1&edid=E06EFED9-CC5A-5F98-262D-6C2F7A4149DA&sortorder=asc&column=price HTTP/1.1" 200 69737
167.114.116.38 - - [01/Jan/2021:11:29:28 +0100] "GET /ticket2/opencms/set_aff_cookie.jsp?partner=32AEBC49-1CC2-7329-0771-A30B1D5B3D38&url=/sv/buy/index.html%3Fr=true%26edid=D356D91E-3025-AEC8-8FE4-9F2E62CB9837%26page=1 HTTP/1.1" 200 179
5.9.108.254 - - [01/Jan/2021:11:29:33 +0100] "GET /ticket2/opencms/dk/login/?edid=3CC17989-3033-10BE-F5C3-D729834B05F5 HTTP/1.1" 200 67413
54.36.148.82 - - [01/Jan/2021:11:29:34 +0100] "GET /ticket2/opencms/no/buy/?page=6&comcatid=A17713B6-D984-201A-4143-ED4DB5ED5C2E&catid=8AA488FA-6797-D710-8108-3088D6948FC1 HTTP/1.1" 200 76309
5.9.108.254 - - [01/Jan/2021:11:29:41 +0100] "GET /ticket2/opencms/dk/sell/?edid=49C08FA0-ED06-3265-70AE-3BEE76F3DD9E HTTP/1.1" 302 -
192.99.13.88 - - [01/Jan/2021:11:29:42 +0100] "GET /ticket2/opencms/sv/buy/?page=1&edid=3FC2B591-D536-D1BB-E60B-6C053ECAFC38&sortorder=desc&column=row HTTP/1.1" 200 71144
5.9.108.254 - - [01/Jan/2021:11:29:48 +0100] "GET /ticket2/opencms/dk/login/?edid=49C08FA0-ED06-3265-70AE-3BEE76F3DD9E HTTP/1.1" 200 67413
207.180.203.210 - - [01/Jan/2021:11:29:48 +0100] "GET /ticket2/opencms/no/buy/?page=1&edid=AE63670B-7025-D349-4FA6-EC4A70D9CCBD&sortorder=desc&column=row HTTP/1.1" 200 71239
167.114.116.38 - - [01/Jan/2021:11:29:55 +0100] "GET /ticket2/opencms/set_aff_cookie.jsp?partner=32AEBC49-1CC2-7329-0771-A30B1D5B3D38&url=/sv/buy/index.html%3Fr=true%26edid=D3A4B6FE-8DAF-B1CE-8D1E-9F2725CE6F3F%26page=1 HTTP/1.1" 200 179
5.9.108.254 - - [01/Jan/2021:11:29:55 +0100] "GET /ticket2/opencms/dk/sell/?edid=D4257B4D-221F-23FE-F1F6-6C524759B22C HTTP/1.1" 302 -
216.18.204.210 - - [01/Jan/2021:11:29:59 +0100] "GET /ticket2/opencms/sv/buy/?page=1&edid=2B06F374-D15A-E41B-3CC9-BDFBF86798E8&sortorder=asc&column=price HTTP/1.1" 200 71853
192.99.37.116 - - [01/Jan/2021:11:30:02 +0100] "GET /ticket2/opencms/fi/buy/?page=1&edid=4C7CD3B1-B7E1-89E2-C4E7-C4DED146D459&sortorder=desc&column=row HTTP/1.1" 200 72293
5.9.108.254 - - [01/Jan/2021:11:30:04 +0100] "GET /ticket2/opencms/dk/login/?edid=D4257B4D-221F-23FE-F1F6-6C524759B22C HTTP/1.1" 200 67413
5.9.108.254 - - [01/Jan/2021:11:30:14 +0100] "GET /ticket2/opencms/dk/sell/?edid=D7193451-9A3A-74F4-A8C7-6E587A08462E HTTP/1.1" 302 -
216.245.221.83 - - [01/Jan/2021:11:30:18 +0100] "HEAD /ticket2/opencms/ HTTP/1.1" 302 -
216.245.221.83 - - [01/Jan/2021:11:30:19 +0100] "HEAD /ticket2/opencms/en/ HTTP/1.1" 200 -
167.114.116.38 - - [01/Jan/2021:11:30:20 +0100] "GET /ticket2/opencms/set_aff_cookie.jsp?partner=32AEBC49-1CC2-7329-0771-A30B1D5B3D38&url=/sv/buy/index.html%3Fr=true%26edid=D5EE66EE-4DB4-A8E8-E128-E8FE141DBD92%26page=1 HTTP/1.1" 200 179
192.99.13.88 - - [01/Jan/2021:11:30:21 +0100] "GET /ticket2/opencms/sv/buy/?page=1&edid=AE1FE5CE-9165-F6B8-85E2-9E98555EE010&sortorder=desc&column=price HTTP/1.1" 200 69457
5.9.108.254 - - [01/Jan/2021:11:30:24 +0100] "GET /ticket2/opencms/dk/login/?edid=D7193451-9A3A-74F4-A8C7-6E587A08462E HTTP/1.1" 200 67413
207.46.13.130 - - [01/Jan/2021:11:30:25 +0100] "GET /ticket2/opencms/fi/venue/?venueid=D10220DB-AAF6-E84A-D2D4-5A9FE554E837 HTTP/1.1" 200 66463
207.180.203.210 - - [01/Jan/2021:11:30:28 +0100] "GET /ticket2/opencms/no/buy/?page=1&edid=AE63670B-7025-D349-4FA6-EC4A70D9CCBD&sortorder=desc&column=section HTTP/1.1" 200 71239
5.9.108.254 - - [01/Jan/2021:11:30:34 +0100] "GET /ticket2/opencms/en/buy/?page=1&edid=00059B5F-DE26-4FE8-9C34-25454FE29501&sortorder=desc&column=price HTTP/1.1" 200 71101
5.9.108.254 - - [01/Jan/2021:11:30:43 +0100] "GET /ticket2/opencms/en/buy/?page=1&edid=00059B5F-DE26-4FE8-9C34-25454FE29501&sortorder=desc&column=row HTTP/1.1" 200 71101
192.99.37.116 - - [01/Jan/2021:11:30:44 +0100] "GET /ticket2/opencms/fi/buy/?page=1&edid=4C7CD3B1-B7E1-89E2-C4E7-C4DED146D459&sortorder=desc&column=section HTTP/1.1" 200 72293
167.114.116.38 - - [01/Jan/2021:11:30:50 +0100] "GET /ticket2/opencms/set_aff_cookie.jsp?partner=32AEBC49-1CC2-7329-0771-A30B1D5B3D38&url=/sv/buy/index.html%3Fr=true%26edid=D646E9EF-0158-052D-D610-39ABA6A71094%26page=1 HTTP/1.1" 200 179
5.9.108.254 - - [01/Jan/2021:11:30:52 +0100] "GET /ticket2/opencms/en/buy/?page=1&edid=023AD109-F894-EFD4-D5CA-0D6D561D2D6F&sortorder=desc&column=section HTTP/1.1" 200 71612
207.180.203.210 - - [01/Jan/2021:11:30:55 +0100] "GET /ticket2/opencms/no/buy/?page=1&edid=AE782AB5-7A41-EF35-A705-1424A1D319D7&sortorder=desc&column=price HTTP/1.1" 200 69797
5.9.108.254 - - [01/Jan/2021:11:31:00 +0100] "GET /ticket2/opencms/en/buy/?page=1&edid=0A5CEFC4-5394-480F-FEA6-3D833FDD726F&sortorder=desc&column=row HTTP/1.1" 200 69255
5.9.108.254 - - [01/Jan/2021:11:31:07 +0100] "GET /ticket2/opencms/en/buy/?page=1&edid=0CA3FD47-A06A-35B3-8EAB-9D836A2EC845&sortorder=desc&column=section HTTP/1.1" 200 69248
192.99.13.88 - - [01/Jan/2021:11:31:10 +0100] "GET /ticket2/opencms/sv/buy/?page=1&edid=AE1FE5CE-9165-F6B8-85E2-9E98555EE010&sortorder=desc&column=row HTTP/1.1" 200 69457
5.9.108.254 - - [01/Jan/2021:11:31:19 +0100] "GET /ticket2/opencms/en/buy/?page=1&edid=0EF8B22E-BE68-12EF-B463-EE507CBF5141&sortorder=desc&column=price HTTP/1.1" 200 71110
54.36.148.131 - - [01/Jan/2021:11:31:25 +0100] "GET /ticket2/opencms/no/buy/?page=6&comcatid=A17713B6-D984-201A-4143-ED4DB5ED5C2E&catid=4B941E1B-E4E2-C53E-C693-9FA91BBA9AD5 HTTP/1.1" 200 76321
5.9.108.254 - - [01/Jan/2021:11:31:27 +0100] "GET /ticket2/opencms/en/buy/?page=1&edid=0EF8B22E-BE68-12EF-B463-EE507CBF5141&sortorder=desc&column=row HTTP/1.1" 200 71110
207.180.203.210 - - [01/Jan/2021:11:31:29 +0100] "GET /ticket2/opencms/no/buy/?page=1&edid=AE782AB5-7A41-EF35-A705-1424A1D319D7&sortorder=desc&column=section HTTP/1.1" 200 69797
167.114.116.38 - - [01/Jan/2021:11:31:30 +0100] "GET /ticket2/opencms/set_aff_cookie.jsp?partner=32AEBC49-1CC2-7329-0771-A30B1D5B3D38&url=/sv/buy/index.html%3Fr=true%26edid=DB1BAA94-7AB4-95B2-8A74-90E6FA06EE12%26page=1 HTTP/1.1" 200 179
5.9.108.254 - - [01/Jan/2021:11:31:34 +0100] "GET /ticket2/opencms/en/buy/?page=1&edid=0EF8B22E-BE68-12EF-B463-EE507CBF5141&sortorder=desc&column=section HTTP/1.1" 200 71110
5.9.108.254 - - [01/Jan/2021:11:31:42 +0100] "GET /ticket2/opencms/en/buy/?page=1&edid=11E0F3F3-866B-8B11-2E4F-E306B11A08DD&sortorder=desc&column=price HTTP/1.1" 200 71571
216.18.204.210 - - [01/Jan/2021:11:31:42 +0100] "GET /ticket2/opencms/sv/buy/?page=1&edid=2BCF554F-F8EF-4953-B86E-72FD3395B753&sortorder=asc&column=price HTTP/1.1" 200 71369
192.99.37.116 - - [01/Jan/2021:11:31:46 +0100] "GET /ticket2/opencms/fi/buy/?page=1&edid=4DA8BB7E-7B6D-2F44-7E06-8B92C40FFE63 HTTP/1.1" 200 70599
5.9.108.254 - - [01/Jan/2021:11:31:52 +0100] "GET /ticket2/opencms/en/buy/?page=1&edid=11E0F3F3-866B-8B11-2E4F-E306B11A08DD&sortorder=desc&column=row HTTP/1.1" 200 71571
5.9.108.254 - - [01/Jan/2021:11:32:00 +0100] "GET /ticket2/opencms/en/buy/?page=1&edid=11E0F3F3-866B-8B11-2E4F-E306B11A08DD&sortorder=desc&column=section HTTP/1.1" 200 71571
5.9.108.254 - - [01/Jan/2021:11:32:09 +0100] "GET /ticket2/opencms/en/buy/?page=1&edid=1A7213A2-4C67-F6AB-BCB0-CCBDDFB42077&sortorder=desc&column=price HTTP/1.1" 200 69224
192.99.13.88 - - [01/Jan/2021:11:32:09 +0100] "GET /ticket2/opencms/sv/buy/?page=1&edid=AE1FE5CE-9165-F6B8-85E2-9E98555EE010&sortorder=desc&column=section HTTP/1.1" 200 69457
207.180.203.210 - - [01/Jan/2021:11:32:12 +0100] "GET /ticket2/opencms/no/buy/?page=1&edid=AED07394-C49C-5931-D2FB-64023659E932&sortorder=asc&column=row HTTP/1.1" 200 71649
5.9.108.254 - - [01/Jan/2021:11:32:17 +0100] "GET /ticket2/opencms/en/buy/?page=1&edid=1A7213A2-4C67-F6AB-BCB0-CCBDDFB42077&sortorder=desc&column=row HTTP/1.1" 200 69224
5.9.108.254 - - [01/Jan/2021:11:32:26 +0100] "GET /ticket2/opencms/en/buy/?page=1&edid=1A7213A2-4C67-F6AB-BCB0-CCBDDFB42077&sortorder=desc&column=section HTTP/1.1" 200 69224
207.180.203.210 - - [01/Jan/2021:11:32:34 +0100] "GET /ticket2/opencms/no/buy/?page=1&edid=BF4F4F88-9C17-C70F-0807-28AAB5899F63&sortorder=desc&column=section HTTP/1.1" 200 69859
5.9.108.254 - - [01/Jan/2021:11:32:35 +0100] "GET /ticket2/opencms/en/buy/?page=1&edid=1F639E94-CF6E-403B-2FCC-FBB087375287&sortorder=desc&column=price HTTP/1.1" 200 71570
192.99.37.116 - - [01/Jan/2021:11:32:39 +0100] "GET /ticket2/opencms/fi/buy/?page=1&edid=4F2A6EFC-5A42-DA27-F945-B53203FE129B&sortorder=desc&column=price HTTP/1.1" 200 72299
5.9.108.254 - - [01/Jan/2021:11:32:45 +0100] "GET /ticket2/opencms/en/buy/?page=1&edid=1F639E94-CF6E-403B-2FCC-FBB087375287&sortorder=desc&column=section HTTP/1.1" 200 71570
61.219.11.153 - - [01/Jan/2021:11:32:49 +0100] "GET / HTTP/1.1" 400 -
207.180.203.210 - - [01/Jan/2021:11:32:50 +0100] "GET /ticket2/opencms/no/buy/?page=1&edid=C0D5FA21-0C90-0D73-2EF5-A41D174CF89F&sortorder=desc&column=row HTTP/1.1" 200 69839
192.99.13.88 - - [01/Jan/2021:11:32:51 +0100] "GET /ticket2/opencms/sv/buy/?page=1&edid=AED07394-C49C-5931-D2FB-64023659E932&sortorder=desc&column=price HTTP/1.1" 200 71327
66.249.66.158 - - [01/Jan/2021:11:32:53 +0100] "GET /ticket2/opencms/fi/venue/?countryid=E4BF4299-AF7E-C1CD-3B3B-2AB4B9697C56 HTTP/1.1" 200 95819
5.9.108.254 - - [01/Jan/2021:11:32:58 +0100] "GET /ticket2/opencms/en/buy/?page=1&edid=1FD00E9B-3A03-E379-9B08-FF7D16F1A6A6&sortorder=desc&column=price HTTP/1.1" 200 71178
66.249.66.135 - - [01/Jan/2021:11:33:00 +0100] "GET /ticket2/opencms/sv/buy/?page=1&edid=49C08FA0-ED06-3265-70AE-3BEE76F3DD9E HTTP/1.1" 200 71107
5.9.108.254 - - [01/Jan/2021:11:33:06 +0100] "GET /ticket2/opencms/en/buy/?page=1&edid=1FD00E9B-3A03-E379-9B08-FF7D16F1A6A6&sortorder=desc&column=row HTTP/1.1" 200 71178
5.9.108.254 - - [01/Jan/2021:11:33:15 +0100] "GET /ticket2/opencms/en/buy/?page=1&edid=1FD00E9B-3A03-E379-9B08-FF7D16F1A6A6&sortorder=desc&column=section HTTP/1.1" 200 71178
54.36.148.250 - - [01/Jan/2021:11:33:18 +0100] "GET /ticket2/opencms/no/buy/?page=6&comcatid=A17713B6-D984-201A-4143-ED4DB5ED5C2E&catid=5A89E483-58AD-080E-F363-E16CE738916A HTTP/1.1" 200 76320
5.9.108.254 - - [01/Jan/2021:11:33:23 +0100] "GET /ticket2/opencms/en/buy/?page=1&edid=211AADC4-C215-DB44-1307-B1B03F5F922B&sortorder=desc&column=price HTTP/1.1" 200 69249
207.180.203.210 - - [01/Jan/2021:11:33:23 +0100] "GET /ticket2/opencms/no/buy/?page=1&edid=C0F1E76A-C642-D418-763A-93A7662FD1E2&sortorder=desc&column=row HTTP/1.1" 200 69828
192.99.37.116 - - [01/Jan/2021:11:33:26 +0100] "GET /ticket2/opencms/fi/buy/?page=1&edid=4F2A6EFC-5A42-DA27-F945-B53203FE129B&sortorder=desc&column=row HTTP/1.1" 200 72299
5.9.108.254 - - [01/Jan/2021:11:33:35 +0100] "GET /ticket2/opencms/en/buy/?page=1&edid=211AADC4-C215-DB44-1307-B1B03F5F922B&sortorder=desc&column=section HTTP/1.1" 200 69249
192.99.13.88 - - [01/Jan/2021:11:33:41 +0100] "GET /ticket2/opencms/sv/buy/?page=1&edid=AED07394-C49C-5931-D2FB-64023659E932&sortorder=desc&column=row HTTP/1.1" 200 71327
5.9.108.254 - - [01/Jan/2021:11:33:43 +0100] "GET /ticket2/opencms/en/buy/?page=1&edid=21A86BB8-64D8-CBA2-3B98-AF717437C3CC&sortorder=desc&column=price HTTP/1.1" 200 71106
114.119.153.67 - - [01/Jan/2021:11:33:45 +0100] "GET /ticket2/opencms/dk/buy/?page=1&edid=82016DAC-0EF2-ED96-7CF6-C55FAF2A2BCC HTTP/1.1" 200 71667
5.9.108.254 - - [01/Jan/2021:11:33:51 +0100] "GET /ticket2/opencms/en/buy/?page=1&edid=21A86BB8-64D8-CBA2-3B98-AF717437C3CC&sortorder=desc&column=row HTTP/1.1" 200 71106
207.180.203.210 - - [01/Jan/2021:11:33:52 +0100] "GET /ticket2/opencms/no/buy/?page=1&edid=C0F1E76A-C642-D418-763A-93A7662FD1E2&sortorder=desc&column=section HTTP/1.1" 200 69828
5.9.108.254 - - [01/Jan/2021:11:34:00 +0100] "GET /ticket2/opencms/en/buy/?page=1&edid=21A86BB8-64D8-CBA2-3B98-AF717437C3CC&sortorder=desc&column=section HTTP/1.1" 200 71106
5.9.108.254 - - [01/Jan/2021:11:34:08 +0100] "GET /ticket2/opencms/en/buy/?page=1&edid=21B00938-DE33-735F-AEF6-E79DC0D1781F&sortorder=desc&column=price HTTP/1.1" 200 69273
192.99.37.116 - - [01/Jan/2021:11:34:09 +0100] "GET /ticket2/opencms/fi/buy/?page=1&edid=532372F3-CD24-8B47-ABFE-5DFDFC4BEFF5&sortorder=asc&column=price HTTP/1.1" 200 72516
5.9.108.254 - - [01/Jan/2021:11:34:16 +0100] "GET /ticket2/opencms/en/buy/?page=1&edid=21B00938-DE33-735F-AEF6-E79DC0D1781F&sortorder=desc&column=row HTTP/1.1" 200 69273
207.180.203.210 - - [01/Jan/2021:11:34:20 +0100] "GET /ticket2/opencms/no/buy/?page=1&edid=C103B91E-4180-349A-E188-44D8316BFCC7&sortorder=asc&column=price HTTP/1.1" 200 71920
5.9.108.254 - - [01/Jan/2021:11:34:24 +0100] "GET /ticket2/opencms/en/buy/?page=1&edid=21B00938-DE33-735F-AEF6-E79DC0D1781F&sortorder=desc&column=section HTTP/1.1" 200 69273
192.99.13.88 - - [01/Jan/2021:11:34:27 +0100] "GET /ticket2/opencms/sv/buy/?page=1&edid=AF37BFAD-6D02-A253-4372-038F6B4EF62F&sortorder=desc&column=section HTTP/1.1" 200 69479
5.9.108.254 - - [01/Jan/2021:11:34:34 +0100] "GET /ticket2/opencms/en/buy/?page=1&edid=242A560A-40C1-4036-A445-6155711765BE&sortorder=desc&column=section HTTP/1.1" 200 70919
5.9.108.254 - - [01/Jan/2021:11:34:40 +0100] "GET /ticket2/opencms/en/buy/?page=1&edid=2F880491-42B3-B2CF-F49A-9DDCD43581D2&sortorder=desc&column=price HTTP/1.1" 200 71107
207.180.203.210 - - [01/Jan/2021:11:34:44 +0100] "GET /ticket2/opencms/no/buy/?page=1&edid=C103B91E-4180-349A-E188-44D8316BFCC7&sortorder=asc&column=row HTTP/1.1" 200 71920
5.9.108.254 - - [01/Jan/2021:11:34:50 +0100] "GET /ticket2/opencms/en/buy/?page=1&edid=2F880491-42B3-B2CF-F49A-9DDCD43581D2&sortorder=desc&column=row HTTP/1.1" 200 71107
5.9.108.254 - - [01/Jan/2021:11:35:00 +0100] "GET /ticket2/opencms/en/buy/?page=1&edid=2F880491-42B3-B2CF-F49A-9DDCD43581D2&sortorder=desc&column=section HTTP/1.1" 200 71107
5.9.108.254 - - [01/Jan/2021:11:35:07 +0100] "GET /ticket2/opencms/en/buy/?page=1&edid=30DFF5A6-5801-42E1-F124-0EA64463049D&sortorder=desc&column=price HTTP/1.1" 200 71152
207.180.203.210 - - [01/Jan/2021:11:35:10 +0100] "GET /ticket2/opencms/no/buy/?page=1&edid=C103B91E-4180-349A-E188-44D8316BFCC7&sortorder=asc&column=section HTTP/1.1" 200 71920
54.36.148.250 - - [01/Jan/2021:11:35:11 +0100] "GET /ticket2/opencms/no/buy/?page=6&comcatid=A17713B6-D984-201A-4143-ED4DB5ED5C2E&catid=24AC1CA6-1C09-0BE5-C04A-9DCCDB15D5E9 HTTP/1.1" 200 76317
192.99.37.116 - - [01/Jan/2021:11:35:11 +0100] "GET /ticket2/opencms/fi/buy/?page=1&edid=870139C6-530A-636D-1EEE-D550E3B89162&sortorder=desc&column=section HTTP/1.1" 200 72310
192.99.13.88 - - [01/Jan/2021:11:35:13 +0100] "GET /ticket2/opencms/sv/buy/?page=1&edid=B153A555-66C9-5299-4C66-C692523C0F97&sortorder=desc&column=price HTTP/1.1" 200 69502
5.9.108.254 - - [01/Jan/2021:11:35:18 +0100] "GET /ticket2/opencms/en/buy/?page=1&edid=30DFF5A6-5801-42E1-F124-0EA64463049D&sortorder=desc&column=row HTTP/1.1" 200 71152
216.245.221.83 - - [01/Jan/2021:11:35:18 +0100] "HEAD /ticket2/opencms/ HTTP/1.1" 302 -
216.245.221.83 - - [01/Jan/2021:11:35:19 +0100] "HEAD /ticket2/opencms/en/ HTTP/1.1" 200 -
17.58.101.37 - - [01/Jan/2021:11:35:22 +0100] "GET /ticket2/opencms/no/buy/?page=1&edid=BCDC90EA-C791-96A5-DAF9-E863584C211D HTTP/1.1" 200 69802
5.9.108.254 - - [01/Jan/2021:11:35:25 +0100] "GET /ticket2/opencms/en/buy/?page=1&edid=30DFF5A6-5801-42E1-F124-0EA64463049D&sortorder=desc&column=section HTTP/1.1" 200 71152
5.9.108.254 - - [01/Jan/2021:11:35:36 +0100] "GET /ticket2/opencms/en/buy/?page=1&edid=3176E62D-2ABE-1AEC-AE78-5501F2AB2BE9&sortorder=desc&column=section HTTP/1.1" 200 70886
5.9.108.254 - - [01/Jan/2021:11:35:46 +0100] "GET /ticket2/opencms/en/buy/?page=1&edid=365B462D-950D-A29D-C141-23BF6375DC09&sortorder=desc&column=price HTTP/1.1" 200 71086
207.180.203.210 - - [01/Jan/2021:11:35:51 +0100] "GET /ticket2/opencms/no/buy/?page=1&edid=DA205E04-65EE-7F78-067D-CBCBD424C79F&sortorder=desc&column=price HTTP/1.1" 200 72120
5.9.108.254 - - [01/Jan/2021:11:35:54 +0100] "GET /ticket2/opencms/en/buy/?page=1&edid=365B462D-950D-A29D-C141-23BF6375DC09&sortorder=desc&column=row HTTP/1.1" 200 71086
192.99.13.88 - - [01/Jan/2021:11:35:57 +0100] "GET /ticket2/opencms/sv/buy/?page=1&edid=B153A555-66C9-5299-4C66-C692523C0F97&sortorder=desc&column=row HTTP/1.1" 200 69502
5.9.108.254 - - [01/Jan/2021:11:36:05 +0100] "GET /ticket2/opencms/en/buy/?page=1&edid=365B462D-950D-A29D-C141-23BF6375DC09&sortorder=desc&column=section HTTP/1.1" 200 71086
5.9.108.254 - - [01/Jan/2021:11:36:11 +0100] "GET /ticket2/opencms/en/buy/?page=1&edid=38471BC2-DC35-5637-FC07-B139F30174B0&sortorder=desc&column=price HTTP/1.1" 200 71568
216.18.204.210 - - [01/Jan/2021:11:36:14 +0100] "GET /ticket2/opencms/sv/buy/?page=1&edid=48A3A523-93C2-03B5-226A-1AFF2F8C5684&sortorder=asc&column=price HTTP/1.1" 200 71332
5.9.108.254 - - [01/Jan/2021:11:36:22 +0100] "GET /ticket2/opencms/en/buy/?page=1&edid=38471BC2-DC35-5637-FC07-B139F30174B0&sortorder=desc&column=row HTTP/1.1" 200 71568
192.99.37.116 - - [01/Jan/2021:11:36:25 +0100] "GET /ticket2/opencms/fi/buy/?page=1&edid=8A1734CD-57B7-0726-0561-5D6E94CAD0FB&sortorder=desc&column=section HTTP/1.1" 200 70652
5.9.108.254 - - [01/Jan/2021:11:36:30 +0100] "GET /ticket2/opencms/en/buy/?page=1&edid=38471BC2-DC35-5637-FC07-B139F30174B0&sortorder=desc&column=section HTTP/1.1" 200 71568
5.9.108.254 - - [01/Jan/2021:11:36:37 +0100] "GET /ticket2/opencms/en/buy/?page=1&edid=396E73A1-46EC-AE78-6AE7-B586CDD32038&sortorder=desc&column=price HTTP/1.1" 200 69272
192.99.13.88 - - [01/Jan/2021:11:36:39 +0100] "GET /ticket2/opencms/sv/buy/?page=1&edid=B153A555-66C9-5299-4C66-C692523C0F97&sortorder=desc&column=section HTTP/1.1" 200 69502
207.180.203.210 - - [01/Jan/2021:11:36:42 +0100] "GET /ticket2/opencms/ru/buy/?page=1&edid=102514C2-4BB6-AD7D-D260-D9537E2D3DE4&sortorder=asc&column=price HTTP/1.1" 200 73447
207.46.13.130 - - [01/Jan/2021:11:36:44 +0100] "GET /ticket2/opencms/no/sport/fotballsbilletter/serie_a/chievo/ HTTP/1.1" 200 66618
5.9.108.254 - - [01/Jan/2021:11:36:45 +0100] "GET /ticket2/opencms/en/buy/?page=1&edid=396E73A1-46EC-AE78-6AE7-B586CDD32038&sortorder=desc&column=row HTTP/1.1" 200 69272
5.9.108.254 - - [01/Jan/2021:11:36:57 +0100] "GET /ticket2/opencms/en/buy/?page=1&edid=396E73A1-46EC-AE78-6AE7-B586CDD32038&sortorder=desc&column=section HTTP/1.1" 200 69272
54.36.148.27 - - [01/Jan/2021:11:37:00 +0100] "GET /ticket2/opencms/no/buy/?page=6&comcatid=A17713B6-D984-201A-4143-ED4DB5ED5C2E&catid=2DE12DDA-A5FB-C1C6-CB20-FBF873FB032B HTTP/1.1" 200 76329
5.9.108.254 - - [01/Jan/2021:11:37:08 +0100] "GET /ticket2/opencms/en/buy/?page=1&edid=3E844C64-2B32-A35E-237A-EDAC48338BDA&sortorder=desc&column=row HTTP/1.1" 200 71105
5.9.108.254 - - [01/Jan/2021:11:37:19 +0100] "GET /ticket2/opencms/en/buy/?page=1&edid=3E844C64-2B32-A35E-237A-EDAC48338BDA&sortorder=desc&column=section HTTP/1.1" 200 71105
192.99.37.116 - - [01/Jan/2021:11:37:21 +0100] "GET /ticket2/opencms/fi/buy/?page=1&edid=8D6CB2E5-17F5-541B-ED1D-516FC39C57B8&sortorder=desc&column=price HTTP/1.1" 200 70611
192.99.13.88 - - [01/Jan/2021:11:37:22 +0100] "GET /ticket2/opencms/sv/buy/?page=1&edid=B175AB35-7948-C38C-E506-6E502E92CAA9&sortorder=desc&column=section HTTP/1.1" 200 71352
66.249.66.133 - - [01/Jan/2021:11:37:24 +0100] "GET /ticket2/opencms/dk/buy/?page=10&eventid=9F2135C0-926A-6F2D-349D-384B068ADC1C HTTP/1.1" 200 66647
5.9.108.254 - - [01/Jan/2021:11:37:27 +0100] "GET /ticket2/opencms/en/buy/?page=1&edid=4299C753-69F7-9BE0-CB4F-E99ABD6188AD&sortorder=desc&column=price HTTP/1.1" 200 71179
5.9.108.254 - - [01/Jan/2021:11:37:36 +0100] "GET /ticket2/opencms/en/buy/?page=1&edid=4299C753-69F7-9BE0-CB4F-E99ABD6188AD&sortorder=desc&column=section HTTP/1.1" 200 71179
5.9.108.254 - - [01/Jan/2021:11:37:44 +0100] "GET /ticket2/opencms/en/buy/?page=1&edid=43667867-3935-092D-B992-38E905DC29DA&sortorder=desc&column=price HTTP/1.1" 200 70907
207.180.203.210 - - [01/Jan/2021:11:37:46 +0100] "GET /ticket2/opencms/ru/buy/?page=1&edid=102514C2-4BB6-AD7D-D260-D9537E2D3DE4&sortorder=asc&column=row HTTP/1.1" 200 73447
5.9.108.254 - - [01/Jan/2021:11:37:52 +0100] "GET /ticket2/opencms/en/buy/?page=1&edid=448E97AD-A675-26E8-5DB2-B1923040DF7D&sortorder=desc&column=row HTTP/1.1" 200 71148
192.99.37.116 - - [01/Jan/2021:11:38:00 +0100] "GET /ticket2/opencms/fi/buy/?page=1&edid=8D6CB2E5-17F5-541B-ED1D-516FC39C57B8&sortorder=desc&column=row HTTP/1.1" 200 70611
5.9.108.254 - - [01/Jan/2021:11:38:02 +0100] "GET /ticket2/opencms/en/buy/?page=1&edid=448E97AD-A675-26E8-5DB2-B1923040DF7D&sortorder=desc&column=section HTTP/1.1" 200 71148
114.119.159.134 - - [01/Jan/2021:11:38:08 +0100] "GET /ticket2/opencms/dk/buy/?page=1&edid=D4414BC8-6FEE-0C61-0FFA-826D898413CC&sortorder=desc&column=row HTTP/1.1" 200 70979
5.9.108.254 - - [01/Jan/2021:11:38:11 +0100] "GET /ticket2/opencms/en/buy/?page=1&edid=49C08FA0-ED06-3265-70AE-3BEE76F3DD9E&sortorder=desc&column=price HTTP/1.1" 200 70885
216.18.204.210 - - [01/Jan/2021:11:38:13 +0100] "GET /ticket2/opencms/sv/buy/?page=1&edid=591CFC12-3AB5-ED29-1FAF-5E88C8593ADE&sortorder=asc&column=price HTTP/1.1" 200 71623
192.99.13.88 - - [01/Jan/2021:11:38:15 +0100] "GET /ticket2/opencms/sv/buy/?page=1&edid=B334488E-0BD0-F2EF-5B74-0601239F07DD&sortorder=desc&column=price HTTP/1.1" 200 71600
5.9.108.254 - - [01/Jan/2021:11:38:21 +0100] "GET /ticket2/opencms/en/buy/?page=1&edid=49C08FA0-ED06-3265-70AE-3BEE76F3DD9E&sortorder=desc&column=row HTTP/1.1" 200 70885
5.9.108.254 - - [01/Jan/2021:11:38:31 +0100] "GET /ticket2/opencms/en/buy/?page=1&edid=49C08FA0-ED06-3265-70AE-3BEE76F3DD9E&sortorder=desc&column=section HTTP/1.1" 200 70885
5.9.108.254 - - [01/Jan/2021:11:38:42 +0100] "GET /ticket2/opencms/en/buy/?page=1&edid=4D9E9B53-D6C2-EBD3-ECBD-EC61B335C986&sortorder=desc&column=price HTTP/1.1" 200 71563
207.180.203.210 - - [01/Jan/2021:11:38:44 +0100] "GET /ticket2/opencms/ru/buy/?page=1&edid=102514C2-4BB6-AD7D-D260-D9537E2D3DE4&sortorder=asc&column=section HTTP/1.1" 200 73447
54.36.148.250 - - [01/Jan/2021:11:38:49 +0100] "GET /ticket2/opencms/no/buy/?page=6&comcatid=A17713B6-D984-201A-4143-ED4DB5ED5C2E&catid=A3372871-3019-08B8-80CE-74B78F441ACA HTTP/1.1" 200 76313
192.99.37.116 - - [01/Jan/2021:11:38:51 +0100] "GET /ticket2/opencms/fi/buy/?page=1&edid=8D6CB2E5-17F5-541B-ED1D-516FC39C57B8&sortorder=desc&column=section HTTP/1.1" 200 70611
5.9.108.254 - - [01/Jan/2021:11:38:53 +0100] "GET /ticket2/opencms/en/buy/?page=1&edid=4D9E9B53-D6C2-EBD3-ECBD-EC61B335C986&sortorder=desc&column=row HTTP/1.1" 200 71563
5.9.108.254 - - [01/Jan/2021:11:39:00 +0100] "GET /ticket2/opencms/en/buy/?page=1&edid=4D9E9B53-D6C2-EBD3-ECBD-EC61B335C986&sortorder=desc&column=section HTTP/1.1" 200 71563
192.99.13.88 - - [01/Jan/2021:11:39:01 +0100] "GET /ticket2/opencms/sv/buy/?page=1&edid=B334488E-0BD0-F2EF-5B74-0601239F07DD&sortorder=desc&column=row HTTP/1.1" 200 71600
5.9.108.254 - - [01/Jan/2021:11:39:09 +0100] "GET /ticket2/opencms/en/buy/?page=1&edid=4E2597DA-C869-348A-3964-62CB577E6ED9&sortorder=desc&column=price HTTP/1.1" 200 70897
5.9.108.254 - - [01/Jan/2021:11:39:18 +0100] "GET /ticket2/opencms/en/buy/?page=1&edid=4ED1D41C-065F-1D11-B819-2131F1EB0BBC&sortorder=desc&column=price HTTP/1.1" 200 71572
5.9.108.254 - - [01/Jan/2021:11:39:32 +0100] "GET /ticket2/opencms/en/buy/?page=1&edid=51B34877-7C9F-78FD-7C5F-EE108BC846BA&sortorder=desc&column=price HTTP/1.1" 200 71100
207.180.203.210 - - [01/Jan/2021:11:39:36 +0100] "GET /ticket2/opencms/ru/buy/?page=1&edid=10515F0B-6422-A692-0748-D7547F0F118B&sortorder=asc&column=price HTTP/1.1" 200 72345
5.9.108.254 - - [01/Jan/2021:11:39:40 +0100] "GET /ticket2/opencms/en/buy/?page=1&edid=51B34877-7C9F-78FD-7C5F-EE108BC846BA&sortorder=desc&column=row HTTP/1.1" 200 71100
192.99.13.88 - - [01/Jan/2021:11:39:43 +0100] "GET /ticket2/opencms/sv/buy/?page=1&edid=B334488E-0BD0-F2EF-5B74-0601239F07DD&sortorder=desc&column=section HTTP/1.1" 200 71600
216.244.66.237 - - [01/Jan/2021:11:39:44 +0100] "GET /ticket2/opencms/dk/robots.txt HTTP/1.1" 404 -
192.99.37.116 - - [01/Jan/2021:11:39:48 +0100] "GET /ticket2/opencms/fi/buy/?page=1&edid=8E22F3C7-B590-C40B-938A-AA2C912F4E33&sortorder=desc&column=price HTTP/1.1" 200 72045
5.9.108.254 - - [01/Jan/2021:11:39:49 +0100] "GET /ticket2/opencms/en/buy/?page=1&edid=5419EEB9-7CF3-F00C-1255-FC5A4AAC90B0&sortorder=desc&column=price HTTP/1.1" 200 71561
207.46.13.108 - - [01/Jan/2021:11:39:57 +0100] "GET /ticket2/opencms/sv/tickets/real_madrid/malaga.html HTTP/1.1" 200 67549
5.9.108.254 - - [01/Jan/2021:11:39:58 +0100] "GET /ticket2/opencms/en/buy/?page=1&edid=5419EEB9-7CF3-F00C-1255-FC5A4AAC90B0&sortorder=desc&column=row HTTP/1.1" 200 71561
5.9.108.254 - - [01/Jan/2021:11:40:04 +0100] "GET /ticket2/opencms/en/buy/?page=1&edid=54BF7B38-1191-4855-07DB-8DE87C08BACB&sortorder=desc&column=section HTTP/1.1" 200 71170
5.9.108.254 - - [01/Jan/2021:11:40:12 +0100] "GET /ticket2/opencms/en/buy/?page=1&edid=5BB2CDD4-9898-4E12-65F3-4ADBD5A99EE7&sortorder=desc&column=section HTTP/1.1" 200 70883
216.245.221.83 - - [01/Jan/2021:11:40:18 +0100] "HEAD /ticket2/opencms/ HTTP/1.1" 302 -
216.245.221.83 - - [01/Jan/2021:11:40:19 +0100] "HEAD /ticket2/opencms/en/ HTTP/1.1" 200 -
5.9.108.254 - - [01/Jan/2021:11:40:20 +0100] "GET /ticket2/opencms/en/buy/?page=1&edid=5C70B1F0-4607-47F9-95A0-AADB29E20053&sortorder=desc&column=price HTTP/1.1" 200 71108
192.99.13.88 - - [01/Jan/2021:11:40:26 +0100] "GET /ticket2/opencms/sv/buy/?page=1&edid=B4C738A5-76B3-7898-6428-65EDFE327DB4 HTTP/1.1" 200 69444
5.9.108.254 - - [01/Jan/2021:11:40:30 +0100] "GET /ticket2/opencms/en/buy/?page=1&edid=5C70B1F0-4607-47F9-95A0-AADB29E20053&sortorder=desc&column=row HTTP/1.1" 200 71108
207.180.203.210 - - [01/Jan/2021:11:40:31 +0100] "GET /ticket2/opencms/ru/buy/?page=1&edid=10515F0B-6422-A692-0748-D7547F0F118B&sortorder=asc&column=row HTTP/1.1" 200 72345
5.9.108.254 - - [01/Jan/2021:11:40:38 +0100] "GET /ticket2/opencms/en/buy/?page=1&edid=5C70B1F0-4607-47F9-95A0-AADB29E20053&sortorder=desc&column=section HTTP/1.1" 200 71108
54.36.148.250 - - [01/Jan/2021:11:40:43 +0100] "GET /ticket2/opencms/no/buy/?page=6&comcatid=A17713B6-D984-201A-4143-ED4DB5ED5C2E&catid=A7674DEA-B39E-502C-2F76-760AE08947E9 HTTP/1.1" 200 76324
207.46.13.183 - - [01/Jan/2021:11:40:47 +0100] "GET /ticket2/opencms/sv/venue/?countryid=9F359E38-9140-4AB1-4689-B4648FEDC1F9 HTTP/1.1" 200 94846
5.9.108.254 - - [01/Jan/2021:11:40:53 +0100] "GET /ticket2/opencms/en/buy/?page=1&edid=5DDAAFAF-0C1D-546A-0056-5BD029F51A17&sortorder=desc&column=price HTTP/1.1" 200 69262
5.9.108.254 - - [01/Jan/2021:11:41:04 +0100] "GET /ticket2/opencms/en/buy/?page=1&edid=5DDAAFAF-0C1D-546A-0056-5BD029F51A17&sortorder=desc&column=row HTTP/1.1" 200 69262
192.99.37.116 - - [01/Jan/2021:11:41:11 +0100] "GET /ticket2/opencms/fi/buy/?page=1&edid=8E22F3C7-B590-C40B-938A-AA2C912F4E33&sortorder=desc&column=row HTTP/1.1" 200 72045
5.9.108.254 - - [01/Jan/2021:11:41:14 +0100] "GET /ticket2/opencms/en/buy/?page=1&edid=5DDAAFAF-0C1D-546A-0056-5BD029F51A17&sortorder=desc&column=section HTTP/1.1" 200 69262
192.99.13.88 - - [01/Jan/2021:11:41:16 +0100] "GET /ticket2/opencms/sv/buy/?page=1&edid=B4C738A5-76B3-7898-6428-65EDFE327DB4&sortorder=desc&column=price HTTP/1.1" 200 69479
216.18.204.210 - - [01/Jan/2021:11:41:18 +0100] "GET /ticket2/opencms/sv/buy/?page=1&edid=2B06F374-D15A-E41B-3CC9-BDFBF86798E8&sortorder=asc&column=section HTTP/1.1" 200 71853
207.180.203.210 - - [01/Jan/2021:11:41:19 +0100] "GET /ticket2/opencms/ru/buy/?page=1&edid=10515F0B-6422-A692-0748-D7547F0F118B&sortorder=asc&column=section HTTP/1.1" 200 72345
39.105.206.169 - - [01/Jan/2021:11:41:23 +0100] "GET /manager/html HTTP/1.1" 404 -
5.9.108.254 - - [01/Jan/2021:11:41:25 +0100] "GET /ticket2/opencms/en/buy/?page=1&edid=5E100F11-07B4-ABAF-8BB0-5EC601120162&sortorder=desc&column=price HTTP/1.1" 200 71111
5.9.108.254 - - [01/Jan/2021:11:41:36 +0100] "GET /ticket2/opencms/en/buy/?page=1&edid=5E100F11-07B4-ABAF-8BB0-5EC601120162&sortorder=desc&column=row HTTP/1.1" 200 71111
5.9.108.254 - - [01/Jan/2021:11:41:42 +0100] "GET /ticket2/opencms/en/buy/?page=1&edid=5E100F11-07B4-ABAF-8BB0-5EC601120162&sortorder=desc&column=section HTTP/1.1" 200 71111
5.9.108.254 - - [01/Jan/2021:11:41:52 +0100] "GET /ticket2/opencms/en/buy/?page=1&edid=638C0D1F-9A82-4A03-7D79-0E602D9C8DAA&sortorder=desc&column=row HTTP/1.1" 200 70887
5.9.108.254 - - [01/Jan/2021:11:42:03 +0100] "GET /ticket2/opencms/en/buy/?page=1&edid=64440914-4E90-FA96-F683-7E671AB5B4CA&sortorder=desc&column=price HTTP/1.1" 200 71583
207.180.203.210 - - [01/Jan/2021:11:42:09 +0100] "GET /ticket2/opencms/ru/buy/?page=1&edid=10515F0B-6422-A692-0748-D7547F0F118B&sortorder=desc&column=price HTTP/1.1" 200 72344
5.9.108.254 - - [01/Jan/2021:11:42:12 +0100] "GET /ticket2/opencms/en/buy/?page=1&edid=64440914-4E90-FA96-F683-7E671AB5B4CA&sortorder=desc&column=row HTTP/1.1" 200 71583
192.99.13.88 - - [01/Jan/2021:11:42:18 +0100] "GET /ticket2/opencms/sv/buy/?page=1&edid=B7653BD0-33A8-8039-42B6-78FA5A3DEC82 HTTP/1.1" 200 71772
5.9.108.254 - - [01/Jan/2021:11:42:18 +0100] "GET /ticket2/opencms/en/buy/?page=1&edid=64440914-4E90-FA96-F683-7E671AB5B4CA&sortorder=desc&column=section HTTP/1.1" 200 71583
192.99.37.116 - - [01/Jan/2021:11:42:20 +0100] "GET /ticket2/opencms/fi/buy/?page=1&edid=8E22F3C7-B590-C40B-938A-AA2C912F4E33&sortorder=desc&column=section HTTP/1.1" 200 72045
66.249.66.159 - - [01/Jan/2021:11:42:21 +0100] "GET /ticket2/opencms/fi/venue/?countryid=B5468851-B3C9-87D8-4143-DEE5BC2265CB HTTP/1.1" 200 97386
114.119.132.170 - - [01/Jan/2021:11:42:25 +0100] "GET /ticket2/opencms/sv/buy/?page=1&edid=69D2DD02-D621-FB86-F500-CC13D121EA62&sortorder=desc&column=price HTTP/1.1" 200 69509
5.9.108.254 - - [01/Jan/2021:11:42:26 +0100] "GET /ticket2/opencms/en/buy/?page=1&edid=6F8AC81B-19DA-62DA-1ED2-E92A4D6140CF&sortorder=desc&column=price HTTP/1.1" 200 71567
