167.114.64.97 - - [01/Jan/2021:06:52:56 +0100] "GET /ticket2/opencms/nl/buy/?page=1&edid=B4030CF5-B314-5DDA-40F9-72DC7FBE18CD&sortorder=desc&column=section HTTP/1.1" 200 69981
167.114.159.99 - - [01/Jan/2021:06:53:04 +0100] "GET /ticket2/opencms/fi/buy/?page=1&edid=BDEBDFC7-284E-9E6E-D1BB-65EBB5818C8B&sortorder=asc&column=row HTTP/1.1" 200 72303
216.18.204.210 - - [01/Jan/2021:06:53:05 +0100] "GET /ticket2/opencms/no/buy/?page=1&edid=F05F57EF-962F-4A4F-88A6-EE4E2D6D15D8&sortorder=asc&column=row HTTP/1.1" 200 72183
167.114.64.97 - - [01/Jan/2021:06:53:19 +0100] "GET /ticket2/opencms/nl/buy/?page=1&edid=B4BD099B-7D6F-CF54-660B-2BD9058BD000&sortorder=desc&column=price HTTP/1.1" 200 69958
167.114.159.99 - - [01/Jan/2021:06:53:21 +0100] "GET /ticket2/opencms/fi/buy/?page=1&edid=C26A8380-482D-554A-67BA-0EC562670447&sortorder=desc&column=price HTTP/1.1" 200 70635
54.36.148.250 - - [01/Jan/2021:06:53:28 +0100] "GET /ticket2/opencms/en/venue/?countryid=F4546A23-438C-B8AA-E6C1-C86A24730617 HTTP/1.1" 200 94598
167.114.159.99 - - [01/Jan/2021:06:53:40 +0100] "GET /ticket2/opencms/fi/buy/?page=1&edid=C5FE50BA-F977-0185-6EA7-61E0AB05FEF6&sortorder=asc&column=row HTTP/1.1" 200 70657
167.114.64.97 - - [01/Jan/2021:06:53:45 +0100] "GET /ticket2/opencms/nl/buy/?page=1&edid=B4BD099B-7D6F-CF54-660B-2BD9058BD000&sortorder=desc&column=row HTTP/1.1" 200 69958
167.114.159.99 - - [01/Jan/2021:06:53:56 +0100] "GET /ticket2/opencms/fi/buy/?page=1&edid=C89522E4-C97B-0194-5CAE-1B504E98E1B2&sortorder=asc&column=section HTTP/1.1" 200 70657
167.114.64.97 - - [01/Jan/2021:06:54:05 +0100] "GET /ticket2/opencms/nl/buy/?page=1&edid=B4BD099B-7D6F-CF54-660B-2BD9058BD000&sortorder=desc&column=section HTTP/1.1" 200 69958
167.114.159.99 - - [01/Jan/2021:06:54:15 +0100] "GET /ticket2/opencms/fi/buy/?page=1&edid=C8BE8B3C-DCF5-5A10-3072-9A1A6B964BF1&sortorder=asc&column=section HTTP/1.1" 200 70616
216.18.204.210 - - [01/Jan/2021:06:54:17 +0100] "GET /ticket2/opencms/no/buy/?page=1&edid=F6CC0FC0-119E-8C04-0DA1-6DA80CB43AB2&sortorder=asc&column=row HTTP/1.1" 200 71716
167.114.64.97 - - [01/Jan/2021:06:54:26 +0100] "GET /ticket2/opencms/nl/buy/?page=1&edid=B4C738A5-76B3-7898-6428-65EDFE327DB4 HTTP/1.1" 200 68281
167.114.159.99 - - [01/Jan/2021:06:54:33 +0100] "GET /ticket2/opencms/fi/buy/?page=1&edid=D0713995-7A61-911E-7E61-253175699AC7&sortorder=asc&column=section HTTP/1.1" 200 70636
167.114.64.97 - - [01/Jan/2021:06:54:46 +0100] "GET /ticket2/opencms/nl/buy/?page=1&edid=B4EC0635-7D95-B22D-B192-3848478AFE4A&sortorder=desc&column=price HTTP/1.1" 200 69957
114.119.156.188 - - [01/Jan/2021:06:54:48 +0100] "GET /ticket2/opencms/ru/sport/football/premier_league/liverpool/ HTTP/1.1" 200 68667
54.36.148.45 - - [01/Jan/2021:06:54:50 +0100] "GET /ticket2/opencms/en/venue/?countryid=01966824-53B3-F640-5B46-BD1F79FADDA9 HTTP/1.1" 200 94598
167.114.159.99 - - [01/Jan/2021:06:54:50 +0100] "GET /ticket2/opencms/fi/buy/?page=1&edid=D0713995-7A61-911E-7E61-253175699AC7&sortorder=desc&column=section HTTP/1.1" 200 70635
167.114.64.97 - - [01/Jan/2021:06:55:12 +0100] "GET /ticket2/opencms/nl/buy/?page=1&edid=B4EC0635-7D95-B22D-B192-3848478AFE4A&sortorder=desc&column=row HTTP/1.1" 200 69957
167.114.159.99 - - [01/Jan/2021:06:55:13 +0100] "GET /ticket2/opencms/fi/buy/?page=1&edid=D107AF81-2625-16F6-4945-BFED75601468&sortorder=desc&column=price HTTP/1.1" 200 72092
216.245.221.83 - - [01/Jan/2021:06:55:19 +0100] "HEAD /ticket2/opencms/ HTTP/1.1" 302 -
216.245.221.83 - - [01/Jan/2021:06:55:19 +0100] "HEAD /ticket2/opencms/en/ HTTP/1.1" 200 -
167.114.159.99 - - [01/Jan/2021:06:55:28 +0100] "GET /ticket2/opencms/fi/buy/?page=1&edid=D16DA74F-82BD-078A-CF3E-3033D52E5AD2&sortorder=desc&column=section HTTP/1.1" 200 73029
167.114.64.97 - - [01/Jan/2021:06:55:30 +0100] "GET /ticket2/opencms/nl/buy/?page=1&edid=B4EC0635-7D95-B22D-B192-3848478AFE4A&sortorder=desc&column=section HTTP/1.1" 200 69957
167.114.159.99 - - [01/Jan/2021:06:55:46 +0100] "GET /ticket2/opencms/fi/buy/?page=1&edid=D32A1AAA-3399-A914-588E-4E3C2BDC238B&sortorder=desc&column=price HTTP/1.1" 200 70604
167.114.64.97 - - [01/Jan/2021:06:55:55 +0100] "GET /ticket2/opencms/nl/buy/?page=1&edid=B5211789-0D4D-2458-1D03-C15B64A16571&sortorder=desc&column=row HTTP/1.1" 200 69951
66.249.66.135 - - [01/Jan/2021:06:55:58 +0100] "GET /ticket2/opencms/sv/buy/?page=1&edid=E67DD6CD-AF7F-D6DE-87EF-529B2AEFCE16 HTTP/1.1" 200 71762
66.249.66.133 - - [01/Jan/2021:06:56:02 +0100] "GET /ticket2/opencms/system/modules/com.gridnine.opencms.ticketbrokerage.site/resources/js/jquery.placeholder.min.js HTTP/1.1" 200 1737
167.114.159.99 - - [01/Jan/2021:06:56:06 +0100] "GET /ticket2/opencms/fi/buy/?page=1&edid=D32A1AAA-3399-A914-588E-4E3C2BDC238B&sortorder=desc&column=section HTTP/1.1" 200 70604
54.36.148.250 - - [01/Jan/2021:06:56:10 +0100] "GET /ticket2/opencms/en/venue/?countryid=6994D0E6-4880-D162-87F9-DDDE5D63EE86 HTTP/1.1" 200 106481
167.114.64.97 - - [01/Jan/2021:06:56:15 +0100] "GET /ticket2/opencms/nl/buy/?page=1&edid=B5211789-0D4D-2458-1D03-C15B64A16571&sortorder=desc&column=section HTTP/1.1" 200 69951
13.66.139.20 - - [01/Jan/2021:06:56:19 +0100] "GET /ticket2/opencms/en/buy_safety/ HTTP/1.1" 200 65824
162.210.196.129 - - [01/Jan/2021:06:56:24 +0100] "GET /ticket2/opencms/robots.txt HTTP/1.1" 200 773
66.249.66.135 - - [01/Jan/2021:06:56:25 +0100] "GET /ticket2/opencms/ HTTP/1.1" 302 -
66.249.66.135 - - [01/Jan/2021:06:56:26 +0100] "GET /ticket2/opencms/sv/ HTTP/1.1" 200 66405
162.210.196.129 - - [01/Jan/2021:06:56:33 +0100] "GET /ticket2/opencms/sv/ HTTP/1.1" 200 66405
167.114.159.99 - - [01/Jan/2021:06:56:33 +0100] "GET /ticket2/opencms/fi/buy/?page=1&edid=D4257B4D-221F-23FE-F1F6-6C524759B22C&sortorder=desc&column=price HTTP/1.1" 200 72566
167.114.64.97 - - [01/Jan/2021:06:56:35 +0100] "GET /ticket2/opencms/nl/buy/?page=1&edid=B5867527-E4E8-2B72-A634-6B0BB4ADFC64&sortorder=desc&column=price HTTP/1.1" 200 69958
167.114.159.99 - - [01/Jan/2021:06:56:54 +0100] "GET /ticket2/opencms/fi/buy/?page=1&edid=D4257B4D-221F-23FE-F1F6-6C524759B22C&sortorder=desc&column=row HTTP/1.1" 200 72566
216.18.204.210 - - [01/Jan/2021:06:56:54 +0100] "GET /ticket2/opencms/no/buy/?page=1&edid=FA5E1953-4892-EAC3-484D-7B3642E2030A&sortorder=asc&column=row HTTP/1.1" 200 69809
167.114.64.97 - - [01/Jan/2021:06:57:00 +0100] "GET /ticket2/opencms/nl/buy/?page=1&edid=B5867527-E4E8-2B72-A634-6B0BB4ADFC64&sortorder=desc&column=row HTTP/1.1" 200 69958
66.249.66.135 - - [01/Jan/2021:06:57:09 +0100] "GET /ticket2/opencms/en/venue/?venueid=833EE714-5CC6-404C-2A30-322EF84052D6 HTTP/1.1" 200 65228
167.114.159.99 - - [01/Jan/2021:06:57:12 +0100] "GET /ticket2/opencms/fi/buy/?page=1&edid=D43BFFD3-0461-0CBA-4DE5-DD2922B6A5EE&sortorder=desc&column=row HTTP/1.1" 200 70632
157.55.39.169 - - [01/Jan/2021:06:57:18 +0100] "GET /ticket2/opencms/ru/concert/madonna/ HTTP/1.1" 200 65716
167.114.64.97 - - [01/Jan/2021:06:57:25 +0100] "GET /ticket2/opencms/nl/buy/?page=1&edid=B5ABE807-6A17-5199-1104-0EC23F805497&sortorder=asc&column=section HTTP/1.1" 200 68301
167.114.159.99 - - [01/Jan/2021:06:57:34 +0100] "GET /ticket2/opencms/fi/buy/?page=1&edid=D5299377-114D-E85A-E06B-1E0425900906&sortorder=desc&column=row HTTP/1.1" 200 72541
54.36.148.136 - - [01/Jan/2021:06:57:37 +0100] "GET /ticket2/opencms/en/venue/?countryid=FF003B65-76E6-22ED-7100-B7664691B6BF HTTP/1.1" 200 94598
167.114.64.97 - - [01/Jan/2021:06:57:46 +0100] "GET /ticket2/opencms/nl/buy/?page=1&edid=B5E1DBCF-60C9-6B74-2BC5-D9DD921875AF&sortorder=desc&column=price HTTP/1.1" 200 68322
167.114.159.99 - - [01/Jan/2021:06:57:56 +0100] "GET /ticket2/opencms/fi/buy/?page=1&edid=D5B2D6C5-05F5-D4F7-03EB-C43AADCA2BD9&sortorder=desc&column=price HTTP/1.1" 200 73039
167.114.64.97 - - [01/Jan/2021:06:58:05 +0100] "GET /ticket2/opencms/nl/buy/?page=1&edid=B5E1DBCF-60C9-6B74-2BC5-D9DD921875AF&sortorder=desc&column=row HTTP/1.1" 200 68322
167.114.159.99 - - [01/Jan/2021:06:58:13 +0100] "GET /ticket2/opencms/fi/buy/?page=1&edid=D5B2D6C5-05F5-D4F7-03EB-C43AADCA2BD9&sortorder=desc&column=section HTTP/1.1" 200 73039
216.18.204.210 - - [01/Jan/2021:06:58:20 +0100] "GET /ticket2/opencms/no/buy/?page=1&edid=FD572358-7A7E-A5A7-0C7B-16687BA103EA&sortorder=asc&column=row HTTP/1.1" 200 71446
66.249.66.135 - - [01/Jan/2021:06:58:21 +0100] "GET /ticket2/opencms/ru/buy/?comcatid=B41CCF2B-5558-7AEE-3602-09BBDE417D65&catid=36DC4BE2-91A2-6146-2BE9-47B6F3C44EDB HTTP/1.1" 200 68853
66.249.66.133 - - [01/Jan/2021:06:58:23 +0100] "GET /ticket2/opencms/system/modules/com.gridnine.opencms.ticketbrokerage.site/resources/css/jquery-ui.css HTTP/1.1" 200 33221
167.114.64.97 - - [01/Jan/2021:06:58:30 +0100] "GET /ticket2/opencms/nl/buy/?page=1&edid=B5E1DBCF-60C9-6B74-2BC5-D9DD921875AF&sortorder=desc&column=section HTTP/1.1" 200 68322
167.114.159.99 - - [01/Jan/2021:06:58:31 +0100] "GET /ticket2/opencms/fi/buy/?page=1&edid=DA092D51-9FFC-84BE-97A0-4DF0E8B1E89B HTTP/1.1" 200 72987
167.114.64.97 - - [01/Jan/2021:06:58:50 +0100] "GET /ticket2/opencms/nl/buy/?page=1&edid=B6233164-B09D-2F93-ABBA-AC58AB9CD4E2&sortorder=desc&column=price HTTP/1.1" 200 68311
54.36.148.178 - - [01/Jan/2021:06:58:57 +0100] "GET /ticket2/opencms/dk/venue/?venueid=AA4E2B46-81B9-A5CF-D951-69DF10E4DB70 HTTP/1.1" 200 65225
167.114.64.97 - - [01/Jan/2021:06:59:12 +0100] "GET /ticket2/opencms/nl/buy/?page=1&edid=B6233164-B09D-2F93-ABBA-AC58AB9CD4E2&sortorder=desc&column=section HTTP/1.1" 200 68311
167.114.159.99 - - [01/Jan/2021:06:59:12 +0100] "GET /ticket2/opencms/fi/buy/?page=1&edid=238BA976-8A36-F331-49F3-2B6F70416A65&sortorder=asc&column=price HTTP/1.1" 200 72921
114.119.134.110 - - [01/Jan/2021:06:59:20 +0100] "GET /ticket2/opencms/no/venue/?countryid=397EE7D1-C7FC-902D-F9A7-02173E5367FD HTTP/1.1" 200 95124
167.114.64.97 - - [01/Jan/2021:06:59:28 +0100] "GET /ticket2/opencms/nl/buy/?page=1&edid=B644B343-4234-392B-FFCD-C3ACE3A0B2E7&sortorder=desc&column=price HTTP/1.1" 200 69724
167.114.64.97 - - [01/Jan/2021:06:59:50 +0100] "GET /ticket2/opencms/nl/buy/?page=1&edid=B644B343-4234-392B-FFCD-C3ACE3A0B2E7&sortorder=desc&column=row HTTP/1.1" 200 69724
167.114.159.99 - - [01/Jan/2021:06:59:57 +0100] "GET /ticket2/opencms/fi/buy/?page=1&edid=238BA976-8A36-F331-49F3-2B6F70416A65&sortorder=asc&column=row HTTP/1.1" 200 72921
167.114.64.97 - - [01/Jan/2021:07:00:08 +0100] "GET /ticket2/opencms/nl/buy/?page=1&edid=B644B343-4234-392B-FFCD-C3ACE3A0B2E7&sortorder=desc&column=section HTTP/1.1" 200 69724
216.245.221.83 - - [01/Jan/2021:07:00:19 +0100] "HEAD /ticket2/opencms/ HTTP/1.1" 302 -
216.245.221.83 - - [01/Jan/2021:07:00:19 +0100] "HEAD /ticket2/opencms/en/ HTTP/1.1" 200 -
54.36.148.147 - - [01/Jan/2021:07:00:22 +0100] "GET /ticket2/opencms/dk/venue/?venueid=58522292-9FB1-E2A9-71BC-483A012096C6 HTTP/1.1" 200 65255
167.114.64.97 - - [01/Jan/2021:07:00:27 +0100] "GET /ticket2/opencms/nl/buy/?page=1&edid=B6C307FF-9F98-CF26-05DA-F53F99E1E2A8&sortorder=desc&column=price HTTP/1.1" 200 69963
167.114.159.99 - - [01/Jan/2021:07:00:35 +0100] "GET /ticket2/opencms/fi/buy/?page=1&edid=238BA976-8A36-F331-49F3-2B6F70416A65&sortorder=asc&column=section HTTP/1.1" 200 72921
167.114.64.97 - - [01/Jan/2021:07:00:51 +0100] "GET /ticket2/opencms/nl/buy/?page=1&edid=B6C307FF-9F98-CF26-05DA-F53F99E1E2A8&sortorder=desc&column=row HTTP/1.1" 200 69963
167.114.159.99 - - [01/Jan/2021:07:01:13 +0100] "GET /ticket2/opencms/fi/buy/?page=1&edid=238BA976-8A36-F331-49F3-2B6F70416A65&sortorder=desc&column=row HTTP/1.1" 200 72920
167.114.64.97 - - [01/Jan/2021:07:01:13 +0100] "GET /ticket2/opencms/nl/buy/?page=1&edid=B6C307FF-9F98-CF26-05DA-F53F99E1E2A8&sortorder=desc&column=section HTTP/1.1" 200 69963
157.55.39.240 - - [01/Jan/2021:07:01:18 +0100] "GET /ticket2/opencms/dk/venue/?countryid=298905FA-E037-07AD-4909-74C6371F3F35 HTTP/1.1" 200 94618
167.114.64.97 - - [01/Jan/2021:07:01:32 +0100] "GET /ticket2/opencms/nl/buy/?page=1&edid=B776DA7C-BB43-92BB-597E-685DFC5D934F&sortorder=desc&column=row HTTP/1.1" 200 69951
54.36.149.39 - - [01/Jan/2021:07:01:39 +0100] "GET /ticket2/opencms/dk/venue/?venueid=352FCD84-5C31-C312-9F6E-54AF0CEAC27D HTTP/1.1" 200 65252
167.114.159.99 - - [01/Jan/2021:07:01:46 +0100] "GET /ticket2/opencms/fi/buy/?page=1&edid=238BA976-8A36-F331-49F3-2B6F70416A65&sortorder=desc&column=section HTTP/1.1" 200 72920
167.114.64.97 - - [01/Jan/2021:07:01:52 +0100] "GET /ticket2/opencms/nl/buy/?page=1&edid=BC2CE351-D2F3-F1ED-C9C7-8638DC44BCF0 HTTP/1.1" 200 70212
167.114.64.97 - - [01/Jan/2021:07:02:10 +0100] "GET /ticket2/opencms/nl/buy/?page=1&edid=F98A7298-B6AE-74CA-1979-60ECE40631DA&sortorder=desc&column=price HTTP/1.1" 200 68345
167.114.159.99 - - [01/Jan/2021:07:02:26 +0100] "GET /ticket2/opencms/fi/buy/?page=1&edid=24206F39-31DB-B754-AD5A-817D4A9AC835&sortorder=asc&column=price HTTP/1.1" 200 72048
167.114.64.97 - - [01/Jan/2021:07:02:27 +0100] "GET /ticket2/opencms/nl/buy/?page=1&edid=FB9C07E8-25C7-0E6C-87A2-CAD64ADBE697&sortorder=asc&column=price HTTP/1.1" 200 69453
167.114.64.97 - - [01/Jan/2021:07:02:44 +0100] "GET /ticket2/opencms/nl/buy/?page=1&edid=FB9C07E8-25C7-0E6C-87A2-CAD64ADBE697&sortorder=asc&column=row HTTP/1.1" 200 69453
54.36.148.250 - - [01/Jan/2021:07:02:59 +0100] "GET /ticket2/opencms/dk/venue/?venueid=214162D4-F755-2444-761E-1B8A12025521 HTTP/1.1" 200 65222
167.114.64.97 - - [01/Jan/2021:07:03:02 +0100] "GET /ticket2/opencms/nl/buy/?page=1&edid=FB9C07E8-25C7-0E6C-87A2-CAD64ADBE697&sortorder=asc&column=section HTTP/1.1" 200 69453
167.114.159.99 - - [01/Jan/2021:07:03:02 +0100] "GET /ticket2/opencms/fi/buy/?page=1&edid=24206F39-31DB-B754-AD5A-817D4A9AC835&sortorder=asc&column=row HTTP/1.1" 200 72048
167.114.64.97 - - [01/Jan/2021:07:03:25 +0100] "GET /ticket2/opencms/nl/buy/?page=1&edid=FC1BE44E-7A45-D3C1-478D-6E378C706536&sortorder=asc&column=price HTTP/1.1" 200 68337
114.119.156.188 - - [01/Jan/2021:07:03:33 +0100] "GET /ticket2/opencms/no/buy/?page=1&edid=B3163364-11A7-18BA-CCD8-E7AC257CF300&sortorder=desc&column=price HTTP/1.1" 200 71458
167.114.159.99 - - [01/Jan/2021:07:03:41 +0100] "GET /ticket2/opencms/fi/buy/?page=1&edid=24206F39-31DB-B754-AD5A-817D4A9AC835&sortorder=asc&column=section HTTP/1.1" 200 72048
167.114.64.97 - - [01/Jan/2021:07:03:41 +0100] "GET /ticket2/opencms/nl/buy/?page=1&edid=FC1BE44E-7A45-D3C1-478D-6E378C706536&sortorder=asc&column=row HTTP/1.1" 200 68337
167.114.64.97 - - [01/Jan/2021:07:04:01 +0100] "GET /ticket2/opencms/nl/buy/?page=1&edid=FC1BE44E-7A45-D3C1-478D-6E378C706536&sortorder=asc&column=section HTTP/1.1" 200 68337
54.36.148.250 - - [01/Jan/2021:07:04:20 +0100] "GET /ticket2/opencms/dk/venue/?venueid=04FE23B3-F967-A980-5AB7-9F3B7C91A15B HTTP/1.1" 200 65244
167.114.64.97 - - [01/Jan/2021:07:04:26 +0100] "GET /ticket2/opencms/nl/buy/?page=1&edid=FCBD6E3D-863A-5B3A-5EE9-2A6644C9666A HTTP/1.1" 200 69682
167.114.159.99 - - [01/Jan/2021:07:04:27 +0100] "GET /ticket2/opencms/fi/buy/?page=1&edid=24206F39-31DB-B754-AD5A-817D4A9AC835&sortorder=desc&column=price HTTP/1.1" 200 72047
66.249.66.147 - - [01/Jan/2021:07:04:28 +0100] "GET /ticket2/opencms/robots.txt HTTP/1.1" 200 773
167.114.64.97 - - [01/Jan/2021:07:04:46 +0100] "GET /ticket2/opencms/nl/buy/?page=1&edid=FCBD6E3D-863A-5B3A-5EE9-2A6644C9666A&sortorder=desc&column=price HTTP/1.1" 200 69717
167.114.64.97 - - [01/Jan/2021:07:05:05 +0100] "GET /ticket2/opencms/nl/buy/?page=1&edid=FCBD6E3D-863A-5B3A-5EE9-2A6644C9666A&sortorder=desc&column=row HTTP/1.1" 200 69717
167.114.159.99 - - [01/Jan/2021:07:05:06 +0100] "GET /ticket2/opencms/fi/buy/?page=1&edid=24206F39-31DB-B754-AD5A-817D4A9AC835&sortorder=desc&column=row HTTP/1.1" 200 72047
216.245.221.83 - - [01/Jan/2021:07:05:19 +0100] "HEAD /ticket2/opencms/ HTTP/1.1" 302 -
216.245.221.83 - - [01/Jan/2021:07:05:19 +0100] "HEAD /ticket2/opencms/en/ HTTP/1.1" 200 -
66.249.66.135 - - [01/Jan/2021:07:05:25 +0100] "GET /ticket2/opencms/no/buy/?page=1&edid=DAD74566-CCEA-5433-F423-A50B082DC66B HTTP/1.1" 200 69776
167.114.64.97 - - [01/Jan/2021:07:05:27 +0100] "GET /ticket2/opencms/nl/buy/?page=1&edid=FCBD6E3D-863A-5B3A-5EE9-2A6644C9666A&sortorder=desc&column=section HTTP/1.1" 200 69717
167.114.64.97 - - [01/Jan/2021:07:05:42 +0100] "GET /ticket2/opencms/nl/buy/?page=1&edid=FCDEE0D5-8A78-E67A-3598-6D8F08248119&sortorder=asc&column=row HTTP/1.1" 200 70391
167.114.159.99 - - [01/Jan/2021:07:05:45 +0100] "GET /ticket2/opencms/fi/buy/?page=1&edid=24206F39-31DB-B754-AD5A-817D4A9AC835&sortorder=desc&column=section HTTP/1.1" 200 72047
54.36.148.195 - - [01/Jan/2021:07:05:47 +0100] "GET /ticket2/opencms/dk/venue/?venueid=8016D2EB-5A30-A503-2E51-C1845CAF0467 HTTP/1.1" 200 65309
207.46.13.130 - - [01/Jan/2021:07:06:03 +0100] "GET /ticket2/opencms/en/buy/?id=&npage=2 HTTP/1.1" 200 65396
167.114.64.97 - - [01/Jan/2021:07:06:03 +0100] "GET /ticket2/opencms/nl/buy/?page=1&edid=FD572358-7A7E-A5A7-0C7B-16687BA103EA HTTP/1.1" 200 69916
157.55.39.41 - - [01/Jan/2021:07:06:16 +0100] "GET /ticket2/opencms/robots.txt HTTP/1.1" 200 773
167.114.64.97 - - [01/Jan/2021:07:06:21 +0100] "GET /ticket2/opencms/nl/buy/?page=1&edid=FD9F7521-FAF6-CC18-E57A-C791478603D9 HTTP/1.1" 200 68283
167.114.159.99 - - [01/Jan/2021:07:06:23 +0100] "GET /ticket2/opencms/fi/buy/?page=1&edid=2A86C23D-0CE2-C481-2D6B-228BE88993AD&sortorder=asc&column=price HTTP/1.1" 200 73844
66.249.66.135 - - [01/Jan/2021:07:06:25 +0100] "GET /ticket2/opencms/dk/sport/fodboldbilletter/serie-a/ HTTP/1.1" 200 71213
17.58.101.37 - - [01/Jan/2021:07:06:28 +0100] "GET /ticket2/opencms/en/buy/?page=1&edid=46D76B29-FAEB-68DD-CFAD-97926EF88CBB HTTP/1.1" 200 71933
167.114.64.97 - - [01/Jan/2021:07:06:41 +0100] "GET /ticket2/opencms/nl/buy/?page=1&edid=FD9F7521-FAF6-CC18-E57A-C791478603D9&sortorder=desc&column=price HTTP/1.1" 200 68318
216.18.204.210 - - [01/Jan/2021:07:06:44 +0100] "GET /ticket2/opencms/no/buy/?page=1&edid=09005E3B-4ACC-E7EC-3393-748C2CCB94AF&sortorder=asc&column=price HTTP/1.1" 200 72187
216.244.66.245 - - [01/Jan/2021:07:06:51 +0100] "GET /ticket2/opencms/se/robots.txt HTTP/1.1" 404 -
66.249.66.135 - - [01/Jan/2021:07:06:54 +0100] "GET /ticket2/opencms/dk/sport/fodboldbilletter/serie-a/chievo/ HTTP/1.1" 200 66097
167.114.159.99 - - [01/Jan/2021:07:07:00 +0100] "GET /ticket2/opencms/fi/buy/?page=1&edid=2A86C23D-0CE2-C481-2D6B-228BE88993AD&sortorder=asc&column=row HTTP/1.1" 200 73844
167.114.64.97 - - [01/Jan/2021:07:07:05 +0100] "GET /ticket2/opencms/nl/buy/?page=1&edid=FD9F7521-FAF6-CC18-E57A-C791478603D9&sortorder=desc&column=row HTTP/1.1" 200 68318
54.36.148.250 - - [01/Jan/2021:07:07:08 +0100] "GET /ticket2/opencms/dk/venue/?venueid=24F72B39-B955-8335-9AE8-08FED3A112B7 HTTP/1.1" 200 65243
207.46.13.183 - - [01/Jan/2021:07:07:13 +0100] "GET /ticket2/opencms/no/venue/?countryid=CEE00D6A-FB56-5500-E375-BA915009094D HTTP/1.1" 200 95124
157.55.39.206 - - [01/Jan/2021:07:07:30 +0100] "GET /ticket2/opencms/en/venue/?venueid=004352C5-E3C9-4789-9D05-F691F3C15650 HTTP/1.1" 200 65225
167.114.64.97 - - [01/Jan/2021:07:07:30 +0100] "GET /ticket2/opencms/nl/buy/?page=1&edid=FD9F7521-FAF6-CC18-E57A-C791478603D9&sortorder=desc&column=section HTTP/1.1" 200 68318
167.114.159.99 - - [01/Jan/2021:07:07:39 +0100] "GET /ticket2/opencms/fi/buy/?page=1&edid=2A86C23D-0CE2-C481-2D6B-228BE88993AD&sortorder=asc&column=section HTTP/1.1" 200 73844
66.249.66.159 - - [01/Jan/2021:07:07:49 +0100] "GET /ticket2/opencms/no/sport/ishockey/nhl/la-kings/ HTTP/1.1" 200 67632
167.114.64.97 - - [01/Jan/2021:07:07:50 +0100] "GET /ticket2/opencms/nl/buy/?page=1&edid=FE9A8ACB-C8DC-2145-7856-06F77AC0FB07&sortorder=asc&column=price HTTP/1.1" 200 69980
114.119.153.67 - - [01/Jan/2021:07:07:55 +0100] "GET /ticket2/opencms/fi/buy/?page=1&edid=9DBCFB0A-88F2-D9C0-1621-EFE7FF11A5D1&sortorder=asc&column=section HTTP/1.1" 200 73659
167.114.64.97 - - [01/Jan/2021:07:08:06 +0100] "GET /ticket2/opencms/nl/buy/?page=1&edid=FE9A8ACB-C8DC-2145-7856-06F77AC0FB07&sortorder=asc&column=row HTTP/1.1" 200 69980
167.114.159.99 - - [01/Jan/2021:07:08:19 +0100] "GET /ticket2/opencms/fi/buy/?page=1&edid=2A86C23D-0CE2-C481-2D6B-228BE88993AD&sortorder=desc&column=price HTTP/1.1" 200 73843
167.114.64.97 - - [01/Jan/2021:07:08:22 +0100] "GET /ticket2/opencms/nl/buy/?page=1&edid=FE9A8ACB-C8DC-2145-7856-06F77AC0FB07&sortorder=asc&column=section HTTP/1.1" 200 69980
54.36.149.95 - - [01/Jan/2021:07:08:27 +0100] "GET /ticket2/opencms/dk/sport/fodboldbilletter/serie-a/sassuolo/ HTTP/1.1" 200 66113
167.114.64.97 - - [01/Jan/2021:07:08:49 +0100] "GET /ticket2/opencms/nl/buy/?page=1&edid=FEDF232A-760C-B359-320A-5BD79D713F09&sortorder=asc&column=price HTTP/1.1" 200 68300
144.76.176.171 - - [01/Jan/2021:07:08:53 +0100] "GET /ticket2/opencms/robots.txt HTTP/1.1" 200 773
144.76.176.171 - - [01/Jan/2021:07:08:58 +0100] "GET /ticket2/opencms/dk/buy/?page=1&edid=0139FA24-737E-1DAB-32CD-535D51C7669A&sortorder=asc&column=price HTTP/1.1" 200 72501
167.114.159.99 - - [01/Jan/2021:07:08:59 +0100] "GET /ticket2/opencms/fi/buy/?page=1&edid=2A86C23D-0CE2-C481-2D6B-228BE88993AD&sortorder=desc&column=row HTTP/1.1" 200 73843
144.76.176.171 - - [01/Jan/2021:07:09:02 +0100] "GET /ticket2/opencms/dk/buy/?page=1&edid=0139FA24-737E-1DAB-32CD-535D51C7669A&sortorder=asc&column=row HTTP/1.1" 200 72501
144.76.176.171 - - [01/Jan/2021:07:09:08 +0100] "GET /ticket2/opencms/dk/buy/?page=1&edid=0139FA24-737E-1DAB-32CD-535D51C7669A&sortorder=asc&column=section HTTP/1.1" 200 72501
144.76.176.171 - - [01/Jan/2021:07:09:12 +0100] "GET /ticket2/opencms/dk/buy/?page=1&edid=086493B2-4FAE-720B-9DC9-31BDBD7FEDFB&sortorder=asc&column=price HTTP/1.1" 200 69338
167.114.64.97 - - [01/Jan/2021:07:09:12 +0100] "GET /ticket2/opencms/nl/buy/?page=1&edid=FEDF232A-760C-B359-320A-5BD79D713F09&sortorder=asc&column=row HTTP/1.1" 200 68300
144.76.176.171 - - [01/Jan/2021:07:09:18 +0100] "GET /ticket2/opencms/dk/buy/?page=1&edid=086493B2-4FAE-720B-9DC9-31BDBD7FEDFB&sortorder=asc&column=row HTTP/1.1" 200 69338
144.76.176.171 - - [01/Jan/2021:07:09:22 +0100] "GET /ticket2/opencms/dk/buy/?page=1&edid=086493B2-4FAE-720B-9DC9-31BDBD7FEDFB&sortorder=asc&column=section HTTP/1.1" 200 69338
144.76.176.171 - - [01/Jan/2021:07:09:30 +0100] "GET /ticket2/opencms/dk/buy/?page=1&edid=225ED81D-14D9-65BF-2E7D-B99F95E4B9C3&sortorder=asc&column=row HTTP/1.1" 200 71408
144.76.176.171 - - [01/Jan/2021:07:09:34 +0100] "GET /ticket2/opencms/dk/buy/?page=1&edid=225ED81D-14D9-65BF-2E7D-B99F95E4B9C3&sortorder=asc&column=section HTTP/1.1" 200 71408
157.55.39.169 - - [01/Jan/2021:07:09:35 +0100] "GET /ticket2/opencms/fi/urheilu/jalkapallo/premier_league/chelsea/ HTTP/1.1" 200 68389
167.114.64.97 - - [01/Jan/2021:07:09:39 +0100] "GET /ticket2/opencms/nl/buy/?page=1&edid=FEDF232A-760C-B359-320A-5BD79D713F09&sortorder=asc&column=section HTTP/1.1" 200 68300
144.76.176.171 - - [01/Jan/2021:07:09:41 +0100] "GET /ticket2/opencms/dk/buy/?page=1&edid=2575916B-6579-ECDB-CD33-6F8E4E970260&sortorder=asc&column=price HTTP/1.1" 200 69310
167.114.159.99 - - [01/Jan/2021:07:09:41 +0100] "GET /ticket2/opencms/fi/buy/?page=1&edid=2A86C23D-0CE2-C481-2D6B-228BE88993AD&sortorder=desc&column=section HTTP/1.1" 200 73843
144.76.176.171 - - [01/Jan/2021:07:09:48 +0100] "GET /ticket2/opencms/dk/buy/?page=1&edid=258E0A48-C024-C3DB-0BF3-5E676CFFAE46&sortorder=asc&column=price HTTP/1.1" 200 69293
54.36.148.250 - - [01/Jan/2021:07:09:52 +0100] "GET /ticket2/opencms/dk/venue/?venueid=81019620-2AA3-B707-CDBF-B5932D491F06 HTTP/1.1" 200 65276
144.76.176.171 - - [01/Jan/2021:07:09:52 +0100] "GET /ticket2/opencms/dk/buy/?page=1&edid=258E0A48-C024-C3DB-0BF3-5E676CFFAE46&sortorder=asc&column=row HTTP/1.1" 200 69293
144.76.176.171 - - [01/Jan/2021:07:09:56 +0100] "GET /ticket2/opencms/dk/buy/?page=1&edid=258E0A48-C024-C3DB-0BF3-5E676CFFAE46&sortorder=asc&column=section HTTP/1.1" 200 69293
167.114.64.97 - - [01/Jan/2021:07:09:59 +0100] "GET /ticket2/opencms/nl/buy/?page=1&edid=FEDF232A-760C-B359-320A-5BD79D713F09&sortorder=desc&column=price HTTP/1.1" 200 68299
144.76.176.171 - - [01/Jan/2021:07:10:03 +0100] "GET /ticket2/opencms/dk/buy/?page=1&edid=4617C55B-06DD-D946-806A-F2B594F64A95&sortorder=asc&column=price HTTP/1.1" 200 71914
144.76.176.171 - - [01/Jan/2021:07:10:10 +0100] "GET /ticket2/opencms/dk/buy/?page=1&edid=4617C55B-06DD-D946-806A-F2B594F64A95&sortorder=asc&column=row HTTP/1.1" 200 71914
167.114.159.99 - - [01/Jan/2021:07:10:13 +0100] "GET /ticket2/opencms/fi/buy/?page=1&edid=35DF44FF-E376-ED1F-F630-5EF685B32434&sortorder=asc&column=price HTTP/1.1" 200 70642
144.76.176.171 - - [01/Jan/2021:07:10:14 +0100] "GET /ticket2/opencms/dk/buy/?page=1&edid=4617C55B-06DD-D946-806A-F2B594F64A95&sortorder=asc&column=section HTTP/1.1" 200 71914
216.245.221.83 - - [01/Jan/2021:07:10:19 +0100] "HEAD /ticket2/opencms/ HTTP/1.1" 302 -
216.245.221.83 - - [01/Jan/2021:07:10:19 +0100] "HEAD /ticket2/opencms/en/ HTTP/1.1" 200 -
167.114.64.97 - - [01/Jan/2021:07:10:23 +0100] "GET /ticket2/opencms/nl/buy/?page=1&edid=FEDF232A-760C-B359-320A-5BD79D713F09&sortorder=desc&column=row HTTP/1.1" 200 68299
144.76.176.171 - - [01/Jan/2021:07:10:25 +0100] "GET /ticket2/opencms/dk/buy/?page=1&edid=486D240B-741B-AD1C-C1B6-F6332EBF1210&sortorder=asc&column=section HTTP/1.1" 200 69310
144.76.176.171 - - [01/Jan/2021:07:10:38 +0100] "GET /ticket2/opencms/dk/buy/?page=1&edid=53002DE5-C670-ECFE-D5BC-AAAC0D901716&sortorder=desc&column=price HTTP/1.1" 200 69303
144.76.176.171 - - [01/Jan/2021:07:10:43 +0100] "GET /ticket2/opencms/dk/buy/?page=1&edid=53002DE5-C670-ECFE-D5BC-AAAC0D901716&sortorder=desc&column=row HTTP/1.1" 200 69303
167.114.64.97 - - [01/Jan/2021:07:10:49 +0100] "GET /ticket2/opencms/nl/buy/?page=1&edid=FEDF232A-760C-B359-320A-5BD79D713F09&sortorder=desc&column=section HTTP/1.1" 200 68299
144.76.176.171 - - [01/Jan/2021:07:10:51 +0100] "GET /ticket2/opencms/dk/buy/?page=1&edid=6326CAFF-362E-A99E-6697-584B7A2696A0&sortorder=desc&column=row HTTP/1.1" 200 71208
167.114.159.99 - - [01/Jan/2021:07:10:52 +0100] "GET /ticket2/opencms/fi/buy/?page=1&edid=35DF44FF-E376-ED1F-F630-5EF685B32434&sortorder=asc&column=row HTTP/1.1" 200 70642
144.76.176.171 - - [01/Jan/2021:07:10:56 +0100] "GET /ticket2/opencms/dk/buy/?page=1&edid=66421F7F-588E-5C63-F6C6-DAD22E369929&sortorder=desc&column=price HTTP/1.1" 200 70782
144.76.176.171 - - [01/Jan/2021:07:11:02 +0100] "GET /ticket2/opencms/dk/buy/?page=1&edid=66421F7F-588E-5C63-F6C6-DAD22E369929&sortorder=desc&column=row HTTP/1.1" 200 70782
144.76.176.171 - - [01/Jan/2021:07:11:15 +0100] "GET /ticket2/opencms/dk/buy/?page=1&edid=7FE7A534-4766-BBE8-CE3B-4E8D373D9E56&sortorder=asc&column=row HTTP/1.1" 200 71620
167.114.64.97 - - [01/Jan/2021:07:11:18 +0100] "GET /ticket2/opencms/nl/buy/?page=1&edid=FEE9109B-0F76-51E1-97FE-5F8D9CFFADB3&sortorder=asc&column=price HTTP/1.1" 200 69456
54.36.148.250 - - [01/Jan/2021:07:11:22 +0100] "GET /ticket2/opencms/dk/venue/?venueid=81A44EEB-A7AF-B656-9823-252B9D5DFE29 HTTP/1.1" 200 65327
144.76.176.171 - - [01/Jan/2021:07:11:27 +0100] "GET /ticket2/opencms/dk/buy/?page=1&edid=A24D0DA7-71BD-F9A1-6BB3-71061AAB8BC1&sortorder=asc&column=section HTTP/1.1" 200 69316
144.76.176.171 - - [01/Jan/2021:07:11:31 +0100] "GET /ticket2/opencms/dk/buy/?page=1&edid=A5DECF1D-B871-B379-E9B8-29F84053C587&sortorder=asc&column=price HTTP/1.1" 200 70774
144.76.176.171 - - [01/Jan/2021:07:11:38 +0100] "GET /ticket2/opencms/dk/buy/?page=1&edid=A5DECF1D-B871-B379-E9B8-29F84053C587&sortorder=asc&column=row HTTP/1.1" 200 70774
167.114.159.99 - - [01/Jan/2021:07:11:38 +0100] "GET /ticket2/opencms/fi/buy/?page=1&edid=35DF44FF-E376-ED1F-F630-5EF685B32434&sortorder=asc&column=section HTTP/1.1" 200 70642
167.114.64.97 - - [01/Jan/2021:07:11:38 +0100] "GET /ticket2/opencms/nl/buy/?page=1&edid=FEE9109B-0F76-51E1-97FE-5F8D9CFFADB3&sortorder=asc&column=row HTTP/1.1" 200 69456
144.76.176.171 - - [01/Jan/2021:07:11:42 +0100] "GET /ticket2/opencms/dk/buy/?page=1&edid=A5DECF1D-B871-B379-E9B8-29F84053C587&sortorder=asc&column=section HTTP/1.1" 200 70774
144.76.176.171 - - [01/Jan/2021:07:11:49 +0100] "GET /ticket2/opencms/dk/buy/?page=1&edid=A80995E7-8771-9176-CE64-C467ADECCBC7&sortorder=asc&column=price HTTP/1.1" 200 71913
151.80.109.121 - - [01/Jan/2021:07:11:52 +0100] "GET /ticket2/opencms/en/sport/football-tickets/serie_a/ HTTP/1.1" 200 72891
144.76.176.171 - - [01/Jan/2021:07:12:02 +0100] "GET /ticket2/opencms/dk/buy/?page=1&edid=A80995E7-8771-9176-CE64-C467ADECCBC7&sortorder=asc&column=section HTTP/1.1" 200 71913
167.114.64.97 - - [01/Jan/2021:07:12:02 +0100] "GET /ticket2/opencms/nl/buy/?page=1&edid=FEE9109B-0F76-51E1-97FE-5F8D9CFFADB3&sortorder=asc&column=section HTTP/1.1" 200 69456
114.119.129.176 - - [01/Jan/2021:07:12:12 +0100] "GET /ticket2/opencms/fi/buy/?page=1&edid=CF40FD1A-19D1-0A74-EAF0-701C584668C6 HTTP/1.1" 200 72992
144.76.176.171 - - [01/Jan/2021:07:12:14 +0100] "GET /ticket2/opencms/dk/buy/?page=1&edid=A83A5ABF-2C57-0520-8010-5DCE561EE55B&sortorder=asc&column=price HTTP/1.1" 200 71915
167.114.159.99 - - [01/Jan/2021:07:12:21 +0100] "GET /ticket2/opencms/fi/buy/?page=1&edid=3726B968-2603-116B-477A-9E91ACB390B1&sortorder=asc&column=price HTTP/1.1" 200 70614
167.114.64.97 - - [01/Jan/2021:07:12:22 +0100] "GET /ticket2/opencms/nl/buy/?page=1&edid=FF0D3809-EDF7-7D77-577F-435AF719EB43&sortorder=asc&column=price HTTP/1.1" 200 69690
144.76.176.171 - - [01/Jan/2021:07:12:27 +0100] "GET /ticket2/opencms/dk/buy/?page=1&edid=A83A5ABF-2C57-0520-8010-5DCE561EE55B&sortorder=asc&column=section HTTP/1.1" 200 71915
144.76.176.171 - - [01/Jan/2021:07:12:34 +0100] "GET /ticket2/opencms/dk/buy/?page=1&edid=AA12CDE5-3092-9A32-2B0B-96B83608047C&sortorder=asc&column=price HTTP/1.1" 200 71913
144.76.176.171 - - [01/Jan/2021:07:12:37 +0100] "GET /ticket2/opencms/dk/buy/?page=1&edid=AA12CDE5-3092-9A32-2B0B-96B83608047C&sortorder=asc&column=row HTTP/1.1" 200 71913
216.244.66.245 - - [01/Jan/2021:07:12:41 +0100] "GET /ticket2/opencms/nl/musical/ HTTP/1.1" 200 68564
54.36.148.22 - - [01/Jan/2021:07:12:42 +0100] "GET /ticket2/opencms/dk/venue/?venueid=092C7A07-429A-6BEE-0D63-A862EA12705E HTTP/1.1" 200 65214
144.76.176.171 - - [01/Jan/2021:07:12:45 +0100] "GET /ticket2/opencms/dk/buy/?page=1&edid=AA12CDE5-3092-9A32-2B0B-96B83608047C&sortorder=asc&column=section HTTP/1.1" 200 71913
144.76.176.171 - - [01/Jan/2021:07:12:49 +0100] "GET /ticket2/opencms/dk/buy/?page=1&edid=AA35831F-AA23-3D8D-06B6-7E1391A24181&sortorder=asc&column=price HTTP/1.1" 200 71218
167.114.64.97 - - [01/Jan/2021:07:12:51 +0100] "GET /ticket2/opencms/nl/buy/?page=1&edid=FF0D3809-EDF7-7D77-577F-435AF719EB43&sortorder=asc&column=row HTTP/1.1" 200 69690
216.18.204.210 - - [01/Jan/2021:07:12:56 +0100] "GET /ticket2/opencms/no/buy/?page=1&edid=3B73D4E9-A300-4AB3-6A7F-0ED10ECAB724&sortorder=asc&column=price HTTP/1.1" 200 72173
144.76.176.171 - - [01/Jan/2021:07:13:00 +0100] "GET /ticket2/opencms/dk/buy/?page=1&edid=AA35831F-AA23-3D8D-06B6-7E1391A24181&sortorder=asc&column=section HTTP/1.1" 200 71218
167.114.159.99 - - [01/Jan/2021:07:13:03 +0100] "GET /ticket2/opencms/fi/buy/?page=1&edid=3726B968-2603-116B-477A-9E91ACB390B1&sortorder=asc&column=row HTTP/1.1" 200 70614
144.76.176.171 - - [01/Jan/2021:07:13:04 +0100] "GET /ticket2/opencms/dk/buy/?page=1&edid=AD7CC956-29A2-9E10-9B81-D673B6C0E599&sortorder=asc&column=price HTTP/1.1" 200 69328
144.76.176.171 - - [01/Jan/2021:07:13:11 +0100] "GET /ticket2/opencms/dk/buy/?page=1&edid=AD7CC956-29A2-9E10-9B81-D673B6C0E599&sortorder=asc&column=row HTTP/1.1" 200 69328
144.76.176.171 - - [01/Jan/2021:07:13:15 +0100] "GET /ticket2/opencms/dk/buy/?page=1&edid=AD7CC956-29A2-9E10-9B81-D673B6C0E599&sortorder=asc&column=section HTTP/1.1" 200 69328
167.114.64.97 - - [01/Jan/2021:07:13:18 +0100] "GET /ticket2/opencms/nl/buy/?page=1&edid=FF0D3809-EDF7-7D77-577F-435AF719EB43&sortorder=asc&column=section HTTP/1.1" 200 69690
144.76.14.153 - - [01/Jan/2021:07:13:21 +0100] "GET /ticket2/opencms/robots.txt HTTP/1.1" 200 773
144.76.176.171 - - [01/Jan/2021:07:13:21 +0100] "GET /ticket2/opencms/dk/buy/?page=1&edid=B0B70E5A-B67E-70BD-7774-60314068D0D1&sortorder=asc&column=price HTTP/1.1" 200 70773
144.76.14.153 - - [01/Jan/2021:07:13:25 +0100] "GET /ticket2/opencms/sv/login/?edid=2D864439-4FCB-5F1A-C868-38EA84E729F1 HTTP/1.1" 200 67543
144.76.176.171 - - [01/Jan/2021:07:13:29 +0100] "GET /ticket2/opencms/dk/buy/?page=1&edid=B0B70E5A-B67E-70BD-7774-60314068D0D1&sortorder=asc&column=row HTTP/1.1" 200 70773
144.76.176.171 - - [01/Jan/2021:07:13:33 +0100] "GET /ticket2/opencms/dk/buy/?page=1&edid=B2E5BFF4-A3CD-3EDE-214C-30C8A05EA888&sortorder=asc&column=price HTTP/1.1" 200 71913
144.76.14.153 - - [01/Jan/2021:07:13:38 +0100] "GET /ticket2/opencms/sv/login/?edid=2D864439-4FCB-5F1A-C868-38EA84E729F1 HTTP/1.1" 200 67543
144.76.176.171 - - [01/Jan/2021:07:13:39 +0100] "GET /ticket2/opencms/dk/buy/?page=1&edid=B2E5BFF4-A3CD-3EDE-214C-30C8A05EA888&sortorder=asc&column=row HTTP/1.1" 200 71913
167.114.64.97 - - [01/Jan/2021:07:13:44 +0100] "GET /ticket2/opencms/nl/buy/?page=1&edid=FFB17C01-ED75-27AF-8C5A-B4FCC8F6A8DC&sortorder=asc&column=price HTTP/1.1" 200 70223
167.114.159.99 - - [01/Jan/2021:07:13:46 +0100] "GET /ticket2/opencms/fi/buy/?page=1&edid=3726B968-2603-116B-477A-9E91ACB390B1&sortorder=asc&column=section HTTP/1.1" 200 70614
144.76.176.171 - - [01/Jan/2021:07:13:48 +0100] "GET /ticket2/opencms/dk/buy/?page=1&edid=B2E5BFF4-A3CD-3EDE-214C-30C8A05EA888&sortorder=asc&column=section HTTP/1.1" 200 71913
144.76.176.171 - - [01/Jan/2021:07:13:54 +0100] "GET /ticket2/opencms/dk/buy/?page=1&edid=B93B0FFA-1133-B639-A688-B05549F4B695&sortorder=asc&column=price HTTP/1.1" 200 69325
144.76.176.171 - - [01/Jan/2021:07:13:59 +0100] "GET /ticket2/opencms/dk/buy/?page=1&edid=BDF1DAFB-76AF-8DA9-E3E2-6F2E34C6878A&sortorder=desc&column=section HTTP/1.1" 200 71201
144.76.176.171 - - [01/Jan/2021:07:14:06 +0100] "GET /ticket2/opencms/dk/buy/?page=1&edid=BEE9102C-D2FA-07BD-37A8-F36B2B2962FE&sortorder=asc&column=price HTTP/1.1" 200 70779
167.114.64.97 - - [01/Jan/2021:07:14:07 +0100] "GET /ticket2/opencms/nl/buy/?page=1&edid=FFB17C01-ED75-27AF-8C5A-B4FCC8F6A8DC&sortorder=asc&column=row HTTP/1.1" 200 70223
54.36.148.235 - - [01/Jan/2021:07:14:09 +0100] "GET /ticket2/opencms/dk/venue/?venueid=254D08F2-7222-550E-8C53-A2FD4DEBCCE9 HTTP/1.1" 200 65246
144.76.176.171 - - [01/Jan/2021:07:14:13 +0100] "GET /ticket2/opencms/dk/buy/?page=1&edid=BEE9102C-D2FA-07BD-37A8-F36B2B2962FE&sortorder=asc&column=row HTTP/1.1" 200 70779
167.114.159.99 - - [01/Jan/2021:07:14:18 +0100] "GET /ticket2/opencms/fi/buy/?page=1&edid=37D48E1B-2752-5F8F-5AEB-0BF82E1637C1&sortorder=asc&column=price HTTP/1.1" 200 72533
144.76.176.171 - - [01/Jan/2021:07:14:20 +0100] "GET /ticket2/opencms/dk/buy/?page=1&edid=BEE9102C-D2FA-07BD-37A8-F36B2B2962FE&sortorder=asc&column=section HTTP/1.1" 200 70779
144.76.176.171 - - [01/Jan/2021:07:14:25 +0100] "GET /ticket2/opencms/dk/buy/?page=1&edid=C0D82C9A-4CD9-2338-40C4-AB887D06BE6F&sortorder=asc&column=price HTTP/1.1" 200 69328
144.76.176.171 - - [01/Jan/2021:07:14:33 +0100] "GET /ticket2/opencms/dk/buy/?page=1&edid=C0D82C9A-4CD9-2338-40C4-AB887D06BE6F&sortorder=asc&column=row HTTP/1.1" 200 69328
167.114.64.97 - - [01/Jan/2021:07:14:38 +0100] "GET /ticket2/opencms/nl/buy/?page=1&edid=FFF4B0F4-EB0B-A7DC-E8B8-660A232EFDC0&sortorder=asc&column=price HTTP/1.1" 200 69462
144.76.176.171 - - [01/Jan/2021:07:14:44 +0100] "GET /ticket2/opencms/dk/buy/?page=1&edid=C13188B2-4508-D2E9-B121-B54B35743CCB&sortorder=asc&column=row HTTP/1.1" 200 72509
35.180.147.121 - - [01/Jan/2021:07:14:45 +0100] "GET /ticket2/opencms/wp-login.php HTTP/1.1" 404 -
144.76.176.171 - - [01/Jan/2021:07:14:52 +0100] "GET /ticket2/opencms/dk/buy/?page=1&edid=C13188B2-4508-D2E9-B121-B54B35743CCB&sortorder=asc&column=section HTTP/1.1" 200 72509
66.249.66.133 - - [01/Jan/2021:07:14:54 +0100] "GET /ticket2/opencms/no/buy/?page=1&edid=AA75DB1B-F109-4AC8-F8B6-E76C4B5170E3 HTTP/1.1" 200 72132
144.76.176.171 - - [01/Jan/2021:07:14:56 +0100] "GET /ticket2/opencms/dk/buy/?page=1&edid=D6510527-BC3F-6007-80B2-DF39D64FA1F0&sortorder=asc&column=price HTTP/1.1" 200 71397
167.114.159.99 - - [01/Jan/2021:07:14:57 +0100] "GET /ticket2/opencms/fi/buy/?page=1&edid=37D48E1B-2752-5F8F-5AEB-0BF82E1637C1&sortorder=asc&column=row HTTP/1.1" 200 72533
167.114.64.97 - - [01/Jan/2021:07:15:01 +0100] "GET /ticket2/opencms/nl/buy/?page=1&edid=FFF4B0F4-EB0B-A7DC-E8B8-660A232EFDC0&sortorder=asc&column=row HTTP/1.1" 200 69462
144.76.176.171 - - [01/Jan/2021:07:15:03 +0100] "GET /ticket2/opencms/dk/buy/?page=1&edid=D6510527-BC3F-6007-80B2-DF39D64FA1F0&sortorder=asc&column=row HTTP/1.1" 200 71397
144.76.176.171 - - [01/Jan/2021:07:15:09 +0100] "GET /ticket2/opencms/dk/buy/?page=1&edid=D6510527-BC3F-6007-80B2-DF39D64FA1F0&sortorder=asc&column=section HTTP/1.1" 200 71397
144.76.176.171 - - [01/Jan/2021:07:15:16 +0100] "GET /ticket2/opencms/dk/buy/?page=1&edid=DB9BE274-E110-3B03-9434-A1026B1CB96D&sortorder=asc&column=price HTTP/1.1" 200 71407
216.245.221.83 - - [01/Jan/2021:07:15:19 +0100] "HEAD /ticket2/opencms/ HTTP/1.1" 302 -
144.76.176.171 - - [01/Jan/2021:07:15:19 +0100] "GET /ticket2/opencms/dk/buy/?page=1&edid=DB9BE274-E110-3B03-9434-A1026B1CB96D&sortorder=asc&column=row HTTP/1.1" 200 71407
216.245.221.83 - - [01/Jan/2021:07:15:19 +0100] "HEAD /ticket2/opencms/en/ HTTP/1.1" 200 -
167.114.64.97 - - [01/Jan/2021:07:15:23 +0100] "GET /ticket2/opencms/nl/buy/?page=1&edid=FFF4B0F4-EB0B-A7DC-E8B8-660A232EFDC0&sortorder=asc&column=section HTTP/1.1" 200 69462
144.76.176.171 - - [01/Jan/2021:07:15:28 +0100] "GET /ticket2/opencms/dk/buy/?page=1&edid=DB9BE274-E110-3B03-9434-A1026B1CB96D&sortorder=asc&column=section HTTP/1.1" 200 71407
54.36.148.58 - - [01/Jan/2021:07:15:28 +0100] "GET /ticket2/opencms/dk/venue/?venueid=0A150E76-62F4-C52C-086E-D4CAD50B046E HTTP/1.1" 200 65235
144.76.176.171 - - [01/Jan/2021:07:15:32 +0100] "GET /ticket2/opencms/dk/buy/?page=1&edid=DDC7599B-D07F-381D-5227-9E1873654D32&sortorder=asc&column=price HTTP/1.1" 200 69334
167.114.64.97 - - [01/Jan/2021:07:15:41 +0100] "GET /ticket2/opencms/nl/buy/?page=6&comcatid=A17713B6-D984-201A-4143-ED4DB5ED5C2E&catid=21C3854B-901E-11F9-7B7D-6838CC6AFAA4&eventid=640CF2ED-27A4-1382-9B72-5A93B1F49565 HTTP/1.1" 200 74893
167.114.159.99 - - [01/Jan/2021:07:15:42 +0100] "GET /ticket2/opencms/fi/buy/?page=1&edid=37D48E1B-2752-5F8F-5AEB-0BF82E1637C1&sortorder=asc&column=section HTTP/1.1" 200 72533
144.76.176.171 - - [01/Jan/2021:07:15:42 +0100] "GET /ticket2/opencms/dk/buy/?page=1&edid=DDC7599B-D07F-381D-5227-9E1873654D32&sortorder=asc&column=row HTTP/1.1" 200 69334
144.76.176.171 - - [01/Jan/2021:07:15:50 +0100] "GET /ticket2/opencms/dk/buy/?page=1&edid=DF132CC2-4583-1EC2-73A2-47B5B5DFC738&sortorder=asc&column=price HTTP/1.1" 200 71912
144.76.176.171 - - [01/Jan/2021:07:15:54 +0100] "GET /ticket2/opencms/dk/buy/?page=1&edid=DF132CC2-4583-1EC2-73A2-47B5B5DFC738&sortorder=asc&column=row HTTP/1.1" 200 71912
144.76.176.171 - - [01/Jan/2021:07:16:01 +0100] "GET /ticket2/opencms/dk/buy/?page=1&edid=DF132CC2-4583-1EC2-73A2-47B5B5DFC738&sortorder=asc&column=section HTTP/1.1" 200 71912
167.114.64.97 - - [01/Jan/2021:07:16:02 +0100] "GET /ticket2/opencms/nl/buy/?page=6&comcatid=A17713B6-D984-201A-4143-ED4DB5ED5C2E&catid=4B941E1B-E4E2-C53E-C693-9FA91BBA9AD5&eventid=C8602219-A35D-BBF1-44FC-8B9C4AFC258E HTTP/1.1" 200 74906
144.76.176.171 - - [01/Jan/2021:07:16:08 +0100] "GET /ticket2/opencms/dk/buy/?page=1&edid=EF861438-67E0-49D5-A813-ED658965F997&sortorder=asc&column=price HTTP/1.1" 200 72063
144.76.176.171 - - [01/Jan/2021:07:16:13 +0100] "GET /ticket2/opencms/dk/buy/?page=1&edid=EF861438-67E0-49D5-A813-ED658965F997&sortorder=asc&column=row HTTP/1.1" 200 72063
167.114.159.99 - - [01/Jan/2021:07:16:19 +0100] "GET /ticket2/opencms/fi/buy/?page=1&edid=381EAD1A-035D-6D85-7293-91E69E6AF5D5&sortorder=asc&column=price HTTP/1.1" 200 73369
144.76.176.171 - - [01/Jan/2021:07:16:24 +0100] "GET /ticket2/opencms/dk/buy/?page=1&edid=EF861438-67E0-49D5-A813-ED658965F997&sortorder=asc&column=section HTTP/1.1" 200 72063
144.76.176.171 - - [01/Jan/2021:07:16:29 +0100] "GET /ticket2/opencms/dk/buy/?page=1&edid=FD572358-7A7E-A5A7-0C7B-16687BA103EA&sortorder=asc&column=price HTTP/1.1" 200 70966
167.114.64.97 - - [01/Jan/2021:07:16:29 +0100] "GET /ticket2/opencms/nl/buy/?page=6&comcatid=A17713B6-D984-201A-4143-ED4DB5ED5C2E&catid=5A89E483-58AD-080E-F363-E16CE738916A&eventid=386C92EC-D5E3-D2E7-C758-90D76D12B146 HTTP/1.1" 200 74894
114.119.153.67 - - [01/Jan/2021:07:16:33 +0100] "GET /ticket2/opencms/no/sport/ishockey/nhl/la-kings/ HTTP/1.1" 200 67632
88.198.33.145 - - [01/Jan/2021:07:16:39 +0100] "GET /ticket2/opencms/robots.txt HTTP/1.1" 200 773
144.76.176.171 - - [01/Jan/2021:07:16:40 +0100] "GET /ticket2/opencms/dk/buy/?page=1&edid=FD572358-7A7E-A5A7-0C7B-16687BA103EA&sortorder=asc&column=row HTTP/1.1" 200 70966
88.198.33.145 - - [01/Jan/2021:07:16:44 +0100] "GET /ticket2/opencms/set_aff_cookie.jsp?partner=6F250EA7-4505-FA01-D601-8847F2573405&url=/en/buy/index.html%253Fpage=1%2526edid=5C70B1F0-4607-47F9-95A0-AADB29E20053%2526hlv=5d53f8f2-cf28-45ab-8053-738c0a010004%2523v_1063455093 HTTP/1.1" 200 234
144.76.176.171 - - [01/Jan/2021:07:16:48 +0100] "GET /ticket2/opencms/dk/buy/?page=1&edid=FD572358-7A7E-A5A7-0C7B-16687BA103EA&sortorder=asc&column=section HTTP/1.1" 200 70966
88.198.33.145 - - [01/Jan/2021:07:16:51 +0100] "GET /ticket2/opencms/set_aff_cookie.jsp?partner=6F250EA7-4505-FA01-D601-8847F2573405&url=/no/buy/index.html%253Fpage=1%2526edid=8054CD87-01BB-2D33-3645-199AA72AE656%2526hlv=5c18f9e8-574c-4768-ae34-79d40a010004%2523v550252690 HTTP/1.1" 200 232
54.36.148.77 - - [01/Jan/2021:07:16:54 +0100] "GET /ticket2/opencms/en/venue/?venueid=B5F81AEB-3F90-FA50-5453-F474EEB5E0C1 HTTP/1.1" 200 65234
167.114.64.97 - - [01/Jan/2021:07:16:56 +0100] "GET /ticket2/opencms/nl/buy/?page=6&comcatid=A17713B6-D984-201A-4143-ED4DB5ED5C2E&catid=5A89E483-58AD-080E-F363-E16CE738916A&eventid=4C7C5A2E-99D8-ACDF-E048-5AEC0EF3B3D1 HTTP/1.1" 200 74894
144.76.176.171 - - [01/Jan/2021:07:16:57 +0100] "GET /ticket2/opencms/dk/buy/?page=1&edid=FEDF232A-760C-B359-320A-5BD79D713F09&sortorder=asc&column=price HTTP/1.1" 200 69292
167.114.159.99 - - [01/Jan/2021:07:17:02 +0100] "GET /ticket2/opencms/fi/buy/?page=1&edid=381EAD1A-035D-6D85-7293-91E69E6AF5D5&sortorder=asc&column=row HTTP/1.1" 200 73369
144.76.176.171 - - [01/Jan/2021:07:17:06 +0100] "GET /ticket2/opencms/dk/buy/?page=1&edid=FEDF232A-760C-B359-320A-5BD79D713F09&sortorder=asc&column=row HTTP/1.1" 200 69292
144.76.176.171 - - [01/Jan/2021:07:17:15 +0100] "GET /ticket2/opencms/dk/buy/?page=1&edid=FEDF232A-760C-B359-320A-5BD79D713F09&sortorder=asc&column=section HTTP/1.1" 200 69292
66.249.66.157 - - [01/Jan/2021:07:17:17 +0100] "GET /ticket2/opencms/sv/sport/fotbollsbiljetter/serie_a/genoa/ HTTP/1.1" 200 67213
144.76.176.171 - - [01/Jan/2021:07:17:20 +0100] "GET /ticket2/opencms/dk/buy/?page=1&edid=FF0376F2-B601-3AC1-0589-C582E0555E7F&sortorder=asc&column=price HTTP/1.1" 200 69289
167.114.64.97 - - [01/Jan/2021:07:17:20 +0100] "GET /ticket2/opencms/nl/buy/?page=6&comcatid=A17713B6-D984-201A-4143-ED4DB5ED5C2E&catid=5A89E483-58AD-080E-F363-E16CE738916A&eventid=6B68CA15-970D-955E-A567-ABBAE86C5399 HTTP/1.1" 200 74894
66.249.66.157 - - [01/Jan/2021:07:17:22 +0100] "GET /ticket2/opencms/sv/ HTTP/1.1" 200 66405
216.18.204.210 - - [01/Jan/2021:07:17:26 +0100] "GET /ticket2/opencms/no/buy/?page=1&edid=4D321089-A4D4-3298-5E79-776EE5413D4E&sortorder=asc&column=price HTTP/1.1" 200 72088
144.76.176.171 - - [01/Jan/2021:07:17:27 +0100] "GET /ticket2/opencms/dk/buy/?page=1&edid=FF0376F2-B601-3AC1-0589-C582E0555E7F&sortorder=asc&column=row HTTP/1.1" 200 69289
144.76.176.171 - - [01/Jan/2021:07:17:35 +0100] "GET /ticket2/opencms/dk/buy/?page=1&edid=FF0376F2-B601-3AC1-0589-C582E0555E7F&sortorder=asc&column=section HTTP/1.1" 200 69289
167.114.159.99 - - [01/Jan/2021:07:17:35 +0100] "GET /ticket2/opencms/fi/buy/?page=1&edid=381EAD1A-035D-6D85-7293-91E69E6AF5D5&sortorder=asc&column=section HTTP/1.1" 200 73369
144.76.176.171 - - [01/Jan/2021:07:17:39 +0100] "GET /ticket2/opencms/dk/buy/?page=6&comcatid=A17713B6-D984-201A-4143-ED4DB5ED5C2E&catid=36394212-F82E-F845-399B-42BED55969CC&eventid=1C0FC89D-D539-28E4-3F58-11BCE29E4CA8 HTTP/1.1" 200 75819
144.76.176.171 - - [01/Jan/2021:07:17:47 +0100] "GET /ticket2/opencms/en/buy/?page=1&edid=01148208-C5C5-644D-6BB7-97FA6BDD0B48&sortorder=asc&column=price HTTP/1.1" 200 71077
167.114.64.97 - - [01/Jan/2021:07:17:49 +0100] "GET /ticket2/opencms/nl/buy/?page=6&comcatid=A17713B6-D984-201A-4143-ED4DB5ED5C2E&catid=5A89E483-58AD-080E-F363-E16CE738916A&eventid=F0E5CAC7-0BEB-9BC8-E020-74FDDFC55572 HTTP/1.1" 200 74894
144.76.176.171 - - [01/Jan/2021:07:17:55 +0100] "GET /ticket2/opencms/en/buy/?page=1&edid=01148208-C5C5-644D-6BB7-97FA6BDD0B48&sortorder=asc&column=section HTTP/1.1" 200 71077
144.76.176.171 - - [01/Jan/2021:07:17:58 +0100] "GET /ticket2/opencms/en/buy/?page=1&edid=028BD9CD-FB54-2ACE-6838-AA954A93FDE4&sortorder=asc&column=row HTTP/1.1" 200 69220
167.114.159.99 - - [01/Jan/2021:07:18:10 +0100] "GET /ticket2/opencms/fi/buy/?page=1&edid=3A18CFED-F363-A174-74EF-50BD0B95F1B2&sortorder=asc&column=price HTTP/1.1" 200 73835
167.114.64.97 - - [01/Jan/2021:07:18:14 +0100] "GET /ticket2/opencms/nl/buy/?page=6&comcatid=A17713B6-D984-201A-4143-ED4DB5ED5C2E&catid=7CF2D645-F785-0CBB-1B7C-C4711617EAAD&eventid=035AC86A-6643-308C-6EB4-FB899708EC83 HTTP/1.1" 200 74899
54.36.148.250 - - [01/Jan/2021:07:18:20 +0100] "GET /ticket2/opencms/dk/venue/?venueid=255EC0A2-CFF1-A438-835D-B03A710178CE HTTP/1.1" 200 65210
167.114.64.97 - - [01/Jan/2021:07:18:38 +0100] "GET /ticket2/opencms/nl/buy/?page=6&comcatid=A17713B6-D984-201A-4143-ED4DB5ED5C2E&catid=7CF2D645-F785-0CBB-1B7C-C4711617EAAD&eventid=6BEE239D-5C47-92DC-C3B1-58577F359737 HTTP/1.1" 200 74899
167.114.159.99 - - [01/Jan/2021:07:18:46 +0100] "GET /ticket2/opencms/fi/buy/?page=1&edid=3A18CFED-F363-A174-74EF-50BD0B95F1B2&sortorder=asc&column=section HTTP/1.1" 200 73835
144.76.137.254 - - [01/Jan/2021:07:19:03 +0100] "GET /ticket2/opencms/robots.txt HTTP/1.1" 200 773
167.114.64.97 - - [01/Jan/2021:07:19:06 +0100] "GET /ticket2/opencms/nl/buy/?page=6&comcatid=A17713B6-D984-201A-4143-ED4DB5ED5C2E&catid=7CF2D645-F785-0CBB-1B7C-C4711617EAAD&eventid=9599787B-3E78-1655-1A57-F4E95CD6A9CB HTTP/1.1" 200 74899
144.76.137.254 - - [01/Jan/2021:07:19:07 +0100] "GET /ticket2/opencms/ru/buy/?page=1&edid=E5546B14-DB4E-BABD-826A-AF47A2B20315&sortorder=asc&column=section HTTP/1.1" 200 72158
144.76.137.254 - - [01/Jan/2021:07:19:14 +0100] "GET /ticket2/opencms/ru/buy/?page=1&edid=E5D1B5BB-FD1E-00B5-33D3-0488A6B94D06&sortorder=desc&column=price HTTP/1.1" 200 71928
144.76.137.254 - - [01/Jan/2021:07:19:19 +0100] "GET /ticket2/opencms/ru/buy/?page=1&edid=E5D1B5BB-FD1E-00B5-33D3-0488A6B94D06&sortorder=desc&column=row HTTP/1.1" 200 71928
167.114.159.99 - - [01/Jan/2021:07:19:23 +0100] "GET /ticket2/opencms/fi/buy/?page=1&edid=40E208E9-E9D2-9A29-B20B-71CB88763633&sortorder=asc&column=price HTTP/1.1" 200 70626
144.76.137.254 - - [01/Jan/2021:07:19:26 +0100] "GET /ticket2/opencms/ru/buy/?page=1&edid=E5D1B5BB-FD1E-00B5-33D3-0488A6B94D06&sortorder=desc&column=section HTTP/1.1" 200 71928
144.76.137.254 - - [01/Jan/2021:07:19:33 +0100] "GET /ticket2/opencms/ru/buy/?page=1&edid=E5FED392-020A-985B-B239-5718E7B50D63&sortorder=desc&column=price HTTP/1.1" 200 71925
216.18.204.210 - - [01/Jan/2021:07:19:36 +0100] "GET /ticket2/opencms/no/buy/?page=1&edid=4E36BB56-7827-6345-3899-56B2C4EE18D8&sortorder=asc&column=price HTTP/1.1" 200 72189
167.114.64.97 - - [01/Jan/2021:07:19:37 +0100] "GET /ticket2/opencms/nl/buy/?page=6&comcatid=A17713B6-D984-201A-4143-ED4DB5ED5C2E&catid=7EF04817-972D-18B1-F941-DE800D088075&eventid=068386EB-60C0-5BD4-9291-A8796E957979 HTTP/1.1" 200 74897
144.76.137.254 - - [01/Jan/2021:07:19:37 +0100] "GET /ticket2/opencms/ru/buy/?page=1&edid=E5FED392-020A-985B-B239-5718E7B50D63&sortorder=desc&column=section HTTP/1.1" 200 71925
144.76.137.254 - - [01/Jan/2021:07:19:44 +0100] "GET /ticket2/opencms/ru/buy/?page=1&edid=E83099B1-485E-5C84-84B0-FD9FB227033F&sortorder=desc&column=row HTTP/1.1" 200 71924
54.36.148.250 - - [01/Jan/2021:07:19:49 +0100] "GET /ticket2/opencms/dk/venue/?venueid=40DC78A8-E12D-6808-C138-74AD7C1598C8 HTTP/1.1" 200 65336
144.76.137.254 - - [01/Jan/2021:07:19:51 +0100] "GET /ticket2/opencms/ru/buy/?page=1&edid=E83099B1-485E-5C84-84B0-FD9FB227033F&sortorder=desc&column=section HTTP/1.1" 200 71924
144.76.137.254 - - [01/Jan/2021:07:19:57 +0100] "GET /ticket2/opencms/ru/buy/?page=1&edid=E92648E1-06E0-D220-8E00-01151C898660&sortorder=desc&column=price HTTP/1.1" 200 70251
144.76.137.254 - - [01/Jan/2021:07:20:00 +0100] "GET /ticket2/opencms/ru/buy/?page=1&edid=E92648E1-06E0-D220-8E00-01151C898660&sortorder=desc&column=row HTTP/1.1" 200 70251
167.114.64.97 - - [01/Jan/2021:07:20:07 +0100] "GET /ticket2/opencms/nl/buy/?page=6&comcatid=A17713B6-D984-201A-4143-ED4DB5ED5C2E&catid=7EF04817-972D-18B1-F941-DE800D088075&eventid=4F13C835-C906-BA10-C5F1-39D36509B413 HTTP/1.1" 200 74897
144.76.137.254 - - [01/Jan/2021:07:20:07 +0100] "GET /ticket2/opencms/ru/buy/?page=1&edid=E92648E1-06E0-D220-8E00-01151C898660&sortorder=desc&column=section HTTP/1.1" 200 70251
167.114.159.99 - - [01/Jan/2021:07:20:07 +0100] "GET /ticket2/opencms/fi/buy/?page=1&edid=40E208E9-E9D2-9A29-B20B-71CB88763633&sortorder=asc&column=row HTTP/1.1" 200 70626
144.76.137.254 - - [01/Jan/2021:07:20:13 +0100] "GET /ticket2/opencms/ru/buy/?page=1&edid=E927BEFD-9C6C-9D6C-18AA-81A3176DBF51&sortorder=desc&column=price HTTP/1.1" 200 71936
144.76.137.254 - - [01/Jan/2021:07:20:17 +0100] "GET /ticket2/opencms/ru/buy/?page=1&edid=E927BEFD-9C6C-9D6C-18AA-81A3176DBF51&sortorder=desc&column=row HTTP/1.1" 200 71936
216.245.221.83 - - [01/Jan/2021:07:20:19 +0100] "HEAD /ticket2/opencms/ HTTP/1.1" 302 -
216.245.221.83 - - [01/Jan/2021:07:20:19 +0100] "HEAD /ticket2/opencms/en/ HTTP/1.1" 200 -
144.76.137.254 - - [01/Jan/2021:07:20:24 +0100] "GET /ticket2/opencms/ru/buy/?page=1&edid=E927BEFD-9C6C-9D6C-18AA-81A3176DBF51&sortorder=desc&column=section HTTP/1.1" 200 71936
144.76.137.254 - - [01/Jan/2021:07:20:31 +0100] "GET /ticket2/opencms/ru/buy/?page=1&edid=E985A176-1832-1AAF-F607-88AFA6E6A83A&sortorder=desc&column=price HTTP/1.1" 200 70228
