144.76.29.149 - - [01/Jan/2021:06:18:23 +0100] "GET /ticket2/opencms/no/buy/?page=1&edid=EE100356-73D8-2A77-06DC-261D059AD495&sortorder=asc&column=section HTTP/1.1" 200 72093
54.36.149.2 - - [01/Jan/2021:06:18:24 +0100] "GET /ticket2/opencms/dk/venue/?venueid=7BE96A80-409A-37FB-9444-3580682D6340 HTTP/1.1" 200 65220
5.9.66.153 - - [01/Jan/2021:06:18:24 +0100] "GET /ticket2/opencms/en/buy/?page=1&edid=4B6EF56A-B1B2-2375-8A53-DCC58D81AD25 HTTP/1.1" 200 71534
144.76.29.149 - - [01/Jan/2021:06:18:25 +0100] "GET /ticket2/opencms/no/buy/?page=1&edid=EE417B89-64C4-7CA0-5804-69CEB33A53C3&sortorder=desc&column=row HTTP/1.1" 200 72174
5.9.66.153 - - [01/Jan/2021:06:18:26 +0100] "GET /ticket2/opencms/en/buy/?page=1&edid=4B6EF56A-B1B2-2375-8A53-DCC58D81AD25&sortorder=asc&column=row HTTP/1.1" 200 71570
144.76.29.149 - - [01/Jan/2021:06:18:27 +0100] "GET /ticket2/opencms/no/buy/?page=1&edid=EE9B9D91-B6D4-6C1B-8467-87E5CB6AB0D4 HTTP/1.1" 200 69812
5.9.66.153 - - [01/Jan/2021:06:18:27 +0100] "GET /ticket2/opencms/en/buy/?page=1&edid=4B6EF56A-B1B2-2375-8A53-DCC58D81AD25&sortorder=desc&column=price HTTP/1.1" 200 71569
144.76.29.149 - - [01/Jan/2021:06:18:28 +0100] "GET /ticket2/opencms/no/buy/?page=1&edid=EEAED379-5C9D-7860-F8AC-37CED9043B07 HTTP/1.1" 200 71185
5.9.66.153 - - [01/Jan/2021:06:18:30 +0100] "GET /ticket2/opencms/en/buy/?page=1&edid=4B6EF56A-B1B2-2375-8A53-DCC58D81AD25&sortorder=desc&column=row HTTP/1.1" 200 71569
144.76.29.149 - - [01/Jan/2021:06:18:30 +0100] "GET /ticket2/opencms/no/buy/?page=1&edid=EFA9579B-3165-04EE-5F0E-693D2BE9F86A HTTP/1.1" 200 69784
144.76.29.149 - - [01/Jan/2021:06:18:32 +0100] "GET /ticket2/opencms/no/buy/?page=1&edid=EFF29E2F-FA23-A8CC-3954-476F00AE385A HTTP/1.1" 200 69809
213.136.75.74 - - [01/Jan/2021:06:18:32 +0100] "GET /ticket2/opencms/en/buy/?page=1&edid=913F62DD-6457-6794-7AFB-7DEEC9E4C2B2&sortorder=asc&column=section HTTP/1.1" 200 69257
5.9.66.153 - - [01/Jan/2021:06:18:32 +0100] "GET /ticket2/opencms/en/buy/?page=1&edid=4B6EF56A-B1B2-2375-8A53-DCC58D81AD25&sortorder=desc&column=section HTTP/1.1" 200 71569
144.76.29.149 - - [01/Jan/2021:06:18:33 +0100] "GET /ticket2/opencms/no/buy/?page=1&edid=F056863A-D002-E6B0-6F4E-40A4D92C0085 HTTP/1.1" 200 71206
5.9.66.153 - - [01/Jan/2021:06:18:33 +0100] "GET /ticket2/opencms/en/buy/?page=1&edid=4BA54958-E0F6-FB95-27C8-57632993B009 HTTP/1.1" 200 69217
144.76.29.149 - - [01/Jan/2021:06:18:35 +0100] "GET /ticket2/opencms/no/buy/?page=1&edid=F06C0300-E27E-ED1B-C5C6-DEBEF815553B HTTP/1.1" 200 69790
5.9.66.153 - - [01/Jan/2021:06:18:35 +0100] "GET /ticket2/opencms/en/buy/?page=1&edid=4BA54958-E0F6-FB95-27C8-57632993B009&sortorder=asc&column=price HTTP/1.1" 200 69253
144.76.29.149 - - [01/Jan/2021:06:18:36 +0100] "GET /ticket2/opencms/no/buy/?page=1&edid=F07DD32F-52F3-124E-9151-7EC8D703DA5C HTTP/1.1" 200 71426
5.9.66.153 - - [01/Jan/2021:06:18:37 +0100] "GET /ticket2/opencms/en/buy/?page=1&edid=4BA54958-E0F6-FB95-27C8-57632993B009&sortorder=asc&column=row HTTP/1.1" 200 69253
167.114.159.99 - - [01/Jan/2021:06:18:38 +0100] "GET /ticket2/opencms/en/venue/?venueid=B5ED1183-D33E-1EF0-6122-306DBE64D14C HTTP/1.1" 200 65230
144.76.29.149 - - [01/Jan/2021:06:18:38 +0100] "GET /ticket2/opencms/no/buy/?page=1&edid=F1993932-B303-1D1B-DCBB-BBBBB4362534 HTTP/1.1" 200 71433
5.9.66.153 - - [01/Jan/2021:06:18:39 +0100] "GET /ticket2/opencms/en/buy/?page=1&edid=4BA54958-E0F6-FB95-27C8-57632993B009&sortorder=asc&column=section HTTP/1.1" 200 69253
144.76.29.149 - - [01/Jan/2021:06:18:40 +0100] "GET /ticket2/opencms/no/buy/?page=1&edid=F1993932-B303-1D1B-DCBB-BBBBB4362534&sortorder=desc&column=price HTTP/1.1" 200 71468
167.114.64.97 - - [01/Jan/2021:06:18:40 +0100] "GET /ticket2/opencms/nl/buy/?page=1&edid=74ADA417-D173-7B60-3C75-40D80E934690&sortorder=asc&column=row HTTP/1.1" 200 68345
5.9.66.153 - - [01/Jan/2021:06:18:41 +0100] "GET /ticket2/opencms/en/buy/?page=1&edid=4BA54958-E0F6-FB95-27C8-57632993B009&sortorder=desc&column=price HTTP/1.1" 200 69252
144.76.29.149 - - [01/Jan/2021:06:18:42 +0100] "GET /ticket2/opencms/no/buy/?page=1&edid=F1993932-B303-1D1B-DCBB-BBBBB4362534&sortorder=desc&column=row HTTP/1.1" 200 71468
5.9.66.153 - - [01/Jan/2021:06:18:42 +0100] "GET /ticket2/opencms/en/buy/?page=1&edid=4BA54958-E0F6-FB95-27C8-57632993B009&sortorder=desc&column=row HTTP/1.1" 200 69252
5.9.66.153 - - [01/Jan/2021:06:18:44 +0100] "GET /ticket2/opencms/en/buy/?page=1&edid=4BA54958-E0F6-FB95-27C8-57632993B009&sortorder=desc&column=section HTTP/1.1" 200 69252
5.9.66.153 - - [01/Jan/2021:06:18:46 +0100] "GET /ticket2/opencms/en/buy/?page=1&edid=4BC975E3-859D-D81F-E825-955CB09477D2 HTTP/1.1" 200 71296
5.9.66.153 - - [01/Jan/2021:06:18:48 +0100] "GET /ticket2/opencms/en/buy/?page=1&edid=4BC975E3-859D-D81F-E825-955CB09477D2&sortorder=asc&column=price HTTP/1.1" 200 71332
5.9.66.153 - - [01/Jan/2021:06:18:50 +0100] "GET /ticket2/opencms/en/buy/?page=1&edid=4BC975E3-859D-D81F-E825-955CB09477D2&sortorder=asc&column=row HTTP/1.1" 200 71332
5.9.66.153 - - [01/Jan/2021:06:18:52 +0100] "GET /ticket2/opencms/en/buy/?page=1&edid=4BC975E3-859D-D81F-E825-955CB09477D2&sortorder=asc&column=section HTTP/1.1" 200 71332
213.136.75.74 - - [01/Jan/2021:06:18:52 +0100] "GET /ticket2/opencms/en/buy/?page=1&edid=914CDFA7-DAD5-A10C-AF33-7264B7C56378&sortorder=asc&column=price HTTP/1.1" 200 70651
5.9.66.153 - - [01/Jan/2021:06:18:53 +0100] "GET /ticket2/opencms/en/buy/?page=1&edid=4BC975E3-859D-D81F-E825-955CB09477D2&sortorder=desc&column=price HTTP/1.1" 200 71331
167.114.159.99 - - [01/Jan/2021:06:18:55 +0100] "GET /ticket2/opencms/en/venue/?venueid=B5F81AEB-3F90-FA50-5453-F474EEB5E0C1 HTTP/1.1" 200 65234
5.9.66.153 - - [01/Jan/2021:06:18:55 +0100] "GET /ticket2/opencms/en/buy/?page=1&edid=4BC975E3-859D-D81F-E825-955CB09477D2&sortorder=desc&column=row HTTP/1.1" 200 71331
5.9.66.153 - - [01/Jan/2021:06:18:57 +0100] "GET /ticket2/opencms/en/buy/?page=1&edid=4BC975E3-859D-D81F-E825-955CB09477D2&sortorder=desc&column=section HTTP/1.1" 200 71331
5.9.66.153 - - [01/Jan/2021:06:18:59 +0100] "GET /ticket2/opencms/en/buy/?page=1&edid=4BE51C11-6242-0667-4C84-D3822EC503E1 HTTP/1.1" 200 71488
5.9.66.153 - - [01/Jan/2021:06:19:01 +0100] "GET /ticket2/opencms/en/buy/?page=1&edid=4BE51C11-6242-0667-4C84-D3822EC503E1&sortorder=asc&column=row HTTP/1.1" 200 71524
5.9.66.153 - - [01/Jan/2021:06:19:03 +0100] "GET /ticket2/opencms/en/buy/?page=1&edid=4BE51C11-6242-0667-4C84-D3822EC503E1&sortorder=desc&column=price HTTP/1.1" 200 71523
5.9.66.153 - - [01/Jan/2021:06:19:05 +0100] "GET /ticket2/opencms/en/buy/?page=1&edid=4BE51C11-6242-0667-4C84-D3822EC503E1&sortorder=desc&column=row HTTP/1.1" 200 71523
5.9.66.153 - - [01/Jan/2021:06:19:06 +0100] "GET /ticket2/opencms/en/buy/?page=1&edid=4BE51C11-6242-0667-4C84-D3822EC503E1&sortorder=desc&column=section HTTP/1.1" 200 71523
5.9.66.153 - - [01/Jan/2021:06:19:08 +0100] "GET /ticket2/opencms/en/buy/?page=1&edid=4BE59970-EC47-0861-6205-BA251FD6ECF0 HTTP/1.1" 200 72377
192.99.37.116 - - [01/Jan/2021:06:19:10 +0100] "GET /ticket2/opencms/ru/buy/?page=1&edid=6EB89E9D-BF45-2307-D154-47CDC64ABF4D&sortorder=desc&column=row HTTP/1.1" 200 72551
5.9.66.153 - - [01/Jan/2021:06:19:10 +0100] "GET /ticket2/opencms/en/buy/?page=1&edid=4BE59970-EC47-0861-6205-BA251FD6ECF0&sortorder=asc&column=row HTTP/1.1" 200 72413
167.114.64.97 - - [01/Jan/2021:06:19:11 +0100] "GET /ticket2/opencms/nl/buy/?page=1&edid=74AFB488-3C09-C655-FDE8-D701D9A35954&sortorder=asc&column=row HTTP/1.1" 200 70168
5.9.66.153 - - [01/Jan/2021:06:19:12 +0100] "GET /ticket2/opencms/en/buy/?page=1&edid=4BE59970-EC47-0861-6205-BA251FD6ECF0&sortorder=asc&column=section HTTP/1.1" 200 72413
213.136.75.74 - - [01/Jan/2021:06:19:13 +0100] "GET /ticket2/opencms/en/buy/?page=1&edid=914CDFA7-DAD5-A10C-AF33-7264B7C56378&sortorder=asc&column=row HTTP/1.1" 200 70651
5.9.66.153 - - [01/Jan/2021:06:19:13 +0100] "GET /ticket2/opencms/en/buy/?page=1&edid=4BE59970-EC47-0861-6205-BA251FD6ECF0&sortorder=desc&column=price HTTP/1.1" 200 72412
5.9.66.153 - - [01/Jan/2021:06:19:15 +0100] "GET /ticket2/opencms/en/buy/?page=1&edid=4BE59970-EC47-0861-6205-BA251FD6ECF0&sortorder=desc&column=section HTTP/1.1" 200 72412
167.114.159.99 - - [01/Jan/2021:06:19:16 +0100] "GET /ticket2/opencms/en/venue/?venueid=B5F8506A-F94F-2596-19B1-8EAC93A69524 HTTP/1.1" 200 65185
5.9.66.153 - - [01/Jan/2021:06:19:17 +0100] "GET /ticket2/opencms/en/buy/?page=1&edid=4C02011D-24C0-2535-1DBC-D54833672F3A&sortorder=asc&column=price HTTP/1.1" 200 69243
5.9.66.153 - - [01/Jan/2021:06:19:19 +0100] "GET /ticket2/opencms/en/buy/?page=1&edid=4C02011D-24C0-2535-1DBC-D54833672F3A&sortorder=asc&column=row HTTP/1.1" 200 69243
5.9.66.153 - - [01/Jan/2021:06:19:21 +0100] "GET /ticket2/opencms/en/buy/?page=1&edid=4C02011D-24C0-2535-1DBC-D54833672F3A&sortorder=asc&column=section HTTP/1.1" 200 69243
5.9.66.153 - - [01/Jan/2021:06:19:22 +0100] "GET /ticket2/opencms/en/buy/?page=1&edid=4C433C59-5FE9-0C43-7DAC-788A4C3689C5 HTTP/1.1" 200 69218
5.9.66.153 - - [01/Jan/2021:06:19:24 +0100] "GET /ticket2/opencms/en/buy/?page=1&edid=4C433C59-5FE9-0C43-7DAC-788A4C3689C5&sortorder=asc&column=price HTTP/1.1" 200 69254
5.9.66.153 - - [01/Jan/2021:06:19:26 +0100] "GET /ticket2/opencms/en/buy/?page=1&edid=4C433C59-5FE9-0C43-7DAC-788A4C3689C5&sortorder=asc&column=row HTTP/1.1" 200 69254
213.136.75.74 - - [01/Jan/2021:06:19:26 +0100] "GET /ticket2/opencms/en/buy/?page=1&edid=914CDFA7-DAD5-A10C-AF33-7264B7C56378&sortorder=asc&column=section HTTP/1.1" 200 70651
5.9.66.153 - - [01/Jan/2021:06:19:27 +0100] "GET /ticket2/opencms/en/buy/?page=1&edid=4C433C59-5FE9-0C43-7DAC-788A4C3689C5&sortorder=asc&column=section HTTP/1.1" 200 69254
54.36.149.81 - - [01/Jan/2021:06:19:27 +0100] "GET /ticket2/opencms/dk/venue/?venueid=93DAAAF3-1B74-84EC-84B9-59E298EE51A3 HTTP/1.1" 200 65244
5.9.66.153 - - [01/Jan/2021:06:19:29 +0100] "GET /ticket2/opencms/en/buy/?page=1&edid=4C433C59-5FE9-0C43-7DAC-788A4C3689C5&sortorder=desc&column=price HTTP/1.1" 200 69253
5.9.66.153 - - [01/Jan/2021:06:19:31 +0100] "GET /ticket2/opencms/en/buy/?page=1&edid=4C433C59-5FE9-0C43-7DAC-788A4C3689C5&sortorder=desc&column=row HTTP/1.1" 200 69253
5.9.66.153 - - [01/Jan/2021:06:19:33 +0100] "GET /ticket2/opencms/en/buy/?page=1&edid=4C433C59-5FE9-0C43-7DAC-788A4C3689C5&sortorder=desc&column=section HTTP/1.1" 200 69253
167.114.159.99 - - [01/Jan/2021:06:19:34 +0100] "GET /ticket2/opencms/en/venue/?venueid=B6FFF904-2AA1-1BEB-9F7A-E1A69E4D2AA1 HTTP/1.1" 200 65209
5.9.66.153 - - [01/Jan/2021:06:19:35 +0100] "GET /ticket2/opencms/en/buy/?page=1&edid=4C6E70D7-2967-0370-D34B-AFEF2F6B8113 HTTP/1.1" 200 70842
5.9.66.153 - - [01/Jan/2021:06:19:36 +0100] "GET /ticket2/opencms/en/buy/?page=1&edid=4C6E70D7-2967-0370-D34B-AFEF2F6B8113&sortorder=asc&column=price HTTP/1.1" 200 70878
5.9.66.153 - - [01/Jan/2021:06:19:38 +0100] "GET /ticket2/opencms/en/buy/?page=1&edid=4C6E70D7-2967-0370-D34B-AFEF2F6B8113&sortorder=asc&column=row HTTP/1.1" 200 70878
5.9.66.153 - - [01/Jan/2021:06:19:41 +0100] "GET /ticket2/opencms/en/buy/?page=1&edid=4C6E70D7-2967-0370-D34B-AFEF2F6B8113&sortorder=asc&column=section HTTP/1.1" 200 70878
167.114.64.97 - - [01/Jan/2021:06:19:41 +0100] "GET /ticket2/opencms/nl/buy/?page=1&edid=75CD70E1-6A6A-D58B-3753-A6F093B3BD54&sortorder=desc&column=price HTTP/1.1" 200 69722
5.9.66.153 - - [01/Jan/2021:06:19:42 +0100] "GET /ticket2/opencms/en/buy/?page=1&edid=4C6E70D7-2967-0370-D34B-AFEF2F6B8113&sortorder=desc&column=price HTTP/1.1" 200 70877
5.9.66.153 - - [01/Jan/2021:06:19:44 +0100] "GET /ticket2/opencms/en/buy/?page=1&edid=4C6E70D7-2967-0370-D34B-AFEF2F6B8113&sortorder=desc&column=row HTTP/1.1" 200 70877
192.99.37.116 - - [01/Jan/2021:06:19:45 +0100] "GET /ticket2/opencms/ru/buy/?page=1&edid=CC5DF088-62DD-1368-F42E-D266F3812B5F&sortorder=asc&column=price HTTP/1.1" 200 73275
213.136.75.74 - - [01/Jan/2021:06:19:45 +0100] "GET /ticket2/opencms/en/buy/?page=1&edid=91B54E6E-0900-756C-0831-B2A406984595&sortorder=asc&column=price HTTP/1.1" 200 69267
5.9.66.153 - - [01/Jan/2021:06:19:45 +0100] "GET /ticket2/opencms/en/buy/?page=1&edid=4C6E70D7-2967-0370-D34B-AFEF2F6B8113&sortorder=desc&column=section HTTP/1.1" 200 70877
5.9.66.153 - - [01/Jan/2021:06:19:47 +0100] "GET /ticket2/opencms/en/buy/?page=1&edid=4C79C702-F201-24E3-E256-9C6145D94338 HTTP/1.1" 200 69238
5.9.66.153 - - [01/Jan/2021:06:19:49 +0100] "GET /ticket2/opencms/en/buy/?page=1&edid=4C79C702-F201-24E3-E256-9C6145D94338&sortorder=asc&column=price HTTP/1.1" 200 69274
5.9.66.153 - - [01/Jan/2021:06:19:50 +0100] "GET /ticket2/opencms/en/buy/?page=1&edid=4C79C702-F201-24E3-E256-9C6145D94338&sortorder=desc&column=row HTTP/1.1" 200 69273
5.9.66.153 - - [01/Jan/2021:06:19:52 +0100] "GET /ticket2/opencms/en/buy/?page=1&edid=4C79C702-F201-24E3-E256-9C6145D94338&sortorder=desc&column=section HTTP/1.1" 200 69273
5.9.66.153 - - [01/Jan/2021:06:19:54 +0100] "GET /ticket2/opencms/en/buy/?page=1&edid=4CBF8796-F426-B931-74D9-D66D4436C03B HTTP/1.1" 200 71347
5.9.66.153 - - [01/Jan/2021:06:19:56 +0100] "GET /ticket2/opencms/en/buy/?page=1&edid=4CBF8796-F426-B931-74D9-D66D4436C03B&sortorder=asc&column=price HTTP/1.1" 200 71383
167.114.159.99 - - [01/Jan/2021:06:19:57 +0100] "GET /ticket2/opencms/en/venue/?venueid=B781A402-D863-1F75-F682-75473A301298 HTTP/1.1" 200 65177
5.9.66.153 - - [01/Jan/2021:06:19:57 +0100] "GET /ticket2/opencms/en/buy/?page=1&edid=4CBF8796-F426-B931-74D9-D66D4436C03B&sortorder=asc&column=row HTTP/1.1" 200 71383
114.119.139.25 - - [01/Jan/2021:06:19:58 +0100] "GET /ticket2/opencms/sv/buy/?page=1&edid=5D700640-E13B-1534-DC36-11A7DB2850E1&sortorder=desc&column=section HTTP/1.1" 200 72218
5.9.66.153 - - [01/Jan/2021:06:19:59 +0100] "GET /ticket2/opencms/en/buy/?page=1&edid=4CCCE17A-D346-BB0B-92E1-11763BCC5ACD&sortorder=asc&column=row HTTP/1.1" 200 70693
5.9.66.153 - - [01/Jan/2021:06:20:01 +0100] "GET /ticket2/opencms/en/buy/?page=1&edid=4CCCE17A-D346-BB0B-92E1-11763BCC5ACD&sortorder=asc&column=section HTTP/1.1" 200 70693
5.9.66.153 - - [01/Jan/2021:06:20:02 +0100] "GET /ticket2/opencms/en/buy/?page=1&edid=4CCCE17A-D346-BB0B-92E1-11763BCC5ACD&sortorder=desc&column=price HTTP/1.1" 200 70692
5.9.66.153 - - [01/Jan/2021:06:20:04 +0100] "GET /ticket2/opencms/en/buy/?page=1&edid=4CCCE17A-D346-BB0B-92E1-11763BCC5ACD&sortorder=desc&column=row HTTP/1.1" 200 70692
5.9.66.153 - - [01/Jan/2021:06:20:06 +0100] "GET /ticket2/opencms/en/buy/?page=1&edid=4CCCE17A-D346-BB0B-92E1-11763BCC5ACD&sortorder=desc&column=section HTTP/1.1" 200 70692
5.9.66.153 - - [01/Jan/2021:06:20:08 +0100] "GET /ticket2/opencms/en/buy/?page=1&edid=4CDA3B04-F225-542F-66DC-C7615D414286&sortorder=asc&column=row HTTP/1.1" 200 70673
167.114.64.97 - - [01/Jan/2021:06:20:08 +0100] "GET /ticket2/opencms/nl/buy/?page=1&edid=75CD70E1-6A6A-D58B-3753-A6F093B3BD54&sortorder=desc&column=row HTTP/1.1" 200 69722
5.9.66.153 - - [01/Jan/2021:06:20:09 +0100] "GET /ticket2/opencms/en/buy/?page=1&edid=4D2A2724-7797-6EBF-BAB8-69176E21CA79&sortorder=desc&column=price HTTP/1.1" 200 70876
213.136.75.74 - - [01/Jan/2021:06:20:10 +0100] "GET /ticket2/opencms/en/buy/?page=1&edid=91B54E6E-0900-756C-0831-B2A406984595&sortorder=asc&column=row HTTP/1.1" 200 69267
5.9.66.153 - - [01/Jan/2021:06:20:11 +0100] "GET /ticket2/opencms/en/buy/?page=1&edid=4DC5DB2E-2125-97FE-6AB2-146ED2580940&sortorder=desc&column=row HTTP/1.1" 200 69251
5.9.66.153 - - [01/Jan/2021:06:20:13 +0100] "GET /ticket2/opencms/en/buy/?page=1&edid=4F5F2F24-80BD-6547-D9D6-BCF29FE11E3D&sortorder=desc&column=row HTTP/1.1" 200 70880
167.114.159.99 - - [01/Jan/2021:06:20:14 +0100] "GET /ticket2/opencms/en/venue/?venueid=B7A2B5FC-FF9C-BE54-AC50-1B01EBD90999 HTTP/1.1" 200 65204
5.9.66.153 - - [01/Jan/2021:06:20:15 +0100] "GET /ticket2/opencms/en/buy/?page=1&edid=5049F443-2967-4BC4-9DF8-22395FCF3C8C&sortorder=desc&column=row HTTP/1.1" 200 70689
5.9.66.153 - - [01/Jan/2021:06:20:16 +0100] "GET /ticket2/opencms/en/buy/?page=1&edid=51322843-376E-922F-C23E-E1AB993C4D7D&sortorder=desc&column=section HTTP/1.1" 200 70646
216.244.66.237 - - [01/Jan/2021:06:20:17 +0100] "GET /ticket2/opencms/dk/robots.txt HTTP/1.1" 404 -
5.9.66.153 - - [01/Jan/2021:06:20:18 +0100] "GET /ticket2/opencms/en/buy/?page=1&edid=51B34877-7C9F-78FD-7C5F-EE108BC846BA&sortorder=asc&column=section HTTP/1.1" 200 71101
216.245.221.83 - - [01/Jan/2021:06:20:19 +0100] "HEAD /ticket2/opencms/ HTTP/1.1" 302 -
216.245.221.83 - - [01/Jan/2021:06:20:19 +0100] "HEAD /ticket2/opencms/en/ HTTP/1.1" 200 -
5.9.66.153 - - [01/Jan/2021:06:20:20 +0100] "GET /ticket2/opencms/en/buy/?page=1&edid=5392E939-2913-1A6E-CFC5-064780F64648&sortorder=asc&column=section HTTP/1.1" 200 71095
5.9.66.153 - - [01/Jan/2021:06:20:21 +0100] "GET /ticket2/opencms/en/buy/?page=1&edid=5B004ED5-15FD-EC78-6553-2B09565E5F76&sortorder=asc&column=price HTTP/1.1" 200 71065
5.9.66.153 - - [01/Jan/2021:06:20:23 +0100] "GET /ticket2/opencms/en/buy/?page=1&edid=5B004ED5-15FD-EC78-6553-2B09565E5F76&sortorder=desc&column=price HTTP/1.1" 200 71064
5.9.66.153 - - [01/Jan/2021:06:20:25 +0100] "GET /ticket2/opencms/en/buy/?page=1&edid=5B004ED5-15FD-EC78-6553-2B09565E5F76&sortorder=desc&column=row HTTP/1.1" 200 71064
5.9.66.153 - - [01/Jan/2021:06:20:26 +0100] "GET /ticket2/opencms/en/buy/?page=1&edid=5B004ED5-15FD-EC78-6553-2B09565E5F76&sortorder=desc&column=section HTTP/1.1" 200 71064
167.114.64.97 - - [01/Jan/2021:06:20:27 +0100] "GET /ticket2/opencms/nl/buy/?page=1&edid=75FF6D71-09F5-D46B-0F5F-60B05A57DEC1&sortorder=desc&column=price HTTP/1.1" 200 68337
192.99.37.116 - - [01/Jan/2021:06:20:27 +0100] "GET /ticket2/opencms/ru/buy/?page=1&edid=D5D92891-B389-AB4D-D0C3-85E1E758B18E&sortorder=asc&column=row HTTP/1.1" 200 73274
5.9.66.153 - - [01/Jan/2021:06:20:28 +0100] "GET /ticket2/opencms/en/buy/?page=1&edid=5B44C847-C519-453A-1C31-3F14F0464A84 HTTP/1.1" 200 70868
66.249.66.157 - - [01/Jan/2021:06:20:29 +0100] "GET /ticket2/opencms/no/sport/fotballsbilletter/serie_a/roma/ HTTP/1.1" 200 66586
5.9.66.153 - - [01/Jan/2021:06:20:30 +0100] "GET /ticket2/opencms/en/buy/?page=1&edid=5B44C847-C519-453A-1C31-3F14F0464A84&sortorder=asc&column=price HTTP/1.1" 200 70904
54.36.148.250 - - [01/Jan/2021:06:20:31 +0100] "GET /ticket2/opencms/dk/venue/?venueid=15F8136B-CA21-08A9-E12F-B2DEA2740D74 HTTP/1.1" 200 65223
5.9.66.153 - - [01/Jan/2021:06:20:32 +0100] "GET /ticket2/opencms/en/buy/?page=1&edid=5B44C847-C519-453A-1C31-3F14F0464A84&sortorder=asc&column=row HTTP/1.1" 200 70904
5.9.66.153 - - [01/Jan/2021:06:20:33 +0100] "GET /ticket2/opencms/en/buy/?page=1&edid=5B44C847-C519-453A-1C31-3F14F0464A84&sortorder=asc&column=section HTTP/1.1" 200 70904
5.9.66.153 - - [01/Jan/2021:06:20:35 +0100] "GET /ticket2/opencms/en/buy/?page=1&edid=5B44C847-C519-453A-1C31-3F14F0464A84&sortorder=desc&column=price HTTP/1.1" 200 70903
5.9.66.153 - - [01/Jan/2021:06:20:37 +0100] "GET /ticket2/opencms/en/buy/?page=1&edid=5B44C847-C519-453A-1C31-3F14F0464A84&sortorder=desc&column=row HTTP/1.1" 200 70903
5.9.66.153 - - [01/Jan/2021:06:20:38 +0100] "GET /ticket2/opencms/en/buy/?page=1&edid=5B44C847-C519-453A-1C31-3F14F0464A84&sortorder=desc&column=section HTTP/1.1" 200 70903
5.9.66.153 - - [01/Jan/2021:06:20:40 +0100] "GET /ticket2/opencms/en/buy/?page=1&edid=5B929FF8-01EF-8AE8-C797-B6F340B4040A&sortorder=desc&column=row HTTP/1.1" 200 71315
167.114.159.99 - - [01/Jan/2021:06:20:41 +0100] "GET /ticket2/opencms/en/venue/?venueid=B7E496D3-47D0-180C-FDEA-256FBD380F8B HTTP/1.1" 200 65284
5.9.66.153 - - [01/Jan/2021:06:20:42 +0100] "GET /ticket2/opencms/en/buy/?page=1&edid=5BA08D04-98D8-B1F5-EAF0-E6471432D6C0 HTTP/1.1" 200 69226
213.136.75.74 - - [01/Jan/2021:06:20:43 +0100] "GET /ticket2/opencms/en/buy/?page=1&edid=91B54E6E-0900-756C-0831-B2A406984595&sortorder=asc&column=section HTTP/1.1" 200 69267
5.9.66.153 - - [01/Jan/2021:06:20:44 +0100] "GET /ticket2/opencms/en/buy/?page=1&edid=5BA08D04-98D8-B1F5-EAF0-E6471432D6C0&sortorder=asc&column=price HTTP/1.1" 200 69262
5.9.66.153 - - [01/Jan/2021:06:20:48 +0100] "GET /ticket2/opencms/en/buy/?page=1&edid=5BA08D04-98D8-B1F5-EAF0-E6471432D6C0&sortorder=asc&column=section HTTP/1.1" 200 69262
167.114.64.97 - - [01/Jan/2021:06:20:55 +0100] "GET /ticket2/opencms/nl/buy/?page=1&edid=779BC1FE-1DC8-FC01-87AD-5F72C1B982FD&sortorder=desc&column=row HTTP/1.1" 200 68304
5.9.66.153 - - [01/Jan/2021:06:20:58 +0100] "GET /ticket2/opencms/en/buy/?page=1&edid=5BA08D04-98D8-B1F5-EAF0-E6471432D6C0&sortorder=desc&column=row HTTP/1.1" 200 69261
167.114.159.99 - - [01/Jan/2021:06:21:00 +0100] "GET /ticket2/opencms/en/venue/?venueid=B89238A7-33DE-D8CE-390C-74DE6BAEC919 HTTP/1.1" 200 65204
192.99.37.116 - - [01/Jan/2021:06:21:00 +0100] "GET /ticket2/opencms/sv/buy/?page=1&edid=2B1AA646-ADF9-7B55-D435-A8E067CB534F&sortorder=asc&column=price HTTP/1.1" 200 70869
5.9.66.153 - - [01/Jan/2021:06:21:05 +0100] "GET /ticket2/opencms/en/buy/?page=1&edid=5BA08D04-98D8-B1F5-EAF0-E6471432D6C0&sortorder=desc&column=section HTTP/1.1" 200 69261
5.9.66.153 - - [01/Jan/2021:06:21:12 +0100] "GET /ticket2/opencms/en/buy/?page=1&edid=5BB2CDD4-9898-4E12-65F3-4ADBD5A99EE7 HTTP/1.1" 200 70848
213.136.75.74 - - [01/Jan/2021:06:21:14 +0100] "GET /ticket2/opencms/en/buy/?page=1&edid=91DDF8CB-A0D7-9256-36C1-E5D7093510F0&sortorder=asc&column=price HTTP/1.1" 200 69233
167.114.64.97 - - [01/Jan/2021:06:21:16 +0100] "GET /ticket2/opencms/nl/buy/?page=1&edid=77E96875-4D8B-3D4E-D441-77B59C16273C&sortorder=asc&column=price HTTP/1.1" 200 68335
5.9.66.153 - - [01/Jan/2021:06:21:16 +0100] "GET /ticket2/opencms/en/buy/?page=1&edid=5BC5AA7A-CEDD-6706-94CD-EF4C3C0CE65A HTTP/1.1" 200 71936
192.99.37.116 - - [01/Jan/2021:06:21:20 +0100] "GET /ticket2/opencms/sv/buy/?page=1&edid=2B1AA646-ADF9-7B55-D435-A8E067CB534F&sortorder=asc&column=section HTTP/1.1" 200 70869
5.9.66.153 - - [01/Jan/2021:06:21:22 +0100] "GET /ticket2/opencms/en/buy/?page=1&edid=5BC5AA7A-CEDD-6706-94CD-EF4C3C0CE65A&sortorder=asc&column=row HTTP/1.1" 200 71972
167.114.159.99 - - [01/Jan/2021:06:21:24 +0100] "GET /ticket2/opencms/en/venue/?venueid=B894268C-0147-908A-EB38-2DA2340DCC68 HTTP/1.1" 200 65200
5.9.66.153 - - [01/Jan/2021:06:21:25 +0100] "GET /ticket2/opencms/en/buy/?page=1&edid=5BC5AA7A-CEDD-6706-94CD-EF4C3C0CE65A&sortorder=desc&column=price HTTP/1.1" 200 71971
5.9.66.153 - - [01/Jan/2021:06:21:28 +0100] "GET /ticket2/opencms/en/buy/?page=1&edid=5BC5AA7A-CEDD-6706-94CD-EF4C3C0CE65A&sortorder=desc&column=section HTTP/1.1" 200 71971
5.9.66.153 - - [01/Jan/2021:06:21:31 +0100] "GET /ticket2/opencms/en/buy/?page=1&edid=5BF2C14A-1A24-5B26-442D-692CF2C87C70 HTTP/1.1" 200 69183
54.36.148.250 - - [01/Jan/2021:06:21:32 +0100] "GET /ticket2/opencms/dk/sport/fodboldbilletter/serie-a/sampdoria/ HTTP/1.1" 200 66159
5.9.66.153 - - [01/Jan/2021:06:21:33 +0100] "GET /ticket2/opencms/en/buy/?page=1&edid=5BF2C14A-1A24-5B26-442D-692CF2C87C70&sortorder=asc&column=price HTTP/1.1" 200 69219
213.136.75.74 - - [01/Jan/2021:06:21:34 +0100] "GET /ticket2/opencms/en/buy/?page=1&edid=91DDF8CB-A0D7-9256-36C1-E5D7093510F0&sortorder=asc&column=row HTTP/1.1" 200 69233
5.9.66.153 - - [01/Jan/2021:06:21:35 +0100] "GET /ticket2/opencms/en/buy/?page=1&edid=5BF2C14A-1A24-5B26-442D-692CF2C87C70&sortorder=asc&column=row HTTP/1.1" 200 69219
167.114.64.97 - - [01/Jan/2021:06:21:36 +0100] "GET /ticket2/opencms/nl/buy/?page=1&edid=77E96875-4D8B-3D4E-D441-77B59C16273C&sortorder=asc&column=row HTTP/1.1" 200 68335
5.9.66.153 - - [01/Jan/2021:06:21:37 +0100] "GET /ticket2/opencms/en/buy/?page=1&edid=5BF2C14A-1A24-5B26-442D-692CF2C87C70&sortorder=asc&column=section HTTP/1.1" 200 69219
192.99.37.116 - - [01/Jan/2021:06:21:37 +0100] "GET /ticket2/opencms/sv/buy/?page=1&edid=2E3308C6-12D0-B50B-7958-3212AA58F984&sortorder=asc&column=price HTTP/1.1" 200 70899
5.9.66.153 - - [01/Jan/2021:06:21:38 +0100] "GET /ticket2/opencms/en/buy/?page=1&edid=5BF2C14A-1A24-5B26-442D-692CF2C87C70&sortorder=desc&column=price HTTP/1.1" 200 69218
167.86.85.194 - - [01/Jan/2021:06:21:38 +0100] "GET /ticket2/opencms/en/buy/?page=1&edid=E4CCAEED-8E81-175A-FC4E-82AB9259F7C3&sortorder=desc&column=price HTTP/1.1" 200 72445
5.9.66.153 - - [01/Jan/2021:06:21:40 +0100] "GET /ticket2/opencms/en/buy/?page=1&edid=5BF2C14A-1A24-5B26-442D-692CF2C87C70&sortorder=desc&column=row HTTP/1.1" 200 69218
5.9.66.153 - - [01/Jan/2021:06:21:41 +0100] "GET /ticket2/opencms/en/buy/?page=1&edid=5BF2C14A-1A24-5B26-442D-692CF2C87C70&sortorder=desc&column=section HTTP/1.1" 200 69218
5.9.66.153 - - [01/Jan/2021:06:21:43 +0100] "GET /ticket2/opencms/en/buy/?page=1&edid=5C0BECD6-754F-CE6D-F6E5-BC4B5678134F HTTP/1.1" 200 70642
167.114.159.99 - - [01/Jan/2021:06:21:44 +0100] "GET /ticket2/opencms/en/venue/?venueid=B8C41EE7-7AF6-8871-AC03-F6E6E3E6DF47 HTTP/1.1" 200 65231
5.9.66.153 - - [01/Jan/2021:06:21:45 +0100] "GET /ticket2/opencms/en/buy/?page=1&edid=5C0BECD6-754F-CE6D-F6E5-BC4B5678134F&sortorder=asc&column=row HTTP/1.1" 200 70678
5.9.66.153 - - [01/Jan/2021:06:21:47 +0100] "GET /ticket2/opencms/en/buy/?page=1&edid=5C0BECD6-754F-CE6D-F6E5-BC4B5678134F&sortorder=asc&column=section HTTP/1.1" 200 70678
5.9.66.153 - - [01/Jan/2021:06:21:48 +0100] "GET /ticket2/opencms/en/buy/?page=1&edid=5C0BECD6-754F-CE6D-F6E5-BC4B5678134F&sortorder=desc&column=price HTTP/1.1" 200 70677
5.9.66.153 - - [01/Jan/2021:06:21:50 +0100] "GET /ticket2/opencms/en/buy/?page=1&edid=5C0BECD6-754F-CE6D-F6E5-BC4B5678134F&sortorder=desc&column=row HTTP/1.1" 200 70677
5.9.66.153 - - [01/Jan/2021:06:21:52 +0100] "GET /ticket2/opencms/en/buy/?page=1&edid=5C0BECD6-754F-CE6D-F6E5-BC4B5678134F&sortorder=desc&column=section HTTP/1.1" 200 70677
167.86.85.194 - - [01/Jan/2021:06:21:52 +0100] "GET /ticket2/opencms/en/buy/?page=1&edid=E4CCAEED-8E81-175A-FC4E-82AB9259F7C3&sortorder=desc&column=row HTTP/1.1" 200 72445
192.99.37.116 - - [01/Jan/2021:06:21:53 +0100] "GET /ticket2/opencms/sv/buy/?page=1&edid=2E3308C6-12D0-B50B-7958-3212AA58F984&sortorder=asc&column=row HTTP/1.1" 200 70899
5.9.66.153 - - [01/Jan/2021:06:21:53 +0100] "GET /ticket2/opencms/en/buy/?page=1&edid=5C70B1F0-4607-47F9-95A0-AADB29E20053&sortorder=asc&column=price HTTP/1.1" 200 71109
5.9.66.153 - - [01/Jan/2021:06:21:55 +0100] "GET /ticket2/opencms/en/buy/?page=1&edid=5C70B1F0-4607-47F9-95A0-AADB29E20053&sortorder=desc&column=row HTTP/1.1" 200 71108
213.136.75.74 - - [01/Jan/2021:06:21:57 +0100] "GET /ticket2/opencms/en/buy/?page=1&edid=91DDF8CB-A0D7-9256-36C1-E5D7093510F0&sortorder=asc&column=section HTTP/1.1" 200 69233
5.9.66.153 - - [01/Jan/2021:06:21:57 +0100] "GET /ticket2/opencms/en/buy/?page=1&edid=5C822312-AD78-519B-498C-5A897678D6CE&sortorder=asc&column=price HTTP/1.1" 200 71085
167.114.64.97 - - [01/Jan/2021:06:21:58 +0100] "GET /ticket2/opencms/nl/buy/?page=1&edid=77E96875-4D8B-3D4E-D441-77B59C16273C&sortorder=asc&column=section HTTP/1.1" 200 68335
5.9.66.153 - - [01/Jan/2021:06:21:59 +0100] "GET /ticket2/opencms/en/buy/?page=1&edid=5C822312-AD78-519B-498C-5A897678D6CE&sortorder=asc&column=row HTTP/1.1" 200 71085
167.86.85.194 - - [01/Jan/2021:06:22:01 +0100] "GET /ticket2/opencms/en/buy/?page=1&edid=E4CCAEED-8E81-175A-FC4E-82AB9259F7C3&sortorder=desc&column=section HTTP/1.1" 200 72445
5.9.66.153 - - [01/Jan/2021:06:22:01 +0100] "GET /ticket2/opencms/en/buy/?page=1&edid=5C822312-AD78-519B-498C-5A897678D6CE&sortorder=asc&column=section HTTP/1.1" 200 71085
5.9.66.153 - - [01/Jan/2021:06:22:02 +0100] "GET /ticket2/opencms/en/buy/?page=1&edid=5C822312-AD78-519B-498C-5A897678D6CE&sortorder=desc&column=price HTTP/1.1" 200 71084
167.114.159.99 - - [01/Jan/2021:06:22:04 +0100] "GET /ticket2/opencms/en/venue/?venueid=B8FCE929-249C-C67B-84CE-487EF2E25D2B HTTP/1.1" 200 65203
5.9.66.153 - - [01/Jan/2021:06:22:04 +0100] "GET /ticket2/opencms/en/buy/?page=1&edid=5C822312-AD78-519B-498C-5A897678D6CE&sortorder=desc&column=row HTTP/1.1" 200 71084
5.9.66.153 - - [01/Jan/2021:06:22:06 +0100] "GET /ticket2/opencms/en/buy/?page=1&edid=5C822312-AD78-519B-498C-5A897678D6CE&sortorder=desc&column=section HTTP/1.1" 200 71084
5.9.66.153 - - [01/Jan/2021:06:22:07 +0100] "GET /ticket2/opencms/en/buy/?page=1&edid=5D3490F3-F839-2240-D769-03196FCF2397 HTTP/1.1" 200 70874
5.9.66.153 - - [01/Jan/2021:06:22:09 +0100] "GET /ticket2/opencms/en/buy/?page=1&edid=5DFC1C75-440B-97E6-DA4A-D1AA767D8345&sortorder=asc&column=row HTTP/1.1" 200 69260
167.86.85.194 - - [01/Jan/2021:06:22:11 +0100] "GET /ticket2/opencms/en/buy/?page=1&edid=E4DD18A9-E2C7-8937-EAB2-A958CD187E94 HTTP/1.1" 200 69229
5.9.66.153 - - [01/Jan/2021:06:22:11 +0100] "GET /ticket2/opencms/en/buy/?page=1&edid=5FD7F878-D2A8-175B-E350-C7562F147410&sortorder=asc&column=row HTTP/1.1" 200 70671
5.9.66.153 - - [01/Jan/2021:06:22:13 +0100] "GET /ticket2/opencms/en/buy/?page=1&edid=5FD7F878-D2A8-175B-E350-C7562F147410&sortorder=desc&column=section HTTP/1.1" 200 70670
5.9.66.153 - - [01/Jan/2021:06:22:14 +0100] "GET /ticket2/opencms/en/buy/?page=1&edid=60568D5E-4AE2-DECA-CF16-91830AC196B8&sortorder=asc&column=section HTTP/1.1" 200 71969
167.86.85.194 - - [01/Jan/2021:06:22:15 +0100] "GET /ticket2/opencms/en/buy/?page=1&edid=E4DD18A9-E2C7-8937-EAB2-A958CD187E94&sortorder=asc&column=price HTTP/1.1" 200 69265
5.9.66.153 - - [01/Jan/2021:06:22:16 +0100] "GET /ticket2/opencms/en/buy/?page=1&edid=6082F16E-936D-95FC-7956-A001C0E49E14&sortorder=asc&column=section HTTP/1.1" 200 71636
213.136.75.74 - - [01/Jan/2021:06:22:17 +0100] "GET /ticket2/opencms/en/buy/?page=1&edid=925F0BF1-E4E2-ED3A-C832-D4FF2F52FC1D&sortorder=asc&column=price HTTP/1.1" 200 70644
5.9.66.153 - - [01/Jan/2021:06:22:18 +0100] "GET /ticket2/opencms/en/buy/?page=1&edid=6082F16E-936D-95FC-7956-A001C0E49E14&sortorder=desc&column=price HTTP/1.1" 200 71635
5.9.66.153 - - [01/Jan/2021:06:22:19 +0100] "GET /ticket2/opencms/en/buy/?page=1&edid=6082F16E-936D-95FC-7956-A001C0E49E14&sortorder=desc&column=row HTTP/1.1" 200 71635
192.99.37.116 - - [01/Jan/2021:06:22:21 +0100] "GET /ticket2/opencms/sv/buy/?page=1&edid=2E3308C6-12D0-B50B-7958-3212AA58F984&sortorder=asc&column=section HTTP/1.1" 200 70899
5.9.66.153 - - [01/Jan/2021:06:22:21 +0100] "GET /ticket2/opencms/en/buy/?page=1&edid=6082F16E-936D-95FC-7956-A001C0E49E14&sortorder=desc&column=section HTTP/1.1" 200 71635
167.114.64.97 - - [01/Jan/2021:06:22:22 +0100] "GET /ticket2/opencms/nl/buy/?page=1&edid=78BD40EF-49BE-5D68-4B5D-1EDC5A7F5BC3 HTTP/1.1" 200 70146
5.9.66.153 - - [01/Jan/2021:06:22:23 +0100] "GET /ticket2/opencms/en/buy/?page=1&edid=60A92E2C-5D4D-C143-3776-D1790FE7FB3F HTTP/1.1" 200 71600
5.9.66.153 - - [01/Jan/2021:06:22:25 +0100] "GET /ticket2/opencms/en/buy/?page=1&edid=60A92E2C-5D4D-C143-3776-D1790FE7FB3F&sortorder=asc&column=row HTTP/1.1" 200 71636
167.86.85.194 - - [01/Jan/2021:06:22:25 +0100] "GET /ticket2/opencms/en/buy/?page=1&edid=E4DD18A9-E2C7-8937-EAB2-A958CD187E94&sortorder=asc&column=row HTTP/1.1" 200 69265
5.9.66.153 - - [01/Jan/2021:06:22:26 +0100] "GET /ticket2/opencms/en/buy/?page=1&edid=60A92E2C-5D4D-C143-3776-D1790FE7FB3F&sortorder=asc&column=section HTTP/1.1" 200 71636
5.9.66.153 - - [01/Jan/2021:06:22:28 +0100] "GET /ticket2/opencms/en/buy/?page=1&edid=60A92E2C-5D4D-C143-3776-D1790FE7FB3F&sortorder=desc&column=price HTTP/1.1" 200 71635
5.9.66.153 - - [01/Jan/2021:06:22:30 +0100] "GET /ticket2/opencms/en/buy/?page=1&edid=60A92E2C-5D4D-C143-3776-D1790FE7FB3F&sortorder=desc&column=row HTTP/1.1" 200 71635
167.86.85.194 - - [01/Jan/2021:06:22:30 +0100] "GET /ticket2/opencms/en/buy/?page=1&edid=E4DD18A9-E2C7-8937-EAB2-A958CD187E94&sortorder=asc&column=section HTTP/1.1" 200 69265
167.114.159.99 - - [01/Jan/2021:06:22:31 +0100] "GET /ticket2/opencms/en/venue/?venueid=B949E0D0-6478-1385-BB77-53DBB861A93A HTTP/1.1" 200 65213
5.9.66.153 - - [01/Jan/2021:06:22:31 +0100] "GET /ticket2/opencms/en/buy/?page=1&edid=6148A2B2-D232-D389-97F0-A33D279676EB HTTP/1.1" 200 69220
5.9.66.153 - - [01/Jan/2021:06:22:33 +0100] "GET /ticket2/opencms/en/buy/?page=1&edid=6148A2B2-D232-D389-97F0-A33D279676EB&sortorder=asc&column=price HTTP/1.1" 200 69256
54.36.149.99 - - [01/Jan/2021:06:22:34 +0100] "GET /ticket2/opencms/dk/venue/?venueid=95424B46-EE34-8F04-CEF2-7CD33319ABE8 HTTP/1.1" 200 65253
5.9.66.153 - - [01/Jan/2021:06:22:35 +0100] "GET /ticket2/opencms/en/buy/?page=1&edid=6148A2B2-D232-D389-97F0-A33D279676EB&sortorder=asc&column=row HTTP/1.1" 200 69256
5.9.66.153 - - [01/Jan/2021:06:22:37 +0100] "GET /ticket2/opencms/en/buy/?page=1&edid=6148A2B2-D232-D389-97F0-A33D279676EB&sortorder=asc&column=section HTTP/1.1" 200 69256
192.99.37.116 - - [01/Jan/2021:06:22:38 +0100] "GET /ticket2/opencms/sv/buy/?page=1&edid=2F091351-AF20-DF8B-A6F9-E8968C10B28F&sortorder=asc&column=price HTTP/1.1" 200 70946
5.9.66.153 - - [01/Jan/2021:06:22:38 +0100] "GET /ticket2/opencms/en/buy/?page=1&edid=66C76335-2821-2C29-A7F9-1852A42A5737 HTTP/1.1" 200 71051
213.136.75.74 - - [01/Jan/2021:06:22:39 +0100] "GET /ticket2/opencms/en/buy/?page=1&edid=925F0BF1-E4E2-ED3A-C832-D4FF2F52FC1D&sortorder=asc&column=row HTTP/1.1" 200 70644
5.9.66.153 - - [01/Jan/2021:06:22:40 +0100] "GET /ticket2/opencms/en/buy/?page=1&edid=7E90DBCD-60B3-BF23-76BE-90EE3E78CAC8&sortorder=desc&column=price HTTP/1.1" 200 71562
5.9.66.153 - - [01/Jan/2021:06:22:42 +0100] "GET /ticket2/opencms/en/buy/?page=1&edid=7E90DBCD-60B3-BF23-76BE-90EE3E78CAC8&sortorder=desc&column=row HTTP/1.1" 200 71562
5.9.66.153 - - [01/Jan/2021:06:22:43 +0100] "GET /ticket2/opencms/en/buy/?page=1&edid=7E90DBCD-60B3-BF23-76BE-90EE3E78CAC8&sortorder=desc&column=section HTTP/1.1" 200 71562
5.9.66.153 - - [01/Jan/2021:06:22:45 +0100] "GET /ticket2/opencms/en/buy/?page=1&edid=7EA3B0D4-12B0-0F62-0A6A-54D3A5B7AFA8 HTTP/1.1" 200 70609
167.114.64.97 - - [01/Jan/2021:06:22:46 +0100] "GET /ticket2/opencms/nl/buy/?page=1&edid=7921910F-74F6-EA36-BF50-52319F322FAA HTTP/1.1" 200 68282
5.9.66.153 - - [01/Jan/2021:06:22:47 +0100] "GET /ticket2/opencms/en/buy/?page=1&edid=86B22EF0-74DD-1A9C-B56C-3EF17798A77C&sortorder=asc&column=row HTTP/1.1" 200 70878
167.86.85.194 - - [01/Jan/2021:06:22:48 +0100] "GET /ticket2/opencms/en/buy/?page=1&edid=E4F651AE-B2D8-F822-EEFA-BB149F022D35&sortorder=asc&column=section HTTP/1.1" 200 69250
5.9.66.153 - - [01/Jan/2021:06:22:49 +0100] "GET /ticket2/opencms/en/buy/?page=1&edid=86B22EF0-74DD-1A9C-B56C-3EF17798A77C&sortorder=asc&column=section HTTP/1.1" 200 70878
5.9.66.153 - - [01/Jan/2021:06:22:51 +0100] "GET /ticket2/opencms/en/buy/?page=1&edid=86B22EF0-74DD-1A9C-B56C-3EF17798A77C&sortorder=desc&column=price HTTP/1.1" 200 70877
5.9.66.153 - - [01/Jan/2021:06:22:52 +0100] "GET /ticket2/opencms/en/buy/?page=1&edid=88CE4BE0-00B2-6849-A0BE-AF415F692FD7&sortorder=desc&column=row HTTP/1.1" 200 70890
5.9.66.153 - - [01/Jan/2021:06:22:54 +0100] "GET /ticket2/opencms/en/buy/?page=1&edid=88CE4BE0-00B2-6849-A0BE-AF415F692FD7&sortorder=desc&column=section HTTP/1.1" 200 70890
167.114.159.99 - - [01/Jan/2021:06:22:55 +0100] "GET /ticket2/opencms/en/venue/?venueid=B9CBF21D-9B28-7AD2-F7DC-55BCA317CA29 HTTP/1.1" 200 65203
5.9.66.153 - - [01/Jan/2021:06:22:56 +0100] "GET /ticket2/opencms/en/buy/?page=1&edid=89031796-B452-457F-71D5-8E4480EB6D08 HTTP/1.1" 200 70347
167.86.85.194 - - [01/Jan/2021:06:22:56 +0100] "GET /ticket2/opencms/en/buy/?page=1&edid=E533D595-3E8C-1E1B-0865-8CC262EB530B&sortorder=asc&column=section HTTP/1.1" 200 71348
5.9.66.153 - - [01/Jan/2021:06:22:57 +0100] "GET /ticket2/opencms/en/buy/?page=1&edid=89031796-B452-457F-71D5-8E4480EB6D08&sortorder=asc&column=price HTTP/1.1" 200 70383
5.9.66.153 - - [01/Jan/2021:06:22:59 +0100] "GET /ticket2/opencms/en/buy/?page=1&edid=89031796-B452-457F-71D5-8E4480EB6D08&sortorder=asc&column=row HTTP/1.1" 200 70383
5.9.66.153 - - [01/Jan/2021:06:23:01 +0100] "GET /ticket2/opencms/en/buy/?page=1&edid=89031796-B452-457F-71D5-8E4480EB6D08&sortorder=desc&column=price HTTP/1.1" 200 70382
5.9.66.153 - - [01/Jan/2021:06:23:02 +0100] "GET /ticket2/opencms/en/buy/?page=1&edid=89031796-B452-457F-71D5-8E4480EB6D08&sortorder=desc&column=row HTTP/1.1" 200 70382
192.99.37.116 - - [01/Jan/2021:06:23:03 +0100] "GET /ticket2/opencms/sv/buy/?page=1&edid=2F091351-AF20-DF8B-A6F9-E8968C10B28F&sortorder=asc&column=row HTTP/1.1" 200 70946
213.136.75.74 - - [01/Jan/2021:06:23:03 +0100] "GET /ticket2/opencms/en/buy/?page=1&edid=925F0BF1-E4E2-ED3A-C832-D4FF2F52FC1D&sortorder=asc&column=section HTTP/1.1" 200 70644
5.9.66.153 - - [01/Jan/2021:06:23:04 +0100] "GET /ticket2/opencms/en/buy/?page=1&edid=892356ED-55B7-785D-1333-2729A9F26EDA&sortorder=asc&column=price HTTP/1.1" 200 70389
5.9.66.153 - - [01/Jan/2021:06:23:06 +0100] "GET /ticket2/opencms/en/buy/?page=1&edid=892356ED-55B7-785D-1333-2729A9F26EDA&sortorder=asc&column=row HTTP/1.1" 200 70389
5.9.66.153 - - [01/Jan/2021:06:23:07 +0100] "GET /ticket2/opencms/en/buy/?page=1&edid=892356ED-55B7-785D-1333-2729A9F26EDA&sortorder=asc&column=section HTTP/1.1" 200 70389
5.9.66.153 - - [01/Jan/2021:06:23:09 +0100] "GET /ticket2/opencms/en/buy/?page=1&edid=892356ED-55B7-785D-1333-2729A9F26EDA&sortorder=desc&column=row HTTP/1.1" 200 70388
5.9.66.153 - - [01/Jan/2021:06:23:11 +0100] "GET /ticket2/opencms/en/buy/?page=1&edid=892356ED-55B7-785D-1333-2729A9F26EDA&sortorder=desc&column=section HTTP/1.1" 200 70388
167.114.64.97 - - [01/Jan/2021:06:23:11 +0100] "GET /ticket2/opencms/nl/buy/?page=1&edid=79A7E23E-F2EF-CDF4-015B-B51B9E1E38BF&sortorder=asc&column=price HTTP/1.1" 200 69725
5.9.66.153 - - [01/Jan/2021:06:23:13 +0100] "GET /ticket2/opencms/en/buy/?page=1&edid=89268A35-7721-549B-97C2-C70D334D0EE0 HTTP/1.1" 200 70577
167.114.159.99 - - [01/Jan/2021:06:23:13 +0100] "GET /ticket2/opencms/en/venue/?venueid=B9E1C2A0-0847-2537-2C1B-EF8F5DAD4EC7 HTTP/1.1" 200 65221
5.9.66.153 - - [01/Jan/2021:06:23:14 +0100] "GET /ticket2/opencms/en/buy/?page=1&edid=89268A35-7721-549B-97C2-C70D334D0EE0&sortorder=asc&column=row HTTP/1.1" 200 70613
167.86.85.194 - - [01/Jan/2021:06:23:14 +0100] "GET /ticket2/opencms/en/buy/?page=1&edid=E533D595-3E8C-1E1B-0865-8CC262EB530B&sortorder=desc&column=price HTTP/1.1" 200 71347
5.9.66.153 - - [01/Jan/2021:06:23:16 +0100] "GET /ticket2/opencms/en/buy/?page=1&edid=89268A35-7721-549B-97C2-C70D334D0EE0&sortorder=asc&column=section HTTP/1.1" 200 70613
5.9.66.153 - - [01/Jan/2021:06:23:18 +0100] "GET /ticket2/opencms/en/buy/?page=1&edid=89268A35-7721-549B-97C2-C70D334D0EE0&sortorder=desc&column=price HTTP/1.1" 200 70612
167.86.85.194 - - [01/Jan/2021:06:23:18 +0100] "GET /ticket2/opencms/en/buy/?page=1&edid=E533D595-3E8C-1E1B-0865-8CC262EB530B&sortorder=desc&column=row HTTP/1.1" 200 71347
5.9.66.153 - - [01/Jan/2021:06:23:19 +0100] "GET /ticket2/opencms/en/buy/?page=1&edid=89268A35-7721-549B-97C2-C70D334D0EE0&sortorder=desc&column=section HTTP/1.1" 200 70612
5.9.66.153 - - [01/Jan/2021:06:23:21 +0100] "GET /ticket2/opencms/en/buy/?page=1&edid=89365D9E-E8E6-8CE1-36B2-DEA61AF8AFD0 HTTP/1.1" 200 71310
5.9.66.153 - - [01/Jan/2021:06:23:22 +0100] "GET /ticket2/opencms/en/buy/?page=1&edid=89365D9E-E8E6-8CE1-36B2-DEA61AF8AFD0&sortorder=asc&column=price HTTP/1.1" 200 71346
192.99.37.116 - - [01/Jan/2021:06:23:23 +0100] "GET /ticket2/opencms/sv/buy/?page=1&edid=2F091351-AF20-DF8B-A6F9-E8968C10B28F&sortorder=asc&column=section HTTP/1.1" 200 70946
5.9.66.153 - - [01/Jan/2021:06:23:24 +0100] "GET /ticket2/opencms/en/buy/?page=1&edid=89365D9E-E8E6-8CE1-36B2-DEA61AF8AFD0&sortorder=asc&column=row HTTP/1.1" 200 71346
213.136.75.74 - - [01/Jan/2021:06:23:25 +0100] "GET /ticket2/opencms/en/buy/?page=1&edid=92974E49-703A-F7F7-CF2E-C296D13B1DDD&sortorder=asc&column=price HTTP/1.1" 200 70643
5.9.66.153 - - [01/Jan/2021:06:23:26 +0100] "GET /ticket2/opencms/en/buy/?page=1&edid=893815F5-8F31-B83F-0EC5-2D18D755A941&sortorder=desc&column=price HTTP/1.1" 200 71320
5.9.66.153 - - [01/Jan/2021:06:23:28 +0100] "GET /ticket2/opencms/en/buy/?page=1&edid=89426793-268A-C03E-4926-A9BF00570688 HTTP/1.1" 200 71139
5.9.66.153 - - [01/Jan/2021:06:23:29 +0100] "GET /ticket2/opencms/en/buy/?page=1&edid=89426793-268A-C03E-4926-A9BF00570688&sortorder=asc&column=row HTTP/1.1" 200 71175
5.9.66.153 - - [01/Jan/2021:06:23:31 +0100] "GET /ticket2/opencms/en/buy/?page=1&edid=89512C49-9985-8A64-3ABD-3F9CEE88DFB0&sortorder=desc&column=price HTTP/1.1" 200 71109
5.9.66.153 - - [01/Jan/2021:06:23:33 +0100] "GET /ticket2/opencms/en/buy/?page=1&edid=8966FE65-DD89-AF49-60AF-333D24F62C80 HTTP/1.1" 200 70599
5.9.66.153 - - [01/Jan/2021:06:23:34 +0100] "GET /ticket2/opencms/en/buy/?page=1&edid=8966FE65-DD89-AF49-60AF-333D24F62C80&sortorder=asc&column=price HTTP/1.1" 200 70635
5.9.66.153 - - [01/Jan/2021:06:23:36 +0100] "GET /ticket2/opencms/en/buy/?page=1&edid=8966FE65-DD89-AF49-60AF-333D24F62C80&sortorder=asc&column=row HTTP/1.1" 200 70635
54.36.148.102 - - [01/Jan/2021:06:23:36 +0100] "GET /ticket2/opencms/dk/venue/?venueid=53EF7D3C-060E-89A6-0542-435CB2DFE1C0 HTTP/1.1" 200 65246
5.9.66.153 - - [01/Jan/2021:06:23:38 +0100] "GET /ticket2/opencms/en/buy/?page=1&edid=8966FE65-DD89-AF49-60AF-333D24F62C80&sortorder=asc&column=section HTTP/1.1" 200 70635
167.114.64.97 - - [01/Jan/2021:06:23:39 +0100] "GET /ticket2/opencms/nl/buy/?page=1&edid=79A7E23E-F2EF-CDF4-015B-B51B9E1E38BF&sortorder=asc&column=row HTTP/1.1" 200 69725
167.114.159.99 - - [01/Jan/2021:06:23:39 +0100] "GET /ticket2/opencms/en/venue/?venueid=BA726E61-6088-DAC3-1BB7-35F85C751C16 HTTP/1.1" 200 65224
5.9.66.153 - - [01/Jan/2021:06:23:39 +0100] "GET /ticket2/opencms/en/buy/?page=1&edid=8966FE65-DD89-AF49-60AF-333D24F62C80&sortorder=desc&column=price HTTP/1.1" 200 70634
5.9.66.153 - - [01/Jan/2021:06:23:41 +0100] "GET /ticket2/opencms/en/buy/?page=1&edid=8966FE65-DD89-AF49-60AF-333D24F62C80&sortorder=desc&column=row HTTP/1.1" 200 70634
5.9.66.153 - - [01/Jan/2021:06:23:42 +0100] "GET /ticket2/opencms/en/buy/?page=1&edid=89B5BC21-DFC5-A583-044D-A124553B319B&sortorder=desc&column=price HTTP/1.1" 200 69263
192.99.37.116 - - [01/Jan/2021:06:23:43 +0100] "GET /ticket2/opencms/sv/buy/?page=1&edid=4724E241-4EDF-6BA5-B9E1-0A7235D75886&sortorder=asc&column=price HTTP/1.1" 200 69489
213.136.75.74 - - [01/Jan/2021:06:23:44 +0100] "GET /ticket2/opencms/en/buy/?page=1&edid=92974E49-703A-F7F7-CF2E-C296D13B1DDD&sortorder=asc&column=row HTTP/1.1" 200 70643
5.9.66.153 - - [01/Jan/2021:06:23:44 +0100] "GET /ticket2/opencms/en/buy/?page=1&edid=89B5BC21-DFC5-A583-044D-A124553B319B&sortorder=desc&column=section HTTP/1.1" 200 69263
5.9.66.153 - - [01/Jan/2021:06:23:46 +0100] "GET /ticket2/opencms/en/buy/?page=1&edid=89C566A5-5FFC-DAD3-20E6-0FE0DBE44677&sortorder=asc&column=price HTTP/1.1" 200 71638
167.86.85.194 - - [01/Jan/2021:06:23:46 +0100] "GET /ticket2/opencms/en/buy/?page=1&edid=E533D595-3E8C-1E1B-0865-8CC262EB530B&sortorder=desc&column=section HTTP/1.1" 200 71347
5.9.66.153 - - [01/Jan/2021:06:23:48 +0100] "GET /ticket2/opencms/en/buy/?page=1&edid=89C566A5-5FFC-DAD3-20E6-0FE0DBE44677&sortorder=asc&column=row HTTP/1.1" 200 71638
5.9.66.153 - - [01/Jan/2021:06:23:49 +0100] "GET /ticket2/opencms/en/buy/?page=1&edid=89C566A5-5FFC-DAD3-20E6-0FE0DBE44677&sortorder=desc&column=price HTTP/1.1" 200 71637
5.9.66.153 - - [01/Jan/2021:06:23:51 +0100] "GET /ticket2/opencms/en/buy/?page=1&edid=89C566A5-5FFC-DAD3-20E6-0FE0DBE44677&sortorder=desc&column=row HTTP/1.1" 200 71637
5.9.66.153 - - [01/Jan/2021:06:23:53 +0100] "GET /ticket2/opencms/en/buy/?page=1&edid=89C566A5-5FFC-DAD3-20E6-0FE0DBE44677&sortorder=desc&column=section HTTP/1.1" 200 71637
5.9.66.153 - - [01/Jan/2021:06:23:55 +0100] "GET /ticket2/opencms/en/buy/?page=1&edid=89D89E9E-8D04-F641-B1B5-F18BACE2A9FB HTTP/1.1" 200 69200
5.9.66.153 - - [01/Jan/2021:06:23:56 +0100] "GET /ticket2/opencms/en/buy/?page=1&edid=89EB6B62-1232-67FD-DD56-04D64BB6BA22&sortorder=asc&column=price HTTP/1.1" 200 70878
213.136.75.74 - - [01/Jan/2021:06:23:57 +0100] "GET /ticket2/opencms/en/buy/?page=1&edid=92974E49-703A-F7F7-CF2E-C296D13B1DDD&sortorder=asc&column=section HTTP/1.1" 200 70643
167.86.85.194 - - [01/Jan/2021:06:23:57 +0100] "GET /ticket2/opencms/en/buy/?page=1&edid=E5717319-73D8-DE0E-B7AA-AA889F763447 HTTP/1.1" 200 71151
5.9.66.153 - - [01/Jan/2021:06:23:58 +0100] "GET /ticket2/opencms/en/buy/?page=1&edid=89EB6B62-1232-67FD-DD56-04D64BB6BA22&sortorder=asc&column=row HTTP/1.1" 200 70878
5.9.66.153 - - [01/Jan/2021:06:23:59 +0100] "GET /ticket2/opencms/en/buy/?page=1&edid=89EB6B62-1232-67FD-DD56-04D64BB6BA22&sortorder=desc&column=price HTTP/1.1" 200 70877
167.114.64.97 - - [01/Jan/2021:06:24:01 +0100] "GET /ticket2/opencms/nl/buy/?page=1&edid=79FF727E-612E-3C04-A008-7FA1968B75C1 HTTP/1.1" 200 71279
192.99.37.116 - - [01/Jan/2021:06:24:04 +0100] "GET /ticket2/opencms/sv/buy/?page=1&edid=4724E241-4EDF-6BA5-B9E1-0A7235D75886&sortorder=asc&column=row HTTP/1.1" 200 69489
167.114.159.99 - - [01/Jan/2021:06:24:05 +0100] "GET /ticket2/opencms/en/venue/?venueid=BA793AD9-A454-8FFD-47A5-AE4980F853A5 HTTP/1.1" 200 65212
213.136.75.74 - - [01/Jan/2021:06:24:09 +0100] "GET /ticket2/opencms/en/buy/?page=1&edid=92974E49-703A-F7F7-CF2E-C296D13B1DDD&sortorder=desc&column=section HTTP/1.1" 200 70642
167.86.85.194 - - [01/Jan/2021:06:24:11 +0100] "GET /ticket2/opencms/en/buy/?page=1&edid=E5717319-73D8-DE0E-B7AA-AA889F763447&sortorder=asc&column=price HTTP/1.1" 200 71187
167.114.64.97 - - [01/Jan/2021:06:24:20 +0100] "GET /ticket2/opencms/nl/buy/?page=1&edid=7A3FA477-85FC-B8DC-D245-B224FB4AD223&sortorder=asc&column=price HTTP/1.1" 200 68330
114.119.159.26 - - [01/Jan/2021:06:24:21 +0100] "GET /ticket2/opencms/dk/buy/?page=1&edid=BDEBDFC7-284E-9E6E-D1BB-65EBB5818C8B&sortorder=desc&column=price HTTP/1.1" 200 70978
213.136.75.74 - - [01/Jan/2021:06:24:25 +0100] "GET /ticket2/opencms/en/buy/?page=1&edid=92BBD595-A279-5DD9-FD4E-4182B24A479F&sortorder=asc&column=price HTTP/1.1" 200 69267
167.86.85.194 - - [01/Jan/2021:06:24:27 +0100] "GET /ticket2/opencms/en/buy/?page=1&edid=E58AAC5D-846B-EA7D-01BD-6FBB3D78E282 HTTP/1.1" 200 70592
167.114.159.99 - - [01/Jan/2021:06:24:30 +0100] "GET /ticket2/opencms/en/venue/?venueid=BA7F5070-8E85-86F6-14CE-D436C8666BBE HTTP/1.1" 200 65225
213.136.75.74 - - [01/Jan/2021:06:24:36 +0100] "GET /ticket2/opencms/en/buy/?page=1&edid=92BBD595-A279-5DD9-FD4E-4182B24A479F&sortorder=asc&column=row HTTP/1.1" 200 69267
54.36.148.60 - - [01/Jan/2021:06:24:41 +0100] "GET /ticket2/opencms/dk/venue/?venueid=62E87565-D10E-37EE-660F-D1D9C793A251 HTTP/1.1" 200 65258
167.114.64.97 - - [01/Jan/2021:06:24:48 +0100] "GET /ticket2/opencms/nl/buy/?page=1&edid=7A3FA477-85FC-B8DC-D245-B224FB4AD223&sortorder=asc&column=row HTTP/1.1" 200 68330
167.86.85.194 - - [01/Jan/2021:06:24:48 +0100] "GET /ticket2/opencms/en/buy/?page=1&edid=E58AAC5D-846B-EA7D-01BD-6FBB3D78E282&sortorder=asc&column=price HTTP/1.1" 200 70628
213.136.75.74 - - [01/Jan/2021:06:24:49 +0100] "GET /ticket2/opencms/en/buy/?page=1&edid=92BBD595-A279-5DD9-FD4E-4182B24A479F&sortorder=asc&column=section HTTP/1.1" 200 69267
167.86.85.194 - - [01/Jan/2021:06:24:52 +0100] "GET /ticket2/opencms/en/buy/?page=1&edid=E58AAC5D-846B-EA7D-01BD-6FBB3D78E282&sortorder=asc&column=row HTTP/1.1" 200 70628
167.114.159.99 - - [01/Jan/2021:06:24:52 +0100] "GET /ticket2/opencms/en/venue/?venueid=BB4E41F7-ED8B-8F32-5D05-ADA090F513A1 HTTP/1.1" 200 65197
213.136.75.74 - - [01/Jan/2021:06:25:01 +0100] "GET /ticket2/opencms/en/buy/?page=1&edid=947EBC23-4C69-7D7A-6FCA-3CCF3056C531&sortorder=asc&column=price HTTP/1.1" 200 69223
213.136.75.74 - - [01/Jan/2021:06:25:06 +0100] "GET /ticket2/opencms/en/buy/?page=1&edid=947EBC23-4C69-7D7A-6FCA-3CCF3056C531&sortorder=asc&column=row HTTP/1.1" 200 69223
167.114.64.97 - - [01/Jan/2021:06:25:07 +0100] "GET /ticket2/opencms/nl/buy/?page=1&edid=7A3FA477-85FC-B8DC-D245-B224FB4AD223&sortorder=asc&column=section HTTP/1.1" 200 68330
167.86.85.194 - - [01/Jan/2021:06:25:11 +0100] "GET /ticket2/opencms/en/buy/?page=1&edid=E58AAC5D-846B-EA7D-01BD-6FBB3D78E282&sortorder=asc&column=section HTTP/1.1" 200 70628
167.114.159.99 - - [01/Jan/2021:06:25:14 +0100] "GET /ticket2/opencms/en/venue/?venueid=BDC122B7-07E3-B2DA-27F2-6C9BA9CA15EB HTTP/1.1" 200 65293
216.245.221.83 - - [01/Jan/2021:06:25:19 +0100] "HEAD /ticket2/opencms/ HTTP/1.1" 302 -
213.136.75.74 - - [01/Jan/2021:06:25:19 +0100] "GET /ticket2/opencms/en/buy/?page=1&edid=947EBC23-4C69-7D7A-6FCA-3CCF3056C531&sortorder=asc&column=section HTTP/1.1" 200 69223
216.245.221.83 - - [01/Jan/2021:06:25:19 +0100] "HEAD /ticket2/opencms/en/ HTTP/1.1" 200 -
167.86.85.194 - - [01/Jan/2021:06:25:27 +0100] "GET /ticket2/opencms/en/buy/?page=1&edid=E58AAC5D-846B-EA7D-01BD-6FBB3D78E282&sortorder=desc&column=price HTTP/1.1" 200 70627
213.136.75.74 - - [01/Jan/2021:06:25:29 +0100] "GET /ticket2/opencms/en/buy/?page=1&edid=958AB6CE-C703-9A46-1021-58F958A23D2F&sortorder=asc&column=price HTTP/1.1" 200 69227
167.114.64.97 - - [01/Jan/2021:06:25:31 +0100] "GET /ticket2/opencms/nl/buy/?page=1&edid=7A7AA818-DDC7-0640-E83C-722520D16871&sortorder=asc&column=price HTTP/1.1" 200 71049
213.136.75.74 - - [01/Jan/2021:06:25:38 +0100] "GET /ticket2/opencms/en/buy/?page=1&edid=958AB6CE-C703-9A46-1021-58F958A23D2F&sortorder=asc&column=row HTTP/1.1" 200 69227
167.114.159.99 - - [01/Jan/2021:06:25:40 +0100] "GET /ticket2/opencms/en/venue/?venueid=C193D8AF-9A65-C470-2EE4-1ED9D3240C58 HTTP/1.1" 200 65263
54.36.148.127 - - [01/Jan/2021:06:25:44 +0100] "GET /ticket2/opencms/fi/urheilu/jalkapallo/la-liga/real-madrid/ HTTP/1.1" 200 69952
167.86.85.194 - - [01/Jan/2021:06:25:46 +0100] "GET /ticket2/opencms/en/buy/?page=1&edid=E58AAC5D-846B-EA7D-01BD-6FBB3D78E282&sortorder=desc&column=section HTTP/1.1" 200 70627
167.114.64.97 - - [01/Jan/2021:06:25:52 +0100] "GET /ticket2/opencms/nl/buy/?page=1&edid=7A7AA818-DDC7-0640-E83C-722520D16871&sortorder=asc&column=row HTTP/1.1" 200 71049
213.136.75.74 - - [01/Jan/2021:06:25:56 +0100] "GET /ticket2/opencms/en/buy/?page=1&edid=958AB6CE-C703-9A46-1021-58F958A23D2F&sortorder=asc&column=section HTTP/1.1" 200 69227
167.114.159.99 - - [01/Jan/2021:06:26:00 +0100] "GET /ticket2/opencms/en/venue/?venueid=C1C3AD36-D0CD-15F9-9ECB-C1BCEE4FC056 HTTP/1.1" 200 65212
213.136.75.74 - - [01/Jan/2021:06:26:09 +0100] "GET /ticket2/opencms/en/buy/?page=1&edid=959C78A0-FD4F-927B-91FE-B14712A9B8D2&sortorder=asc&column=price HTTP/1.1" 200 69252
167.86.85.194 - - [01/Jan/2021:06:26:09 +0100] "GET /ticket2/opencms/en/buy/?page=1&edid=E5D1B5BB-FD1E-00B5-33D3-0488A6B94D06 HTTP/1.1" 200 70863
