144.76.137.254 - - [01/Jan/2021:07:20:40 +0100] "GET /ticket2/opencms/ru/buy/?page=1&edid=E985A176-1832-1AAF-F607-88AFA6E6A83A&sortorder=desc&column=row HTTP/1.1" 200 70228
167.114.159.99 - - [01/Jan/2021:07:20:41 +0100] "GET /ticket2/opencms/fi/buy/?page=1&edid=40E208E9-E9D2-9A29-B20B-71CB88763633&sortorder=asc&column=section HTTP/1.1" 200 70626
144.76.137.254 - - [01/Jan/2021:07:20:44 +0100] "GET /ticket2/opencms/ru/buy/?page=1&edid=E985A176-1832-1AAF-F607-88AFA6E6A83A&sortorder=desc&column=section HTTP/1.1" 200 70228
167.114.64.97 - - [01/Jan/2021:07:20:48 +0100] "GET /ticket2/opencms/nl/buy/?page=6&comcatid=A17713B6-D984-201A-4143-ED4DB5ED5C2E&catid=7EF04817-972D-18B1-F941-DE800D088075&eventid=6E65C3C1-CC84-364A-88B0-949189AC9973 HTTP/1.1" 200 74897
144.76.137.254 - - [01/Jan/2021:07:20:52 +0100] "GET /ticket2/opencms/ru/buy/?page=1&edid=EA4215C4-A531-3AA1-F5C8-7876150DB70F&sortorder=desc&column=price HTTP/1.1" 200 70226
144.76.137.254 - - [01/Jan/2021:07:20:56 +0100] "GET /ticket2/opencms/ru/buy/?page=1&edid=EA4215C4-A531-3AA1-F5C8-7876150DB70F&sortorder=desc&column=row HTTP/1.1" 200 70226
114.119.150.56 - - [01/Jan/2021:07:20:57 +0100] "GET /ticket2/opencms/dk/venue/?venueid=FEFFA494-F540-CC06-6252-E0665BBF6766 HTTP/1.1" 200 65213
144.76.137.254 - - [01/Jan/2021:07:21:04 +0100] "GET /ticket2/opencms/ru/buy/?page=1&edid=EA4215C4-A531-3AA1-F5C8-7876150DB70F&sortorder=desc&column=section HTTP/1.1" 200 70226
144.76.137.254 - - [01/Jan/2021:07:21:08 +0100] "GET /ticket2/opencms/ru/buy/?page=1&edid=EAE87A4E-DAA7-6890-BCFA-32689A22D579&sortorder=asc&column=row HTTP/1.1" 200 71718
144.76.176.171 - - [01/Jan/2021:07:21:15 +0100] "GET /ticket2/opencms/en/buy/?page=1&edid=04B62BE8-DBA1-6837-BCBE-53D7E0288921&sortorder=asc&column=price HTTP/1.1" 200 70915
144.76.137.254 - - [01/Jan/2021:07:21:15 +0100] "GET /ticket2/opencms/ru/buy/?page=1&edid=EAE87A4E-DAA7-6890-BCFA-32689A22D579&sortorder=asc&column=section HTTP/1.1" 200 71718
144.76.176.171 - - [01/Jan/2021:07:21:19 +0100] "GET /ticket2/opencms/en/buy/?page=1&edid=04B62BE8-DBA1-6837-BCBE-53D7E0288921&sortorder=asc&column=row HTTP/1.1" 200 70915
167.114.64.97 - - [01/Jan/2021:07:21:19 +0100] "GET /ticket2/opencms/nl/buy/?page=6&comcatid=A17713B6-D984-201A-4143-ED4DB5ED5C2E&catid=7EF04817-972D-18B1-F941-DE800D088075&eventid=BDF427BA-D305-D3BD-5CA1-13CA0FF92DCD HTTP/1.1" 200 74897
54.36.148.250 - - [01/Jan/2021:07:21:19 +0100] "GET /ticket2/opencms/dk/venue/?venueid=7D8DF134-6F27-D920-88FC-4F540A20C7A1 HTTP/1.1" 200 65241
144.76.137.254 - - [01/Jan/2021:07:21:23 +0100] "GET /ticket2/opencms/ru/buy/?page=1&edid=EB0CA141-CCC6-93C0-7C20-669914FE332B&sortorder=asc&column=row HTTP/1.1" 200 70237
144.76.176.171 - - [01/Jan/2021:07:21:24 +0100] "GET /ticket2/opencms/en/buy/?page=1&edid=04B62BE8-DBA1-6837-BCBE-53D7E0288921&sortorder=asc&column=section HTTP/1.1" 200 70915
167.114.159.99 - - [01/Jan/2021:07:21:25 +0100] "GET /ticket2/opencms/fi/buy/?page=1&edid=41B0AD3F-D5B6-C8C5-9D9D-00306E5C1BE4&sortorder=asc&column=price HTTP/1.1" 200 72712
144.76.137.254 - - [01/Jan/2021:07:21:28 +0100] "GET /ticket2/opencms/ru/buy/?page=1&edid=EB0CA141-CCC6-93C0-7C20-669914FE332B&sortorder=asc&column=section HTTP/1.1" 200 70237
144.76.176.171 - - [01/Jan/2021:07:21:31 +0100] "GET /ticket2/opencms/en/buy/?page=1&edid=050CB67E-35BA-437D-E1E2-B5E18B72F0DE&sortorder=asc&column=section HTTP/1.1" 200 69279
144.76.137.254 - - [01/Jan/2021:07:21:34 +0100] "GET /ticket2/opencms/ru/buy/?page=1&edid=EB9B2650-FD8D-90CB-E889-0D0B52112AB1&sortorder=desc&column=price HTTP/1.1" 200 72135
144.76.137.254 - - [01/Jan/2021:07:21:39 +0100] "GET /ticket2/opencms/ru/buy/?page=1&edid=EB9B2650-FD8D-90CB-E889-0D0B52112AB1&sortorder=desc&column=row HTTP/1.1" 200 72135
144.76.176.171 - - [01/Jan/2021:07:21:39 +0100] "GET /ticket2/opencms/en/buy/?page=1&edid=05F86DD4-CB96-77CC-A2C4-956B920EDAF0&sortorder=asc&column=price HTTP/1.1" 200 69243
144.76.176.171 - - [01/Jan/2021:07:21:42 +0100] "GET /ticket2/opencms/en/buy/?page=1&edid=05F86DD4-CB96-77CC-A2C4-956B920EDAF0&sortorder=asc&column=row HTTP/1.1" 200 69243
144.76.137.254 - - [01/Jan/2021:07:21:44 +0100] "GET /ticket2/opencms/ru/buy/?page=1&edid=EBA49F8A-33E9-0C95-472B-EF6292B7073A&sortorder=desc&column=price HTTP/1.1" 200 72154
144.76.176.171 - - [01/Jan/2021:07:21:47 +0100] "GET /ticket2/opencms/en/buy/?page=1&edid=05F86DD4-CB96-77CC-A2C4-956B920EDAF0&sortorder=asc&column=section HTTP/1.1" 200 69243
167.114.64.97 - - [01/Jan/2021:07:21:51 +0100] "GET /ticket2/opencms/nl/buy/?page=6&comcatid=A17713B6-D984-201A-4143-ED4DB5ED5C2E&catid=7EF04817-972D-18B1-F941-DE800D088075&eventid=D20AEE76-0C6D-4D55-53BC-B2C548623718 HTTP/1.1" 200 74897
144.76.137.254 - - [01/Jan/2021:07:21:51 +0100] "GET /ticket2/opencms/ru/buy/?page=1&edid=EBA49F8A-33E9-0C95-472B-EF6292B7073A&sortorder=desc&column=section HTTP/1.1" 200 72154
144.76.176.171 - - [01/Jan/2021:07:21:51 +0100] "GET /ticket2/opencms/en/buy/?page=1&edid=06AB1029-8E21-0855-E286-967CAD2386CB&sortorder=asc&column=section HTTP/1.1" 200 69223
144.76.137.254 - - [01/Jan/2021:07:21:55 +0100] "GET /ticket2/opencms/ru/buy/?page=1&edid=EBA786FA-4ADC-6FC7-09BC-4C062DE1E690&sortorder=desc&column=price HTTP/1.1" 200 72135
144.76.176.171 - - [01/Jan/2021:07:21:55 +0100] "GET /ticket2/opencms/en/buy/?page=1&edid=075E3C70-69A2-5F4E-D9C5-90A6A85ED3CA&sortorder=asc&column=row HTTP/1.1" 200 71139
144.76.137.254 - - [01/Jan/2021:07:22:00 +0100] "GET /ticket2/opencms/ru/buy/?page=1&edid=EBA786FA-4ADC-6FC7-09BC-4C062DE1E690&sortorder=desc&column=row HTTP/1.1" 200 72135
144.76.176.171 - - [01/Jan/2021:07:22:01 +0100] "GET /ticket2/opencms/en/buy/?page=1&edid=075E3C70-69A2-5F4E-D9C5-90A6A85ED3CA&sortorder=asc&column=section HTTP/1.1" 200 71139
144.76.176.171 - - [01/Jan/2021:07:22:07 +0100] "GET /ticket2/opencms/en/buy/?page=1&edid=084D3613-4DE5-15A7-530E-01CB2F29C93C&sortorder=asc&column=price HTTP/1.1" 200 71321
144.76.137.254 - - [01/Jan/2021:07:22:08 +0100] "GET /ticket2/opencms/ru/buy/?page=1&edid=EBA786FA-4ADC-6FC7-09BC-4C062DE1E690&sortorder=desc&column=section HTTP/1.1" 200 72135
144.76.176.171 - - [01/Jan/2021:07:22:12 +0100] "GET /ticket2/opencms/en/buy/?page=1&edid=084D3613-4DE5-15A7-530E-01CB2F29C93C&sortorder=asc&column=row HTTP/1.1" 200 71321
167.114.64.97 - - [01/Jan/2021:07:22:15 +0100] "GET /ticket2/opencms/nl/buy/?page=6&comcatid=A17713B6-D984-201A-4143-ED4DB5ED5C2E&catid=8AA488FA-6797-D710-8108-3088D6948FC1&eventid=06AE2380-A6F7-093A-044D-ABAEB16E14EB HTTP/1.1" 200 74883
144.76.137.254 - - [01/Jan/2021:07:22:15 +0100] "GET /ticket2/opencms/ru/buy/?page=1&edid=ECAFD30A-D6B7-326B-9366-FA9494A40932&sortorder=desc&column=price HTTP/1.1" 200 72351
167.114.159.99 - - [01/Jan/2021:07:22:17 +0100] "GET /ticket2/opencms/fi/buy/?page=1&edid=41B0AD3F-D5B6-C8C5-9D9D-00306E5C1BE4&sortorder=asc&column=row HTTP/1.1" 200 72712
144.76.176.171 - - [01/Jan/2021:07:22:18 +0100] "GET /ticket2/opencms/en/buy/?page=1&edid=084D3613-4DE5-15A7-530E-01CB2F29C93C&sortorder=asc&column=section HTTP/1.1" 200 71321
144.76.176.171 - - [01/Jan/2021:07:22:22 +0100] "GET /ticket2/opencms/en/buy/?page=1&edid=086493B2-4FAE-720B-9DC9-31BDBD7FEDFB&sortorder=asc&column=row HTTP/1.1" 200 69272
144.76.137.254 - - [01/Jan/2021:07:22:22 +0100] "GET /ticket2/opencms/ru/buy/?page=1&edid=ECAFD30A-D6B7-326B-9366-FA9494A40932&sortorder=desc&column=row HTTP/1.1" 200 72351
216.18.204.210 - - [01/Jan/2021:07:22:23 +0100] "GET /ticket2/opencms/no/buy/?page=1&edid=67A31EC9-82B4-3111-C328-5A8583423072&sortorder=asc&column=price HTTP/1.1" 200 71729
144.76.137.254 - - [01/Jan/2021:07:22:27 +0100] "GET /ticket2/opencms/ru/buy/?page=1&edid=ECCFCD56-CDE6-D952-3D65-E04329E8C64B&sortorder=desc&column=price HTTP/1.1" 200 70245
144.76.176.171 - - [01/Jan/2021:07:22:29 +0100] "GET /ticket2/opencms/en/buy/?page=1&edid=08E81FC5-D320-68EA-EE85-15968176C948&sortorder=asc&column=price HTTP/1.1" 200 70879
144.76.176.171 - - [01/Jan/2021:07:22:34 +0100] "GET /ticket2/opencms/en/buy/?page=1&edid=08E81FC5-D320-68EA-EE85-15968176C948&sortorder=asc&column=row HTTP/1.1" 200 70879
144.76.137.254 - - [01/Jan/2021:07:22:35 +0100] "GET /ticket2/opencms/ru/buy/?page=1&edid=ED355133-64B5-D287-7B51-479FB14F8AF3&sortorder=asc&column=price HTTP/1.1" 200 73002
167.114.64.97 - - [01/Jan/2021:07:22:37 +0100] "GET /ticket2/opencms/nl/buy/?page=6&comcatid=A17713B6-D984-201A-4143-ED4DB5ED5C2E&catid=8AA488FA-6797-D710-8108-3088D6948FC1&eventid=C859645B-E499-4DDF-A61E-2A9CEAB6A43E HTTP/1.1" 200 74883
144.76.137.254 - - [01/Jan/2021:07:22:40 +0100] "GET /ticket2/opencms/ru/buy/?page=1&edid=ED355133-64B5-D287-7B51-479FB14F8AF3&sortorder=asc&column=row HTTP/1.1" 200 73002
144.76.176.171 - - [01/Jan/2021:07:22:42 +0100] "GET /ticket2/opencms/en/buy/?page=1&edid=08E81FC5-D320-68EA-EE85-15968176C948&sortorder=asc&column=section HTTP/1.1" 200 70879
54.36.148.250 - - [01/Jan/2021:07:22:43 +0100] "GET /ticket2/opencms/dk/venue/?venueid=FAA326B5-8F35-0D52-6643-3316F08C9C34 HTTP/1.1" 200 65229
144.76.176.171 - - [01/Jan/2021:07:22:46 +0100] "GET /ticket2/opencms/en/buy/?page=1&edid=0B66C0ED-F330-0E66-98ED-3B05F1580DB7&sortorder=asc&column=price HTTP/1.1" 200 70623
144.76.137.254 - - [01/Jan/2021:07:22:47 +0100] "GET /ticket2/opencms/ru/buy/?page=1&edid=EE0B5545-A4DD-24A5-CE2A-0376591DD1C7&sortorder=desc&column=price HTTP/1.1" 200 70232
144.76.137.254 - - [01/Jan/2021:07:22:53 +0100] "GET /ticket2/opencms/ru/buy/?page=1&edid=EE0B5545-A4DD-24A5-CE2A-0376591DD1C7&sortorder=desc&column=row HTTP/1.1" 200 70232
144.76.176.171 - - [01/Jan/2021:07:22:57 +0100] "GET /ticket2/opencms/en/buy/?page=1&edid=0B66C0ED-F330-0E66-98ED-3B05F1580DB7&sortorder=asc&column=row HTTP/1.1" 200 70623
144.76.137.254 - - [01/Jan/2021:07:22:57 +0100] "GET /ticket2/opencms/ru/buy/?page=1&edid=EE0B5545-A4DD-24A5-CE2A-0376591DD1C7&sortorder=desc&column=section HTTP/1.1" 200 70232
167.114.159.99 - - [01/Jan/2021:07:22:59 +0100] "GET /ticket2/opencms/fi/buy/?page=1&edid=41B0AD3F-D5B6-C8C5-9D9D-00306E5C1BE4&sortorder=asc&column=section HTTP/1.1" 200 72712
144.76.176.171 - - [01/Jan/2021:07:23:01 +0100] "GET /ticket2/opencms/en/buy/?page=1&edid=0B66C0ED-F330-0E66-98ED-3B05F1580DB7&sortorder=asc&column=section HTTP/1.1" 200 70623
144.76.137.254 - - [01/Jan/2021:07:23:05 +0100] "GET /ticket2/opencms/ru/buy/?page=1&edid=EE24B254-1FB8-6601-5783-BFE404E37C0C&sortorder=desc&column=price HTTP/1.1" 200 72353
144.76.176.171 - - [01/Jan/2021:07:23:09 +0100] "GET /ticket2/opencms/en/buy/?page=1&edid=0BDDE4B9-AAB0-03E7-CA27-8EE4DAC570B1&sortorder=asc&column=price HTTP/1.1" 200 69264
144.76.137.254 - - [01/Jan/2021:07:23:12 +0100] "GET /ticket2/opencms/ru/buy/?page=1&edid=EE24B254-1FB8-6601-5783-BFE404E37C0C&sortorder=desc&column=row HTTP/1.1" 200 72353
144.76.176.171 - - [01/Jan/2021:07:23:13 +0100] "GET /ticket2/opencms/en/buy/?page=1&edid=0BDDE4B9-AAB0-03E7-CA27-8EE4DAC570B1&sortorder=asc&column=row HTTP/1.1" 200 69264
167.114.64.97 - - [01/Jan/2021:07:23:14 +0100] "GET /ticket2/opencms/nl/buy/?page=1&edid=49AED064-B86D-465C-FC24-B9E6E7276FC8&sortorder=desc&column=section HTTP/1.1" 200 71049
144.76.176.171 - - [01/Jan/2021:07:23:18 +0100] "GET /ticket2/opencms/en/buy/?page=1&edid=0BDDE4B9-AAB0-03E7-CA27-8EE4DAC570B1&sortorder=asc&column=section HTTP/1.1" 200 69264
144.76.137.254 - - [01/Jan/2021:07:23:21 +0100] "GET /ticket2/opencms/ru/buy/?page=1&edid=EE632555-6082-7BDB-C3A6-CC4420D9FB41&sortorder=desc&column=price HTTP/1.1" 200 70233
144.76.137.254 - - [01/Jan/2021:07:23:25 +0100] "GET /ticket2/opencms/ru/buy/?page=1&edid=EE632555-6082-7BDB-C3A6-CC4420D9FB41&sortorder=desc&column=row HTTP/1.1" 200 70233
144.76.176.171 - - [01/Jan/2021:07:23:29 +0100] "GET /ticket2/opencms/en/buy/?page=1&edid=0EAD2254-DDFB-0374-EEC6-9BF23857697A&sortorder=asc&column=price HTTP/1.1" 200 70695
167.114.159.99 - - [01/Jan/2021:07:23:29 +0100] "GET /ticket2/opencms/fi/buy/?page=1&edid=41BEA64D-1BA5-5F3A-682B-157416A5458B&sortorder=asc&column=price HTTP/1.1" 200 72723
144.76.137.254 - - [01/Jan/2021:07:23:32 +0100] "GET /ticket2/opencms/ru/buy/?page=1&edid=EE632555-6082-7BDB-C3A6-CC4420D9FB41&sortorder=desc&column=section HTTP/1.1" 200 70233
144.76.176.171 - - [01/Jan/2021:07:23:34 +0100] "GET /ticket2/opencms/en/buy/?page=1&edid=0F9CBCC9-4895-1878-4B6D-99BC3B1A1FA0&sortorder=asc&column=price HTTP/1.1" 200 69217
144.76.137.254 - - [01/Jan/2021:07:23:35 +0100] "GET /ticket2/opencms/ru/buy/?page=1&edid=EF4CA50E-B036-DD4B-A26E-1BFB83ACBD71&sortorder=desc&column=price HTTP/1.1" 200 72552
144.76.137.254 - - [01/Jan/2021:07:23:40 +0100] "GET /ticket2/opencms/ru/buy/?page=1&edid=EF4CA50E-B036-DD4B-A26E-1BFB83ACBD71&sortorder=desc&column=row HTTP/1.1" 200 72552
144.76.176.171 - - [01/Jan/2021:07:23:43 +0100] "GET /ticket2/opencms/en/buy/?page=1&edid=0F9CBCC9-4895-1878-4B6D-99BC3B1A1FA0&sortorder=asc&column=row HTTP/1.1" 200 69217
144.76.137.254 - - [01/Jan/2021:07:23:46 +0100] "GET /ticket2/opencms/ru/buy/?page=1&edid=EF4CA50E-B036-DD4B-A26E-1BFB83ACBD71&sortorder=desc&column=section HTTP/1.1" 200 72552
144.76.176.171 - - [01/Jan/2021:07:23:47 +0100] "GET /ticket2/opencms/en/buy/?page=1&edid=0F9CBCC9-4895-1878-4B6D-99BC3B1A1FA0&sortorder=asc&column=section HTTP/1.1" 200 69217
144.76.137.254 - - [01/Jan/2021:07:23:51 +0100] "GET /ticket2/opencms/ru/buy/?page=1&edid=F02C7F98-D962-4F16-67CC-B88BF13049A1&sortorder=desc&column=price HTTP/1.1" 200 70248
144.76.176.171 - - [01/Jan/2021:07:23:56 +0100] "GET /ticket2/opencms/en/buy/?page=1&edid=0FCCF9C5-3BD3-D317-E8F8-3BA4C8FD57CE&sortorder=asc&column=row HTTP/1.1" 200 69242
144.76.137.254 - - [01/Jan/2021:07:23:57 +0100] "GET /ticket2/opencms/ru/buy/?page=1&edid=F02C7F98-D962-4F16-67CC-B88BF13049A1&sortorder=desc&column=row HTTP/1.1" 200 70248
167.114.64.97 - - [01/Jan/2021:07:23:59 +0100] "GET /ticket2/opencms/nl/buy/?page=1&edid=6DF37A9E-22D9-513C-6DAE-4A3EAB281B73&sortorder=desc&column=price HTTP/1.1" 200 70176
144.76.137.254 - - [01/Jan/2021:07:24:01 +0100] "GET /ticket2/opencms/ru/buy/?page=1&edid=F02C7F98-D962-4F16-67CC-B88BF13049A1&sortorder=desc&column=section HTTP/1.1" 200 70248
144.76.176.171 - - [01/Jan/2021:07:24:04 +0100] "GET /ticket2/opencms/en/buy/?page=1&edid=0FCCF9C5-3BD3-D317-E8F8-3BA4C8FD57CE&sortorder=asc&column=section HTTP/1.1" 200 69242
54.36.148.250 - - [01/Jan/2021:07:24:06 +0100] "GET /ticket2/opencms/en/venue/?countryid=CB0D79A8-EF67-3E1D-EAA5-706F775F6058 HTTP/1.1" 200 111613
144.76.137.254 - - [01/Jan/2021:07:24:09 +0100] "GET /ticket2/opencms/ru/buy/?page=1&edid=F079AC7E-D221-F1E2-410C-375B35987091&sortorder=desc&column=price HTTP/1.1" 200 70248
144.76.176.171 - - [01/Jan/2021:07:24:11 +0100] "GET /ticket2/opencms/en/buy/?page=1&edid=1015CA7B-62B8-A132-8649-0F3DC2687EF5&sortorder=asc&column=price HTTP/1.1" 200 71320
167.114.159.99 - - [01/Jan/2021:07:24:14 +0100] "GET /ticket2/opencms/fi/buy/?page=1&edid=41BEA64D-1BA5-5F3A-682B-157416A5458B&sortorder=asc&column=row HTTP/1.1" 200 72723
144.76.137.254 - - [01/Jan/2021:07:24:14 +0100] "GET /ticket2/opencms/ru/buy/?page=1&edid=F079AC7E-D221-F1E2-410C-375B35987091&sortorder=desc&column=row HTTP/1.1" 200 70248
144.76.137.254 - - [01/Jan/2021:07:24:18 +0100] "GET /ticket2/opencms/ru/buy/?page=1&edid=F07DD32F-52F3-124E-9151-7EC8D703DA5C&sortorder=asc&column=price HTTP/1.1" 200 71979
144.76.176.171 - - [01/Jan/2021:07:24:19 +0100] "GET /ticket2/opencms/en/buy/?page=1&edid=1015CA7B-62B8-A132-8649-0F3DC2687EF5&sortorder=asc&column=row HTTP/1.1" 200 71320
66.249.66.137 - - [01/Jan/2021:07:24:22 +0100] "GET /ticket2/opencms/no/buy/?page=1&edid=80F72DA3-C236-6F07-B2C3-94AC6FDC141B HTTP/1.1" 200 69779
144.76.176.171 - - [01/Jan/2021:07:24:28 +0100] "GET /ticket2/opencms/en/buy/?page=1&edid=1015CA7B-62B8-A132-8649-0F3DC2687EF5&sortorder=asc&column=section HTTP/1.1" 200 71320
144.76.137.254 - - [01/Jan/2021:07:24:29 +0100] "GET /ticket2/opencms/ru/buy/?page=1&edid=01A733B6-382E-048A-BD81-D5CAC59B6BBB&sortorder=asc&column=row HTTP/1.1" 200 72184
144.76.176.171 - - [01/Jan/2021:07:24:32 +0100] "GET /ticket2/opencms/en/buy/?page=1&edid=101C9D03-41F4-068B-AD6E-B79B3A86271B&sortorder=asc&column=price HTTP/1.1" 200 71129
144.76.137.254 - - [01/Jan/2021:07:24:41 +0100] "GET /ticket2/opencms/ru/buy/?page=1&edid=01A733B6-382E-048A-BD81-D5CAC59B6BBB&sortorder=asc&column=section HTTP/1.1" 200 72184
167.114.159.99 - - [01/Jan/2021:07:24:43 +0100] "GET /ticket2/opencms/fi/buy/?page=1&edid=41BEA64D-1BA5-5F3A-682B-157416A5458B&sortorder=asc&column=section HTTP/1.1" 200 72723
144.76.176.171 - - [01/Jan/2021:07:24:47 +0100] "GET /ticket2/opencms/en/buy/?page=1&edid=101C9D03-41F4-068B-AD6E-B79B3A86271B&sortorder=asc&column=section HTTP/1.1" 200 71129
167.114.64.97 - - [01/Jan/2021:07:24:50 +0100] "GET /ticket2/opencms/nl/buy/?page=1&edid=6DF37A9E-22D9-513C-6DAE-4A3EAB281B73&sortorder=desc&column=row HTTP/1.1" 200 70176
144.76.137.254 - - [01/Jan/2021:07:24:51 +0100] "GET /ticket2/opencms/ru/buy/?page=1&edid=051CC5A6-4F43-B108-1719-5B0E1658C6C2&sortorder=asc&column=row HTTP/1.1" 200 71763
144.76.176.171 - - [01/Jan/2021:07:24:55 +0100] "GET /ticket2/opencms/en/buy/?page=1&edid=106FABEB-1625-76C0-96E9-569261E1AC5D&sortorder=desc&column=price HTTP/1.1" 200 69263
144.76.137.254 - - [01/Jan/2021:07:25:01 +0100] "GET /ticket2/opencms/ru/buy/?page=1&edid=051CC5A6-4F43-B108-1719-5B0E1658C6C2&sortorder=asc&column=section HTTP/1.1" 200 71763
144.76.176.171 - - [01/Jan/2021:07:25:03 +0100] "GET /ticket2/opencms/en/buy/?page=1&edid=119D38B2-781A-9D91-BD0C-66BB4D932A19&sortorder=asc&column=section HTTP/1.1" 200 69246
66.249.66.135 - - [01/Jan/2021:07:25:07 +0100] "GET /ticket2/opencms/en/legal_info/Personal_Data_Act_1998.pdf HTTP/1.1" 200 67682
144.76.176.171 - - [01/Jan/2021:07:25:08 +0100] "GET /ticket2/opencms/en/buy/?page=1&edid=14282964-6CA4-5901-3C6E-0281FDF44872&sortorder=asc&column=price HTTP/1.1" 200 71149
144.76.137.254 - - [01/Jan/2021:07:25:12 +0100] "GET /ticket2/opencms/ru/buy/?page=1&edid=4BE51C11-6242-0667-4C84-D3822EC503E1&sortorder=asc&column=price HTTP/1.1" 200 72554
167.114.159.99 - - [01/Jan/2021:07:25:16 +0100] "GET /ticket2/opencms/fi/buy/?page=1&edid=422EB97D-0E0E-B647-A5B3-675991D54797&sortorder=desc&column=section HTTP/1.1" 200 72075
216.245.221.83 - - [01/Jan/2021:07:25:19 +0100] "HEAD /ticket2/opencms/ HTTP/1.1" 302 -
114.119.145.142 - - [01/Jan/2021:07:25:19 +0100] "GET /ticket2/opencms/dk/buy/?page=1&edid=4C7CD3B1-B7E1-89E2-C4E7-C4DED146D459&sortorder=desc&column=section HTTP/1.1" 200 70984
216.245.221.83 - - [01/Jan/2021:07:25:19 +0100] "HEAD /ticket2/opencms/en/ HTTP/1.1" 200 -
144.76.176.171 - - [01/Jan/2021:07:25:22 +0100] "GET /ticket2/opencms/en/buy/?page=1&edid=14282964-6CA4-5901-3C6E-0281FDF44872&sortorder=asc&column=section HTTP/1.1" 200 71149
144.76.137.254 - - [01/Jan/2021:07:25:22 +0100] "GET /ticket2/opencms/ru/buy/?page=1&edid=4BE51C11-6242-0667-4C84-D3822EC503E1&sortorder=asc&column=row HTTP/1.1" 200 72554
144.76.176.171 - - [01/Jan/2021:07:25:26 +0100] "GET /ticket2/opencms/en/buy/?page=1&edid=150E989B-796A-B52C-42BD-5722DC8BA47C&sortorder=asc&column=price HTTP/1.1" 200 70688
13.66.139.121 - - [01/Jan/2021:07:25:31 +0100] "GET /ticket2/opencms/sv/tickets/ HTTP/1.1" 200 162710
144.76.137.254 - - [01/Jan/2021:07:25:32 +0100] "GET /ticket2/opencms/ru/buy/?page=1&edid=4BE51C11-6242-0667-4C84-D3822EC503E1&sortorder=asc&column=section HTTP/1.1" 200 72554
54.36.148.171 - - [01/Jan/2021:07:25:38 +0100] "GET /ticket2/opencms/dk/venue/?venueid=FEFFA494-F540-CC06-6252-E0665BBF6766 HTTP/1.1" 200 65213
144.76.176.171 - - [01/Jan/2021:07:25:38 +0100] "GET /ticket2/opencms/en/buy/?page=1&edid=150E989B-796A-B52C-42BD-5722DC8BA47C&sortorder=asc&column=section HTTP/1.1" 200 70688
167.114.64.97 - - [01/Jan/2021:07:25:41 +0100] "GET /ticket2/opencms/nl/buy/?page=1&edid=6DF37A9E-22D9-513C-6DAE-4A3EAB281B73&sortorder=desc&column=section HTTP/1.1" 200 70176
144.76.137.254 - - [01/Jan/2021:07:25:41 +0100] "GET /ticket2/opencms/ru/buy/?page=1&edid=4DD56908-EF50-BCCC-0CFD-53D399B44C58&sortorder=asc&column=price HTTP/1.1" 200 71760
144.76.176.171 - - [01/Jan/2021:07:25:48 +0100] "GET /ticket2/opencms/en/buy/?page=1&edid=1641B98B-A297-1D9C-65B8-EC5F1450DCFE&sortorder=asc&column=price HTTP/1.1" 200 71152
144.76.176.171 - - [01/Jan/2021:07:25:52 +0100] "GET /ticket2/opencms/en/buy/?page=1&edid=19E6AA26-8C71-91B2-57B1-FE9ADF08994E&sortorder=asc&column=price HTTP/1.1" 200 71145
216.18.204.210 - - [01/Jan/2021:07:25:53 +0100] "GET /ticket2/opencms/no/buy/?page=1&edid=82016DAC-0EF2-ED96-7CF6-C55FAF2A2BCC&sortorder=asc&column=price HTTP/1.1" 200 72183
144.76.137.254 - - [01/Jan/2021:07:25:54 +0100] "GET /ticket2/opencms/ru/buy/?page=1&edid=4DD56908-EF50-BCCC-0CFD-53D399B44C58&sortorder=asc&column=row HTTP/1.1" 200 71760
157.55.39.144 - - [01/Jan/2021:07:25:54 +0100] "GET /ticket2/opencms/system/modules/com.gridnine.opencms.ticketbrokerage.site/resources/js/calendar.js HTTP/1.1" 200 49229
167.114.159.99 - - [01/Jan/2021:07:25:54 +0100] "GET /ticket2/opencms/fi/buy/?page=1&edid=46A8369C-13DB-DCFD-44EF-28F17B0943F5&sortorder=asc&column=row HTTP/1.1" 200 70627
157.55.39.134 - - [01/Jan/2021:07:25:58 +0100] "GET /ticket2/opencms/system/modules/com.gridnine.opencms.ticketbrokerage.site/resources/js/jquery/jquery-ui.js HTTP/1.1" 200 228088
144.76.176.171 - - [01/Jan/2021:07:26:00 +0100] "GET /ticket2/opencms/en/buy/?page=1&edid=19E6AA26-8C71-91B2-57B1-FE9ADF08994E&sortorder=asc&column=row HTTP/1.1" 200 71145
144.76.137.254 - - [01/Jan/2021:07:26:05 +0100] "GET /ticket2/opencms/ru/buy/?page=1&edid=4DD56908-EF50-BCCC-0CFD-53D399B44C58&sortorder=asc&column=section HTTP/1.1" 200 71760
144.76.176.171 - - [01/Jan/2021:07:26:05 +0100] "GET /ticket2/opencms/en/buy/?page=1&edid=19E6AA26-8C71-91B2-57B1-FE9ADF08994E&sortorder=asc&column=section HTTP/1.1" 200 71145
157.55.39.240 - - [01/Jan/2021:07:26:06 +0100] "GET /ticket2/opencms/system/modules/com.gridnine.opencms.ticketbrokerage.site/resources/js/calendar-setup.js HTTP/1.1" 200 4923
144.76.176.171 - - [01/Jan/2021:07:26:14 +0100] "GET /ticket2/opencms/en/buy/?page=1&edid=1A7F5592-72AA-8697-9C3C-364FD263AD11&sortorder=asc&column=section HTTP/1.1" 200 71609
216.244.66.237 - - [01/Jan/2021:07:26:14 +0100] "GET /ticket2/opencms/dk/robots.txt HTTP/1.1" 404 -
144.76.137.254 - - [01/Jan/2021:07:26:15 +0100] "GET /ticket2/opencms/ru/buy/?page=1&edid=4E7F34FE-BC2D-0B9C-02D2-EBA83566303D&sortorder=asc&column=price HTTP/1.1" 200 71718
144.76.176.171 - - [01/Jan/2021:07:26:18 +0100] "GET /ticket2/opencms/en/buy/?page=1&edid=1AD431B9-2E73-7238-3C33-3B96F0F94C80&sortorder=asc&column=price HTTP/1.1" 200 71568
144.76.137.254 - - [01/Jan/2021:07:26:24 +0100] "GET /ticket2/opencms/ru/buy/?page=1&edid=4E7F34FE-BC2D-0B9C-02D2-EBA83566303D&sortorder=asc&column=row HTTP/1.1" 200 71718
66.249.66.135 - - [01/Jan/2021:07:26:25 +0100] "GET /ticket2/opencms/no/sport/fotballsbilletter/premier_league/stoke/ HTTP/1.1" 200 67761
167.114.159.99 - - [01/Jan/2021:07:26:26 +0100] "GET /ticket2/opencms/fi/buy/?page=1&edid=46A8369C-13DB-DCFD-44EF-28F17B0943F5&sortorder=asc&column=section HTTP/1.1" 200 70627
144.76.176.171 - - [01/Jan/2021:07:26:27 +0100] "GET /ticket2/opencms/en/buy/?page=1&edid=1B7F1FCD-F1D1-57D9-ED65-AFC2400FAEC4&sortorder=desc&column=section HTTP/1.1" 200 71836
167.114.64.97 - - [01/Jan/2021:07:26:30 +0100] "GET /ticket2/opencms/nl/buy/?page=1&edid=73B597C3-05D3-5B11-4856-D8822E68A76F&sortorder=asc&column=section HTTP/1.1" 200 69468
144.76.176.171 - - [01/Jan/2021:07:26:35 +0100] "GET /ticket2/opencms/en/buy/?page=1&edid=1C826B1D-7CFD-DD3C-C8BD-1C0EE14E4036&sortorder=asc&column=section HTTP/1.1" 200 69235
144.76.137.254 - - [01/Jan/2021:07:26:35 +0100] "GET /ticket2/opencms/ru/buy/?page=1&edid=4E7F34FE-BC2D-0B9C-02D2-EBA83566303D&sortorder=asc&column=section HTTP/1.1" 200 71718
144.76.176.171 - - [01/Jan/2021:07:26:42 +0100] "GET /ticket2/opencms/en/buy/?page=1&edid=1EAC92BF-14E8-0351-B024-D6628F6E28C0&sortorder=asc&column=price HTTP/1.1" 200 69234
66.249.66.159 - - [01/Jan/2021:07:26:45 +0100] "GET /ticket2/opencms/ru/buy/?comcatid=0A6B8208-FDA4-E929-9D72-5312FD481B76&catid=412DBCF4-025D-8ABC-7A40-D7C760E055FF HTTP/1.1" 200 70353
144.76.176.171 - - [01/Jan/2021:07:26:46 +0100] "GET /ticket2/opencms/en/buy/?page=1&edid=1EAC92BF-14E8-0351-B024-D6628F6E28C0&sortorder=asc&column=row HTTP/1.1" 200 69234
144.76.137.254 - - [01/Jan/2021:07:26:47 +0100] "GET /ticket2/opencms/ru/buy/?page=1&edid=4F85BB13-4691-49F2-FB37-B46A99DE24E2&sortorder=asc&column=price HTTP/1.1" 200 71720
167.114.159.99 - - [01/Jan/2021:07:26:57 +0100] "GET /ticket2/opencms/fi/buy/?page=1&edid=4740B27D-75C3-7A20-24AD-2F4570E850C2&sortorder=asc&column=price HTTP/1.1" 200 72917
144.76.176.171 - - [01/Jan/2021:07:26:57 +0100] "GET /ticket2/opencms/en/buy/?page=1&edid=1EAC92BF-14E8-0351-B024-D6628F6E28C0&sortorder=asc&column=section HTTP/1.1" 200 69234
144.76.137.254 - - [01/Jan/2021:07:26:58 +0100] "GET /ticket2/opencms/ru/buy/?page=1&edid=4F85BB13-4691-49F2-FB37-B46A99DE24E2&sortorder=asc&column=row HTTP/1.1" 200 71720
54.36.148.93 - - [01/Jan/2021:07:27:03 +0100] "GET /ticket2/opencms/dk/venue/?venueid=41578BAC-B3C6-A54C-C6C5-8BDAB9EF23A9 HTTP/1.1" 200 65240
144.76.137.254 - - [01/Jan/2021:07:27:09 +0100] "GET /ticket2/opencms/ru/buy/?page=1&edid=4F85BB13-4691-49F2-FB37-B46A99DE24E2&sortorder=asc&column=section HTTP/1.1" 200 71720
144.76.176.171 - - [01/Jan/2021:07:27:10 +0100] "GET /ticket2/opencms/en/buy/?page=1&edid=1F54B902-CCE3-2C1F-2260-BC32A49842C2&sortorder=asc&column=row HTTP/1.1" 200 69248
167.114.64.97 - - [01/Jan/2021:07:27:11 +0100] "GET /ticket2/opencms/nl/buy/?page=1&edid=7620AC05-C07D-20B0-5C26-2BB0AB225757&sortorder=desc&column=price HTTP/1.1" 200 70409
144.76.137.254 - - [01/Jan/2021:07:27:18 +0100] "GET /ticket2/opencms/ru/buy/?page=1&edid=4FA35C52-FFF1-5176-02B2-76834248E00E&sortorder=asc&column=price HTTP/1.1" 200 70223
144.76.176.171 - - [01/Jan/2021:07:27:20 +0100] "GET /ticket2/opencms/en/buy/?page=1&edid=1F54B902-CCE3-2C1F-2260-BC32A49842C2&sortorder=asc&column=section HTTP/1.1" 200 69248
167.114.159.99 - - [01/Jan/2021:07:27:25 +0100] "GET /ticket2/opencms/fi/buy/?page=1&edid=4740B27D-75C3-7A20-24AD-2F4570E850C2&sortorder=asc&column=row HTTP/1.1" 200 72917
144.76.137.254 - - [01/Jan/2021:07:27:28 +0100] "GET /ticket2/opencms/ru/buy/?page=1&edid=4FA35C52-FFF1-5176-02B2-76834248E00E&sortorder=asc&column=section HTTP/1.1" 200 70223
144.76.176.171 - - [01/Jan/2021:07:27:30 +0100] "GET /ticket2/opencms/en/buy/?page=1&edid=1FA535E7-ABD1-A557-7111-CA936ED0D42F&sortorder=asc&column=price HTTP/1.1" 200 69233
144.76.137.254 - - [01/Jan/2021:07:27:38 +0100] "GET /ticket2/opencms/ru/buy/?page=1&edid=5131D260-B1D3-49FA-7E88-CA34DC215EA7&sortorder=asc&column=price HTTP/1.1" 200 72187
144.76.176.171 - - [01/Jan/2021:07:27:41 +0100] "GET /ticket2/opencms/en/buy/?page=1&edid=1FA535E7-ABD1-A557-7111-CA936ED0D42F&sortorder=asc&column=row HTTP/1.1" 200 69233
144.76.176.171 - - [01/Jan/2021:07:27:45 +0100] "GET /ticket2/opencms/en/buy/?page=1&edid=1FA535E7-ABD1-A557-7111-CA936ED0D42F&sortorder=asc&column=section HTTP/1.1" 200 69233
144.76.137.254 - - [01/Jan/2021:07:27:48 +0100] "GET /ticket2/opencms/ru/buy/?page=1&edid=5131D260-B1D3-49FA-7E88-CA34DC215EA7&sortorder=asc&column=row HTTP/1.1" 200 72187
167.114.159.99 - - [01/Jan/2021:07:27:52 +0100] "GET /ticket2/opencms/fi/buy/?page=1&edid=4740B27D-75C3-7A20-24AD-2F4570E850C2&sortorder=asc&column=section HTTP/1.1" 200 72917
144.76.137.254 - - [01/Jan/2021:07:27:58 +0100] "GET /ticket2/opencms/ru/buy/?page=1&edid=5131D260-B1D3-49FA-7E88-CA34DC215EA7&sortorder=asc&column=section HTTP/1.1" 200 72187
144.76.176.171 - - [01/Jan/2021:07:28:01 +0100] "GET /ticket2/opencms/en/buy/?page=1&edid=2010B02A-619C-28FB-4748-B67FEC7AD95F&sortorder=asc&column=row HTTP/1.1" 200 69221
167.114.64.97 - - [01/Jan/2021:07:28:07 +0100] "GET /ticket2/opencms/nl/buy/?page=1&edid=7620AC05-C07D-20B0-5C26-2BB0AB225757&sortorder=desc&column=row HTTP/1.1" 200 70409
144.76.137.254 - - [01/Jan/2021:07:28:09 +0100] "GET /ticket2/opencms/ru/buy/?page=1&edid=5B7A975E-50B5-FD5C-5441-DAE563F948E6&sortorder=desc&column=row HTTP/1.1" 200 70214
144.76.176.171 - - [01/Jan/2021:07:28:14 +0100] "GET /ticket2/opencms/en/buy/?page=1&edid=20224A2C-37EC-9C96-4512-8470DDD66BF1&sortorder=asc&column=price HTTP/1.1" 200 70648
144.76.176.171 - - [01/Jan/2021:07:28:19 +0100] "GET /ticket2/opencms/en/buy/?page=1&edid=20224A2C-37EC-9C96-4512-8470DDD66BF1&sortorder=asc&column=row HTTP/1.1" 200 70648
144.76.137.254 - - [01/Jan/2021:07:28:20 +0100] "GET /ticket2/opencms/ru/buy/?page=1&edid=5D700640-E13B-1534-DC36-11A7DB2850E1&sortorder=asc&column=price HTTP/1.1" 200 73003
144.76.176.171 - - [01/Jan/2021:07:28:27 +0100] "GET /ticket2/opencms/en/buy/?page=1&edid=20224A2C-37EC-9C96-4512-8470DDD66BF1&sortorder=asc&column=section HTTP/1.1" 200 70648
144.76.137.254 - - [01/Jan/2021:07:28:33 +0100] "GET /ticket2/opencms/ru/buy/?page=1&edid=5D700640-E13B-1534-DC36-11A7DB2850E1&sortorder=asc&column=row HTTP/1.1" 200 73003
144.76.176.171 - - [01/Jan/2021:07:28:34 +0100] "GET /ticket2/opencms/en/buy/?page=1&edid=211909F1-B26B-74AD-3CC9-2A46B04760BB&sortorder=asc&column=price HTTP/1.1" 200 69242
54.36.148.32 - - [01/Jan/2021:07:28:35 +0100] "GET /ticket2/opencms/dk/venue/?venueid=332BD0A1-A96B-D704-DDE6-43C2DB68EECD HTTP/1.1" 200 65240
144.76.176.171 - - [01/Jan/2021:07:28:39 +0100] "GET /ticket2/opencms/en/buy/?page=1&edid=211909F1-B26B-74AD-3CC9-2A46B04760BB&sortorder=asc&column=row HTTP/1.1" 200 69242
144.76.137.254 - - [01/Jan/2021:07:28:44 +0100] "GET /ticket2/opencms/ru/buy/?page=1&edid=5D700640-E13B-1534-DC36-11A7DB2850E1&sortorder=asc&column=section HTTP/1.1" 200 73003
144.76.176.171 - - [01/Jan/2021:07:28:50 +0100] "GET /ticket2/opencms/en/buy/?page=1&edid=216BD13C-1C5D-1537-D6A7-092E68FD6924&sortorder=asc&column=price HTTP/1.1" 200 69244
144.76.137.254 - - [01/Jan/2021:07:28:56 +0100] "GET /ticket2/opencms/ru/buy/?page=1&edid=5E60F796-6D53-8AB5-090D-781711DA58D6&sortorder=asc&column=price HTTP/1.1" 200 70239
144.76.176.171 - - [01/Jan/2021:07:28:57 +0100] "GET /ticket2/opencms/en/buy/?page=1&edid=216BD13C-1C5D-1537-D6A7-092E68FD6924&sortorder=asc&column=row HTTP/1.1" 200 69244
167.114.64.97 - - [01/Jan/2021:07:29:00 +0100] "GET /ticket2/opencms/nl/buy/?page=1&edid=7620AC05-C07D-20B0-5C26-2BB0AB225757&sortorder=desc&column=section HTTP/1.1" 200 70409
144.76.176.171 - - [01/Jan/2021:07:29:05 +0100] "GET /ticket2/opencms/en/buy/?page=1&edid=216BD13C-1C5D-1537-D6A7-092E68FD6924&sortorder=asc&column=section HTTP/1.1" 200 69244
144.76.176.171 - - [01/Jan/2021:07:29:09 +0100] "GET /ticket2/opencms/en/buy/?page=1&edid=22A17C81-63DD-246D-25C8-9F1B0441634F&sortorder=asc&column=price HTTP/1.1" 200 70880
144.76.137.254 - - [01/Jan/2021:07:29:12 +0100] "GET /ticket2/opencms/ru/buy/?page=1&edid=926BFD29-18E3-952E-0BD4-BEAEB20DA20D&sortorder=asc&column=price HTTP/1.1" 200 73480
144.76.176.171 - - [01/Jan/2021:07:29:16 +0100] "GET /ticket2/opencms/en/buy/?page=1&edid=22A17C81-63DD-246D-25C8-9F1B0441634F&sortorder=asc&column=row HTTP/1.1" 200 70880
144.76.176.171 - - [01/Jan/2021:07:29:21 +0100] "GET /ticket2/opencms/en/buy/?page=1&edid=22A17C81-63DD-246D-25C8-9F1B0441634F&sortorder=asc&column=section HTTP/1.1" 200 70880
144.76.137.254 - - [01/Jan/2021:07:29:23 +0100] "GET /ticket2/opencms/ru/buy/?page=1&edid=926BFD29-18E3-952E-0BD4-BEAEB20DA20D&sortorder=asc&column=row HTTP/1.1" 200 73480
144.76.176.171 - - [01/Jan/2021:07:29:26 +0100] "GET /ticket2/opencms/en/buy/?page=1&edid=22B145C5-BEDA-4A6D-0FAA-1632BB3EC997&sortorder=asc&column=price HTTP/1.1" 200 69229
144.76.137.254 - - [01/Jan/2021:07:29:34 +0100] "GET /ticket2/opencms/ru/buy/?page=1&edid=B1AC29CF-9326-3DAB-FECB-A97CF2B91497&sortorder=asc&column=price HTTP/1.1" 200 71953
144.76.176.171 - - [01/Jan/2021:07:29:34 +0100] "GET /ticket2/opencms/en/buy/?page=1&edid=22B145C5-BEDA-4A6D-0FAA-1632BB3EC997&sortorder=asc&column=row HTTP/1.1" 200 69229
114.119.138.239 - - [01/Jan/2021:07:29:41 +0100] "GET /ticket2/opencms/en/buy/?page=1&edid=8AE5D156-FC63-438F-34F8-237E20433F6C HTTP/1.1" 200 69235
144.76.137.254 - - [01/Jan/2021:07:29:44 +0100] "GET /ticket2/opencms/ru/buy/?page=1&edid=B1AC29CF-9326-3DAB-FECB-A97CF2B91497&sortorder=asc&column=row HTTP/1.1" 200 71953
144.76.176.171 - - [01/Jan/2021:07:29:45 +0100] "GET /ticket2/opencms/en/buy/?page=1&edid=22B145C5-BEDA-4A6D-0FAA-1632BB3EC997&sortorder=asc&column=section HTTP/1.1" 200 69229
167.114.64.97 - - [01/Jan/2021:07:29:45 +0100] "GET /ticket2/opencms/nl/buy/?page=1&edid=8AB2E4A1-D116-C62C-CE26-DEC6ED22AE38&sortorder=asc&column=price HTTP/1.1" 200 68337
144.76.137.254 - - [01/Jan/2021:07:29:52 +0100] "GET /ticket2/opencms/ru/buy/?page=1&edid=B1AC29CF-9326-3DAB-FECB-A97CF2B91497&sortorder=asc&column=section HTTP/1.1" 200 71953
144.76.176.171 - - [01/Jan/2021:07:29:52 +0100] "GET /ticket2/opencms/en/buy/?page=1&edid=2387A9F6-2893-0EA8-6B0C-F585494E177E&sortorder=asc&column=price HTTP/1.1" 200 69218
144.76.176.171 - - [01/Jan/2021:07:29:57 +0100] "GET /ticket2/opencms/en/buy/?page=1&edid=2387A9F6-2893-0EA8-6B0C-F585494E177E&sortorder=asc&column=row HTTP/1.1" 200 69218
144.76.137.254 - - [01/Jan/2021:07:30:04 +0100] "GET /ticket2/opencms/ru/buy/?page=1&edid=BDDFBF35-0F0A-49B3-1920-5128ECC26FED&sortorder=asc&column=price HTTP/1.1" 200 70240
54.36.148.32 - - [01/Jan/2021:07:30:05 +0100] "GET /ticket2/opencms/dk/venue/?venueid=4686023E-1A9C-D773-1EF5-78A9D0532992 HTTP/1.1" 200 65238
144.76.176.171 - - [01/Jan/2021:07:30:07 +0100] "GET /ticket2/opencms/en/buy/?page=1&edid=2387A9F6-2893-0EA8-6B0C-F585494E177E&sortorder=asc&column=section HTTP/1.1" 200 69218
144.76.176.171 - - [01/Jan/2021:07:30:11 +0100] "GET /ticket2/opencms/en/buy/?page=1&edid=2387A9F6-2893-0EA8-6B0C-F585494E177E&sortorder=desc&column=section HTTP/1.1" 200 69217
144.76.137.254 - - [01/Jan/2021:07:30:13 +0100] "GET /ticket2/opencms/ru/buy/?page=1&edid=BDDFBF35-0F0A-49B3-1920-5128ECC26FED&sortorder=asc&column=row HTTP/1.1" 200 70240
216.245.221.83 - - [01/Jan/2021:07:30:19 +0100] "HEAD /ticket2/opencms/ HTTP/1.1" 302 -
216.245.221.83 - - [01/Jan/2021:07:30:20 +0100] "HEAD /ticket2/opencms/en/ HTTP/1.1" 200 -
144.76.176.171 - - [01/Jan/2021:07:30:20 +0100] "GET /ticket2/opencms/en/buy/?page=1&edid=244792DB-2B95-DDFE-17C6-89F982F2033C&sortorder=asc&column=price HTTP/1.1" 200 69249
216.18.204.210 - - [01/Jan/2021:07:30:25 +0100] "GET /ticket2/opencms/no/buy/?page=1&edid=93D16233-A2B3-F73E-A92E-3387C202F68F&sortorder=asc&column=price HTTP/1.1" 200 72182
144.76.137.254 - - [01/Jan/2021:07:30:27 +0100] "GET /ticket2/opencms/ru/buy/?page=1&edid=BDDFBF35-0F0A-49B3-1920-5128ECC26FED&sortorder=asc&column=section HTTP/1.1" 200 70240
144.76.176.171 - - [01/Jan/2021:07:30:34 +0100] "GET /ticket2/opencms/en/buy/?page=1&edid=244792DB-2B95-DDFE-17C6-89F982F2033C&sortorder=asc&column=section HTTP/1.1" 200 69249
167.114.64.97 - - [01/Jan/2021:07:30:40 +0100] "GET /ticket2/opencms/nl/buy/?page=1&edid=8AB2E4A1-D116-C62C-CE26-DEC6ED22AE38&sortorder=asc&column=row HTTP/1.1" 200 68337
144.76.176.171 - - [01/Jan/2021:07:30:41 +0100] "GET /ticket2/opencms/en/buy/?page=1&edid=24D7A494-5A5B-281E-8E90-CBB6F4774B8F&sortorder=asc&column=price HTTP/1.1" 200 70886
144.76.137.254 - - [01/Jan/2021:07:30:42 +0100] "GET /ticket2/opencms/ru/buy/?page=1&edid=BE9CA68E-D1F6-580A-8D99-091E3AAAFFEC&sortorder=asc&column=price HTTP/1.1" 200 71951
144.76.176.171 - - [01/Jan/2021:07:30:52 +0100] "GET /ticket2/opencms/en/buy/?page=1&edid=24D7A494-5A5B-281E-8E90-CBB6F4774B8F&sortorder=asc&column=row HTTP/1.1" 200 70886
144.76.137.254 - - [01/Jan/2021:07:30:53 +0100] "GET /ticket2/opencms/ru/buy/?page=1&edid=BE9CA68E-D1F6-580A-8D99-091E3AAAFFEC&sortorder=asc&column=row HTTP/1.1" 200 71951
144.76.176.171 - - [01/Jan/2021:07:31:00 +0100] "GET /ticket2/opencms/en/buy/?page=1&edid=24D7A494-5A5B-281E-8E90-CBB6F4774B8F&sortorder=asc&column=section HTTP/1.1" 200 70886
144.76.137.254 - - [01/Jan/2021:07:31:04 +0100] "GET /ticket2/opencms/ru/buy/?page=1&edid=BE9CA68E-D1F6-580A-8D99-091E3AAAFFEC&sortorder=asc&column=section HTTP/1.1" 200 71951
95.163.255.1 - - [01/Jan/2021:07:31:10 +0100] "GET /ticket2/opencms/robots.txt HTTP/1.0" 200 773
144.76.176.171 - - [01/Jan/2021:07:31:10 +0100] "GET /ticket2/opencms/en/buy/?page=1&edid=26C06500-533F-55A4-A39D-3266B4B0A4E1&sortorder=asc&column=price HTTP/1.1" 200 69239
95.163.255.218 - - [01/Jan/2021:07:31:13 +0100] "GET /ticket2/opencms/ru/buy/ HTTP/1.1" 200 66407
144.76.137.254 - - [01/Jan/2021:07:31:18 +0100] "GET /ticket2/opencms/ru/buy/?page=1&edid=C0F1E76A-C642-D418-763A-93A7662FD1E2&sortorder=asc&column=price HTTP/1.1" 200 70233
144.76.176.171 - - [01/Jan/2021:07:31:21 +0100] "GET /ticket2/opencms/en/buy/?page=1&edid=26C06500-533F-55A4-A39D-3266B4B0A4E1&sortorder=asc&column=row HTTP/1.1" 200 69239
144.76.176.171 - - [01/Jan/2021:07:31:24 +0100] "GET /ticket2/opencms/en/buy/?page=1&edid=26C06500-533F-55A4-A39D-3266B4B0A4E1&sortorder=asc&column=section HTTP/1.1" 200 69239
144.76.137.254 - - [01/Jan/2021:07:31:27 +0100] "GET /ticket2/opencms/ru/buy/?page=1&edid=C0F1E76A-C642-D418-763A-93A7662FD1E2&sortorder=asc&column=row HTTP/1.1" 200 70233
144.76.176.171 - - [01/Jan/2021:07:31:32 +0100] "GET /ticket2/opencms/en/buy/?page=1&edid=26E024E8-5170-90F7-30AC-67027BAA4D0A&sortorder=asc&column=price HTTP/1.1" 200 69221
54.36.148.16 - - [01/Jan/2021:07:31:33 +0100] "GET /ticket2/opencms/dk/venue/?venueid=119E4BA1-98C5-E36E-192F-2176B379FB25 HTTP/1.1" 200 65220
167.114.64.97 - - [01/Jan/2021:07:31:36 +0100] "GET /ticket2/opencms/nl/buy/?page=1&edid=8AB2E4A1-D116-C62C-CE26-DEC6ED22AE38&sortorder=asc&column=section HTTP/1.1" 200 68337
144.76.176.171 - - [01/Jan/2021:07:31:37 +0100] "GET /ticket2/opencms/en/buy/?page=1&edid=26E024E8-5170-90F7-30AC-67027BAA4D0A&sortorder=asc&column=row HTTP/1.1" 200 69221
144.76.137.254 - - [01/Jan/2021:07:31:37 +0100] "GET /ticket2/opencms/ru/buy/?page=1&edid=C0F1E76A-C642-D418-763A-93A7662FD1E2&sortorder=asc&column=section HTTP/1.1" 200 70233
144.76.176.171 - - [01/Jan/2021:07:31:46 +0100] "GET /ticket2/opencms/en/buy/?page=1&edid=2726D1A4-E82E-5B8F-1A2A-9D68D5495BFB&sortorder=asc&column=price HTTP/1.1" 200 69232
144.76.137.254 - - [01/Jan/2021:07:31:46 +0100] "GET /ticket2/opencms/ru/buy/?page=1&edid=C0F1E76A-C642-D418-763A-93A7662FD1E2&sortorder=desc&column=price HTTP/1.1" 200 70232
216.18.204.210 - - [01/Jan/2021:07:31:51 +0100] "GET /ticket2/opencms/no/buy/?page=1&edid=9B063FAC-18A1-0083-3F00-C83D29618E99&sortorder=asc&column=price HTTP/1.1" 200 72180
144.76.176.171 - - [01/Jan/2021:07:31:53 +0100] "GET /ticket2/opencms/en/buy/?page=1&edid=2726D1A4-E82E-5B8F-1A2A-9D68D5495BFB&sortorder=asc&column=row HTTP/1.1" 200 69232
144.76.137.254 - - [01/Jan/2021:07:31:58 +0100] "GET /ticket2/opencms/ru/buy/?page=1&edid=C0F1E76A-C642-D418-763A-93A7662FD1E2&sortorder=desc&column=row HTTP/1.1" 200 70232
144.76.176.171 - - [01/Jan/2021:07:32:02 +0100] "GET /ticket2/opencms/en/buy/?page=1&edid=2726D1A4-E82E-5B8F-1A2A-9D68D5495BFB&sortorder=asc&column=section HTTP/1.1" 200 69232
144.76.137.254 - - [01/Jan/2021:07:32:10 +0100] "GET /ticket2/opencms/ru/buy/?page=1&edid=C0F1E76A-C642-D418-763A-93A7662FD1E2&sortorder=desc&column=section HTTP/1.1" 200 70232
167.114.64.97 - - [01/Jan/2021:07:32:13 +0100] "GET /ticket2/opencms/nl/buy/?page=1&edid=A9DB1DE6-01D7-BC62-CF57-554A2AD423E4&sortorder=asc&column=price HTTP/1.1" 200 68320
144.76.176.171 - - [01/Jan/2021:07:32:16 +0100] "GET /ticket2/opencms/en/buy/?page=1&edid=27E722B7-DF70-9526-36C2-D7354E0E8726&sortorder=asc&column=row HTTP/1.1" 200 69253
144.76.137.254 - - [01/Jan/2021:07:32:19 +0100] "GET /ticket2/opencms/ru/buy/?page=1&edid=C15FF1C5-6F7A-0310-D1D5-B77CFF7DA967&sortorder=asc&column=price HTTP/1.1" 200 71767
144.76.176.171 - - [01/Jan/2021:07:32:23 +0100] "GET /ticket2/opencms/en/buy/?page=1&edid=27E722B7-DF70-9526-36C2-D7354E0E8726&sortorder=asc&column=section HTTP/1.1" 200 69253
144.76.176.171 - - [01/Jan/2021:07:32:27 +0100] "GET /ticket2/opencms/en/buy/?page=1&edid=28329314-3F60-44AA-17BA-552A83462666&sortorder=asc&column=price HTTP/1.1" 200 70879
144.76.137.254 - - [01/Jan/2021:07:32:30 +0100] "GET /ticket2/opencms/ru/buy/?page=1&edid=C15FF1C5-6F7A-0310-D1D5-B77CFF7DA967&sortorder=asc&column=row HTTP/1.1" 200 71767
144.76.176.171 - - [01/Jan/2021:07:32:37 +0100] "GET /ticket2/opencms/en/buy/?page=1&edid=28329314-3F60-44AA-17BA-552A83462666&sortorder=asc&column=row HTTP/1.1" 200 70879
144.76.137.254 - - [01/Jan/2021:07:32:38 +0100] "GET /ticket2/opencms/ru/buy/?page=1&edid=C15FF1C5-6F7A-0310-D1D5-B77CFF7DA967&sortorder=asc&column=section HTTP/1.1" 200 71767
144.76.176.171 - - [01/Jan/2021:07:32:45 +0100] "GET /ticket2/opencms/en/buy/?page=1&edid=28329314-3F60-44AA-17BA-552A83462666&sortorder=asc&column=section HTTP/1.1" 200 70879
144.76.137.254 - - [01/Jan/2021:07:32:49 +0100] "GET /ticket2/opencms/ru/buy/?page=1&edid=C1ACE21D-0708-37CC-D211-DDAF5232C408&sortorder=asc&column=price HTTP/1.1" 200 73003
144.76.176.171 - - [01/Jan/2021:07:32:51 +0100] "GET /ticket2/opencms/en/buy/?page=1&edid=28C947AC-84E0-6193-CC42-DA6E43AFA5BA&sortorder=asc&column=section HTTP/1.1" 200 70637
54.36.148.250 - - [01/Jan/2021:07:32:57 +0100] "GET /ticket2/opencms/en/venue/?venueid=94C483B9-56F5-43F8-EB23-31CA57E16549 HTTP/1.1" 200 65206
144.76.176.171 - - [01/Jan/2021:07:33:00 +0100] "GET /ticket2/opencms/en/buy/?page=1&edid=291E7E44-8D60-C6A3-3CC0-04813318A46E&sortorder=asc&column=price HTTP/1.1" 200 70879
144.76.137.254 - - [01/Jan/2021:07:33:01 +0100] "GET /ticket2/opencms/ru/buy/?page=1&edid=C1ACE21D-0708-37CC-D211-DDAF5232C408&sortorder=asc&column=row HTTP/1.1" 200 73003
144.76.176.171 - - [01/Jan/2021:07:33:04 +0100] "GET /ticket2/opencms/en/buy/?page=1&edid=291E7E44-8D60-C6A3-3CC0-04813318A46E&sortorder=asc&column=row HTTP/1.1" 200 70879
167.114.64.97 - - [01/Jan/2021:07:33:08 +0100] "GET /ticket2/opencms/nl/buy/?page=1&edid=A9DB1DE6-01D7-BC62-CF57-554A2AD423E4&sortorder=asc&column=row HTTP/1.1" 200 68320
144.76.176.171 - - [01/Jan/2021:07:33:12 +0100] "GET /ticket2/opencms/en/buy/?page=1&edid=291E7E44-8D60-C6A3-3CC0-04813318A46E&sortorder=asc&column=section HTTP/1.1" 200 70879
144.76.137.254 - - [01/Jan/2021:07:33:13 +0100] "GET /ticket2/opencms/ru/buy/?page=1&edid=CA5B3DDE-EB0E-1F86-9348-5A2547011BCE&sortorder=asc&column=price HTTP/1.1" 200 70240
144.76.176.171 - - [01/Jan/2021:07:33:21 +0100] "GET /ticket2/opencms/en/buy/?page=1&edid=297D0C8C-3838-53BC-5AB4-556AD8618B60&sortorder=asc&column=price HTTP/1.1" 200 70671
144.76.137.254 - - [01/Jan/2021:07:33:23 +0100] "GET /ticket2/opencms/ru/buy/?page=1&edid=CA5B3DDE-EB0E-1F86-9348-5A2547011BCE&sortorder=asc&column=row HTTP/1.1" 200 70240
144.76.176.171 - - [01/Jan/2021:07:33:28 +0100] "GET /ticket2/opencms/en/buy/?page=1&edid=297D0C8C-3838-53BC-5AB4-556AD8618B60&sortorder=asc&column=row HTTP/1.1" 200 70671
144.76.137.254 - - [01/Jan/2021:07:33:32 +0100] "GET /ticket2/opencms/ru/buy/?page=1&edid=CA5B3DDE-EB0E-1F86-9348-5A2547011BCE&sortorder=asc&column=section HTTP/1.1" 200 70240
144.76.176.171 - - [01/Jan/2021:07:33:33 +0100] "GET /ticket2/opencms/en/buy/?page=1&edid=297D0C8C-3838-53BC-5AB4-556AD8618B60&sortorder=asc&column=section HTTP/1.1" 200 70671
144.76.176.171 - - [01/Jan/2021:07:33:40 +0100] "GET /ticket2/opencms/en/buy/?page=1&edid=29A79EFA-749C-E24E-F206-9B4E4FCFA920&sortorder=asc&column=price HTTP/1.1" 200 69238
144.76.137.254 - - [01/Jan/2021:07:33:42 +0100] "GET /ticket2/opencms/sv/buy/?page=1&edid=C8508A21-C249-5F28-315D-1243D9273718&sortorder=asc&column=price HTTP/1.1" 200 69493
144.76.176.171 - - [01/Jan/2021:07:33:45 +0100] "GET /ticket2/opencms/en/buy/?page=1&edid=29A79EFA-749C-E24E-F206-9B4E4FCFA920&sortorder=asc&column=row HTTP/1.1" 200 69238
66.249.66.35 - - [01/Jan/2021:07:33:50 +0100] "GET /ticket2/opencms/fi/buy/?page=1&edid=FC0D5D89-4B43-9EC1-BD89-FA48C772FEDC HTTP/1.1" 200 73783
144.76.137.254 - - [01/Jan/2021:07:33:50 +0100] "GET /ticket2/opencms/sv/buy/?page=1&edid=C8508A21-C249-5F28-315D-1243D9273718&sortorder=asc&column=section HTTP/1.1" 200 69493
144.76.176.171 - - [01/Jan/2021:07:33:53 +0100] "GET /ticket2/opencms/en/buy/?page=1&edid=29A79EFA-749C-E24E-F206-9B4E4FCFA920&sortorder=asc&column=section HTTP/1.1" 200 69238
144.76.176.171 - - [01/Jan/2021:07:34:01 +0100] "GET /ticket2/opencms/en/buy/?page=1&edid=2A03D200-6C3E-00E6-4099-16BFE74BA999&sortorder=asc&column=price HTTP/1.1" 200 71371
114.119.153.172 - - [01/Jan/2021:07:34:02 +0100] "GET /ticket2/opencms/no/venue/?venueid=950A21FA-F5C6-F25A-D96D-C94FD8CA3066 HTTP/1.1" 200 65751
167.114.64.97 - - [01/Jan/2021:07:34:04 +0100] "GET /ticket2/opencms/nl/buy/?page=1&edid=ADE7AA6B-58B7-7155-682C-C32943F9CDAC&sortorder=asc&column=price HTTP/1.1" 200 71514
144.76.176.171 - - [01/Jan/2021:07:34:08 +0100] "GET /ticket2/opencms/en/buy/?page=1&edid=2A03D200-6C3E-00E6-4099-16BFE74BA999&sortorder=asc&column=row HTTP/1.1" 200 71371
144.76.176.171 - - [01/Jan/2021:07:34:15 +0100] "GET /ticket2/opencms/en/buy/?page=1&edid=2A03D200-6C3E-00E6-4099-16BFE74BA999&sortorder=asc&column=section HTTP/1.1" 200 71371
144.76.176.171 - - [01/Jan/2021:07:34:20 +0100] "GET /ticket2/opencms/en/buy/?page=1&edid=2AF69BD4-F184-D39C-9003-BFC19DC4F8FB&sortorder=asc&column=price HTTP/1.1" 200 69274
54.36.148.54 - - [01/Jan/2021:07:34:26 +0100] "GET /ticket2/opencms/dk/venue/?venueid=35DC5316-B52E-D8CB-55D2-7DC4685C4349 HTTP/1.1" 200 65234
144.76.176.171 - - [01/Jan/2021:07:34:30 +0100] "GET /ticket2/opencms/en/buy/?page=1&edid=2AF69BD4-F184-D39C-9003-BFC19DC4F8FB&sortorder=asc&column=row HTTP/1.1" 200 69274
144.76.176.171 - - [01/Jan/2021:07:34:38 +0100] "GET /ticket2/opencms/en/buy/?page=1&edid=2AF69BD4-F184-D39C-9003-BFC19DC4F8FB&sortorder=asc&column=section HTTP/1.1" 200 69274
167.114.64.97 - - [01/Jan/2021:07:34:46 +0100] "GET /ticket2/opencms/nl/buy/?page=1&edid=ADE7AA6B-58B7-7155-682C-C32943F9CDAC&sortorder=asc&column=section HTTP/1.1" 200 71514
144.76.176.171 - - [01/Jan/2021:07:34:48 +0100] "GET /ticket2/opencms/en/buy/?page=1&edid=2B2BAFF9-7EEE-97F7-D5EF-F0478D6194BB&sortorder=asc&column=price HTTP/1.1" 200 69241
144.76.176.171 - - [01/Jan/2021:07:34:56 +0100] "GET /ticket2/opencms/en/buy/?page=1&edid=2B2BAFF9-7EEE-97F7-D5EF-F0478D6194BB&sortorder=asc&column=row HTTP/1.1" 200 69241
144.76.176.171 - - [01/Jan/2021:07:35:03 +0100] "GET /ticket2/opencms/en/buy/?page=1&edid=2B2BAFF9-7EEE-97F7-D5EF-F0478D6194BB&sortorder=asc&column=section HTTP/1.1" 200 69241
77.75.78.162 - - [01/Jan/2021:07:35:13 +0100] "GET /ticket2/opencms/robots.txt HTTP/1.1" 200 773
144.76.176.171 - - [01/Jan/2021:07:35:13 +0100] "GET /ticket2/opencms/en/buy/?page=1&edid=2C38A8F3-3FDB-4275-5B70-01B082026DE0&sortorder=asc&column=price HTTP/1.1" 200 70580
77.75.78.162 - - [01/Jan/2021:07:35:14 +0100] "GET /ticket2/opencms/en/handbook_buyer/ HTTP/1.1" 200 72693
216.245.221.83 - - [01/Jan/2021:07:35:19 +0100] "HEAD /ticket2/opencms/ HTTP/1.1" 302 -
216.245.221.83 - - [01/Jan/2021:07:35:19 +0100] "HEAD /ticket2/opencms/en/ HTTP/1.1" 200 -
144.76.176.171 - - [01/Jan/2021:07:35:21 +0100] "GET /ticket2/opencms/en/buy/?page=1&edid=2C38A8F3-3FDB-4275-5B70-01B082026DE0&sortorder=asc&column=row HTTP/1.1" 200 70580
144.76.176.171 - - [01/Jan/2021:07:35:24 +0100] "GET /ticket2/opencms/en/buy/?page=1&edid=2C38A8F3-3FDB-4275-5B70-01B082026DE0&sortorder=asc&column=section HTTP/1.1" 200 70580
144.76.176.171 - - [01/Jan/2021:07:35:33 +0100] "GET /ticket2/opencms/en/buy/?page=1&edid=2C92A3B0-FEC1-5ECE-B821-5CAD902DA0E1&sortorder=asc&column=price HTTP/1.1" 200 71151
144.76.176.171 - - [01/Jan/2021:07:35:42 +0100] "GET /ticket2/opencms/en/buy/?page=1&edid=2C92A3B0-FEC1-5ECE-B821-5CAD902DA0E1&sortorder=asc&column=row HTTP/1.1" 200 71151
167.114.64.97 - - [01/Jan/2021:07:35:42 +0100] "GET /ticket2/opencms/nl/buy/?page=1&edid=B01EB766-CA7D-1A19-0DC1-D3305DF28EF7&sortorder=asc&column=price HTTP/1.1" 200 69697
144.76.176.171 - - [01/Jan/2021:07:35:46 +0100] "GET /ticket2/opencms/en/buy/?page=1&edid=2C92A3B0-FEC1-5ECE-B821-5CAD902DA0E1&sortorder=asc&column=section HTTP/1.1" 200 71151
54.36.148.153 - - [01/Jan/2021:07:35:53 +0100] "GET /ticket2/opencms/dk/venue/?venueid=46A76095-C8CC-46CE-5C46-97C8D40D2C4B HTTP/1.1" 200 65273
144.76.176.171 - - [01/Jan/2021:07:35:54 +0100] "GET /ticket2/opencms/en/buy/?page=1&edid=2CC59489-60B1-DBB6-8A8B-B3F8A51347B3&sortorder=asc&column=price HTTP/1.1" 200 69253
144.76.176.171 - - [01/Jan/2021:07:35:58 +0100] "GET /ticket2/opencms/en/buy/?page=1&edid=2CC59489-60B1-DBB6-8A8B-B3F8A51347B3&sortorder=asc&column=row HTTP/1.1" 200 69253
216.18.204.210 - - [01/Jan/2021:07:36:02 +0100] "GET /ticket2/opencms/no/buy/?page=1&edid=A03EAA2C-2EFF-45A8-B381-DF86A299AA05&sortorder=asc&column=price HTTP/1.1" 200 71692
144.76.176.171 - - [01/Jan/2021:07:36:07 +0100] "GET /ticket2/opencms/en/buy/?page=1&edid=2CC59489-60B1-DBB6-8A8B-B3F8A51347B3&sortorder=asc&column=section HTTP/1.1" 200 69253
207.46.13.130 - - [01/Jan/2021:07:36:10 +0100] "GET /ticket2/opencms/fi/venue/?venueid=ABC0464F-8805-FF17-3379-7EF70B4189E3 HTTP/1.1" 200 66445
66.249.66.135 - - [01/Jan/2021:07:36:13 +0100] "GET /ticket2/opencms/en/buy/?page=1&edid=764B679B-1F6D-5991-3C73-D8B0C8DD7897 HTTP/1.1" 200 72402
66.249.66.135 - - [01/Jan/2021:07:36:14 +0100] "GET /ticket2/opencms/ HTTP/1.1" 302 -
66.249.66.133 - - [01/Jan/2021:07:36:14 +0100] "GET /ticket2/opencms/sv/ HTTP/1.1" 200 66405
144.76.176.171 - - [01/Jan/2021:07:36:15 +0100] "GET /ticket2/opencms/en/buy/?page=1&edid=2CC59489-60B1-DBB6-8A8B-B3F8A51347B3&sortorder=desc&column=row HTTP/1.1" 200 69252
31.13.127.15 - - [01/Jan/2021:07:36:16 +0100] "GET /ticket2/opencms/system/modules/com.gridnine.opencms.ticketbrokerage.site/resources/pics/front_page/en/2015_en_startbild.png HTTP/1.1" 200 180281
144.76.176.171 - - [01/Jan/2021:07:36:20 +0100] "GET /ticket2/opencms/en/buy/?page=1&edid=2CC59489-60B1-DBB6-8A8B-B3F8A51347B3&sortorder=desc&column=section HTTP/1.1" 200 69252
144.76.176.171 - - [01/Jan/2021:07:36:30 +0100] "GET /ticket2/opencms/en/buy/?page=1&edid=2E3308C6-12D0-B50B-7958-3212AA58F984&sortorder=asc&column=price HTTP/1.1" 200 70653
