164.68.117.152 - - [01/Jan/2021:16:28:12 +0100] "GET /ticket2/opencms/robots.txt HTTP/1.1" 200 773
5.9.144.234 - - [01/Jan/2021:16:28:13 +0100] "GET /ticket2/opencms/fi/buy/?page=1&edid=7EF7D37C-07FE-3083-E852-5E98E846AE0C&sortorder=asc&column=row HTTP/1.1" 200 70659
5.9.144.234 - - [01/Jan/2021:16:28:20 +0100] "GET /ticket2/opencms/fi/buy/?page=1&edid=7EF7D37C-07FE-3083-E852-5E98E846AE0C&sortorder=asc&column=section HTTP/1.1" 200 70659
192.99.160.200 - - [01/Jan/2021:16:28:24 +0100] "GET /ticket2/opencms/nl/buy/?page=1&edid=3176E62D-2ABE-1AEC-AE78-5501F2AB2BE9&sortorder=desc&column=row HTTP/1.1" 200 69962
66.249.66.76 - - [01/Jan/2021:16:28:26 +0100] "GET /ticket2/opencms/fi/venue/?venueid=4F62933B-9DDF-0985-7B84-96B1AE723370 HTTP/1.1" 200 66477
167.114.211.237 - - [01/Jan/2021:16:28:27 +0100] "GET /ticket2/opencms/no/buy/?page=1&edid=89512C49-9985-8A64-3ABD-3F9CEE88DFB0 HTTP/1.1" 200 71621
5.9.144.234 - - [01/Jan/2021:16:28:30 +0100] "GET /ticket2/opencms/fi/buy/?page=1&edid=8124925D-02E4-C992-3295-AAF8E791AD8B&sortorder=asc&column=price HTTP/1.1" 200 72924
167.114.209.104 - - [01/Jan/2021:16:28:35 +0100] "GET /ticket2/opencms/fi/buy/?page=1&edid=70FDC3DC-F515-C07F-B4AD-EDA83BDCA260&sortorder=desc&column=row HTTP/1.1" 200 72303
164.68.117.152 - - [01/Jan/2021:16:28:37 +0100] "GET /ticket2/opencms/en/buy/?page=1&edid=EE831D81-430C-2742-EF81-913C033FACF9&sortorder=asc&column=row HTTP/1.1" 200 71391
5.9.144.234 - - [01/Jan/2021:16:28:38 +0100] "GET /ticket2/opencms/fi/buy/?page=1&edid=8124925D-02E4-C992-3295-AAF8E791AD8B&sortorder=asc&column=row HTTP/1.1" 200 72924
5.9.144.234 - - [01/Jan/2021:16:28:47 +0100] "GET /ticket2/opencms/fi/buy/?page=1&edid=8124925D-02E4-C992-3295-AAF8E791AD8B&sortorder=asc&column=section HTTP/1.1" 200 72924
5.9.144.234 - - [01/Jan/2021:16:28:54 +0100] "GET /ticket2/opencms/fi/buy/?page=1&edid=8567C3FF-EEEB-6331-0D57-7F0C74A93B39&sortorder=asc&column=price HTTP/1.1" 200 70642
192.99.13.75 - - [01/Jan/2021:16:28:55 +0100] "GET /ticket2/opencms/ru/buy/?page=1&edid=07EA412C-3486-2D43-F1B9-FDEC67DDE38E&sortorder=asc&column=section HTTP/1.1" 200 71956
54.36.149.51 - - [01/Jan/2021:16:28:56 +0100] "GET /ticket2/opencms/no/buy/?page=6&comcatid=0A6B8208-FDA4-E929-9D72-5312FD481B76 HTTP/1.1" 200 69437
164.68.117.152 - - [01/Jan/2021:16:28:58 +0100] "GET /ticket2/opencms/en/buy/?page=1&edid=EE831D81-430C-2742-EF81-913C033FACF9&sortorder=desc&column=section HTTP/1.1" 200 71390
216.18.204.210 - - [01/Jan/2021:16:29:02 +0100] "GET /ticket2/opencms/sv/buy/?comcatid=A17713B6-D984-201A-4143-ED4DB5ED5C2E&catid=42C82D82-D02A-8562-E55C-48ADB3771882 HTTP/1.1" 200 75531
167.114.211.237 - - [01/Jan/2021:16:29:04 +0100] "GET /ticket2/opencms/no/buy/?page=1&edid=8ACD1E09-FED8-351A-691B-56EF5D589CCC HTTP/1.1" 200 69804
5.9.144.234 - - [01/Jan/2021:16:29:04 +0100] "GET /ticket2/opencms/fi/buy/?page=1&edid=8567C3FF-EEEB-6331-0D57-7F0C74A93B39&sortorder=asc&column=row HTTP/1.1" 200 70642
5.9.144.234 - - [01/Jan/2021:16:29:10 +0100] "GET /ticket2/opencms/fi/buy/?page=1&edid=8567C3FF-EEEB-6331-0D57-7F0C74A93B39&sortorder=asc&column=section HTTP/1.1" 200 70642
192.99.160.200 - - [01/Jan/2021:16:29:16 +0100] "GET /ticket2/opencms/nl/buy/?page=1&edid=3176E62D-2ABE-1AEC-AE78-5501F2AB2BE9&sortorder=desc&column=section HTTP/1.1" 200 69962
5.9.144.234 - - [01/Jan/2021:16:29:16 +0100] "GET /ticket2/opencms/fi/buy/?page=1&edid=85DC3B34-6EA3-546F-88A4-2D429B77C714&sortorder=asc&column=price HTTP/1.1" 200 72726
5.9.144.234 - - [01/Jan/2021:16:29:22 +0100] "GET /ticket2/opencms/fi/buy/?page=1&edid=85DC3B34-6EA3-546F-88A4-2D429B77C714&sortorder=asc&column=section HTTP/1.1" 200 72726
5.9.144.234 - - [01/Jan/2021:16:29:28 +0100] "GET /ticket2/opencms/fi/buy/?page=1&edid=869B1F17-4BE4-AC5C-FE3A-AEBC86488B85&sortorder=asc&column=price HTTP/1.1" 200 70647
192.99.13.75 - - [01/Jan/2021:16:29:28 +0100] "GET /ticket2/opencms/ru/buy/?page=1&edid=07EA412C-3486-2D43-F1B9-FDEC67DDE38E&sortorder=desc&column=price HTTP/1.1" 200 71955
114.119.157.185 - - [01/Jan/2021:16:29:29 +0100] "GET /ticket2/opencms/no/?comcatid=97ECA65A-72DA-F9AF-9DBB-245D3CFED1BE HTTP/1.1" 200 66772
164.68.117.152 - - [01/Jan/2021:16:29:33 +0100] "GET /ticket2/opencms/en/buy/?page=1&edid=EEB4C277-42A6-C747-BCBB-599AAA94BEB2 HTTP/1.1" 200 70587
5.9.144.234 - - [01/Jan/2021:16:29:35 +0100] "GET /ticket2/opencms/fi/buy/?page=1&edid=869B1F17-4BE4-AC5C-FE3A-AEBC86488B85&sortorder=asc&column=row HTTP/1.1" 200 70647
5.9.144.234 - - [01/Jan/2021:16:29:39 +0100] "GET /ticket2/opencms/fi/buy/?page=1&edid=869B1F17-4BE4-AC5C-FE3A-AEBC86488B85&sortorder=asc&column=section HTTP/1.1" 200 70647
5.9.144.234 - - [01/Jan/2021:16:29:46 +0100] "GET /ticket2/opencms/fi/buy/?page=1&edid=869B1F17-4BE4-AC5C-FE3A-AEBC86488B85&sortorder=desc&column=price HTTP/1.1" 200 70646
167.114.211.237 - - [01/Jan/2021:16:29:50 +0100] "GET /ticket2/opencms/no/buy/?page=1&edid=8BD60387-4E3F-89EB-86CE-11AA91ED3E74 HTTP/1.1" 200 71658
5.9.144.234 - - [01/Jan/2021:16:29:51 +0100] "GET /ticket2/opencms/fi/buy/?page=1&edid=869B1F17-4BE4-AC5C-FE3A-AEBC86488B85&sortorder=desc&column=section HTTP/1.1" 200 70646
114.119.153.172 - - [01/Jan/2021:16:29:57 +0100] "GET /ticket2/opencms/fi/buy/?page=1&edid=BDF1DAFB-76AF-8DA9-E3E2-6F2E34C6878A&sortorder=desc&column=row HTTP/1.1" 200 72525
5.9.144.234 - - [01/Jan/2021:16:29:58 +0100] "GET /ticket2/opencms/fi/buy/?page=1&edid=8871F39D-CC75-6BEB-E911-E7E368F4B404&sortorder=desc&column=price HTTP/1.1" 200 72281
192.99.13.75 - - [01/Jan/2021:16:30:03 +0100] "GET /ticket2/opencms/ru/buy/?page=1&edid=07EA412C-3486-2D43-F1B9-FDEC67DDE38E&sortorder=desc&column=row HTTP/1.1" 200 71955
167.114.209.104 - - [01/Jan/2021:16:30:05 +0100] "GET /ticket2/opencms/fi/buy/?page=1&edid=70FDC3DC-F515-C07F-B4AD-EDA83BDCA260&sortorder=desc&column=section HTTP/1.1" 200 72303
5.9.144.234 - - [01/Jan/2021:16:30:05 +0100] "GET /ticket2/opencms/fi/buy/?page=1&edid=8871F39D-CC75-6BEB-E911-E7E368F4B404&sortorder=desc&column=row HTTP/1.1" 200 72281
164.68.117.152 - - [01/Jan/2021:16:30:10 +0100] "GET /ticket2/opencms/en/buy/?page=1&edid=EEB4C277-42A6-C747-BCBB-599AAA94BEB2&sortorder=asc&column=price HTTP/1.1" 200 70623
5.9.144.234 - - [01/Jan/2021:16:30:13 +0100] "GET /ticket2/opencms/fi/buy/?page=1&edid=8871F39D-CC75-6BEB-E911-E7E368F4B404&sortorder=desc&column=section HTTP/1.1" 200 72281
192.99.160.200 - - [01/Jan/2021:16:30:15 +0100] "GET /ticket2/opencms/nl/buy/?page=1&edid=335FAC78-A5D0-0517-0A8F-2E8AC480B3BE&sortorder=desc&column=row HTTP/1.1" 200 69719
13.66.139.95 - - [01/Jan/2021:16:30:16 +0100] "GET /ticket2/opencms/en/buy_safety/ HTTP/1.1" 200 65824
216.245.221.83 - - [01/Jan/2021:16:30:18 +0100] "HEAD /ticket2/opencms/ HTTP/1.1" 302 -
216.245.221.83 - - [01/Jan/2021:16:30:18 +0100] "HEAD /ticket2/opencms/en/ HTTP/1.1" 200 -
157.55.39.170 - - [01/Jan/2021:16:30:22 +0100] "GET /ticket2/opencms/en/venue/?venueid=696CF794-7D31-9FC6-0B42-8ABB3E78F390 HTTP/1.1" 200 65300
157.55.39.170 - - [01/Jan/2021:16:30:22 +0100] "GET /ticket2/opencms/no/venue/?venueid=2F4B9D73-9089-26F5-4E9E-2CBD328F67B2 HTTP/1.1" 200 65738
5.9.144.234 - - [01/Jan/2021:16:30:23 +0100] "GET /ticket2/opencms/fi/buy/?page=1&edid=891B9583-5926-B6F5-DFBC-2EA68E228996&sortorder=asc&column=row HTTP/1.1" 200 70661
5.9.144.234 - - [01/Jan/2021:16:30:30 +0100] "GET /ticket2/opencms/fi/buy/?page=1&edid=891B9583-5926-B6F5-DFBC-2EA68E228996&sortorder=asc&column=section HTTP/1.1" 200 70661
5.9.98.234 - - [01/Jan/2021:16:30:31 +0100] "GET /ticket2/opencms/robots.txt HTTP/1.1" 200 773
167.114.211.237 - - [01/Jan/2021:16:30:32 +0100] "GET /ticket2/opencms/no/buy/?page=1&edid=8D658471-41BC-7653-893E-D0CACDA8A7ED&sortorder=desc&column=price HTTP/1.1" 200 72119
5.9.98.234 - - [01/Jan/2021:16:30:35 +0100] "GET /ticket2/opencms/en/buy/?page=1&edid=564F2B0C-F95B-CA0E-9D46-14A08618FD78&sortorder=desc&column=section HTTP/1.1" 200 70878
5.9.144.234 - - [01/Jan/2021:16:30:35 +0100] "GET /ticket2/opencms/fi/buy/?page=1&edid=891B9583-5926-B6F5-DFBC-2EA68E228996&sortorder=desc&column=row HTTP/1.1" 200 70660
5.9.98.234 - - [01/Jan/2021:16:30:36 +0100] "GET /ticket2/opencms/en/buy/?page=1&edid=564F374B-9ECE-71C3-6C81-9C34CCA4AEEC&sortorder=asc&column=price HTTP/1.1" 200 71633
164.68.117.152 - - [01/Jan/2021:16:30:37 +0100] "GET /ticket2/opencms/en/buy/?page=1&edid=EEB4C277-42A6-C747-BCBB-599AAA94BEB2&sortorder=asc&column=row HTTP/1.1" 200 70623
5.9.98.234 - - [01/Jan/2021:16:30:39 +0100] "GET /ticket2/opencms/en/buy/?page=1&edid=564F374B-9ECE-71C3-6C81-9C34CCA4AEEC&sortorder=asc&column=section HTTP/1.1" 200 71633
5.9.144.234 - - [01/Jan/2021:16:30:42 +0100] "GET /ticket2/opencms/fi/buy/?page=1&edid=891B9583-5926-B6F5-DFBC-2EA68E228996&sortorder=desc&column=section HTTP/1.1" 200 70660
5.9.98.234 - - [01/Jan/2021:16:30:43 +0100] "GET /ticket2/opencms/en/buy/?page=1&edid=564F374B-9ECE-71C3-6C81-9C34CCA4AEEC&sortorder=desc&column=price HTTP/1.1" 200 71632
192.99.13.75 - - [01/Jan/2021:16:30:46 +0100] "GET /ticket2/opencms/ru/buy/?page=1&edid=07EA412C-3486-2D43-F1B9-FDEC67DDE38E&sortorder=desc&column=section HTTP/1.1" 200 71955
5.9.98.234 - - [01/Jan/2021:16:30:46 +0100] "GET /ticket2/opencms/en/buy/?page=1&edid=564F374B-9ECE-71C3-6C81-9C34CCA4AEEC&sortorder=desc&column=row HTTP/1.1" 200 71632
5.9.144.234 - - [01/Jan/2021:16:30:48 +0100] "GET /ticket2/opencms/fi/buy/?page=1&edid=89D89E9E-8D04-F641-B1B5-F18BACE2A9FB HTTP/1.1" 200 70588
5.9.98.234 - - [01/Jan/2021:16:30:53 +0100] "GET /ticket2/opencms/en/buy/?page=1&edid=564F374B-9ECE-71C3-6C81-9C34CCA4AEEC&sortorder=desc&column=section HTTP/1.1" 200 71632
5.9.144.234 - - [01/Jan/2021:16:30:53 +0100] "GET /ticket2/opencms/fi/buy/?page=1&edid=89D89E9E-8D04-F641-B1B5-F18BACE2A9FB&sortorder=desc&column=price HTTP/1.1" 200 70623
5.9.98.234 - - [01/Jan/2021:16:30:55 +0100] "GET /ticket2/opencms/en/buy/?page=1&edid=566154EB-0A73-5BD8-9D8B-5A67C1448B12&sortorder=asc&column=price HTTP/1.1" 200 70624
5.9.98.234 - - [01/Jan/2021:16:30:57 +0100] "GET /ticket2/opencms/en/buy/?page=1&edid=58693715-6CCC-352C-AA08-C201DA62B688 HTTP/1.1" 200 70842
192.99.160.200 - - [01/Jan/2021:16:30:58 +0100] "GET /ticket2/opencms/nl/buy/?page=1&edid=335FAC78-A5D0-0517-0A8F-2E8AC480B3BE&sortorder=desc&column=section HTTP/1.1" 200 69719
5.9.144.234 - - [01/Jan/2021:16:30:58 +0100] "GET /ticket2/opencms/fi/buy/?page=1&edid=89D89E9E-8D04-F641-B1B5-F18BACE2A9FB&sortorder=desc&column=row HTTP/1.1" 200 70623
5.9.98.234 - - [01/Jan/2021:16:31:00 +0100] "GET /ticket2/opencms/en/buy/?page=1&edid=58B05E92-0C34-F60E-3064-4FAE534AF308 HTTP/1.1" 200 69219
54.36.149.7 - - [01/Jan/2021:16:31:00 +0100] "GET /ticket2/opencms/fi/buy/?comcatid=66708183-7480-3365-06BF-DBF60280AB45 HTTP/1.1" 200 68922
164.68.117.152 - - [01/Jan/2021:16:31:00 +0100] "GET /ticket2/opencms/en/buy/?page=1&edid=EEB4C277-42A6-C747-BCBB-599AAA94BEB2&sortorder=asc&column=section HTTP/1.1" 200 70623
157.55.39.240 - - [01/Jan/2021:16:31:01 +0100] "GET /ticket2/opencms/no/venue/?venueid=AFBD78E8-9F9A-1F1F-0693-EFD155D85FB4 HTTP/1.1" 200 65735
5.9.144.234 - - [01/Jan/2021:16:31:03 +0100] "GET /ticket2/opencms/fi/buy/?page=1&edid=8A1734CD-57B7-0726-0561-5D6E94CAD0FB&sortorder=desc&column=price HTTP/1.1" 200 70652
5.9.98.234 - - [01/Jan/2021:16:31:03 +0100] "GET /ticket2/opencms/en/buy/?page=1&edid=59AB6E9D-6FC4-6EF5-CB9B-2ACFED9E25CF&sortorder=asc&column=section HTTP/1.1" 200 69241
5.9.98.234 - - [01/Jan/2021:16:31:07 +0100] "GET /ticket2/opencms/en/buy/?page=1&edid=59AB6E9D-6FC4-6EF5-CB9B-2ACFED9E25CF&sortorder=desc&column=price HTTP/1.1" 200 69240
167.114.211.237 - - [01/Jan/2021:16:31:09 +0100] "GET /ticket2/opencms/no/buy/?page=1&edid=8D658471-41BC-7653-893E-D0CACDA8A7ED&sortorder=desc&column=row HTTP/1.1" 200 72119
5.9.98.234 - - [01/Jan/2021:16:31:09 +0100] "GET /ticket2/opencms/en/buy/?page=1&edid=5E100F11-07B4-ABAF-8BB0-5EC601120162 HTTP/1.1" 200 71076
5.9.98.234 - - [01/Jan/2021:16:31:12 +0100] "GET /ticket2/opencms/en/buy/?page=1&edid=5E100F11-07B4-ABAF-8BB0-5EC601120162&sortorder=asc&column=price HTTP/1.1" 200 71112
5.9.144.234 - - [01/Jan/2021:16:31:14 +0100] "GET /ticket2/opencms/fi/buy/?page=1&edid=8F0A2300-B46C-C178-F75A-F4A855D9266D&sortorder=asc&column=price HTTP/1.1" 200 70662
5.9.98.234 - - [01/Jan/2021:16:31:15 +0100] "GET /ticket2/opencms/en/buy/?page=1&edid=5E100F11-07B4-ABAF-8BB0-5EC601120162&sortorder=asc&column=section HTTP/1.1" 200 71112
5.9.98.234 - - [01/Jan/2021:16:31:19 +0100] "GET /ticket2/opencms/en/buy/?page=1&edid=5E100F11-07B4-ABAF-8BB0-5EC601120162&sortorder=desc&column=section HTTP/1.1" 200 71111
5.9.98.234 - - [01/Jan/2021:16:31:21 +0100] "GET /ticket2/opencms/en/buy/?page=1&edid=5F5BB855-5D9E-1E2C-72A6-69354D1848B9&sortorder=asc&column=price HTTP/1.1" 200 70679
5.9.98.234 - - [01/Jan/2021:16:31:25 +0100] "GET /ticket2/opencms/en/buy/?page=1&edid=60F96383-9D3D-35F8-8DDF-3BCE4E77074B&sortorder=desc&column=price HTTP/1.1" 200 69264
192.99.13.75 - - [01/Jan/2021:16:31:26 +0100] "GET /ticket2/opencms/ru/buy/?page=1&edid=07F43CF2-2AE8-D1DB-0128-AE77107A7EF9&sortorder=asc&column=price HTTP/1.1" 200 71720
5.9.98.234 - - [01/Jan/2021:16:31:27 +0100] "GET /ticket2/opencms/en/buy/?page=1&edid=614716D9-334C-82A2-5476-6D9C52226EDE&sortorder=desc&column=row HTTP/1.1" 200 70882
167.114.209.104 - - [01/Jan/2021:16:31:28 +0100] "GET /ticket2/opencms/fi/buy/?page=1&edid=7120C207-B2B4-FC1F-26E8-1A7CADFA22DF&sortorder=desc&column=price HTTP/1.1" 200 72299
5.9.144.234 - - [01/Jan/2021:16:31:29 +0100] "GET /ticket2/opencms/fi/buy/?page=1&edid=8F0A2300-B46C-C178-F75A-F4A855D9266D&sortorder=asc&column=row HTTP/1.1" 200 70662
5.9.98.234 - - [01/Jan/2021:16:31:29 +0100] "GET /ticket2/opencms/en/buy/?page=1&edid=61A4236D-8A4F-347D-2797-7565CB47221F HTTP/1.1" 200 70840
5.9.98.234 - - [01/Jan/2021:16:31:32 +0100] "GET /ticket2/opencms/en/buy/?page=1&edid=61A4236D-8A4F-347D-2797-7565CB47221F&sortorder=asc&column=section HTTP/1.1" 200 70876
164.68.117.152 - - [01/Jan/2021:16:31:34 +0100] "GET /ticket2/opencms/en/buy/?page=1&edid=EEB4C277-42A6-C747-BCBB-599AAA94BEB2&sortorder=desc&column=price HTTP/1.1" 200 70622
5.9.98.234 - - [01/Jan/2021:16:31:35 +0100] "GET /ticket2/opencms/en/buy/?page=1&edid=62F27163-68AA-3042-83FC-D856DEAD620E&sortorder=asc&column=section HTTP/1.1" 200 71102
5.9.98.234 - - [01/Jan/2021:16:31:37 +0100] "GET /ticket2/opencms/en/buy/?page=1&edid=63084C78-5263-1A7A-C66E-4C63F55B8243 HTTP/1.1" 200 72201
192.99.160.200 - - [01/Jan/2021:16:31:38 +0100] "GET /ticket2/opencms/nl/buy/?page=1&edid=337152A4-124F-E656-0F24-1F386552AC10&sortorder=asc&column=price HTTP/1.1" 200 70182
5.9.98.234 - - [01/Jan/2021:16:31:38 +0100] "GET /ticket2/opencms/en/buy/?page=1&edid=63084C78-5263-1A7A-C66E-4C63F55B8243&sortorder=desc&column=price HTTP/1.1" 200 72236
5.9.98.234 - - [01/Jan/2021:16:31:41 +0100] "GET /ticket2/opencms/en/buy/?page=1&edid=63084C78-5263-1A7A-C66E-4C63F55B8243&sortorder=desc&column=section HTTP/1.1" 200 72236
167.114.211.237 - - [01/Jan/2021:16:31:42 +0100] "GET /ticket2/opencms/no/buy/?page=1&edid=8D658471-41BC-7653-893E-D0CACDA8A7ED&sortorder=desc&column=section HTTP/1.1" 200 72119
216.18.204.210 - - [01/Jan/2021:16:31:42 +0100] "GET /ticket2/opencms/sv/buy/?comcatid=A17713B6-D984-201A-4143-ED4DB5ED5C2E&catid=4B941E1B-E4E2-C53E-C693-9FA91BBA9AD5 HTTP/1.1" 200 75518
5.9.144.234 - - [01/Jan/2021:16:31:43 +0100] "GET /ticket2/opencms/fi/buy/?page=1&edid=8F0A2300-B46C-C178-F75A-F4A855D9266D&sortorder=asc&column=section HTTP/1.1" 200 70662
5.9.98.234 - - [01/Jan/2021:16:31:43 +0100] "GET /ticket2/opencms/en/buy/?page=1&edid=63198291-7B51-5C06-A4B8-F136F690F083 HTTP/1.1" 200 72405
5.9.98.234 - - [01/Jan/2021:16:31:46 +0100] "GET /ticket2/opencms/en/buy/?page=1&edid=DCCD62EA-A19D-6AC3-AFCF-64446DC39A9F&sortorder=asc&column=row HTTP/1.1" 200 69256
192.99.13.75 - - [01/Jan/2021:16:31:48 +0100] "GET /ticket2/opencms/ru/buy/?page=1&edid=07F43CF2-2AE8-D1DB-0128-AE77107A7EF9&sortorder=asc&column=row HTTP/1.1" 200 71720
164.68.117.152 - - [01/Jan/2021:16:31:49 +0100] "GET /ticket2/opencms/en/buy/?page=1&edid=EEB4C277-42A6-C747-BCBB-599AAA94BEB2&sortorder=desc&column=row HTTP/1.1" 200 70622
5.9.98.234 - - [01/Jan/2021:16:31:49 +0100] "GET /ticket2/opencms/en/buy/?page=1&edid=DCCD62EA-A19D-6AC3-AFCF-64446DC39A9F&sortorder=asc&column=section HTTP/1.1" 200 69256
5.9.98.234 - - [01/Jan/2021:16:31:53 +0100] "GET /ticket2/opencms/en/buy/?page=1&edid=DCCD62EA-A19D-6AC3-AFCF-64446DC39A9F&sortorder=desc&column=row HTTP/1.1" 200 69255
5.9.98.234 - - [01/Jan/2021:16:31:56 +0100] "GET /ticket2/opencms/en/buy/?page=1&edid=DF7E8DA7-A288-8D8D-7938-9EBD4C867AAF&sortorder=desc&column=row HTTP/1.1" 200 72413
5.9.98.234 - - [01/Jan/2021:16:32:00 +0100] "GET /ticket2/opencms/en/buy/?page=1&edid=DF7FDCF1-CC85-5FC0-0D90-B64E90E425F7 HTTP/1.1" 200 71299
5.9.144.234 - - [01/Jan/2021:16:32:02 +0100] "GET /ticket2/opencms/fi/buy/?page=1&edid=8F0A2300-B46C-C178-F75A-F4A855D9266D&sortorder=desc&column=price HTTP/1.1" 200 70661
5.9.98.234 - - [01/Jan/2021:16:32:03 +0100] "GET /ticket2/opencms/en/buy/?page=1&edid=DF9D48DC-91C3-ADD4-73AC-FE5950A282A2&sortorder=asc&column=row HTTP/1.1" 200 71615
5.9.98.234 - - [01/Jan/2021:16:32:05 +0100] "GET /ticket2/opencms/en/buy/?page=1&edid=DF9D48DC-91C3-ADD4-73AC-FE5950A282A2&sortorder=asc&column=section HTTP/1.1" 200 71615
5.9.98.234 - - [01/Jan/2021:16:32:08 +0100] "GET /ticket2/opencms/en/buy/?page=1&edid=DF9D48DC-91C3-ADD4-73AC-FE5950A282A2&sortorder=desc&column=price HTTP/1.1" 200 71614
5.9.98.234 - - [01/Jan/2021:16:32:11 +0100] "GET /ticket2/opencms/en/buy/?page=1&edid=DF9D48DC-91C3-ADD4-73AC-FE5950A282A2&sortorder=desc&column=row HTTP/1.1" 200 71614
164.68.117.152 - - [01/Jan/2021:16:32:11 +0100] "GET /ticket2/opencms/en/buy/?page=1&edid=EEB4C277-42A6-C747-BCBB-599AAA94BEB2&sortorder=desc&column=section HTTP/1.1" 200 70622
5.9.98.234 - - [01/Jan/2021:16:32:13 +0100] "GET /ticket2/opencms/en/buy/?page=1&edid=DF9D48DC-91C3-ADD4-73AC-FE5950A282A2&sortorder=desc&column=section HTTP/1.1" 200 71614
192.99.13.75 - - [01/Jan/2021:16:32:14 +0100] "GET /ticket2/opencms/ru/buy/?page=1&edid=07F43CF2-2AE8-D1DB-0128-AE77107A7EF9&sortorder=asc&column=section HTTP/1.1" 200 71720
5.9.98.234 - - [01/Jan/2021:16:32:15 +0100] "GET /ticket2/opencms/en/buy/?page=1&edid=DFA8226D-664D-86EA-6CA6-3048A4D1FA69 HTTP/1.1" 200 70843
5.9.98.234 - - [01/Jan/2021:16:32:17 +0100] "GET /ticket2/opencms/en/buy/?page=1&edid=E040E264-7E8E-AEF9-BAA1-D19970F65C5B&sortorder=asc&column=row HTTP/1.1" 200 69245
5.9.98.234 - - [01/Jan/2021:16:32:19 +0100] "GET /ticket2/opencms/en/buy/?page=1&edid=E040E264-7E8E-AEF9-BAA1-D19970F65C5B&sortorder=asc&column=section HTTP/1.1" 200 69245
5.9.144.234 - - [01/Jan/2021:16:32:21 +0100] "GET /ticket2/opencms/fi/buy/?page=1&edid=8F0A2300-B46C-C178-F75A-F4A855D9266D&sortorder=desc&column=section HTTP/1.1" 200 70661
5.9.98.234 - - [01/Jan/2021:16:32:21 +0100] "GET /ticket2/opencms/en/buy/?page=1&edid=E040E264-7E8E-AEF9-BAA1-D19970F65C5B&sortorder=desc&column=price HTTP/1.1" 200 69244
192.99.160.200 - - [01/Jan/2021:16:32:23 +0100] "GET /ticket2/opencms/nl/buy/?page=1&edid=339EBE6C-7CB3-D64A-7E36-EDEE00BC8C46&sortorder=desc&column=price HTTP/1.1" 200 69718
5.9.98.234 - - [01/Jan/2021:16:32:25 +0100] "GET /ticket2/opencms/en/buy/?page=1&edid=E040E264-7E8E-AEF9-BAA1-D19970F65C5B&sortorder=desc&column=row HTTP/1.1" 200 69244
164.68.117.152 - - [01/Jan/2021:16:32:27 +0100] "GET /ticket2/opencms/en/buy/?page=1&edid=EEBEB1B7-124E-0978-2C17-3654DF15A113 HTTP/1.1" 200 70835
167.114.211.237 - - [01/Jan/2021:16:32:28 +0100] "GET /ticket2/opencms/no/buy/?page=1&edid=8D9FF508-11BB-9C58-205E-370857C0D906&sortorder=desc&column=price HTTP/1.1" 200 71455
5.9.144.234 - - [01/Jan/2021:16:32:35 +0100] "GET /ticket2/opencms/fi/buy/?page=1&edid=990537F6-0505-9757-D901-B5E3E564ED8C&sortorder=asc&column=price HTTP/1.1" 200 72548
5.9.98.234 - - [01/Jan/2021:16:32:35 +0100] "GET /ticket2/opencms/en/buy/?page=1&edid=E040E264-7E8E-AEF9-BAA1-D19970F65C5B&sortorder=desc&column=section HTTP/1.1" 200 69244
5.9.98.234 - - [01/Jan/2021:16:32:40 +0100] "GET /ticket2/opencms/en/buy/?page=1&edid=E0608FC5-65F6-E8D3-5201-2E9C615F63AB HTTP/1.1" 200 71300
5.9.144.234 - - [01/Jan/2021:16:32:40 +0100] "GET /ticket2/opencms/fi/buy/?page=1&edid=990537F6-0505-9757-D901-B5E3E564ED8C&sortorder=asc&column=row HTTP/1.1" 200 72548
167.114.209.104 - - [01/Jan/2021:16:32:41 +0100] "GET /ticket2/opencms/fi/buy/?page=1&edid=7285231C-722D-17E1-ED05-E4F9F72CED59&sortorder=desc&column=section HTTP/1.1" 200 72528
164.68.117.152 - - [01/Jan/2021:16:32:45 +0100] "GET /ticket2/opencms/en/buy/?page=1&edid=EEC5300E-BB94-42CA-1E8E-EBCDC578E81E HTTP/1.1" 200 72374
5.9.144.234 - - [01/Jan/2021:16:32:46 +0100] "GET /ticket2/opencms/fi/buy/?page=1&edid=990537F6-0505-9757-D901-B5E3E564ED8C&sortorder=asc&column=section HTTP/1.1" 200 72548
5.9.98.234 - - [01/Jan/2021:16:32:50 +0100] "GET /ticket2/opencms/en/buy/?page=1&edid=E0608FC5-65F6-E8D3-5201-2E9C615F63AB&sortorder=asc&column=price HTTP/1.1" 200 71336
5.9.144.234 - - [01/Jan/2021:16:32:56 +0100] "GET /ticket2/opencms/fi/buy/?page=1&edid=990537F6-0505-9757-D901-B5E3E564ED8C&sortorder=desc&column=price HTTP/1.1" 200 72547
164.68.117.152 - - [01/Jan/2021:16:32:58 +0100] "GET /ticket2/opencms/en/buy/?page=1&edid=EEC5300E-BB94-42CA-1E8E-EBCDC578E81E&sortorder=asc&column=price HTTP/1.1" 200 72410
5.9.98.234 - - [01/Jan/2021:16:32:58 +0100] "GET /ticket2/opencms/en/buy/?page=1&edid=E0608FC5-65F6-E8D3-5201-2E9C615F63AB&sortorder=asc&column=row HTTP/1.1" 200 71336
54.36.148.250 - - [01/Jan/2021:16:32:59 +0100] "GET /ticket2/opencms/dk/venue/?venueid=B5F8506A-F94F-2596-19B1-8EAC93A69524 HTTP/1.1" 200 65210
5.9.144.234 - - [01/Jan/2021:16:33:02 +0100] "GET /ticket2/opencms/fi/buy/?page=1&edid=990537F6-0505-9757-D901-B5E3E564ED8C&sortorder=desc&column=row HTTP/1.1" 200 72547
5.9.98.234 - - [01/Jan/2021:16:33:05 +0100] "GET /ticket2/opencms/en/buy/?page=1&edid=E0608FC5-65F6-E8D3-5201-2E9C615F63AB&sortorder=asc&column=section HTTP/1.1" 200 71336
13.66.139.68 - - [01/Jan/2021:16:33:07 +0100] "GET /ticket2/opencms/dk/sport/fodboldbilletter/la-liga/fc_barcelona/ HTTP/1.1" 200 68178
5.9.144.234 - - [01/Jan/2021:16:33:09 +0100] "GET /ticket2/opencms/fi/buy/?page=1&edid=990537F6-0505-9757-D901-B5E3E564ED8C&sortorder=desc&column=section HTTP/1.1" 200 72547
5.9.98.234 - - [01/Jan/2021:16:33:10 +0100] "GET /ticket2/opencms/en/buy/?page=1&edid=E0A53669-91D6-866E-C069-2204E55E6CA3 HTTP/1.1" 200 71068
167.114.211.237 - - [01/Jan/2021:16:33:12 +0100] "GET /ticket2/opencms/no/buy/?page=1&edid=8D9FF508-11BB-9C58-205E-370857C0D906&sortorder=desc&column=row HTTP/1.1" 200 71455
192.99.160.200 - - [01/Jan/2021:16:33:13 +0100] "GET /ticket2/opencms/nl/buy/?page=1&edid=354F36F0-56C8-519D-5CCE-B171FF597541 HTTP/1.1" 200 69679
5.9.144.234 - - [01/Jan/2021:16:33:13 +0100] "GET /ticket2/opencms/fi/buy/?page=1&edid=9F33CAAA-92E0-2F06-D959-239BB7C5F362&sortorder=asc&column=row HTTP/1.1" 200 73371
5.9.144.234 - - [01/Jan/2021:16:33:18 +0100] "GET /ticket2/opencms/fi/buy/?page=1&edid=9F33CAAA-92E0-2F06-D959-239BB7C5F362&sortorder=asc&column=section HTTP/1.1" 200 73371
5.9.98.234 - - [01/Jan/2021:16:33:22 +0100] "GET /ticket2/opencms/en/buy/?page=1&edid=E0E4CC6D-24E3-040F-1B69-4E1F3E08A0A3&sortorder=desc&column=row HTTP/1.1" 200 72445
192.99.13.75 - - [01/Jan/2021:16:33:24 +0100] "GET /ticket2/opencms/ru/buy/?page=1&edid=084D3613-4DE5-15A7-530E-01CB2F29C93C&sortorder=asc&column=price HTTP/1.1" 200 72351
5.9.144.234 - - [01/Jan/2021:16:33:24 +0100] "GET /ticket2/opencms/fi/buy/?page=1&edid=A8974CD8-4E6D-0BDD-D285-3496CA18553C&sortorder=desc&column=section HTTP/1.1" 200 72521
164.68.117.152 - - [01/Jan/2021:16:33:26 +0100] "GET /ticket2/opencms/en/buy/?page=1&edid=EEC5300E-BB94-42CA-1E8E-EBCDC578E81E&sortorder=asc&column=row HTTP/1.1" 200 72410
5.9.98.234 - - [01/Jan/2021:16:33:29 +0100] "GET /ticket2/opencms/en/buy/?page=1&edid=E0E4CC6D-24E3-040F-1B69-4E1F3E08A0A3&sortorder=desc&column=section HTTP/1.1" 200 72445
5.9.144.234 - - [01/Jan/2021:16:33:30 +0100] "GET /ticket2/opencms/fi/buy/?page=1&edid=AE1FE5CE-9165-F6B8-85E2-9E98555EE010 HTTP/1.1" 200 70573
5.9.98.234 - - [01/Jan/2021:16:33:35 +0100] "GET /ticket2/opencms/en/buy/?page=1&edid=E721E3B7-03FE-16E6-744B-729DF59E0FF6&sortorder=desc&column=section HTTP/1.1" 200 69253
128.14.134.134 - - [01/Jan/2021:16:33:38 +0100] "GET / HTTP/1.1" 404 -
5.9.144.234 - - [01/Jan/2021:16:33:38 +0100] "GET /ticket2/opencms/fi/buy/?page=1&edid=AE1FE5CE-9165-F6B8-85E2-9E98555EE010&sortorder=desc&column=price HTTP/1.1" 200 70608
164.68.117.152 - - [01/Jan/2021:16:33:43 +0100] "GET /ticket2/opencms/en/buy/?page=1&edid=EEC5300E-BB94-42CA-1E8E-EBCDC578E81E&sortorder=asc&column=section HTTP/1.1" 200 72410
5.9.98.234 - - [01/Jan/2021:16:33:43 +0100] "GET /ticket2/opencms/en/buy/?page=1&edid=E735E944-5AAE-BA7A-ED2E-E44FC3522855 HTTP/1.1" 200 70846
5.9.144.234 - - [01/Jan/2021:16:33:47 +0100] "GET /ticket2/opencms/fi/buy/?page=1&edid=AE1FE5CE-9165-F6B8-85E2-9E98555EE010&sortorder=desc&column=section HTTP/1.1" 200 70608
5.9.98.234 - - [01/Jan/2021:16:33:47 +0100] "GET /ticket2/opencms/en/buy/?page=1&edid=E735E944-5AAE-BA7A-ED2E-E44FC3522855&sortorder=desc&column=price HTTP/1.1" 200 70881
167.114.209.104 - - [01/Jan/2021:16:33:48 +0100] "GET /ticket2/opencms/fi/buy/?page=1&edid=73D8189D-DEDA-4F8B-BA1C-9AC984A743C2&sortorder=desc&column=row HTTP/1.1" 200 70649
167.114.211.237 - - [01/Jan/2021:16:33:55 +0100] "GET /ticket2/opencms/no/buy/?page=1&edid=8D9FF508-11BB-9C58-205E-370857C0D906&sortorder=desc&column=section HTTP/1.1" 200 71455
5.9.98.234 - - [01/Jan/2021:16:33:55 +0100] "GET /ticket2/opencms/en/buy/?page=1&edid=E735E944-5AAE-BA7A-ED2E-E44FC3522855&sortorder=desc&column=row HTTP/1.1" 200 70881
164.68.117.152 - - [01/Jan/2021:16:34:00 +0100] "GET /ticket2/opencms/en/buy/?page=1&edid=EEC5300E-BB94-42CA-1E8E-EBCDC578E81E&sortorder=desc&column=price HTTP/1.1" 200 72409
5.9.98.234 - - [01/Jan/2021:16:34:02 +0100] "GET /ticket2/opencms/en/buy/?page=1&edid=E735E944-5AAE-BA7A-ED2E-E44FC3522855&sortorder=desc&column=section HTTP/1.1" 200 70881
5.9.98.234 - - [01/Jan/2021:16:34:05 +0100] "GET /ticket2/opencms/en/buy/?page=1&edid=E76DEF92-4D7F-51BD-041F-8B637EFB6F58 HTTP/1.1" 200 71107
5.9.144.234 - - [01/Jan/2021:16:34:07 +0100] "GET /ticket2/opencms/fi/buy/?page=1&edid=B1435DBB-B4D0-AB39-BEA4-76DD19D98B45&sortorder=asc&column=price HTTP/1.1" 200 72078
5.9.98.234 - - [01/Jan/2021:16:34:08 +0100] "GET /ticket2/opencms/en/buy/?page=1&edid=E76DEF92-4D7F-51BD-041F-8B637EFB6F58&sortorder=asc&column=price HTTP/1.1" 200 71143
5.9.98.234 - - [01/Jan/2021:16:34:10 +0100] "GET /ticket2/opencms/en/buy/?page=1&edid=E76DEF92-4D7F-51BD-041F-8B637EFB6F58&sortorder=asc&column=row HTTP/1.1" 200 71143
192.99.13.75 - - [01/Jan/2021:16:34:12 +0100] "GET /ticket2/opencms/ru/buy/?page=1&edid=084D3613-4DE5-15A7-530E-01CB2F29C93C&sortorder=asc&column=row HTTP/1.1" 200 72351
5.9.98.234 - - [01/Jan/2021:16:34:14 +0100] "GET /ticket2/opencms/en/buy/?page=1&edid=E76DEF92-4D7F-51BD-041F-8B637EFB6F58&sortorder=asc&column=section HTTP/1.1" 200 71143
157.55.39.170 - - [01/Jan/2021:16:34:15 +0100] "GET /ticket2/opencms/sv/sport/tennis/ HTTP/1.1" 200 69643
5.9.98.234 - - [01/Jan/2021:16:34:16 +0100] "GET /ticket2/opencms/en/buy/?page=1&edid=E76DEF92-4D7F-51BD-041F-8B637EFB6F58&sortorder=desc&column=price HTTP/1.1" 200 71142
114.119.153.172 - - [01/Jan/2021:16:34:17 +0100] "GET /ticket2/opencms/fi/buy/?page=1&edid=B98B0C58-4ECA-B5D7-8311-25882EE8CC08 HTTP/1.1" 200 70613
5.9.98.234 - - [01/Jan/2021:16:34:18 +0100] "GET /ticket2/opencms/en/buy/?page=1&edid=E76DEF92-4D7F-51BD-041F-8B637EFB6F58&sortorder=desc&column=row HTTP/1.1" 200 71142
5.9.98.234 - - [01/Jan/2021:16:34:20 +0100] "GET /ticket2/opencms/en/buy/?page=1&edid=E76DEF92-4D7F-51BD-041F-8B637EFB6F58&sortorder=desc&column=section HTTP/1.1" 200 71142
164.68.117.152 - - [01/Jan/2021:16:34:20 +0100] "GET /ticket2/opencms/en/buy/?page=1&edid=EEC5300E-BB94-42CA-1E8E-EBCDC578E81E&sortorder=desc&column=row HTTP/1.1" 200 72409
5.9.98.234 - - [01/Jan/2021:16:34:21 +0100] "GET /ticket2/opencms/en/buy/?page=1&edid=E76E6367-92C3-6A24-53DD-58FA3767C460 HTTP/1.1" 200 70636
167.114.211.237 - - [01/Jan/2021:16:34:22 +0100] "GET /ticket2/opencms/no/buy/?page=1&edid=95E6E611-0374-63DE-1FB9-733C295CC9A7 HTTP/1.1" 200 71617
5.9.98.234 - - [01/Jan/2021:16:34:23 +0100] "GET /ticket2/opencms/en/buy/?page=1&edid=E7A8E3E5-B609-7AF6-5141-EEF63EA39176 HTTP/1.1" 200 71598
5.9.98.234 - - [01/Jan/2021:16:34:25 +0100] "GET /ticket2/opencms/en/buy/?page=1&edid=E7A8E3E5-B609-7AF6-5141-EEF63EA39176&sortorder=asc&column=price HTTP/1.1" 200 71634
5.9.98.234 - - [01/Jan/2021:16:34:27 +0100] "GET /ticket2/opencms/en/buy/?page=1&edid=E7A8E3E5-B609-7AF6-5141-EEF63EA39176&sortorder=asc&column=row HTTP/1.1" 200 71634
5.9.98.234 - - [01/Jan/2021:16:34:29 +0100] "GET /ticket2/opencms/en/buy/?page=1&edid=E7A8E3E5-B609-7AF6-5141-EEF63EA39176&sortorder=asc&column=section HTTP/1.1" 200 71634
5.9.144.234 - - [01/Jan/2021:16:34:29 +0100] "GET /ticket2/opencms/fi/buy/?page=1&edid=B1435DBB-B4D0-AB39-BEA4-76DD19D98B45&sortorder=asc&column=row HTTP/1.1" 200 72078
207.46.13.130 - - [01/Jan/2021:16:34:30 +0100] "GET /ticket2/opencms/system/modules/com.gridnine.opencms.ticketbrokerage.site/resources/pics/banners/sv/Bayern_04_Leverkusen.jpg HTTP/1.1" 200 39216
5.9.98.234 - - [01/Jan/2021:16:34:32 +0100] "GET /ticket2/opencms/en/buy/?page=1&edid=E7A8E3E5-B609-7AF6-5141-EEF63EA39176&sortorder=desc&column=price HTTP/1.1" 200 71633
5.9.98.234 - - [01/Jan/2021:16:34:33 +0100] "GET /ticket2/opencms/en/buy/?page=1&edid=E7A8E3E5-B609-7AF6-5141-EEF63EA39176&sortorder=desc&column=row HTTP/1.1" 200 71633
5.9.98.234 - - [01/Jan/2021:16:34:36 +0100] "GET /ticket2/opencms/en/buy/?page=1&edid=E7A8E3E5-B609-7AF6-5141-EEF63EA39176&sortorder=desc&column=section HTTP/1.1" 200 71633
5.9.98.234 - - [01/Jan/2021:16:34:38 +0100] "GET /ticket2/opencms/en/buy/?page=1&edid=E7BA9B40-77AE-98B7-4D89-E5FF40FE16E7 HTTP/1.1" 200 71059
164.68.117.152 - - [01/Jan/2021:16:34:39 +0100] "GET /ticket2/opencms/en/buy/?page=1&edid=EEC5300E-BB94-42CA-1E8E-EBCDC578E81E&sortorder=desc&column=section HTTP/1.1" 200 72409
5.9.98.234 - - [01/Jan/2021:16:34:40 +0100] "GET /ticket2/opencms/en/buy/?page=1&edid=E7BA9B40-77AE-98B7-4D89-E5FF40FE16E7&sortorder=asc&column=price HTTP/1.1" 200 71095
5.9.98.234 - - [01/Jan/2021:16:34:42 +0100] "GET /ticket2/opencms/en/buy/?page=1&edid=E7BA9B40-77AE-98B7-4D89-E5FF40FE16E7&sortorder=asc&column=row HTTP/1.1" 200 71095
5.9.98.234 - - [01/Jan/2021:16:34:44 +0100] "GET /ticket2/opencms/en/buy/?page=1&edid=E7BA9B40-77AE-98B7-4D89-E5FF40FE16E7&sortorder=asc&column=section HTTP/1.1" 200 71095
5.9.98.234 - - [01/Jan/2021:16:34:46 +0100] "GET /ticket2/opencms/en/buy/?page=1&edid=E7BA9B40-77AE-98B7-4D89-E5FF40FE16E7&sortorder=desc&column=price HTTP/1.1" 200 71094
5.9.98.234 - - [01/Jan/2021:16:34:49 +0100] "GET /ticket2/opencms/en/buy/?page=1&edid=E7E82F6F-9DB9-6702-2FE1-3678547B89C0 HTTP/1.1" 200 71113
5.9.144.234 - - [01/Jan/2021:16:34:50 +0100] "GET /ticket2/opencms/fi/buy/?page=1&edid=B1435DBB-B4D0-AB39-BEA4-76DD19D98B45&sortorder=asc&column=section HTTP/1.1" 200 72078
5.9.98.234 - - [01/Jan/2021:16:34:52 +0100] "GET /ticket2/opencms/en/buy/?page=1&edid=E7E82F6F-9DB9-6702-2FE1-3678547B89C0&sortorder=asc&column=section HTTP/1.1" 200 71149
167.114.211.237 - - [01/Jan/2021:16:34:53 +0100] "GET /ticket2/opencms/no/buy/?page=1&edid=9624712D-7BF2-B8CD-C528-445B841E2654&sortorder=asc&column=price HTTP/1.1" 200 71692
5.9.98.234 - - [01/Jan/2021:16:34:54 +0100] "GET /ticket2/opencms/en/buy/?page=1&edid=E7E82F6F-9DB9-6702-2FE1-3678547B89C0&sortorder=desc&column=price HTTP/1.1" 200 71148
54.36.148.204 - - [01/Jan/2021:16:34:56 +0100] "GET /ticket2/opencms/en/venue/?venueid=11F3A3F2-5F7A-8DF0-9A91-D0D485D2E890 HTTP/1.1" 200 65224
164.68.117.152 - - [01/Jan/2021:16:34:56 +0100] "GET /ticket2/opencms/en/buy/?page=1&edid=EEFA7B42-FFB8-4EAB-70B8-3FBC8D4838BD HTTP/1.1" 200 71582
5.9.98.234 - - [01/Jan/2021:16:34:56 +0100] "GET /ticket2/opencms/en/buy/?page=1&edid=E7E82F6F-9DB9-6702-2FE1-3678547B89C0&sortorder=desc&column=row HTTP/1.1" 200 71148
5.9.98.234 - - [01/Jan/2021:16:34:58 +0100] "GET /ticket2/opencms/en/buy/?page=1&edid=E7E82F6F-9DB9-6702-2FE1-3678547B89C0&sortorder=desc&column=section HTTP/1.1" 200 71148
192.99.13.75 - - [01/Jan/2021:16:34:59 +0100] "GET /ticket2/opencms/ru/buy/?page=1&edid=084D3613-4DE5-15A7-530E-01CB2F29C93C&sortorder=asc&column=section HTTP/1.1" 200 72351
5.9.98.234 - - [01/Jan/2021:16:35:00 +0100] "GET /ticket2/opencms/en/buy/?page=1&edid=E8031708-E41C-1608-FAE1-137C89B30DDC HTTP/1.1" 200 71087
5.9.98.234 - - [01/Jan/2021:16:35:02 +0100] "GET /ticket2/opencms/en/buy/?page=1&edid=E8031708-E41C-1608-FAE1-137C89B30DDC&sortorder=desc&column=price HTTP/1.1" 200 71122
5.9.98.234 - - [01/Jan/2021:16:35:04 +0100] "GET /ticket2/opencms/en/buy/?page=1&edid=E8031708-E41C-1608-FAE1-137C89B30DDC&sortorder=desc&column=row HTTP/1.1" 200 71122
167.114.209.104 - - [01/Jan/2021:16:35:06 +0100] "GET /ticket2/opencms/fi/buy/?page=1&edid=73D8189D-DEDA-4F8B-BA1C-9AC984A743C2&sortorder=desc&column=section HTTP/1.1" 200 70649
5.9.144.234 - - [01/Jan/2021:16:35:06 +0100] "GET /ticket2/opencms/fi/buy/?page=1&edid=B7AF0048-2F04-B15E-2C5A-BF75715B4501&sortorder=asc&column=price HTTP/1.1" 200 72051
5.9.98.234 - - [01/Jan/2021:16:35:06 +0100] "GET /ticket2/opencms/en/buy/?page=1&edid=E8031708-E41C-1608-FAE1-137C89B30DDC&sortorder=desc&column=section HTTP/1.1" 200 71122
5.9.98.234 - - [01/Jan/2021:16:35:09 +0100] "GET /ticket2/opencms/en/buy/?page=1&edid=E83099B1-485E-5C84-84B0-FD9FB227033F HTTP/1.1" 200 70859
5.9.98.234 - - [01/Jan/2021:16:35:11 +0100] "GET /ticket2/opencms/en/buy/?page=1&edid=E83099B1-485E-5C84-84B0-FD9FB227033F&sortorder=desc&column=price HTTP/1.1" 200 70894
5.9.98.234 - - [01/Jan/2021:16:35:13 +0100] "GET /ticket2/opencms/en/buy/?page=1&edid=E83099B1-485E-5C84-84B0-FD9FB227033F&sortorder=desc&column=row HTTP/1.1" 200 70894
5.9.98.234 - - [01/Jan/2021:16:35:16 +0100] "GET /ticket2/opencms/en/buy/?page=1&edid=E83099B1-485E-5C84-84B0-FD9FB227033F&sortorder=desc&column=section HTTP/1.1" 200 70894
216.18.204.210 - - [01/Jan/2021:16:35:16 +0100] "GET /ticket2/opencms/sv/buy/?comcatid=A17713B6-D984-201A-4143-ED4DB5ED5C2E&catid=515A9A29-35A0-2DB8-262B-AEF122DB04F6 HTTP/1.1" 200 75511
5.9.98.234 - - [01/Jan/2021:16:35:18 +0100] "GET /ticket2/opencms/en/buy/?page=1&edid=E8AA6C4B-74D0-A16F-3657-67F8229DFF4B&sortorder=asc&column=price HTTP/1.1" 200 71112
216.245.221.83 - - [01/Jan/2021:16:35:18 +0100] "HEAD /ticket2/opencms/ HTTP/1.1" 302 -
216.245.221.83 - - [01/Jan/2021:16:35:18 +0100] "HEAD /ticket2/opencms/en/ HTTP/1.1" 200 -
5.9.98.234 - - [01/Jan/2021:16:35:20 +0100] "GET /ticket2/opencms/en/buy/?page=1&edid=E8AA6C4B-74D0-A16F-3657-67F8229DFF4B&sortorder=asc&column=row HTTP/1.1" 200 71112
5.9.98.234 - - [01/Jan/2021:16:35:24 +0100] "GET /ticket2/opencms/en/buy/?page=1&edid=E8AA6C4B-74D0-A16F-3657-67F8229DFF4B&sortorder=asc&column=section HTTP/1.1" 200 71112
5.9.144.234 - - [01/Jan/2021:16:35:25 +0100] "GET /ticket2/opencms/fi/buy/?page=1&edid=B7AF0048-2F04-B15E-2C5A-BF75715B4501&sortorder=asc&column=section HTTP/1.1" 200 72051
192.241.225.89 - - [01/Jan/2021:16:35:27 +0100] "GET /manager/text/list HTTP/1.1" 404 -
5.9.98.234 - - [01/Jan/2021:16:35:27 +0100] "GET /ticket2/opencms/en/buy/?page=1&edid=E8AA6C4B-74D0-A16F-3657-67F8229DFF4B&sortorder=desc&column=price HTTP/1.1" 200 71111
5.9.98.234 - - [01/Jan/2021:16:35:31 +0100] "GET /ticket2/opencms/en/buy/?page=1&edid=E8AA6C4B-74D0-A16F-3657-67F8229DFF4B&sortorder=desc&column=row HTTP/1.1" 200 71111
114.119.134.212 - - [01/Jan/2021:16:35:34 +0100] "GET /ticket2/opencms/sv/venue/?venueid=7BD510BA-66ED-BD81-C7E6-93151822D0BB HTTP/1.1" 200 65456
5.9.98.234 - - [01/Jan/2021:16:35:34 +0100] "GET /ticket2/opencms/en/buy/?page=1&edid=E8AA6C4B-74D0-A16F-3657-67F8229DFF4B&sortorder=desc&column=section HTTP/1.1" 200 71111
167.114.211.237 - - [01/Jan/2021:16:35:35 +0100] "GET /ticket2/opencms/no/buy/?page=1&edid=9624712D-7BF2-B8CD-C528-445B841E2654&sortorder=asc&column=row HTTP/1.1" 200 71692
5.9.144.234 - - [01/Jan/2021:16:35:37 +0100] "GET /ticket2/opencms/fi/buy/?page=1&edid=B86A01F6-CD99-BBB7-5D71-0530D5327838&sortorder=asc&column=price HTTP/1.1" 200 70649
5.9.98.234 - - [01/Jan/2021:16:35:37 +0100] "GET /ticket2/opencms/en/buy/?page=1&edid=E8ADA169-FD64-22D1-E571-3ACABC39BF3B HTTP/1.1" 200 71112
5.9.98.234 - - [01/Jan/2021:16:35:39 +0100] "GET /ticket2/opencms/en/buy/?page=1&edid=E8ADA169-FD64-22D1-E571-3ACABC39BF3B&sortorder=asc&column=price HTTP/1.1" 200 71148
192.99.13.75 - - [01/Jan/2021:16:35:42 +0100] "GET /ticket2/opencms/ru/buy/?page=1&edid=0879C6A9-F2B4-41BE-5ED4-4D5A6398957A HTTP/1.1" 200 71942
5.9.98.234 - - [01/Jan/2021:16:35:43 +0100] "GET /ticket2/opencms/en/buy/?page=1&edid=E8ADA169-FD64-22D1-E571-3ACABC39BF3B&sortorder=asc&column=row HTTP/1.1" 200 71148
5.9.144.234 - - [01/Jan/2021:16:35:43 +0100] "GET /ticket2/opencms/fi/buy/?page=1&edid=B86A01F6-CD99-BBB7-5D71-0530D5327838&sortorder=asc&column=row HTTP/1.1" 200 70649
5.9.98.234 - - [01/Jan/2021:16:35:47 +0100] "GET /ticket2/opencms/en/buy/?page=1&edid=E8ADA169-FD64-22D1-E571-3ACABC39BF3B&sortorder=asc&column=section HTTP/1.1" 200 71148
66.249.66.135 - - [01/Jan/2021:16:35:48 +0100] "GET /ticket2/opencms/sites/ticketbrokerage/sv/tickets/juventus/udinese.html HTTP/1.1" 404 -
5.9.98.234 - - [01/Jan/2021:16:35:49 +0100] "GET /ticket2/opencms/en/buy/?page=1&edid=E8ADA169-FD64-22D1-E571-3ACABC39BF3B&sortorder=desc&column=price HTTP/1.1" 200 71147
5.9.144.234 - - [01/Jan/2021:16:35:50 +0100] "GET /ticket2/opencms/fi/buy/?page=1&edid=B86A01F6-CD99-BBB7-5D71-0530D5327838&sortorder=asc&column=section HTTP/1.1" 200 70649
5.9.98.234 - - [01/Jan/2021:16:35:52 +0100] "GET /ticket2/opencms/en/buy/?page=1&edid=E8ADA169-FD64-22D1-E571-3ACABC39BF3B&sortorder=desc&column=row HTTP/1.1" 200 71147
5.9.98.234 - - [01/Jan/2021:16:35:56 +0100] "GET /ticket2/opencms/en/buy/?page=1&edid=E8ADA169-FD64-22D1-E571-3ACABC39BF3B&sortorder=desc&column=section HTTP/1.1" 200 71147
5.9.144.234 - - [01/Jan/2021:16:35:58 +0100] "GET /ticket2/opencms/fi/buy/?page=1&edid=B93BACFA-D4BE-FD44-7471-80CB70722A0B&sortorder=asc&column=row HTTP/1.1" 200 70644
5.9.98.234 - - [01/Jan/2021:16:35:58 +0100] "GET /ticket2/opencms/en/buy/?page=1&edid=E8D37283-D56B-FD6C-F174-24BB3094D0C7 HTTP/1.1" 200 71302
5.9.98.234 - - [01/Jan/2021:16:36:01 +0100] "GET /ticket2/opencms/en/buy/?page=1&edid=E8D37283-D56B-FD6C-F174-24BB3094D0C7&sortorder=asc&column=section HTTP/1.1" 200 71338
5.9.98.234 - - [01/Jan/2021:16:36:04 +0100] "GET /ticket2/opencms/en/buy/?page=1&edid=E8D3E00A-A721-9A15-1B60-8E4AD22F8819&sortorder=asc&column=price HTTP/1.1" 200 69265
5.9.144.234 - - [01/Jan/2021:16:36:07 +0100] "GET /ticket2/opencms/fi/buy/?page=1&edid=B93BACFA-D4BE-FD44-7471-80CB70722A0B&sortorder=asc&column=section HTTP/1.1" 200 70644
5.9.98.234 - - [01/Jan/2021:16:36:09 +0100] "GET /ticket2/opencms/en/buy/?page=1&edid=E927BEFD-9C6C-9D6C-18AA-81A3176DBF51 HTTP/1.1" 200 70871
216.18.204.210 - - [01/Jan/2021:16:36:12 +0100] "GET /ticket2/opencms/sv/buy/?comcatid=A17713B6-D984-201A-4143-ED4DB5ED5C2E&catid=573B7747-EE85-D769-C87D-F3F61FB64AA5 HTTP/1.1" 200 75517
5.9.98.234 - - [01/Jan/2021:16:36:12 +0100] "GET /ticket2/opencms/en/buy/?page=1&edid=E927BEFD-9C6C-9D6C-18AA-81A3176DBF51&sortorder=desc&column=price HTTP/1.1" 200 70906
5.9.98.234 - - [01/Jan/2021:16:36:16 +0100] "GET /ticket2/opencms/en/buy/?page=1&edid=E927BEFD-9C6C-9D6C-18AA-81A3176DBF51&sortorder=desc&column=row HTTP/1.1" 200 70906
167.114.211.237 - - [01/Jan/2021:16:36:16 +0100] "GET /ticket2/opencms/no/buy/?page=1&edid=9624712D-7BF2-B8CD-C528-445B841E2654&sortorder=asc&column=section HTTP/1.1" 200 71692
5.9.144.234 - - [01/Jan/2021:16:36:17 +0100] "GET /ticket2/opencms/fi/buy/?page=1&edid=BB394FD3-070C-1E2C-9920-F550F89B00A2&sortorder=desc&column=price HTTP/1.1" 200 70651
5.9.98.234 - - [01/Jan/2021:16:36:19 +0100] "GET /ticket2/opencms/en/buy/?page=1&edid=E927BEFD-9C6C-9D6C-18AA-81A3176DBF51&sortorder=desc&column=section HTTP/1.1" 200 70906
167.114.209.104 - - [01/Jan/2021:16:36:20 +0100] "GET /ticket2/opencms/fi/buy/?page=1&edid=73E3472E-75F3-D9FA-7EEA-B15267C09460&sortorder=desc&column=price HTTP/1.1" 200 72517
5.9.98.234 - - [01/Jan/2021:16:36:21 +0100] "GET /ticket2/opencms/en/buy/?page=1&edid=E930EC79-C0E4-4F03-A79B-B5881432F2A3 HTTP/1.1" 200 72412
5.9.144.234 - - [01/Jan/2021:16:36:23 +0100] "GET /ticket2/opencms/fi/buy/?page=1&edid=BB394FD3-070C-1E2C-9920-F550F89B00A2&sortorder=desc&column=row HTTP/1.1" 200 70651
5.9.98.234 - - [01/Jan/2021:16:36:23 +0100] "GET /ticket2/opencms/en/buy/?page=1&edid=E930EC79-C0E4-4F03-A79B-B5881432F2A3&sortorder=asc&column=price HTTP/1.1" 200 72448
5.9.98.234 - - [01/Jan/2021:16:36:26 +0100] "GET /ticket2/opencms/en/buy/?page=1&edid=E930EC79-C0E4-4F03-A79B-B5881432F2A3&sortorder=asc&column=row HTTP/1.1" 200 72448
5.9.98.234 - - [01/Jan/2021:16:36:28 +0100] "GET /ticket2/opencms/en/buy/?page=1&edid=E930EC79-C0E4-4F03-A79B-B5881432F2A3&sortorder=asc&column=section HTTP/1.1" 200 72448
192.99.13.75 - - [01/Jan/2021:16:36:29 +0100] "GET /ticket2/opencms/ru/buy/?page=1&edid=08E81FC5-D320-68EA-EE85-15968176C948&sortorder=asc&column=price HTTP/1.1" 200 71908
5.9.98.234 - - [01/Jan/2021:16:36:30 +0100] "GET /ticket2/opencms/en/buy/?page=1&edid=E930EC79-C0E4-4F03-A79B-B5881432F2A3&sortorder=desc&column=price HTTP/1.1" 200 72447
5.9.98.234 - - [01/Jan/2021:16:36:33 +0100] "GET /ticket2/opencms/en/buy/?page=1&edid=E930EC79-C0E4-4F03-A79B-B5881432F2A3&sortorder=desc&column=row HTTP/1.1" 200 72447
5.9.98.234 - - [01/Jan/2021:16:36:35 +0100] "GET /ticket2/opencms/en/buy/?page=1&edid=E930EC79-C0E4-4F03-A79B-B5881432F2A3&sortorder=desc&column=section HTTP/1.1" 200 72447
5.9.144.234 - - [01/Jan/2021:16:36:37 +0100] "GET /ticket2/opencms/fi/buy/?page=1&edid=BB394FD3-070C-1E2C-9920-F550F89B00A2&sortorder=desc&column=section HTTP/1.1" 200 70651
5.9.98.234 - - [01/Jan/2021:16:36:38 +0100] "GET /ticket2/opencms/en/buy/?page=1&edid=E95F2E66-8E3F-13ED-DDC3-10DFCE42B919 HTTP/1.1" 200 70639
5.9.98.234 - - [01/Jan/2021:16:36:40 +0100] "GET /ticket2/opencms/en/buy/?page=1&edid=E95F2E66-8E3F-13ED-DDC3-10DFCE42B919&sortorder=asc&column=price HTTP/1.1" 200 70675
5.9.98.234 - - [01/Jan/2021:16:36:42 +0100] "GET /ticket2/opencms/en/buy/?page=1&edid=E95F2E66-8E3F-13ED-DDC3-10DFCE42B919&sortorder=asc&column=row HTTP/1.1" 200 70675
207.46.13.223 - - [01/Jan/2021:16:36:42 +0100] "GET /ticket2/opencms/robots.txt HTTP/1.1" 200 773
207.46.13.223 - - [01/Jan/2021:16:36:43 +0100] "GET /ticket2/opencms/robots.txt HTTP/1.1" 200 773
5.9.98.234 - - [01/Jan/2021:16:36:45 +0100] "GET /ticket2/opencms/en/buy/?page=1&edid=E95F2E66-8E3F-13ED-DDC3-10DFCE42B919&sortorder=asc&column=section HTTP/1.1" 200 70675
13.66.139.20 - - [01/Jan/2021:16:36:45 +0100] "GET /ticket2/opencms/sv/sport/fotbollsbiljetter/em_2020/ HTTP/1.1" 200 66955
5.9.98.234 - - [01/Jan/2021:16:36:47 +0100] "GET /ticket2/opencms/en/buy/?page=1&edid=E95F2E66-8E3F-13ED-DDC3-10DFCE42B919&sortorder=desc&column=price HTTP/1.1" 200 70674
5.9.98.234 - - [01/Jan/2021:16:36:50 +0100] "GET /ticket2/opencms/en/buy/?page=1&edid=E95F2E66-8E3F-13ED-DDC3-10DFCE42B919&sortorder=desc&column=row HTTP/1.1" 200 70674
5.9.98.234 - - [01/Jan/2021:16:36:53 +0100] "GET /ticket2/opencms/en/buy/?page=1&edid=E95F2E66-8E3F-13ED-DDC3-10DFCE42B919&sortorder=desc&column=section HTTP/1.1" 200 70674
5.9.98.234 - - [01/Jan/2021:16:36:56 +0100] "GET /ticket2/opencms/en/buy/?page=1&edid=E9BA45F4-F721-E144-69B4-FC664078EBBF HTTP/1.1" 200 70844
54.36.148.66 - - [01/Jan/2021:16:36:58 +0100] "GET /ticket2/opencms/sv/buy/?page=6&comcatid=A17713B6-D984-201A-4143-ED4DB5ED5C2E&catid=64756941-02D2-3538-2077-8C2508F4A3A8 HTTP/1.1" 200 75887
5.9.144.234 - - [01/Jan/2021:16:36:58 +0100] "GET /ticket2/opencms/fi/buy/?page=1&edid=BE20CC99-C05F-6779-D585-9D75E278233C&sortorder=asc&column=price HTTP/1.1" 200 72093
5.9.98.234 - - [01/Jan/2021:16:36:58 +0100] "GET /ticket2/opencms/en/buy/?page=1&edid=E9BA45F4-F721-E144-69B4-FC664078EBBF&sortorder=asc&column=price HTTP/1.1" 200 70880
5.9.98.234 - - [01/Jan/2021:16:37:00 +0100] "GET /ticket2/opencms/en/buy/?page=1&edid=E9BA45F4-F721-E144-69B4-FC664078EBBF&sortorder=asc&column=row HTTP/1.1" 200 70880
192.99.13.75 - - [01/Jan/2021:16:37:03 +0100] "GET /ticket2/opencms/ru/buy/?page=1&edid=08E81FC5-D320-68EA-EE85-15968176C948&sortorder=asc&column=row HTTP/1.1" 200 71908
167.114.211.237 - - [01/Jan/2021:16:37:04 +0100] "GET /ticket2/opencms/no/buy/?page=1&edid=97090501-1E61-49E3-928B-F233AE55277C HTTP/1.1" 200 71689
5.9.98.234 - - [01/Jan/2021:16:37:05 +0100] "GET /ticket2/opencms/en/buy/?page=1&edid=E9BA45F4-F721-E144-69B4-FC664078EBBF&sortorder=asc&column=section HTTP/1.1" 200 70880
5.9.98.234 - - [01/Jan/2021:16:37:07 +0100] "GET /ticket2/opencms/en/buy/?page=1&edid=E9BA45F4-F721-E144-69B4-FC664078EBBF&sortorder=desc&column=price HTTP/1.1" 200 70879
5.9.98.234 - - [01/Jan/2021:16:37:09 +0100] "GET /ticket2/opencms/en/buy/?page=1&edid=E9BA45F4-F721-E144-69B4-FC664078EBBF&sortorder=desc&column=row HTTP/1.1" 200 70879
5.9.98.234 - - [01/Jan/2021:16:37:12 +0100] "GET /ticket2/opencms/en/buy/?page=1&edid=E9BA45F4-F721-E144-69B4-FC664078EBBF&sortorder=desc&column=section HTTP/1.1" 200 70879
185.191.171.5 - - [01/Jan/2021:16:37:13 +0100] "GET /ticket2/opencms/no/buy/?column=price&edid=4E36BB56-7827-6345-3899-56B2C4EE18D8&page=1&sortorder=desc HTTP/1.1" 200 72188
5.9.98.234 - - [01/Jan/2021:16:37:14 +0100] "GET /ticket2/opencms/en/buy/?page=1&edid=E9E2EF64-D379-DD67-D513-D0AD1E29ED2D HTTP/1.1" 200 71092
157.55.39.169 - - [01/Jan/2021:16:37:17 +0100] "GET /ticket2/opencms/sv/buy/?page=1&edid=6EA9C6C1-4A98-9DDB-09DD-280525870AC5 HTTP/1.1" 200 72195
5.9.144.234 - - [01/Jan/2021:16:37:17 +0100] "GET /ticket2/opencms/fi/buy/?page=1&edid=BE20CC99-C05F-6779-D585-9D75E278233C&sortorder=asc&column=row HTTP/1.1" 200 72093
5.9.98.234 - - [01/Jan/2021:16:37:18 +0100] "GET /ticket2/opencms/en/buy/?page=1&edid=EC464BB9-DDB1-04A0-2024-96EE5C43785E&sortorder=desc&column=section HTTP/1.1" 200 70391
5.9.98.234 - - [01/Jan/2021:16:37:20 +0100] "GET /ticket2/opencms/en/buy/?page=1&edid=ED355133-64B5-D287-7B51-479FB14F8AF3&sortorder=asc&column=section HTTP/1.1" 200 71972
5.9.98.234 - - [01/Jan/2021:16:37:22 +0100] "GET /ticket2/opencms/en/buy/?page=1&edid=ED355133-64B5-D287-7B51-479FB14F8AF3&sortorder=desc&column=price HTTP/1.1" 200 71971
5.9.98.234 - - [01/Jan/2021:16:37:24 +0100] "GET /ticket2/opencms/en/buy/?page=1&edid=ED355133-64B5-D287-7B51-479FB14F8AF3&sortorder=desc&column=row HTTP/1.1" 200 71971
5.9.98.234 - - [01/Jan/2021:16:37:27 +0100] "GET /ticket2/opencms/en/buy/?page=1&edid=ED355133-64B5-D287-7B51-479FB14F8AF3&sortorder=desc&column=section HTTP/1.1" 200 71971
5.9.98.234 - - [01/Jan/2021:16:37:30 +0100] "GET /ticket2/opencms/en/buy/?page=1&edid=EDC6531C-1D87-59BE-8981-D6C9B8904194 HTTP/1.1" 200 70664
216.18.204.210 - - [01/Jan/2021:16:37:33 +0100] "GET /ticket2/opencms/sv/buy/?comcatid=A17713B6-D984-201A-4143-ED4DB5ED5C2E&catid=5A89E483-58AD-080E-F363-E16CE738916A HTTP/1.1" 200 75517
5.9.98.234 - - [01/Jan/2021:16:37:34 +0100] "GET /ticket2/opencms/en/buy/?page=1&edid=EDC6531C-1D87-59BE-8981-D6C9B8904194&sortorder=asc&column=price HTTP/1.1" 200 70700
52.210.122.6 - - [01/Jan/2021:16:37:36 +0100] "GET /ticket2/opencms/fi/urheilu/jalkapallo/la-liga/real_betis/ HTTP/1.0" 200 67446
5.9.144.234 - - [01/Jan/2021:16:37:36 +0100] "GET /ticket2/opencms/fi/buy/?page=1&edid=BE20CC99-C05F-6779-D585-9D75E278233C&sortorder=asc&column=section HTTP/1.1" 200 72093
5.9.98.234 - - [01/Jan/2021:16:37:37 +0100] "GET /ticket2/opencms/en/buy/?page=1&edid=EDC6531C-1D87-59BE-8981-D6C9B8904194&sortorder=asc&column=row HTTP/1.1" 200 70700
5.9.98.234 - - [01/Jan/2021:16:37:38 +0100] "GET /ticket2/opencms/en/buy/?page=1&edid=EDC6531C-1D87-59BE-8981-D6C9B8904194&sortorder=asc&column=section HTTP/1.1" 200 70700
167.114.211.237 - - [01/Jan/2021:16:37:39 +0100] "GET /ticket2/opencms/no/buy/?page=1&edid=99D4B172-B76D-E7FE-A3D7-CF4303CA6648&sortorder=desc&column=section HTTP/1.1" 200 71211
5.9.98.234 - - [01/Jan/2021:16:37:41 +0100] "GET /ticket2/opencms/en/buy/?page=1&edid=EE3C213D-67B2-C6F3-C5A9-2C08362C724B&sortorder=asc&column=section HTTP/1.1" 200 71975
167.114.209.104 - - [01/Jan/2021:16:37:43 +0100] "GET /ticket2/opencms/fi/buy/?page=1&edid=7648D9E9-42B2-1F44-233F-FA7315CB8C4F HTTP/1.1" 200 70574
5.9.98.234 - - [01/Jan/2021:16:37:44 +0100] "GET /ticket2/opencms/en/buy/?page=1&edid=EE3C213D-67B2-C6F3-C5A9-2C08362C724B&sortorder=desc&column=price HTTP/1.1" 200 71974
5.9.98.234 - - [01/Jan/2021:16:37:46 +0100] "GET /ticket2/opencms/en/buy/?page=1&edid=EE3C213D-67B2-C6F3-C5A9-2C08362C724B&sortorder=desc&column=row HTTP/1.1" 200 71974
5.9.98.234 - - [01/Jan/2021:16:37:47 +0100] "GET /ticket2/opencms/en/buy/?page=1&edid=EE3C213D-67B2-C6F3-C5A9-2C08362C724B&sortorder=desc&column=section HTTP/1.1" 200 71974
5.9.98.234 - - [01/Jan/2021:16:37:50 +0100] "GET /ticket2/opencms/en/buy/?page=1&edid=EE831D81-430C-2742-EF81-913C033FACF9 HTTP/1.1" 200 71355
5.9.98.234 - - [01/Jan/2021:16:37:51 +0100] "GET /ticket2/opencms/en/buy/?page=1&edid=EE831D81-430C-2742-EF81-913C033FACF9&sortorder=asc&column=price HTTP/1.1" 200 71391
5.9.144.234 - - [01/Jan/2021:16:37:52 +0100] "GET /ticket2/opencms/fi/buy/?page=1&edid=BE8FBC61-B0C2-4CAA-8A3A-B3DE60176719&sortorder=asc&column=row HTTP/1.1" 200 73367
192.99.13.75 - - [01/Jan/2021:16:37:56 +0100] "GET /ticket2/opencms/ru/buy/?page=1&edid=08E81FC5-D320-68EA-EE85-15968176C948&sortorder=asc&column=section HTTP/1.1" 200 71908
5.9.144.234 - - [01/Jan/2021:16:38:12 +0100] "GET /ticket2/opencms/fi/buy/?page=1&edid=BE9CA68E-D1F6-580A-8D99-091E3AAAFFEC&sortorder=asc&column=row HTTP/1.1" 200 72301
192.99.13.75 - - [01/Jan/2021:16:38:15 +0100] "GET /ticket2/opencms/ru/buy/?page=1&edid=09A90364-D1AA-5EE7-C5DA-9F857331E906&sortorder=asc&column=price HTTP/1.1" 200 72137
216.18.204.210 - - [01/Jan/2021:16:38:15 +0100] "GET /ticket2/opencms/sv/buy/?comcatid=A17713B6-D984-201A-4143-ED4DB5ED5C2E&catid=64756941-02D2-3538-2077-8C2508F4A3A8 HTTP/1.1" 200 75514
