216.18.204.210 - - [01/Jan/2021:14:19:45 +0100] "GET /ticket2/opencms/sv/buy/?comcatid=810BB404-4103-77F2-A6C2-12D5E6C338E2&catid=95AE85B5-8979-BB11-643C-430ACC6D50F9 HTTP/1.1" 200 67486
144.76.40.222 - - [01/Jan/2021:14:19:51 +0100] "GET /ticket2/opencms/ru/buy/?page=1&edid=1F013ACC-BF70-0C32-B400-7D3374312DFC&sortorder=desc&column=row HTTP/1.1" 200 70247
5.56.157.241 - - [01/Jan/2021:14:19:51 +0100] "GET /ticket2/opencms/dk/ HTTP/1.1" 200 66251
78.46.63.108 - - [01/Jan/2021:14:20:02 +0100] "GET /ticket2/opencms/sv/buy/?page=1&edid=2929B360-7FDF-5441-9AF2-D5504494FBD2&sortorder=asc&column=row HTTP/1.1" 200 71347
184.105.247.254 - - [01/Jan/2021:14:20:02 +0100] "GET / HTTP/1.1" 404 -
144.76.40.222 - - [01/Jan/2021:14:20:08 +0100] "GET /ticket2/opencms/ru/buy/?page=1&edid=1F013ACC-BF70-0C32-B400-7D3374312DFC&sortorder=desc&column=section HTTP/1.1" 200 70247
54.36.148.250 - - [01/Jan/2021:14:20:08 +0100] "GET /ticket2/opencms/fi/venue/?countryid=298905FA-E037-07AD-4909-74C6371F3F35 HTTP/1.1" 200 95819
192.99.13.75 - - [01/Jan/2021:14:20:12 +0100] "GET /ticket2/opencms/no/buy/?page=1&edid=C9C2A5B1-08FA-3E6B-DAEC-5B21064225D7&sortorder=desc&column=row HTTP/1.1" 200 69829
167.114.211.237 - - [01/Jan/2021:14:20:13 +0100] "GET /ticket2/opencms/no/buy/?page=1&edid=0402FC40-F678-C9EA-3CF1-F40BA80359DC&sortorder=desc&column=section HTTP/1.1" 200 69843
192.99.37.116 - - [01/Jan/2021:14:20:13 +0100] "GET /ticket2/opencms/no/buy/?page=1&edid=7DD1D997-8506-C642-8119-02D9A9FF9695&sortorder=desc&column=row HTTP/1.1" 200 72537
216.245.221.83 - - [01/Jan/2021:14:20:18 +0100] "HEAD /ticket2/opencms/ HTTP/1.1" 302 -
216.245.221.83 - - [01/Jan/2021:14:20:18 +0100] "HEAD /ticket2/opencms/en/ HTTP/1.1" 200 -
78.46.63.108 - - [01/Jan/2021:14:20:22 +0100] "GET /ticket2/opencms/sv/buy/?page=1&edid=2929B360-7FDF-5441-9AF2-D5504494FBD2&sortorder=asc&column=section HTTP/1.1" 200 71347
144.76.40.222 - - [01/Jan/2021:14:20:33 +0100] "GET /ticket2/opencms/ru/buy/?page=1&edid=1FBD0D42-F92D-1C33-560A-76C0AFEC58E1&sortorder=desc&column=price HTTP/1.1" 200 71925
167.114.209.104 - - [01/Jan/2021:14:20:49 +0100] "GET /ticket2/opencms/dk/login/?edid=E0608FC5-65F6-E8D3-5201-2E9C615F63AB HTTP/1.1" 200 67413
192.99.37.116 - - [01/Jan/2021:14:20:54 +0100] "GET /ticket2/opencms/no/buy/?page=1&edid=7DD1D997-8506-C642-8119-02D9A9FF9695&sortorder=desc&column=section HTTP/1.1" 200 72537
192.99.13.75 - - [01/Jan/2021:14:20:56 +0100] "GET /ticket2/opencms/no/buy/?page=1&edid=C9C2A5B1-08FA-3E6B-DAEC-5B21064225D7&sortorder=desc&column=section HTTP/1.1" 200 69829
167.114.211.237 - - [01/Jan/2021:14:20:59 +0100] "GET /ticket2/opencms/no/buy/?page=1&edid=0423F886-7646-C776-7223-998CA06B03B8&sortorder=desc&column=price HTTP/1.1" 200 69862
144.76.40.222 - - [01/Jan/2021:14:21:01 +0100] "GET /ticket2/opencms/ru/buy/?page=1&edid=1FBD0D42-F92D-1C33-560A-76C0AFEC58E1&sortorder=desc&column=row HTTP/1.1" 200 71925
144.76.40.222 - - [01/Jan/2021:14:21:30 +0100] "GET /ticket2/opencms/ru/buy/?page=1&edid=1FBD0D42-F92D-1C33-560A-76C0AFEC58E1&sortorder=desc&column=section HTTP/1.1" 200 71925
192.99.13.75 - - [01/Jan/2021:14:21:30 +0100] "GET /ticket2/opencms/no/buy/?page=1&edid=CB1A6DCE-08B0-3E84-CE92-22ED535AB832&sortorder=asc&column=price HTTP/1.1" 200 73013
192.99.37.116 - - [01/Jan/2021:14:21:30 +0100] "GET /ticket2/opencms/no/buy/?page=1&edid=84D443D8-F76D-EE4D-E188-432AA89346F4&sortorder=desc&column=price HTTP/1.1" 200 72540
167.114.211.237 - - [01/Jan/2021:14:21:44 +0100] "GET /ticket2/opencms/no/buy/?page=1&edid=0423F886-7646-C776-7223-998CA06B03B8&sortorder=desc&column=row HTTP/1.1" 200 69862
144.76.40.222 - - [01/Jan/2021:14:21:59 +0100] "GET /ticket2/opencms/ru/buy/?page=1&edid=206ED6C7-3CE7-5CA0-4BB3-B7330F14E50F&sortorder=desc&column=price HTTP/1.1" 200 70219
54.36.148.250 - - [01/Jan/2021:14:22:07 +0100] "GET /ticket2/opencms/dk/venue/?countryid=22C9ACC4-BEB7-DB26-7DA3-281C548BB009 HTTP/1.1" 200 94618
167.114.209.104 - - [01/Jan/2021:14:22:18 +0100] "GET /ticket2/opencms/en/login/?edid=FB730AA6-A470-8EFB-27FE-924D530AC7B8 HTTP/1.1" 200 67300
167.114.211.237 - - [01/Jan/2021:14:22:18 +0100] "GET /ticket2/opencms/no/buy/?page=1&edid=0423F886-7646-C776-7223-998CA06B03B8&sortorder=desc&column=section HTTP/1.1" 200 69862
192.99.13.75 - - [01/Jan/2021:14:22:19 +0100] "GET /ticket2/opencms/no/buy/?page=1&edid=CB1A6DCE-08B0-3E84-CE92-22ED535AB832&sortorder=asc&column=row HTTP/1.1" 200 73013
192.99.37.116 - - [01/Jan/2021:14:22:20 +0100] "GET /ticket2/opencms/no/buy/?page=1&edid=84D443D8-F76D-EE4D-E188-432AA89346F4&sortorder=desc&column=section HTTP/1.1" 200 72540
144.76.40.222 - - [01/Jan/2021:14:22:21 +0100] "GET /ticket2/opencms/ru/buy/?page=1&edid=24D7A494-5A5B-281E-8E90-CBB6F4774B8F&sortorder=asc&column=section HTTP/1.1" 200 71983
144.76.40.222 - - [01/Jan/2021:14:22:47 +0100] "GET /ticket2/opencms/ru/buy/?page=1&edid=253C1D60-C0F6-05F8-5F6E-716B9D2DC0AE&sortorder=asc&column=price HTTP/1.1" 200 72852
192.99.13.75 - - [01/Jan/2021:14:22:56 +0100] "GET /ticket2/opencms/no/buy/?page=1&edid=CB1A6DCE-08B0-3E84-CE92-22ED535AB832&sortorder=asc&column=section HTTP/1.1" 200 73013
192.99.37.116 - - [01/Jan/2021:14:22:59 +0100] "GET /ticket2/opencms/no/buy/?page=1&edid=870139C6-530A-636D-1EEE-D550E3B89162&sortorder=desc&column=row HTTP/1.1" 200 71481
144.76.40.222 - - [01/Jan/2021:14:23:02 +0100] "GET /ticket2/opencms/ru/buy/?page=1&edid=253C1D60-C0F6-05F8-5F6E-716B9D2DC0AE&sortorder=asc&column=row HTTP/1.1" 200 72852
167.114.211.237 - - [01/Jan/2021:14:23:05 +0100] "GET /ticket2/opencms/no/buy/?page=1&edid=0435AA01-DEED-F5D9-39FC-322BF9B9D7E3&sortorder=desc&column=price HTTP/1.1" 200 69833
5.255.231.129 - - [01/Jan/2021:14:23:11 +0100] "GET /ticket2/opencms/robots.txt HTTP/1.1" 200 773
66.249.66.135 - - [01/Jan/2021:14:23:17 +0100] "GET /ticket2/opencms/nl/buy/?comcatid=97ECA65A-72DA-F9AF-9DBB-245D3CFED1BE&catid=2E79AED8-FF58-B4E8-AFB0-43E7CEBE7864 HTTP/1.1" 200 69478
213.180.203.180 - - [01/Jan/2021:14:23:18 +0100] "GET /ticket2/opencms/dk/sport/fodboldbilletter/premier-league/manchester-city/ HTTP/1.1" 200 66884
216.18.204.210 - - [01/Jan/2021:14:23:22 +0100] "GET /ticket2/opencms/sv/buy/?comcatid=97ECA65A-72DA-F9AF-9DBB-245D3CFED1BE&catid=078F99D4-0B9E-E323-5A07-D7B70F6E8874 HTTP/1.1" 200 70629
144.76.40.222 - - [01/Jan/2021:14:23:22 +0100] "GET /ticket2/opencms/ru/buy/?page=1&edid=253C1D60-C0F6-05F8-5F6E-716B9D2DC0AE&sortorder=asc&column=section HTTP/1.1" 200 72852
192.99.13.75 - - [01/Jan/2021:14:23:37 +0100] "GET /ticket2/opencms/no/buy/?page=1&edid=CD843574-821F-BD11-D02D-75E35292AAE0&sortorder=asc&column=price HTTP/1.1" 200 73010
114.119.137.95 - - [01/Jan/2021:14:23:39 +0100] "GET /ticket2/opencms/no/buy/?page=1&edid=B8936E2A-2B55-9BF8-E0E7-457CCCF1DAC4&sortorder=desc&column=section HTTP/1.1" 200 71472
192.99.37.116 - - [01/Jan/2021:14:23:43 +0100] "GET /ticket2/opencms/no/buy/?page=1&edid=870139C6-530A-636D-1EEE-D550E3B89162&sortorder=desc&column=section HTTP/1.1" 200 71481
144.76.40.222 - - [01/Jan/2021:14:23:44 +0100] "GET /ticket2/opencms/ru/buy/?page=1&edid=2580EFD9-5BA4-738B-D051-8FCD624442F6&sortorder=asc&column=row HTTP/1.1" 200 70219
167.114.211.237 - - [01/Jan/2021:14:23:52 +0100] "GET /ticket2/opencms/no/buy/?page=1&edid=0435AA01-DEED-F5D9-39FC-322BF9B9D7E3&sortorder=desc&column=row HTTP/1.1" 200 69833
144.76.40.222 - - [01/Jan/2021:14:24:01 +0100] "GET /ticket2/opencms/ru/buy/?page=1&edid=258E0A48-C024-C3DB-0BF3-5E676CFFAE46&sortorder=desc&column=price HTTP/1.1" 200 70211
54.36.148.250 - - [01/Jan/2021:14:24:10 +0100] "GET /ticket2/opencms/dk/venue/?countryid=6D97DD41-58F8-E86C-8D49-519899AAF206 HTTP/1.1" 200 94618
13.66.139.20 - - [01/Jan/2021:14:24:12 +0100] "GET /ticket2/opencms/en/terms_of_service/ HTTP/1.1" 200 76089
192.99.13.75 - - [01/Jan/2021:14:24:16 +0100] "GET /ticket2/opencms/no/buy/?page=1&edid=CD843574-821F-BD11-D02D-75E35292AAE0&sortorder=asc&column=row HTTP/1.1" 200 73010
167.114.209.104 - - [01/Jan/2021:14:24:18 +0100] "GET /ticket2/opencms/en/login/?edid=FC0D5D89-4B43-9EC1-BD89-FA48C772FEDC HTTP/1.1" 200 67300
192.99.37.116 - - [01/Jan/2021:14:24:20 +0100] "GET /ticket2/opencms/no/buy/?page=1&edid=89D89E9E-8D04-F641-B1B5-F18BACE2A9FB&sortorder=desc&column=price HTTP/1.1" 200 69816
144.76.40.222 - - [01/Jan/2021:14:24:23 +0100] "GET /ticket2/opencms/ru/buy/?page=1&edid=265739E8-98B0-BF90-E2FA-F880C59D272B&sortorder=asc&column=row HTTP/1.1" 200 70211
144.76.40.222 - - [01/Jan/2021:14:24:39 +0100] "GET /ticket2/opencms/ru/buy/?page=1&edid=26FF79E8-79DC-19D0-F2F0-480181E2B435&sortorder=asc&column=price HTTP/1.1" 200 72393
167.114.211.237 - - [01/Jan/2021:14:24:49 +0100] "GET /ticket2/opencms/no/buy/?page=1&edid=04413630-8EF6-2C5F-D5B5-862DEDA40F72 HTTP/1.1" 200 69782
144.76.40.222 - - [01/Jan/2021:14:24:55 +0100] "GET /ticket2/opencms/ru/buy/?page=1&edid=28329314-3F60-44AA-17BA-552A83462666&sortorder=asc&column=section HTTP/1.1" 200 71976
192.99.37.116 - - [01/Jan/2021:14:25:06 +0100] "GET /ticket2/opencms/no/buy/?page=1&edid=89D89E9E-8D04-F641-B1B5-F18BACE2A9FB&sortorder=desc&column=row HTTP/1.1" 200 69816
192.99.13.75 - - [01/Jan/2021:14:25:07 +0100] "GET /ticket2/opencms/no/buy/?page=1&edid=CD843574-821F-BD11-D02D-75E35292AAE0&sortorder=asc&column=section HTTP/1.1" 200 73010
167.114.209.104 - - [01/Jan/2021:14:25:10 +0100] "GET /ticket2/opencms/en/sell/?edid=03C3F759-824A-90E7-D09D-AD5EA21FB080 HTTP/1.1" 302 -
216.245.221.83 - - [01/Jan/2021:14:25:18 +0100] "HEAD /ticket2/opencms/ HTTP/1.1" 302 -
216.245.221.83 - - [01/Jan/2021:14:25:18 +0100] "HEAD /ticket2/opencms/en/ HTTP/1.1" 200 -
144.76.40.222 - - [01/Jan/2021:14:25:23 +0100] "GET /ticket2/opencms/ru/buy/?page=1&edid=2D38B293-6E7E-C864-3493-2CA274C1E20F&sortorder=desc&column=price HTTP/1.1" 200 70237
192.99.37.116 - - [01/Jan/2021:14:25:37 +0100] "GET /ticket2/opencms/no/buy/?page=1&edid=8C6C738E-963E-E4C2-A89C-7AE088866860&sortorder=desc&column=price HTTP/1.1" 200 69825
167.114.211.237 - - [01/Jan/2021:14:25:38 +0100] "GET /ticket2/opencms/no/buy/?page=1&edid=0547F085-8C1B-46DF-AD9F-504A808516FF&sortorder=desc&column=row HTTP/1.1" 200 69836
144.76.40.222 - - [01/Jan/2021:14:25:48 +0100] "GET /ticket2/opencms/ru/buy/?page=1&edid=2D38B293-6E7E-C864-3493-2CA274C1E20F&sortorder=desc&column=row HTTP/1.1" 200 70237
192.99.13.75 - - [01/Jan/2021:14:26:00 +0100] "GET /ticket2/opencms/no/buy/?page=1&edid=CE0B1383-DB26-AB6F-DBFC-52D3C15E0FAA&sortorder=desc&column=price HTTP/1.1" 200 71249
66.249.66.137 - - [01/Jan/2021:14:26:01 +0100] "GET /ticket2/opencms/sv/sport/fotbollsbiljetter/bundesliga/bayern-munchen/ HTTP/1.1" 200 68211
144.76.40.222 - - [01/Jan/2021:14:26:06 +0100] "GET /ticket2/opencms/ru/buy/?page=1&edid=2D38B293-6E7E-C864-3493-2CA274C1E20F&sortorder=desc&column=section HTTP/1.1" 200 70237
54.36.148.250 - - [01/Jan/2021:14:26:17 +0100] "GET /ticket2/opencms/en/venue/?countryid=D1CF94F0-7D29-9934-B390-888966FEE978 HTTP/1.1" 200 94598
167.114.211.237 - - [01/Jan/2021:14:26:20 +0100] "GET /ticket2/opencms/no/buy/?page=1&edid=054983DD-B81A-7D3F-365C-83D4087186D5 HTTP/1.1" 200 69795
192.99.37.116 - - [01/Jan/2021:14:26:27 +0100] "GET /ticket2/opencms/no/buy/?page=1&edid=8C6C738E-963E-E4C2-A89C-7AE088866860&sortorder=desc&column=row HTTP/1.1" 200 69825
144.76.40.222 - - [01/Jan/2021:14:26:27 +0100] "GET /ticket2/opencms/ru/buy/?page=1&edid=2E351EEA-33B4-0E8E-6D73-E9AB91DE426F&sortorder=desc&column=price HTTP/1.1" 200 70237
167.114.209.104 - - [01/Jan/2021:14:26:29 +0100] "GET /ticket2/opencms/en/login/?edid=03C3F759-824A-90E7-D09D-AD5EA21FB080 HTTP/1.1" 200 67300
192.99.13.75 - - [01/Jan/2021:14:26:44 +0100] "GET /ticket2/opencms/no/buy/?page=1&edid=CE0B1383-DB26-AB6F-DBFC-52D3C15E0FAA&sortorder=desc&column=section HTTP/1.1" 200 71249
144.76.40.222 - - [01/Jan/2021:14:26:47 +0100] "GET /ticket2/opencms/ru/buy/?page=1&edid=2E351EEA-33B4-0E8E-6D73-E9AB91DE426F&sortorder=desc&column=row HTTP/1.1" 200 70237
144.76.40.222 - - [01/Jan/2021:14:27:03 +0100] "GET /ticket2/opencms/ru/buy/?page=1&edid=2E351EEA-33B4-0E8E-6D73-E9AB91DE426F&sortorder=desc&column=section HTTP/1.1" 200 70237
167.114.211.237 - - [01/Jan/2021:14:27:03 +0100] "GET /ticket2/opencms/no/buy/?page=1&edid=054983DD-B81A-7D3F-365C-83D4087186D5&sortorder=desc&column=section HTTP/1.1" 200 69830
167.114.209.104 - - [01/Jan/2021:14:27:15 +0100] "GET /ticket2/opencms/en/sell/?edid=60A92E2C-5D4D-C143-3776-D1790FE7FB3F HTTP/1.1" 302 -
144.76.40.222 - - [01/Jan/2021:14:27:21 +0100] "GET /ticket2/opencms/ru/buy/?page=1&edid=30C89ECD-9C00-576C-AA0D-236F4C1FBD43&sortorder=desc&column=price HTTP/1.1" 200 71769
66.249.66.137 - - [01/Jan/2021:14:27:34 +0100] "GET /ticket2/opencms/sv/sport/fotbollsbiljetter/serie_a/hellas_verona/ HTTP/1.1" 200 66969
192.99.13.75 - - [01/Jan/2021:14:27:36 +0100] "GET /ticket2/opencms/no/buy/?page=1&edid=D0F26606-9A2B-7F9B-761A-AD94A62F6874 HTTP/1.1" 200 71691
66.249.66.135 - - [01/Jan/2021:14:27:37 +0100] "GET /ticket2/opencms/system/modules/com.gridnine.opencms.ticketbrokerage.site/resources/css/standard.css HTTP/1.1" 200 61448
144.76.40.222 - - [01/Jan/2021:14:27:39 +0100] "GET /ticket2/opencms/ru/buy/?page=1&edid=30C89ECD-9C00-576C-AA0D-236F4C1FBD43&sortorder=desc&column=row HTTP/1.1" 200 71769
216.244.66.245 - - [01/Jan/2021:14:27:40 +0100] "GET /ticket2/opencms/nl/sport/ijshockeytickets/nhl/toronto-maple-leafs/ HTTP/1.1" 200 64757
167.114.211.237 - - [01/Jan/2021:14:27:41 +0100] "GET /ticket2/opencms/no/buy/?page=1&edid=060C0EE9-3660-B6E5-7141-2D93961E8D86&sortorder=desc&column=price HTTP/1.1" 200 69846
192.99.37.116 - - [01/Jan/2021:14:27:46 +0100] "GET /ticket2/opencms/no/buy/?page=1&edid=8D658471-41BC-7653-893E-D0CACDA8A7ED&sortorder=desc&column=price HTTP/1.1" 200 72119
144.76.40.222 - - [01/Jan/2021:14:27:56 +0100] "GET /ticket2/opencms/ru/buy/?page=1&edid=30C89ECD-9C00-576C-AA0D-236F4C1FBD43&sortorder=desc&column=section HTTP/1.1" 200 71769
114.119.159.134 - - [01/Jan/2021:14:27:57 +0100] "GET /ticket2/opencms/no/venue/?venueid=944F5225-618C-A921-3A24-D2EE137E7F20 HTTP/1.1" 200 65768
54.36.148.250 - - [01/Jan/2021:14:28:11 +0100] "GET /ticket2/opencms/en/venue/?venueid=37FDBD7B-74BE-8950-65E3-B6CF46D7D303 HTTP/1.1" 200 65332
144.76.40.222 - - [01/Jan/2021:14:28:13 +0100] "GET /ticket2/opencms/ru/buy/?page=1&edid=3176E62D-2ABE-1AEC-AE78-5501F2AB2BE9&sortorder=desc&column=price HTTP/1.1" 200 71916
192.99.13.75 - - [01/Jan/2021:14:28:30 +0100] "GET /ticket2/opencms/no/buy/?page=1&edid=D0F26606-9A2B-7F9B-761A-AD94A62F6874&sortorder=desc&column=row HTTP/1.1" 200 71726
192.99.37.116 - - [01/Jan/2021:14:28:33 +0100] "GET /ticket2/opencms/no/buy/?page=1&edid=90B0A76B-3A0B-4556-74BE-A554C18176FF&sortorder=desc&column=row HTTP/1.1" 200 69821
167.114.211.237 - - [01/Jan/2021:14:28:34 +0100] "GET /ticket2/opencms/no/buy/?page=1&edid=060C0EE9-3660-B6E5-7141-2D93961E8D86&sortorder=desc&column=row HTTP/1.1" 200 69846
144.76.40.222 - - [01/Jan/2021:14:28:37 +0100] "GET /ticket2/opencms/ru/buy/?page=1&edid=3176E62D-2ABE-1AEC-AE78-5501F2AB2BE9&sortorder=desc&column=row HTTP/1.1" 200 71916
13.66.139.99 - - [01/Jan/2021:14:28:37 +0100] "GET /ticket2/opencms/en/buy_safety/ HTTP/1.1" 200 65824
167.114.209.104 - - [01/Jan/2021:14:28:41 +0100] "GET /ticket2/opencms/en/login/?edid=60A92E2C-5D4D-C143-3776-D1790FE7FB3F HTTP/1.1" 200 67300
5.9.70.117 - - [01/Jan/2021:14:28:43 +0100] "GET /ticket2/opencms/robots.txt HTTP/1.1" 200 773
5.9.70.117 - - [01/Jan/2021:14:28:45 +0100] "GET /ticket2/opencms/en/buy/?page=1&edid=F62C9046-2D62-76EF-4940-6DE74F9C742F&sortorder=desc&column=price HTTP/1.1" 200 72411
5.9.70.117 - - [01/Jan/2021:14:28:47 +0100] "GET /ticket2/opencms/en/buy/?page=1&edid=F63D295E-74FE-883B-C6C4-63F9BB65218E HTTP/1.1" 200 69220
5.9.70.117 - - [01/Jan/2021:14:28:49 +0100] "GET /ticket2/opencms/en/buy/?page=1&edid=FFB17C01-ED75-27AF-8C5A-B4FCC8F6A8DC&sortorder=desc&column=section HTTP/1.1" 200 71146
144.76.40.222 - - [01/Jan/2021:14:28:59 +0100] "GET /ticket2/opencms/ru/buy/?page=1&edid=336107FE-A480-FFB9-CEBB-733E82F740BB&sortorder=desc&column=row HTTP/1.1" 200 70228
192.99.13.75 - - [01/Jan/2021:14:29:12 +0100] "GET /ticket2/opencms/no/buy/?page=1&edid=D0F26606-9A2B-7F9B-761A-AD94A62F6874&sortorder=desc&column=section HTTP/1.1" 200 71726
144.76.40.222 - - [01/Jan/2021:14:29:19 +0100] "GET /ticket2/opencms/ru/buy/?page=1&edid=336107FE-A480-FFB9-CEBB-733E82F740BB&sortorder=desc&column=section HTTP/1.1" 200 70228
167.114.211.237 - - [01/Jan/2021:14:29:21 +0100] "GET /ticket2/opencms/no/buy/?page=1&edid=07E994FA-5ABF-79E5-A7D3-0B7E2EE6286D&sortorder=desc&column=row HTTP/1.1" 200 69833
167.114.209.104 - - [01/Jan/2021:14:29:27 +0100] "GET /ticket2/opencms/en/sell/?edid=6391B8D2-4805-E3DF-858D-572DEDE95203 HTTP/1.1" 302 -
192.99.37.116 - - [01/Jan/2021:14:29:29 +0100] "GET /ticket2/opencms/no/buy/?page=1&edid=90B0A76B-3A0B-4556-74BE-A554C18176FF&sortorder=desc&column=section HTTP/1.1" 200 69821
144.76.40.222 - - [01/Jan/2021:14:29:32 +0100] "GET /ticket2/opencms/ru/buy/?page=1&edid=354F36F0-56C8-519D-5CCE-B171FF597541&sortorder=desc&column=price HTTP/1.1" 200 71705
144.76.40.222 - - [01/Jan/2021:14:29:56 +0100] "GET /ticket2/opencms/ru/buy/?page=1&edid=354F36F0-56C8-519D-5CCE-B171FF597541&sortorder=desc&column=section HTTP/1.1" 200 71705
54.36.148.250 - - [01/Jan/2021:14:30:05 +0100] "GET /ticket2/opencms/dk/venue/?countryid=23D31018-1DE6-5792-AB05-50B75604BF40 HTTP/1.1" 200 94618
192.99.13.75 - - [01/Jan/2021:14:30:05 +0100] "GET /ticket2/opencms/no/buy/?page=1&edid=D2C03709-8648-5DE7-21CA-50E370682539&sortorder=asc&column=price HTTP/1.1" 200 73019
167.114.211.237 - - [01/Jan/2021:14:30:06 +0100] "GET /ticket2/opencms/no/buy/?page=1&edid=0A0B9BCE-44F9-CCF4-E8BB-8889085F0B53&sortorder=desc&column=price HTTP/1.1" 200 71695
144.76.40.222 - - [01/Jan/2021:14:30:16 +0100] "GET /ticket2/opencms/ru/buy/?page=1&edid=372E2EFE-457C-DF4D-FC89-808FA8424DAF HTTP/1.1" 200 72314
216.245.221.83 - - [01/Jan/2021:14:30:18 +0100] "HEAD /ticket2/opencms/ HTTP/1.1" 302 -
216.245.221.83 - - [01/Jan/2021:14:30:18 +0100] "HEAD /ticket2/opencms/en/ HTTP/1.1" 200 -
144.76.40.222 - - [01/Jan/2021:14:30:42 +0100] "GET /ticket2/opencms/ru/buy/?page=1&edid=38B35C60-3642-D9FF-D23B-B799877F4C81&sortorder=desc&column=row HTTP/1.1" 200 70256
167.114.209.104 - - [01/Jan/2021:14:30:46 +0100] "GET /ticket2/opencms/en/login/?edid=6391B8D2-4805-E3DF-858D-572DEDE95203 HTTP/1.1" 200 67300
167.114.211.237 - - [01/Jan/2021:14:30:46 +0100] "GET /ticket2/opencms/no/buy/?page=1&edid=1A0F9343-6154-1DA9-CEE8-3CEC5610C673&sortorder=desc&column=section HTTP/1.1" 200 69807
192.99.13.75 - - [01/Jan/2021:14:30:58 +0100] "GET /ticket2/opencms/no/buy/?page=1&edid=D54647C8-B205-BD5F-2C2C-2FE17A087C43 HTTP/1.1" 200 71613
144.76.40.222 - - [01/Jan/2021:14:31:05 +0100] "GET /ticket2/opencms/ru/buy/?page=1&edid=3915D06A-7208-4364-EA76-3E5239E90AE2&sortorder=asc&column=section HTTP/1.1" 200 70233
144.76.40.222 - - [01/Jan/2021:14:31:21 +0100] "GET /ticket2/opencms/ru/buy/?page=1&edid=3AB65601-4EE3-2449-68F0-32A09A52B78E&sortorder=desc&column=price HTTP/1.1" 200 70206
167.114.211.237 - - [01/Jan/2021:14:31:22 +0100] "GET /ticket2/opencms/no/buy/?page=1&edid=1AE621AF-9BA7-1116-2628-94D24047719F&sortorder=desc&column=price HTTP/1.1" 200 69850
167.114.209.104 - - [01/Jan/2021:14:31:37 +0100] "GET /ticket2/opencms/en/sell/?edid=6440E7CC-E56C-CD13-BB09-A84D83EDDD53 HTTP/1.1" 302 -
144.76.40.222 - - [01/Jan/2021:14:31:44 +0100] "GET /ticket2/opencms/ru/buy/?page=1&edid=3AB65601-4EE3-2449-68F0-32A09A52B78E&sortorder=desc&column=row HTTP/1.1" 200 70206
192.99.13.75 - - [01/Jan/2021:14:31:57 +0100] "GET /ticket2/opencms/no/buy/?page=1&edid=D54EDA96-F67D-2426-66BF-D765D5E1AF7A&sortorder=asc&column=price HTTP/1.1" 200 71951
54.36.148.55 - - [01/Jan/2021:14:31:57 +0100] "GET /ticket2/opencms/dk/venue/?countryid=6DB0834B-E25F-449A-5515-025982E4CF10 HTTP/1.1" 200 94618
144.76.40.222 - - [01/Jan/2021:14:31:59 +0100] "GET /ticket2/opencms/ru/buy/?page=1&edid=3AB65601-4EE3-2449-68F0-32A09A52B78E&sortorder=desc&column=section HTTP/1.1" 200 70206
216.18.204.210 - - [01/Jan/2021:14:32:18 +0100] "GET /ticket2/opencms/sv/buy/?comcatid=97ECA65A-72DA-F9AF-9DBB-245D3CFED1BE&catid=1656E964-1E02-9A38-D092-65384E60B6EA HTTP/1.1" 200 70627
114.119.150.126 - - [01/Jan/2021:14:32:21 +0100] "GET /ticket2/opencms/sv/venue/?venueid=47CA5BA9-B4A4-50CF-13AF-7C49E99E252A HTTP/1.1" 200 65458
144.76.40.222 - - [01/Jan/2021:14:32:23 +0100] "GET /ticket2/opencms/ru/buy/?page=1&edid=3B2B632D-2D9E-A780-282C-D4563639E830&sortorder=desc&column=price HTTP/1.1" 200 71928
13.66.139.68 - - [01/Jan/2021:14:32:25 +0100] "GET /ticket2/opencms/dk/sport/fodboldbilletter/premier-league/manchester-united/ HTTP/1.1" 200 69104
95.163.255.207 - - [01/Jan/2021:14:32:26 +0100] "GET /ticket2/opencms/robots.txt HTTP/1.0" 200 773
167.114.211.237 - - [01/Jan/2021:14:32:27 +0100] "GET /ticket2/opencms/no/buy/?page=1&edid=1AE621AF-9BA7-1116-2628-94D24047719F&sortorder=desc&column=section HTTP/1.1" 200 69850
95.163.255.217 - - [01/Jan/2021:14:32:27 +0100] "GET /ticket2/opencms/ HTTP/1.1" 302 -
95.163.255.226 - - [01/Jan/2021:14:32:28 +0100] "GET /ticket2/opencms/en/ HTTP/1.1" 200 66287
192.99.13.75 - - [01/Jan/2021:14:32:36 +0100] "GET /ticket2/opencms/no/buy/?page=1&edid=D6CEF78B-A02A-B7EC-6D6B-D4925E4ADC02&sortorder=desc&column=price HTTP/1.1" 200 69806
66.249.66.158 - - [01/Jan/2021:14:32:45 +0100] "GET /ticket2/opencms/fi/venue/?countryid=5EEFCF47-AD38-F951-EE2B-C85C4E24342F HTTP/1.1" 200 95819
144.76.40.222 - - [01/Jan/2021:14:32:45 +0100] "GET /ticket2/opencms/ru/buy/?page=1&edid=3B2B632D-2D9E-A780-282C-D4563639E830&sortorder=desc&column=row HTTP/1.1" 200 71928
167.114.209.104 - - [01/Jan/2021:14:33:00 +0100] "GET /ticket2/opencms/en/login/?edid=6440E7CC-E56C-CD13-BB09-A84D83EDDD53 HTTP/1.1" 200 67300
5.255.231.129 - - [01/Jan/2021:14:33:02 +0100] "GET /ticket2/opencms/robots.txt HTTP/1.1" 200 773
5.255.231.129 - - [01/Jan/2021:14:33:04 +0100] "GET /ticket2/opencms/en/legal_info/ HTTP/1.1" 200 66186
144.76.40.222 - - [01/Jan/2021:14:33:05 +0100] "GET /ticket2/opencms/ru/buy/?page=1&edid=3B2B632D-2D9E-A780-282C-D4563639E830&sortorder=desc&column=section HTTP/1.1" 200 71928
213.180.203.180 - - [01/Jan/2021:14:33:06 +0100] "GET /ticket2/opencms/en/legal_info/ HTTP/1.1" 200 66186
5.255.231.129 - - [01/Jan/2021:14:33:08 +0100] "GET /ticket2/opencms/system/modules/com.gridnine.opencms.ticketbrokerage.site/resources/js/stickyfill.min.js HTTP/1.1" 200 5672
213.180.203.180 - - [01/Jan/2021:14:33:09 +0100] "GET /ticket2/opencms/system/modules/com.gridnine.opencms.ticketbrokerage.site/resources/js/calendar-en.js HTTP/1.1" 200 3338
5.255.231.129 - - [01/Jan/2021:14:33:09 +0100] "GET /ticket2/opencms/system/modules/com.gridnine.opencms.ticketbrokerage.site/resources/js/jquery/jquery-ui.js HTTP/1.1" 200 228088
213.180.203.180 - - [01/Jan/2021:14:33:10 +0100] "GET /ticket2/opencms/system/modules/com.gridnine.opencms.ticketbrokerage.site/resources/css/ticketbrokerage.css HTTP/1.1" 200 39285
5.255.231.129 - - [01/Jan/2021:14:33:11 +0100] "GET /ticket2/opencms/system/modules/com.gridnine.opencms.ticketbrokerage.site/resources/css/jquery.fancybox.css HTTP/1.1" 200 4939
213.180.203.180 - - [01/Jan/2021:14:33:12 +0100] "GET /ticket2/opencms/system/modules/com.gridnine.opencms.ticketbrokerage.site/resources/css/jquery-ui.css HTTP/1.1" 200 33221
5.255.231.129 - - [01/Jan/2021:14:33:13 +0100] "GET /ticket2/opencms/system/modules/com.gridnine.opencms.ticketbrokerage.site/resources/js/jquery.fancybox.pack.js HTTP/1.1" 200 23187
213.180.203.180 - - [01/Jan/2021:14:33:13 +0100] "GET /ticket2/opencms/system/modules/com.gridnine.opencms.ticketbrokerage.site/resources/css/calendar.css HTTP/1.1" 200 6871
5.255.231.129 - - [01/Jan/2021:14:33:14 +0100] "GET /ticket2/opencms/system/modules/com.gridnine.opencms.ticketbrokerage.site/resources/css/standard.css HTTP/1.1" 200 61448
213.180.203.180 - - [01/Jan/2021:14:33:15 +0100] "GET /ticket2/opencms/system/modules/com.gridnine.opencms.ticketbrokerage.site/resources/js/calendar-setup.js HTTP/1.1" 200 4923
5.255.231.129 - - [01/Jan/2021:14:33:16 +0100] "GET /ticket2/opencms/system/modules/com.gridnine.opencms.ticketbrokerage.site/resources/js/calendar.js HTTP/1.1" 200 49229
213.180.203.180 - - [01/Jan/2021:14:33:16 +0100] "GET /ticket2/opencms/system/modules/com.gridnine.opencms.ticketbrokerage.site/resources/js/functions.js HTTP/1.1" 200 1583
5.255.231.129 - - [01/Jan/2021:14:33:17 +0100] "GET /ticket2/opencms/system/modules/com.gridnine.opencms.ticketbrokerage.site/resources/js/jquery/jquery.js HTTP/1.1" 200 93868
213.180.203.180 - - [01/Jan/2021:14:33:18 +0100] "GET /ticket2/opencms/system/modules/com.gridnine.opencms.ticketbrokerage.site/resources/js/standard.js HTTP/1.1" 200 3928
5.255.231.129 - - [01/Jan/2021:14:33:18 +0100] "GET /ticket2/opencms/system/modules/com.gridnine.opencms.ticketbrokerage.site/resources/js/jquery.placeholder.min.js HTTP/1.1" 200 1737
213.180.203.180 - - [01/Jan/2021:14:33:19 +0100] "GET /ticket2/opencms/system/modules/com.gridnine.opencms.ticketbrokerage.site/resources/js/common-ajax.js HTTP/1.1" 200 20175
5.255.231.129 - - [01/Jan/2021:14:33:20 +0100] "GET /ticket2/opencms/en/ask-form.html HTTP/1.1" 200 3146
167.114.211.237 - - [01/Jan/2021:14:33:20 +0100] "GET /ticket2/opencms/no/buy/?page=1&edid=1B022CA7-FE6D-532E-2FEE-58D5C427FD13&sortorder=desc&column=row HTTP/1.1" 200 69835
144.76.40.222 - - [01/Jan/2021:14:33:26 +0100] "GET /ticket2/opencms/ru/buy/?page=1&edid=3FC2B591-D536-D1BB-E60B-6C053ECAFC38&sortorder=desc&column=price HTTP/1.1" 200 71928
192.99.13.75 - - [01/Jan/2021:14:33:27 +0100] "GET /ticket2/opencms/no/buy/?page=1&edid=D6CEF78B-A02A-B7EC-6D6B-D4925E4ADC02&sortorder=desc&column=row HTTP/1.1" 200 69806
167.114.209.104 - - [01/Jan/2021:14:33:42 +0100] "GET /ticket2/opencms/en/sell/?edid=64BD559B-614F-083E-80BA-E7DAF6245135 HTTP/1.1" 302 -
54.36.148.246 - - [01/Jan/2021:14:33:44 +0100] "GET /ticket2/opencms/fi/venue/?countryid=4B450FD2-0462-34B9-7186-638797EC0F09 HTTP/1.1" 200 95819
144.76.40.222 - - [01/Jan/2021:14:33:57 +0100] "GET /ticket2/opencms/ru/buy/?page=1&edid=3FC2B591-D536-D1BB-E60B-6C053ECAFC38&sortorder=desc&column=row HTTP/1.1" 200 71928
167.114.211.237 - - [01/Jan/2021:14:34:13 +0100] "GET /ticket2/opencms/no/buy/?page=1&edid=1B0840D6-2F71-B58C-3433-DBF603BC8CEC&sortorder=desc&column=price HTTP/1.1" 200 69812
192.99.13.75 - - [01/Jan/2021:14:34:17 +0100] "GET /ticket2/opencms/no/buy/?page=1&edid=D70FA4BD-1396-4999-0353-201780ED1BFA&sortorder=desc&column=price HTTP/1.1" 200 69800
144.76.40.222 - - [01/Jan/2021:14:34:19 +0100] "GET /ticket2/opencms/ru/buy/?page=1&edid=3FC2B591-D536-D1BB-E60B-6C053ECAFC38&sortorder=desc&column=section HTTP/1.1" 200 71928
192.99.37.116 - - [01/Jan/2021:14:34:32 +0100] "GET /ticket2/opencms/no/buy/?page=1&edid=917143D1-6174-F38E-60BD-FAD3194E7E23&sortorder=asc&column=price HTTP/1.1" 200 69840
144.76.40.222 - - [01/Jan/2021:14:34:41 +0100] "GET /ticket2/opencms/ru/buy/?page=1&edid=411CF077-8416-B09B-2921-C517AE71239C&sortorder=asc&column=section HTTP/1.1" 200 72134
192.99.13.75 - - [01/Jan/2021:14:34:59 +0100] "GET /ticket2/opencms/no/buy/?page=1&edid=D70FA4BD-1396-4999-0353-201780ED1BFA&sortorder=desc&column=row HTTP/1.1" 200 69800
167.114.211.237 - - [01/Jan/2021:14:35:04 +0100] "GET /ticket2/opencms/no/buy/?page=1&edid=1B0840D6-2F71-B58C-3433-DBF603BC8CEC&sortorder=desc&column=row HTTP/1.1" 200 69812
144.76.40.222 - - [01/Jan/2021:14:35:06 +0100] "GET /ticket2/opencms/ru/buy/?page=1&edid=416DE971-B897-5140-B141-FE881AD61026&sortorder=desc&column=price HTTP/1.1" 200 72612
167.114.209.104 - - [01/Jan/2021:14:35:13 +0100] "GET /ticket2/opencms/en/login/?edid=64BD559B-614F-083E-80BA-E7DAF6245135 HTTP/1.1" 200 67300
216.245.221.83 - - [01/Jan/2021:14:35:18 +0100] "HEAD /ticket2/opencms/ HTTP/1.1" 302 -
216.245.221.83 - - [01/Jan/2021:14:35:18 +0100] "HEAD /ticket2/opencms/en/ HTTP/1.1" 200 -
144.76.40.222 - - [01/Jan/2021:14:35:24 +0100] "GET /ticket2/opencms/ru/buy/?page=1&edid=416DE971-B897-5140-B141-FE881AD61026&sortorder=desc&column=row HTTP/1.1" 200 72612
192.99.13.75 - - [01/Jan/2021:14:35:28 +0100] "GET /ticket2/opencms/no/buy/?page=1&edid=D70FA4BD-1396-4999-0353-201780ED1BFA&sortorder=desc&column=section HTTP/1.1" 200 69800
192.99.37.116 - - [01/Jan/2021:14:35:28 +0100] "GET /ticket2/opencms/no/buy/?page=1&edid=9855A2C3-650C-23D8-F314-126B4A227928&sortorder=desc&column=price HTTP/1.1" 200 69844
54.36.148.107 - - [01/Jan/2021:14:35:34 +0100] "GET /ticket2/opencms/fi/buy/?page=6&comcatid=A17713B6-D984-201A-4143-ED4DB5ED5C2E&catid=573B7747-EE85-D769-C87D-F3F61FB64AA5 HTTP/1.1" 200 77134
144.76.40.222 - - [01/Jan/2021:14:35:47 +0100] "GET /ticket2/opencms/ru/buy/?page=1&edid=416DE971-B897-5140-B141-FE881AD61026&sortorder=desc&column=section HTTP/1.1" 200 72612
192.99.37.116 - - [01/Jan/2021:14:35:48 +0100] "GET /ticket2/opencms/no/buy/?page=1&edid=9855A2C3-650C-23D8-F314-126B4A227928&sortorder=desc&column=row HTTP/1.1" 200 69844
167.114.209.104 - - [01/Jan/2021:14:36:01 +0100] "GET /ticket2/opencms/en/sell/?edid=69E94548-BA2A-A7B0-2E68-692DBBE997E5 HTTP/1.1" 302 -
167.114.211.237 - - [01/Jan/2021:14:36:07 +0100] "GET /ticket2/opencms/no/buy/?page=1&edid=1B0840D6-2F71-B58C-3433-DBF603BC8CEC&sortorder=desc&column=section HTTP/1.1" 200 69812
144.76.40.222 - - [01/Jan/2021:14:36:11 +0100] "GET /ticket2/opencms/ru/buy/?page=1&edid=41BEA64D-1BA5-5F3A-682B-157416A5458B&sortorder=asc&column=section HTTP/1.1" 200 72346
192.99.13.75 - - [01/Jan/2021:14:36:12 +0100] "GET /ticket2/opencms/no/buy/?page=1&edid=D7193451-9A3A-74F4-A8C7-6E587A08462E HTTP/1.1" 200 71685
192.99.37.116 - - [01/Jan/2021:14:36:16 +0100] "GET /ticket2/opencms/no/buy/?page=1&edid=9855A2C3-650C-23D8-F314-126B4A227928&sortorder=desc&column=section HTTP/1.1" 200 69844
157.55.39.169 - - [01/Jan/2021:14:36:21 +0100] "GET /ticket2/opencms/en/venue/?venueid=88F7BD42-D802-9204-CAB7-CFC868488AC2 HTTP/1.1" 200 65182
167.114.211.237 - - [01/Jan/2021:14:36:33 +0100] "GET /ticket2/opencms/no/buy/?page=1&edid=1B3695A1-C6BF-D11C-9A7D-82951655EF61&sortorder=desc&column=price HTTP/1.1" 200 69853
144.76.40.222 - - [01/Jan/2021:14:36:33 +0100] "GET /ticket2/opencms/ru/buy/?page=1&edid=428E58E3-B3C1-2F0F-E2C9-023C8EA16898&sortorder=desc&column=row HTTP/1.1" 200 72557
192.99.37.116 - - [01/Jan/2021:14:36:36 +0100] "GET /ticket2/opencms/no/buy/?page=1&edid=99E4E057-784A-91C1-7B12-45802B1F86CF&sortorder=desc&column=price HTTP/1.1" 200 69822
114.119.132.170 - - [01/Jan/2021:14:36:41 +0100] "GET /ticket2/opencms/en/venue/?venueid=895DAA27-0D01-3F9A-C82D-1FA2A5BCB45B HTTP/1.1" 200 65201
13.66.139.119 - - [01/Jan/2021:14:36:41 +0100] "GET /ticket2/opencms/en/about/press/ HTTP/1.1" 200 65796
144.76.40.222 - - [01/Jan/2021:14:36:50 +0100] "GET /ticket2/opencms/ru/buy/?page=1&edid=428E58E3-B3C1-2F0F-E2C9-023C8EA16898&sortorder=desc&column=section HTTP/1.1" 200 72557
192.99.13.75 - - [01/Jan/2021:14:36:52 +0100] "GET /ticket2/opencms/no/buy/?page=1&edid=D775D026-E685-2FDB-80C2-62D75C5665AD&sortorder=desc&column=price HTTP/1.1" 200 71455
192.99.37.116 - - [01/Jan/2021:14:36:56 +0100] "GET /ticket2/opencms/no/buy/?page=1&edid=99E4E057-784A-91C1-7B12-45802B1F86CF&sortorder=desc&column=row HTTP/1.1" 200 69822
167.114.211.237 - - [01/Jan/2021:14:37:10 +0100] "GET /ticket2/opencms/no/buy/?page=1&edid=1B60BEE4-B5C3-315B-4A97-0C0CA8AE813C HTTP/1.1" 200 69797
144.76.40.222 - - [01/Jan/2021:14:37:11 +0100] "GET /ticket2/opencms/ru/buy/?page=1&edid=465242F9-029A-06C6-C79F-CA8B331B3D42&sortorder=desc&column=price HTTP/1.1" 200 71714
192.99.13.75 - - [01/Jan/2021:14:37:21 +0100] "GET /ticket2/opencms/no/buy/?page=1&edid=D775D026-E685-2FDB-80C2-62D75C5665AD&sortorder=desc&column=row HTTP/1.1" 200 71455
192.99.37.116 - - [01/Jan/2021:14:37:22 +0100] "GET /ticket2/opencms/no/buy/?page=1&edid=99E4E057-784A-91C1-7B12-45802B1F86CF&sortorder=desc&column=section HTTP/1.1" 200 69822
54.36.148.250 - - [01/Jan/2021:14:37:23 +0100] "GET /ticket2/opencms/dk/venue/?countryid=278F1901-B821-DEE9-D6D6-BF49B756C52A HTTP/1.1" 200 94618
144.76.40.222 - - [01/Jan/2021:14:37:31 +0100] "GET /ticket2/opencms/ru/buy/?page=1&edid=465242F9-029A-06C6-C79F-CA8B331B3D42&sortorder=desc&column=row HTTP/1.1" 200 71714
167.114.209.104 - - [01/Jan/2021:14:37:45 +0100] "GET /ticket2/opencms/en/login/?edid=69E94548-BA2A-A7B0-2E68-692DBBE997E5 HTTP/1.1" 200 67300
157.55.39.144 - - [01/Jan/2021:14:37:46 +0100] "GET /ticket2/opencms/fi/buy/?page=1&edid=56B6B6E6-C7E2-379B-D9F5-F289D890A616 HTTP/1.1" 200 70580
167.114.211.237 - - [01/Jan/2021:14:37:46 +0100] "GET /ticket2/opencms/no/buy/?page=1&edid=1B60BEE4-B5C3-315B-4A97-0C0CA8AE813C&sortorder=desc&column=price HTTP/1.1" 200 69832
144.76.40.222 - - [01/Jan/2021:14:37:51 +0100] "GET /ticket2/opencms/ru/buy/?page=1&edid=465242F9-029A-06C6-C79F-CA8B331B3D42&sortorder=desc&column=section HTTP/1.1" 200 71714
192.99.13.75 - - [01/Jan/2021:14:37:54 +0100] "GET /ticket2/opencms/no/buy/?page=1&edid=D775D026-E685-2FDB-80C2-62D75C5665AD&sortorder=desc&column=section HTTP/1.1" 200 71455
144.76.40.222 - - [01/Jan/2021:14:37:58 +0100] "GET /ticket2/opencms/ru/buy/?page=1&edid=46F5EC85-5B62-6DBE-6122-EC5082A83D53&sortorder=desc&column=price HTTP/1.1" 200 71718
192.99.37.116 - - [01/Jan/2021:14:37:58 +0100] "GET /ticket2/opencms/no/buy/?page=1&edid=9AD13E7F-5D82-866E-76B8-DBF6F4BC3E55&sortorder=desc&column=price HTTP/1.1" 200 69819
144.76.40.222 - - [01/Jan/2021:14:38:03 +0100] "GET /ticket2/opencms/ru/buy/?page=1&edid=46F5EC85-5B62-6DBE-6122-EC5082A83D53&sortorder=desc&column=row HTTP/1.1" 200 71718
144.76.40.222 - - [01/Jan/2021:14:38:10 +0100] "GET /ticket2/opencms/ru/buy/?page=1&edid=46F5EC85-5B62-6DBE-6122-EC5082A83D53&sortorder=desc&column=section HTTP/1.1" 200 71718
144.76.40.222 - - [01/Jan/2021:14:38:18 +0100] "GET /ticket2/opencms/ru/buy/?page=1&edid=47B03FAD-DF6C-88EC-5450-C0CEEB46AF67&sortorder=desc&column=price HTTP/1.1" 200 73471
167.114.211.237 - - [01/Jan/2021:14:38:21 +0100] "GET /ticket2/opencms/no/buy/?page=1&edid=1B60BEE4-B5C3-315B-4A97-0C0CA8AE813C&sortorder=desc&column=row HTTP/1.1" 200 69832
167.114.209.104 - - [01/Jan/2021:14:38:23 +0100] "GET /ticket2/opencms/en/sell/?edid=6ABA4765-C049-91AE-C20A-276AC18EED3D HTTP/1.1" 302 -
144.76.40.222 - - [01/Jan/2021:14:38:26 +0100] "GET /ticket2/opencms/ru/buy/?page=1&edid=47B03FAD-DF6C-88EC-5450-C0CEEB46AF67&sortorder=desc&column=row HTTP/1.1" 200 73471
144.76.40.222 - - [01/Jan/2021:14:38:35 +0100] "GET /ticket2/opencms/ru/buy/?page=1&edid=47B03FAD-DF6C-88EC-5450-C0CEEB46AF67&sortorder=desc&column=section HTTP/1.1" 200 73471
192.99.13.75 - - [01/Jan/2021:14:38:37 +0100] "GET /ticket2/opencms/no/buy/?page=1&edid=D7845FB2-C504-EBEE-0821-CBB6B0557BB8&sortorder=desc&column=row HTTP/1.1" 200 69811
144.76.40.222 - - [01/Jan/2021:14:38:42 +0100] "GET /ticket2/opencms/ru/buy/?page=1&edid=49AED064-B86D-465C-FC24-B9E6E7276FC8&sortorder=desc&column=price HTTP/1.1" 200 73003
144.76.40.222 - - [01/Jan/2021:14:38:51 +0100] "GET /ticket2/opencms/ru/buy/?page=1&edid=49AED064-B86D-465C-FC24-B9E6E7276FC8&sortorder=desc&column=row HTTP/1.1" 200 73003
192.99.37.116 - - [01/Jan/2021:14:38:55 +0100] "GET /ticket2/opencms/no/buy/?page=1&edid=9AD13E7F-5D82-866E-76B8-DBF6F4BC3E55&sortorder=desc&column=row HTTP/1.1" 200 69819
216.18.204.210 - - [01/Jan/2021:14:38:55 +0100] "GET /ticket2/opencms/sv/buy/?comcatid=97ECA65A-72DA-F9AF-9DBB-245D3CFED1BE&catid=2CCC191C-F37F-B9CA-D41C-1204E575B328 HTTP/1.1" 200 70631
144.76.40.222 - - [01/Jan/2021:14:39:00 +0100] "GET /ticket2/opencms/ru/buy/?page=1&edid=49AED064-B86D-465C-FC24-B9E6E7276FC8&sortorder=desc&column=section HTTP/1.1" 200 73003
144.76.40.222 - - [01/Jan/2021:14:39:08 +0100] "GET /ticket2/opencms/ru/buy/?page=1&edid=4A821F38-50DC-2259-FA57-2665C1B72876&sortorder=desc&column=price HTTP/1.1" 200 73483
167.114.211.237 - - [01/Jan/2021:14:39:12 +0100] "GET /ticket2/opencms/no/buy/?page=1&edid=1C1ADD6A-16A8-05F6-5F31-1A1238426644&sortorder=desc&column=price HTTP/1.1" 200 69840
54.36.149.79 - - [01/Jan/2021:14:39:15 +0100] "GET /ticket2/opencms/fi/venue/?countryid=39338EA9-6CB0-428E-D26D-7F5D8BBADF63 HTTP/1.1" 200 95819
144.76.40.222 - - [01/Jan/2021:14:39:15 +0100] "GET /ticket2/opencms/ru/buy/?page=1&edid=4A821F38-50DC-2259-FA57-2665C1B72876&sortorder=desc&column=row HTTP/1.1" 200 73483
89.246.241.14 - - [01/Jan/2021:14:39:21 +0100] "GET /ticket2/opencms/ HTTP/1.1" 302 -
144.76.40.222 - - [01/Jan/2021:14:39:23 +0100] "GET /ticket2/opencms/ru/buy/?page=1&edid=4A821F38-50DC-2259-FA57-2665C1B72876&sortorder=desc&column=section HTTP/1.1" 200 73483
144.76.40.222 - - [01/Jan/2021:14:39:31 +0100] "GET /ticket2/opencms/ru/buy/?page=1&edid=4B8DF2AC-42E6-6C5D-F1CE-0DA3D8253356&sortorder=desc&column=price HTTP/1.1" 200 72998
192.99.13.75 - - [01/Jan/2021:14:39:34 +0100] "GET /ticket2/opencms/no/buy/?page=1&edid=D7845FB2-C504-EBEE-0821-CBB6B0557BB8&sortorder=desc&column=section HTTP/1.1" 200 69811
144.76.40.222 - - [01/Jan/2021:14:39:40 +0100] "GET /ticket2/opencms/ru/buy/?page=1&edid=4B8DF2AC-42E6-6C5D-F1CE-0DA3D8253356&sortorder=desc&column=row HTTP/1.1" 200 72998
167.114.209.104 - - [01/Jan/2021:14:39:46 +0100] "GET /ticket2/opencms/en/login/?edid=6ABA4765-C049-91AE-C20A-276AC18EED3D HTTP/1.1" 200 67300
192.99.37.116 - - [01/Jan/2021:14:39:48 +0100] "GET /ticket2/opencms/no/buy/?page=1&edid=9B9311EB-B4D2-9499-BE79-EAD276FCD2D7&sortorder=desc&column=price HTTP/1.1" 200 69851
144.76.40.222 - - [01/Jan/2021:14:39:50 +0100] "GET /ticket2/opencms/ru/buy/?page=1&edid=4B8DF2AC-42E6-6C5D-F1CE-0DA3D8253356&sortorder=desc&column=section HTTP/1.1" 200 72998
144.76.40.222 - - [01/Jan/2021:14:40:00 +0100] "GET /ticket2/opencms/ru/buy/?page=1&edid=4C057F1A-F8DE-8654-F39E-9DF6A45A6174&sortorder=desc&column=price HTTP/1.1" 200 73480
167.114.211.237 - - [01/Jan/2021:14:40:03 +0100] "GET /ticket2/opencms/no/buy/?page=1&edid=1C1ADD6A-16A8-05F6-5F31-1A1238426644&sortorder=desc&column=row HTTP/1.1" 200 69840
144.76.40.222 - - [01/Jan/2021:14:40:08 +0100] "GET /ticket2/opencms/ru/buy/?page=1&edid=4C057F1A-F8DE-8654-F39E-9DF6A45A6174&sortorder=desc&column=row HTTP/1.1" 200 73480
192.99.13.75 - - [01/Jan/2021:14:40:15 +0100] "GET /ticket2/opencms/no/buy/?page=1&edid=D7C0DA77-DBEA-6309-806C-0F1B3D98F5E1 HTTP/1.1" 200 71690
144.76.40.222 - - [01/Jan/2021:14:40:17 +0100] "GET /ticket2/opencms/ru/buy/?page=1&edid=4C057F1A-F8DE-8654-F39E-9DF6A45A6174&sortorder=desc&column=section HTTP/1.1" 200 73480
216.245.221.83 - - [01/Jan/2021:14:40:18 +0100] "HEAD /ticket2/opencms/ HTTP/1.1" 302 -
216.245.221.83 - - [01/Jan/2021:14:40:18 +0100] "HEAD /ticket2/opencms/en/ HTTP/1.1" 200 -
144.76.40.222 - - [01/Jan/2021:14:40:27 +0100] "GET /ticket2/opencms/ru/buy/?page=1&edid=4CEF83A1-43AA-9EF7-2AAF-697170ECBF80&sortorder=asc&column=section HTTP/1.1" 200 73444
192.99.37.116 - - [01/Jan/2021:14:40:28 +0100] "GET /ticket2/opencms/no/buy/?page=1&edid=9B9311EB-B4D2-9499-BE79-EAD276FCD2D7&sortorder=desc&column=section HTTP/1.1" 200 69851
167.114.209.104 - - [01/Jan/2021:14:40:32 +0100] "GET /ticket2/opencms/en/sell/?edid=6AC71D0E-ACE1-2E54-B5F7-7CE9303FBB11 HTTP/1.1" 302 -
144.76.40.222 - - [01/Jan/2021:14:40:38 +0100] "GET /ticket2/opencms/ru/buy/?page=1&edid=4D293451-8836-ADDD-DEC6-CDBE62A73185&sortorder=desc&column=price HTTP/1.1" 200 73003
144.76.40.222 - - [01/Jan/2021:14:40:47 +0100] "GET /ticket2/opencms/ru/buy/?page=1&edid=4D293451-8836-ADDD-DEC6-CDBE62A73185&sortorder=desc&column=row HTTP/1.1" 200 73003
192.99.13.75 - - [01/Jan/2021:14:40:48 +0100] "GET /ticket2/opencms/no/buy/?page=1&edid=D7E2BA39-62D1-0AEA-D8FA-A3DB5ADD3A51&sortorder=desc&column=row HTTP/1.1" 200 69817
144.76.40.222 - - [01/Jan/2021:14:40:55 +0100] "GET /ticket2/opencms/ru/buy/?page=1&edid=4D293451-8836-ADDD-DEC6-CDBE62A73185&sortorder=desc&column=section HTTP/1.1" 200 73003
157.55.39.144 - - [01/Jan/2021:14:40:56 +0100] "GET /ticket2/opencms/no/sport/fotballsbilletter/la_liga/atletico_madrid/ HTTP/1.1" 200 66796
54.36.148.222 - - [01/Jan/2021:14:40:58 +0100] "GET /ticket2/opencms/dk/venue/?countryid=6E625517-1E9A-024B-7EBB-F569FEDEE88E HTTP/1.1" 200 94618
167.114.211.237 - - [01/Jan/2021:14:41:02 +0100] "GET /ticket2/opencms/no/buy/?page=1&edid=1C1ADD6A-16A8-05F6-5F31-1A1238426644&sortorder=desc&column=section HTTP/1.1" 200 69840
114.119.154.207 - - [01/Jan/2021:14:41:04 +0100] "GET /ticket2/opencms/sv/venue/?venueid=81575406-737A-D887-8BD9-C8B79507FB55 HTTP/1.1" 200 65443
144.76.40.222 - - [01/Jan/2021:14:41:04 +0100] "GET /ticket2/opencms/ru/buy/?page=1&edid=4D2F445E-41F2-D1B5-FB0F-62C7C9AFC907&sortorder=asc&column=price HTTP/1.1" 200 72362
144.76.40.222 - - [01/Jan/2021:14:41:10 +0100] "GET /ticket2/opencms/ru/buy/?page=1&edid=4D2F445E-41F2-D1B5-FB0F-62C7C9AFC907&sortorder=asc&column=section HTTP/1.1" 200 72362
144.76.40.222 - - [01/Jan/2021:14:41:18 +0100] "GET /ticket2/opencms/ru/buy/?page=1&edid=4F679D59-A856-14F0-ECEF-29CBD5EE9427&sortorder=desc&column=price HTTP/1.1" 200 71714
192.99.37.116 - - [01/Jan/2021:14:41:22 +0100] "GET /ticket2/opencms/no/buy/?page=1&edid=9BF622D0-346F-7329-11E1-DA3663315EAC&sortorder=desc&column=price HTTP/1.1" 200 69804
192.99.13.75 - - [01/Jan/2021:14:41:23 +0100] "GET /ticket2/opencms/no/buy/?page=1&edid=D7E2BA39-62D1-0AEA-D8FA-A3DB5ADD3A51&sortorder=desc&column=section HTTP/1.1" 200 69817
144.76.40.222 - - [01/Jan/2021:14:41:26 +0100] "GET /ticket2/opencms/ru/buy/?page=1&edid=4F679D59-A856-14F0-ECEF-29CBD5EE9427&sortorder=desc&column=section HTTP/1.1" 200 71714
144.76.40.222 - - [01/Jan/2021:14:41:34 +0100] "GET /ticket2/opencms/ru/buy/?page=1&edid=4F85BB13-4691-49F2-FB37-B46A99DE24E2&sortorder=desc&column=price HTTP/1.1" 200 71719
144.76.40.222 - - [01/Jan/2021:14:41:42 +0100] "GET /ticket2/opencms/ru/buy/?page=1&edid=5049F443-2967-4BC4-9DF8-22395FCF3C8C&sortorder=desc&column=price HTTP/1.1" 200 71761
167.114.211.237 - - [01/Jan/2021:14:41:46 +0100] "GET /ticket2/opencms/no/buy/?page=1&edid=1C49381D-AC02-A7FE-56F4-57C1D32BC2D4&sortorder=desc&column=price HTTP/1.1" 200 71462
144.76.40.222 - - [01/Jan/2021:14:41:49 +0100] "GET /ticket2/opencms/ru/buy/?page=1&edid=5049F443-2967-4BC4-9DF8-22395FCF3C8C&sortorder=desc&column=row HTTP/1.1" 200 71761
167.114.209.104 - - [01/Jan/2021:14:41:51 +0100] "GET /ticket2/opencms/en/login/?edid=6AC71D0E-ACE1-2E54-B5F7-7CE9303FBB11 HTTP/1.1" 200 67300
144.76.40.222 - - [01/Jan/2021:14:41:58 +0100] "GET /ticket2/opencms/ru/buy/?page=1&edid=5049F443-2967-4BC4-9DF8-22395FCF3C8C&sortorder=desc&column=section HTTP/1.1" 200 71761
144.76.40.222 - - [01/Jan/2021:14:42:07 +0100] "GET /ticket2/opencms/ru/buy/?page=1&edid=52827494-239B-83D7-4791-E7789689FAB8&sortorder=desc&column=price HTTP/1.1" 200 73001
192.99.13.75 - - [01/Jan/2021:14:42:07 +0100] "GET /ticket2/opencms/no/buy/?page=1&edid=D86E0822-A77D-3BDC-D0CE-CCABB4A2B274&sortorder=desc&column=section HTTP/1.1" 200 69813
192.99.37.116 - - [01/Jan/2021:14:42:10 +0100] "GET /ticket2/opencms/no/buy/?page=1&edid=A89451B2-BC6C-DC3D-54DB-F195056B0913&sortorder=asc&column=price HTTP/1.1" 200 71457
66.249.66.158 - - [01/Jan/2021:14:42:13 +0100] "GET /ticket2/opencms/fi/venue/?countryid=FF003B65-76E6-22ED-7100-B7664691B6BF HTTP/1.1" 200 95819
144.76.40.222 - - [01/Jan/2021:14:42:15 +0100] "GET /ticket2/opencms/ru/buy/?page=1&edid=52827494-239B-83D7-4791-E7789689FAB8&sortorder=desc&column=row HTTP/1.1" 200 73001
167.114.211.237 - - [01/Jan/2021:14:42:23 +0100] "GET /ticket2/opencms/no/buy/?page=1&edid=1C49381D-AC02-A7FE-56F4-57C1D32BC2D4&sortorder=desc&column=section HTTP/1.1" 200 71462
144.76.40.222 - - [01/Jan/2021:14:42:23 +0100] "GET /ticket2/opencms/ru/buy/?page=1&edid=52827494-239B-83D7-4791-E7789689FAB8&sortorder=desc&column=section HTTP/1.1" 200 73001
167.114.209.104 - - [01/Jan/2021:14:42:30 +0100] "GET /ticket2/opencms/en/sell/?edid=6AEA7B0B-C565-4F77-5066-1C24C6353E29 HTTP/1.1" 302 -
192.99.37.116 - - [01/Jan/2021:14:42:32 +0100] "GET /ticket2/opencms/no/buy/?page=1&edid=B8094046-440E-3BA7-6CDD-31E2BE5BE81A&sortorder=desc&column=price HTTP/1.1" 200 69821
144.76.40.222 - - [01/Jan/2021:14:42:33 +0100] "GET /ticket2/opencms/ru/buy/?page=1&edid=5640FAB9-24F8-EBAE-85B5-70F8CD8DA0D7&sortorder=asc&column=section HTTP/1.1" 200 70238
66.249.66.135 - - [01/Jan/2021:14:42:38 +0100] "GET /ticket2/opencms/robots.txt HTTP/1.1" 200 773
192.99.13.75 - - [01/Jan/2021:14:42:41 +0100] "GET /ticket2/opencms/no/buy/?page=1&edid=D9590EEA-A3BA-EAE9-0517-4EA431179E08&sortorder=desc&column=price HTTP/1.1" 200 69849
54.36.148.140 - - [01/Jan/2021:14:42:46 +0100] "GET /ticket2/opencms/dk/venue/?countryid=281637B5-EBD8-5B84-5601-31AFF5C65765 HTTP/1.1" 200 94618
144.76.40.222 - - [01/Jan/2021:14:42:59 +0100] "GET /ticket2/opencms/ru/buy/?page=1&edid=56F7A79F-ED6D-503D-46E5-CD44AF89319D&sortorder=desc&column=price HTTP/1.1" 200 72999
167.114.211.237 - - [01/Jan/2021:14:43:11 +0100] "GET /ticket2/opencms/no/buy/?page=1&edid=1C826B1D-7CFD-DD3C-C8BD-1C0EE14E4036&sortorder=desc&column=price HTTP/1.1" 200 69815
192.99.37.116 - - [01/Jan/2021:14:43:19 +0100] "GET /ticket2/opencms/no/buy/?page=1&edid=B8094046-440E-3BA7-6CDD-31E2BE5BE81A&sortorder=desc&column=row HTTP/1.1" 200 69821
157.55.39.206 - - [01/Jan/2021:14:43:24 +0100] "GET /ticket2/opencms/no/venue/?venueid=FFD58926-E43E-9E2E-9DB6-3170AF0A87CC HTTP/1.1" 200 65756
144.76.40.222 - - [01/Jan/2021:14:43:26 +0100] "GET /ticket2/opencms/ru/buy/?page=1&edid=56F7A79F-ED6D-503D-46E5-CD44AF89319D&sortorder=desc&column=row HTTP/1.1" 200 72999
192.99.13.75 - - [01/Jan/2021:14:43:29 +0100] "GET /ticket2/opencms/no/buy/?page=1&edid=D9590EEA-A3BA-EAE9-0517-4EA431179E08&sortorder=desc&column=row HTTP/1.1" 200 69849
216.18.204.210 - - [01/Jan/2021:14:43:41 +0100] "GET /ticket2/opencms/sv/buy/?comcatid=97ECA65A-72DA-F9AF-9DBB-245D3CFED1BE&catid=2E79AED8-FF58-B4E8-AFB0-43E7CEBE7864 HTTP/1.1" 200 70627
192.99.13.75 - - [01/Jan/2021:14:43:49 +0100] "GET /ticket2/opencms/no/buy/?page=1&edid=D9590EEA-A3BA-EAE9-0517-4EA431179E08&sortorder=desc&column=section HTTP/1.1" 200 69849
144.76.40.222 - - [01/Jan/2021:14:43:50 +0100] "GET /ticket2/opencms/ru/buy/?page=1&edid=56F7A79F-ED6D-503D-46E5-CD44AF89319D&sortorder=desc&column=section HTTP/1.1" 200 72999
167.114.211.237 - - [01/Jan/2021:14:43:57 +0100] "GET /ticket2/opencms/no/buy/?page=1&edid=1C826B1D-7CFD-DD3C-C8BD-1C0EE14E4036&sortorder=desc&column=row HTTP/1.1" 200 69815
144.76.40.222 - - [01/Jan/2021:14:44:15 +0100] "GET /ticket2/opencms/ru/buy/?page=1&edid=5B22F83A-2ADE-82C8-21F3-C11998BADC97&sortorder=desc&column=price HTTP/1.1" 200 72999
167.114.209.104 - - [01/Jan/2021:14:44:17 +0100] "GET /ticket2/opencms/en/login/?edid=6AEA7B0B-C565-4F77-5066-1C24C6353E29 HTTP/1.1" 200 67300
192.99.37.116 - - [01/Jan/2021:14:44:19 +0100] "GET /ticket2/opencms/no/buy/?page=1&edid=B8094046-440E-3BA7-6CDD-31E2BE5BE81A&sortorder=desc&column=section HTTP/1.1" 200 69821
144.76.40.222 - - [01/Jan/2021:14:44:33 +0100] "GET /ticket2/opencms/ru/buy/?page=1&edid=5B22F83A-2ADE-82C8-21F3-C11998BADC97&sortorder=desc&column=row HTTP/1.1" 200 72999
54.36.148.192 - - [01/Jan/2021:14:44:43 +0100] "GET /ticket2/opencms/fi/venue/?countryid=E7736334-EC5F-4E42-8871-FF5303C85500 HTTP/1.1" 200 96281
167.114.211.237 - - [01/Jan/2021:14:44:49 +0100] "GET /ticket2/opencms/no/buy/?page=1&edid=1C826B1D-7CFD-DD3C-C8BD-1C0EE14E4036&sortorder=desc&column=section HTTP/1.1" 200 69815
192.99.37.116 - - [01/Jan/2021:14:44:51 +0100] "GET /ticket2/opencms/no/buy/?page=1&edid=B93B0FFA-1133-B639-A688-B05549F4B695&sortorder=desc&column=price HTTP/1.1" 200 69839
144.76.40.222 - - [01/Jan/2021:14:44:53 +0100] "GET /ticket2/opencms/ru/buy/?page=1&edid=5B22F83A-2ADE-82C8-21F3-C11998BADC97&sortorder=desc&column=section HTTP/1.1" 200 72999
192.99.13.75 - - [01/Jan/2021:14:44:56 +0100] "GET /ticket2/opencms/no/buy/?page=1&edid=D982F7C7-2260-B918-A19A-9AD033AA1445&sortorder=desc&column=price HTTP/1.1" 200 71679
167.114.209.104 - - [01/Jan/2021:14:44:59 +0100] "GET /ticket2/opencms/en/sell/?edid=6C8914BF-377D-3452-0F17-49D4496BD1E8 HTTP/1.1" 302 -
144.76.40.222 - - [01/Jan/2021:14:45:14 +0100] "GET /ticket2/opencms/ru/buy/?page=1&edid=5B6DD187-7D46-54EC-4674-B827A9787928&sortorder=desc&column=price HTTP/1.1" 200 73483
216.245.221.83 - - [01/Jan/2021:14:45:18 +0100] "HEAD /ticket2/opencms/ HTTP/1.1" 302 -
216.245.221.83 - - [01/Jan/2021:14:45:18 +0100] "HEAD /ticket2/opencms/en/ HTTP/1.1" 200 -
114.119.156.188 - - [01/Jan/2021:14:45:21 +0100] "GET /ticket2/opencms/dk/venue/?venueid=305DAD5C-FF35-7284-E470-947548E280ED HTTP/1.1" 200 65247
167.114.211.237 - - [01/Jan/2021:14:45:33 +0100] "GET /ticket2/opencms/no/buy/?page=1&edid=1CB0579F-1D7F-7A19-BD4F-0612A3C3F1F9&sortorder=desc&column=price HTTP/1.1" 200 71215
144.76.40.222 - - [01/Jan/2021:14:45:36 +0100] "GET /ticket2/opencms/ru/buy/?page=1&edid=5B6DD187-7D46-54EC-4674-B827A9787928&sortorder=desc&column=row HTTP/1.1" 200 73483
192.99.37.116 - - [01/Jan/2021:14:45:41 +0100] "GET /ticket2/opencms/no/buy/?page=1&edid=B93B0FFA-1133-B639-A688-B05549F4B695&sortorder=desc&column=row HTTP/1.1" 200 69839
192.99.13.75 - - [01/Jan/2021:14:45:47 +0100] "GET /ticket2/opencms/no/buy/?page=1&edid=D982F7C7-2260-B918-A19A-9AD033AA1445&sortorder=desc&column=row HTTP/1.1" 200 71679
144.76.40.222 - - [01/Jan/2021:14:45:59 +0100] "GET /ticket2/opencms/ru/buy/?page=1&edid=5B6DD187-7D46-54EC-4674-B827A9787928&sortorder=desc&column=section HTTP/1.1" 200 73483
167.114.211.237 - - [01/Jan/2021:14:46:23 +0100] "GET /ticket2/opencms/no/buy/?page=1&edid=1CB0579F-1D7F-7A19-BD4F-0612A3C3F1F9&sortorder=desc&column=row HTTP/1.1" 200 71215
144.76.40.222 - - [01/Jan/2021:14:46:25 +0100] "GET /ticket2/opencms/ru/buy/?page=1&edid=5D700640-E13B-1534-DC36-11A7DB2850E1&sortorder=desc&column=price HTTP/1.1" 200 73002
54.36.148.53 - - [01/Jan/2021:14:46:34 +0100] "GET /ticket2/opencms/fi/venue/?countryid=44E342A3-ABB4-8C4C-D9AB-B83FB043D424 HTTP/1.1" 200 95819
192.99.13.75 - - [01/Jan/2021:14:46:34 +0100] "GET /ticket2/opencms/no/buy/?page=1&edid=D982F7C7-2260-B918-A19A-9AD033AA1445&sortorder=desc&column=section HTTP/1.1" 200 71679
167.114.209.104 - - [01/Jan/2021:14:46:40 +0100] "GET /ticket2/opencms/en/login/?edid=6C8914BF-377D-3452-0F17-49D4496BD1E8 HTTP/1.1" 200 67300
