5.9.97.200 - - [01/Jan/2021:10:28:51 +0100] "GET /ticket2/opencms/ru/buy/?page=1&edid=D7E2BA39-62D1-0AEA-D8FA-A3DB5ADD3A51&sortorder=asc&column=price HTTP/1.1" 200 70222
5.9.97.200 - - [01/Jan/2021:10:28:54 +0100] "GET /ticket2/opencms/ru/buy/?page=1&edid=D7E2BA39-62D1-0AEA-D8FA-A3DB5ADD3A51&sortorder=asc&column=section HTTP/1.1" 200 70222
5.9.97.200 - - [01/Jan/2021:10:28:58 +0100] "GET /ticket2/opencms/ru/buy/?page=1&edid=D890945E-C751-4AD9-75F6-08D09FFB756E&sortorder=asc&column=price HTTP/1.1" 200 70221
54.36.149.48 - - [01/Jan/2021:10:28:59 +0100] "GET /ticket2/opencms/no/buy/?page=6&comcatid=A17713B6-D984-201A-4143-ED4DB5ED5C2E&catid=E961462E-5AC2-64D6-5850-A310C9DEAA06 HTTP/1.1" 200 76321
5.9.97.200 - - [01/Jan/2021:10:29:01 +0100] "GET /ticket2/opencms/ru/buy/?page=1&edid=D890945E-C751-4AD9-75F6-08D09FFB756E&sortorder=asc&column=row HTTP/1.1" 200 70221
167.114.116.38 - - [01/Jan/2021:10:29:01 +0100] "GET /ticket2/opencms/en/buy/?page=1&edid=E258DD93-8FC6-2906-9EA8-7EDD3763DB57&sortorder=desc&column=price HTTP/1.1" 200 71109
5.9.97.200 - - [01/Jan/2021:10:29:04 +0100] "GET /ticket2/opencms/ru/buy/?page=1&edid=D890945E-C751-4AD9-75F6-08D09FFB756E&sortorder=desc&column=section HTTP/1.1" 200 70220
5.9.97.200 - - [01/Jan/2021:10:29:07 +0100] "GET /ticket2/opencms/ru/buy/?page=1&edid=D8AF9E01-ADFB-3436-2590-435C98124FC7&sortorder=asc&column=price HTTP/1.1" 200 73002
5.9.97.200 - - [01/Jan/2021:10:29:10 +0100] "GET /ticket2/opencms/ru/buy/?page=1&edid=D8AF9E01-ADFB-3436-2590-435C98124FC7&sortorder=asc&column=row HTTP/1.1" 200 73002
114.119.134.212 - - [01/Jan/2021:10:29:12 +0100] "GET /ticket2/opencms/sv/venue/ HTTP/1.1" 200 333507
192.99.13.88 - - [01/Jan/2021:10:29:13 +0100] "GET /ticket2/opencms/ru/buy/?page=1&edid=FC6C7C18-83B6-E104-2781-4BFAA17207F5&sortorder=asc&column=price HTTP/1.1" 200 70216
5.9.97.200 - - [01/Jan/2021:10:29:13 +0100] "GET /ticket2/opencms/ru/buy/?page=1&edid=D8AF9E01-ADFB-3436-2590-435C98124FC7&sortorder=asc&column=section HTTP/1.1" 200 73002
42.236.10.122 - - [01/Jan/2021:10:29:15 +0100] "GET /ticket2/opencms/dk/ HTTP/1.1" 200 66251
5.9.97.200 - - [01/Jan/2021:10:29:18 +0100] "GET /ticket2/opencms/ru/buy/?page=1&edid=D8AF9E01-ADFB-3436-2590-435C98124FC7&sortorder=desc&column=price HTTP/1.1" 200 73001
5.9.97.200 - - [01/Jan/2021:10:29:22 +0100] "GET /ticket2/opencms/ru/buy/?page=1&edid=D8AF9E01-ADFB-3436-2590-435C98124FC7&sortorder=desc&column=section HTTP/1.1" 200 73001
5.9.97.200 - - [01/Jan/2021:10:29:25 +0100] "GET /ticket2/opencms/ru/buy/?page=1&edid=D982F7C7-2260-B918-A19A-9AD033AA1445&sortorder=asc&column=price HTTP/1.1" 200 72142
167.114.116.38 - - [01/Jan/2021:10:29:27 +0100] "GET /ticket2/opencms/en/buy/?page=1&edid=E2914107-4FF6-6962-1106-28D4624EA4CE HTTP/1.1" 200 71579
207.180.203.210 - - [01/Jan/2021:10:29:28 +0100] "GET /ticket2/opencms/fi/buy/?page=1&edid=FA0513B6-C062-D552-5C10-F2BE1953376E&sortorder=asc&column=price HTTP/1.1" 200 70656
5.9.97.200 - - [01/Jan/2021:10:29:28 +0100] "GET /ticket2/opencms/ru/buy/?page=1&edid=D982F7C7-2260-B918-A19A-9AD033AA1445&sortorder=asc&column=row HTTP/1.1" 200 72142
5.9.97.200 - - [01/Jan/2021:10:29:32 +0100] "GET /ticket2/opencms/ru/buy/?page=1&edid=DA80AC96-9D5B-51F7-D55B-EACBDC4E7995&sortorder=asc&column=row HTTP/1.1" 200 70244
5.9.97.200 - - [01/Jan/2021:10:29:35 +0100] "GET /ticket2/opencms/ru/buy/?page=1&edid=DA80AC96-9D5B-51F7-D55B-EACBDC4E7995&sortorder=asc&column=section HTTP/1.1" 200 70244
13.66.139.99 - - [01/Jan/2021:10:29:45 +0100] "GET /ticket2/opencms/sv/konsertbiljetter/pink/ HTTP/1.1" 200 66514
167.114.116.38 - - [01/Jan/2021:10:29:54 +0100] "GET /ticket2/opencms/en/buy/?page=1&edid=E2914107-4FF6-6962-1106-28D4624EA4CE&sortorder=asc&column=row HTTP/1.1" 200 71615
192.99.13.88 - - [01/Jan/2021:10:30:03 +0100] "GET /ticket2/opencms/ru/buy/?page=1&edid=FC6C7C18-83B6-E104-2781-4BFAA17207F5&sortorder=asc&column=section HTTP/1.1" 200 70216
54.36.148.79 - - [01/Jan/2021:10:30:14 +0100] "GET /ticket2/opencms/fi/venue/?countryid=EF4CD3F8-F552-B03A-F63B-5D01B436E59A HTTP/1.1" 200 95819
216.245.221.83 - - [01/Jan/2021:10:30:19 +0100] "HEAD /ticket2/opencms/ HTTP/1.1" 302 -
167.114.116.38 - - [01/Jan/2021:10:30:19 +0100] "GET /ticket2/opencms/en/buy/?page=1&edid=E2914107-4FF6-6962-1106-28D4624EA4CE&sortorder=asc&column=section HTTP/1.1" 200 71615
216.245.221.83 - - [01/Jan/2021:10:30:19 +0100] "HEAD /ticket2/opencms/en/ HTTP/1.1" 200 -
157.55.39.186 - - [01/Jan/2021:10:30:21 +0100] "GET /ticket2/opencms/en/buy/?page=10&eventid=0301901D-CDB0-76E6-A443-30FEE7E893FB HTTP/1.1" 200 66537
207.180.203.210 - - [01/Jan/2021:10:30:22 +0100] "GET /ticket2/opencms/fi/buy/?page=1&edid=FA0513B6-C062-D552-5C10-F2BE1953376E&sortorder=asc&column=row HTTP/1.1" 200 70656
167.114.116.38 - - [01/Jan/2021:10:30:43 +0100] "GET /ticket2/opencms/en/buy/?page=1&edid=E2914107-4FF6-6962-1106-28D4624EA4CE&sortorder=desc&column=price HTTP/1.1" 200 71614
207.180.203.210 - - [01/Jan/2021:10:30:50 +0100] "GET /ticket2/opencms/fi/buy/?page=1&edid=FA0513B6-C062-D552-5C10-F2BE1953376E&sortorder=asc&column=section HTTP/1.1" 200 70656
192.99.13.88 - - [01/Jan/2021:10:30:51 +0100] "GET /ticket2/opencms/ru/buy/?page=1&edid=FCBD6E3D-863A-5B3A-5EE9-2A6644C9666A&sortorder=desc&column=price HTTP/1.1" 200 71708
106.38.241.135 - - [01/Jan/2021:10:30:51 +0100] "GET /ticket2/opencms/ HTTP/1.1" 302 -
167.114.116.38 - - [01/Jan/2021:10:31:10 +0100] "GET /ticket2/opencms/en/buy/?page=1&edid=E2914107-4FF6-6962-1106-28D4624EA4CE&sortorder=desc&column=row HTTP/1.1" 200 71614
207.180.203.210 - - [01/Jan/2021:10:31:18 +0100] "GET /ticket2/opencms/fi/buy/?page=1&edid=FA0513B6-C062-D552-5C10-F2BE1953376E&sortorder=desc&column=price HTTP/1.1" 200 70655
192.99.13.88 - - [01/Jan/2021:10:31:41 +0100] "GET /ticket2/opencms/ru/buy/?page=1&edid=FCBD6E3D-863A-5B3A-5EE9-2A6644C9666A&sortorder=desc&column=row HTTP/1.1" 200 71708
54.36.148.182 - - [01/Jan/2021:10:31:43 +0100] "GET /ticket2/opencms/fi/venue/?countryid=6D97DD41-58F8-E86C-8D49-519899AAF206 HTTP/1.1" 200 95819
207.180.203.210 - - [01/Jan/2021:10:31:50 +0100] "GET /ticket2/opencms/fi/buy/?page=1&edid=FA4E5170-C0C1-9004-398F-3295256B617D&sortorder=desc&column=price HTTP/1.1" 200 72024
167.114.116.38 - - [01/Jan/2021:10:31:54 +0100] "GET /ticket2/opencms/en/buy/?page=1&edid=E2914107-4FF6-6962-1106-28D4624EA4CE&sortorder=desc&column=section HTTP/1.1" 200 71614
106.38.241.135 - - [01/Jan/2021:10:31:55 +0100] "GET /ticket2/opencms/en/ HTTP/1.1" 200 66287
123.183.224.79 - - [01/Jan/2021:10:32:02 +0100] "GET /ticket2/opencms/ HTTP/1.1" 302 -
207.180.203.210 - - [01/Jan/2021:10:32:17 +0100] "GET /ticket2/opencms/fi/buy/?page=1&edid=FA4E5170-C0C1-9004-398F-3295256B617D&sortorder=desc&column=section HTTP/1.1" 200 72024
167.114.116.38 - - [01/Jan/2021:10:32:24 +0100] "GET /ticket2/opencms/en/buy/?page=1&edid=E2AE9F45-E6F4-9F11-B055-01A8A59EC82A HTTP/1.1" 200 71600
192.99.13.88 - - [01/Jan/2021:10:32:30 +0100] "GET /ticket2/opencms/ru/buy/?page=1&edid=FCBD6E3D-863A-5B3A-5EE9-2A6644C9666A&sortorder=desc&column=section HTTP/1.1" 200 71708
138.246.253.24 - - [01/Jan/2021:10:32:36 +0100] "HEAD /ticket2/opencms/ HTTP/1.1" 302 -
114.119.133.76 - - [01/Jan/2021:10:32:41 +0100] "GET /ticket2/opencms/sv/venue/?venueid=058EF548-7E59-A9A1-FFD1-52D7BA231E9F HTTP/1.1" 200 65464
216.18.204.210 - - [01/Jan/2021:10:32:46 +0100] "GET /ticket2/opencms/fi/urheilu/hockey/nhl/ny-rangers/ HTTP/1.1" 200 69074
167.114.116.38 - - [01/Jan/2021:10:32:50 +0100] "GET /ticket2/opencms/en/buy/?page=1&edid=E2AE9F45-E6F4-9F11-B055-01A8A59EC82A&sortorder=asc&column=price HTTP/1.1" 200 71636
207.180.203.210 - - [01/Jan/2021:10:32:58 +0100] "GET /ticket2/opencms/fi/buy/?page=1&edid=FA6E77FD-7B60-427A-8F1A-C8DE18094A0E&sortorder=desc&column=price HTTP/1.1" 200 71781
54.36.148.250 - - [01/Jan/2021:10:33:03 +0100] "GET /ticket2/opencms/en/venue/?countryid=01A4931A-C165-4B79-C9B2-6B15C1A8EA59 HTTP/1.1" 200 97177
192.99.13.88 - - [01/Jan/2021:10:33:08 +0100] "GET /ticket2/opencms/ru/buy/?page=1&edid=FCCEA0AD-179D-2AD4-9A08-938973A163A5&sortorder=asc&column=price HTTP/1.1" 200 70242
123.183.224.79 - - [01/Jan/2021:10:33:09 +0100] "GET /ticket2/opencms/en/ HTTP/1.1" 200 66287
167.114.116.38 - - [01/Jan/2021:10:33:15 +0100] "GET /ticket2/opencms/en/buy/?page=1&edid=E2AE9F45-E6F4-9F11-B055-01A8A59EC82A&sortorder=asc&column=row HTTP/1.1" 200 71636
207.180.203.210 - - [01/Jan/2021:10:33:28 +0100] "GET /ticket2/opencms/fi/buy/?page=1&edid=FA6E77FD-7B60-427A-8F1A-C8DE18094A0E&sortorder=desc&column=row HTTP/1.1" 200 71781
148.251.69.139 - - [01/Jan/2021:10:33:30 +0100] "GET /ticket2/opencms/robots.txt HTTP/1.1" 200 773
148.251.69.139 - - [01/Jan/2021:10:33:32 +0100] "GET /ticket2/opencms/set_aff_cookie.jsp?partner=32AEBC49-1CC2-7329-0771-A30B1D5B3D38&url=/sv/buy/index.html%3Fr=true%26edid=DF93CC1C-5D16-1499-FD92-D43F9BD2F302%26page=1 HTTP/1.1" 200 179
167.114.116.38 - - [01/Jan/2021:10:33:50 +0100] "GET /ticket2/opencms/en/buy/?page=1&edid=E2AE9F45-E6F4-9F11-B055-01A8A59EC82A&sortorder=asc&column=section HTTP/1.1" 200 71636
192.99.13.88 - - [01/Jan/2021:10:34:09 +0100] "GET /ticket2/opencms/ru/buy/?page=1&edid=FCCEA0AD-179D-2AD4-9A08-938973A163A5&sortorder=asc&column=row HTTP/1.1" 200 70242
207.180.203.210 - - [01/Jan/2021:10:34:18 +0100] "GET /ticket2/opencms/fi/buy/?page=1&edid=FA6E77FD-7B60-427A-8F1A-C8DE18094A0E&sortorder=desc&column=section HTTP/1.1" 200 71781
54.36.148.144 - - [01/Jan/2021:10:34:23 +0100] "GET /ticket2/opencms/fi/venue/?countryid=B33351B8-DB63-1834-566A-CB44E5291395 HTTP/1.1" 200 95819
167.114.116.38 - - [01/Jan/2021:10:34:25 +0100] "GET /ticket2/opencms/en/buy/?page=1&edid=E2AE9F45-E6F4-9F11-B055-01A8A59EC82A&sortorder=desc&column=price HTTP/1.1" 200 71635
207.180.203.210 - - [01/Jan/2021:10:34:54 +0100] "GET /ticket2/opencms/fi/buy/?page=1&edid=FB7F0AD6-8707-51F1-5AF9-A7E952D9C69E&sortorder=asc&column=price HTTP/1.1" 200 70638
167.114.116.38 - - [01/Jan/2021:10:35:06 +0100] "GET /ticket2/opencms/en/buy/?page=1&edid=E2AE9F45-E6F4-9F11-B055-01A8A59EC82A&sortorder=desc&column=row HTTP/1.1" 200 71635
192.99.13.88 - - [01/Jan/2021:10:35:11 +0100] "GET /ticket2/opencms/ru/buy/?page=1&edid=FCCEA0AD-179D-2AD4-9A08-938973A163A5&sortorder=asc&column=section HTTP/1.1" 200 70242
216.245.221.83 - - [01/Jan/2021:10:35:19 +0100] "HEAD /ticket2/opencms/ HTTP/1.1" 302 -
216.245.221.83 - - [01/Jan/2021:10:35:19 +0100] "HEAD /ticket2/opencms/en/ HTTP/1.1" 200 -
207.180.203.210 - - [01/Jan/2021:10:35:26 +0100] "GET /ticket2/opencms/fi/buy/?page=1&edid=FB7F0AD6-8707-51F1-5AF9-A7E952D9C69E&sortorder=asc&column=row HTTP/1.1" 200 70638
66.249.66.215 - - [01/Jan/2021:10:35:37 +0100] "GET /ticket2/opencms/dk/venue/?venueid=AFBD78E8-9F9A-1F1F-0693-EFD155D85FB4 HTTP/1.1" 200 65231
54.36.148.153 - - [01/Jan/2021:10:35:46 +0100] "GET /ticket2/opencms/fi/venue/?countryid=846E9CDC-CA28-ECDF-BD87-BAB8F25C08E3 HTTP/1.1" 200 95819
167.114.116.38 - - [01/Jan/2021:10:35:47 +0100] "GET /ticket2/opencms/en/buy/?page=1&edid=E2AE9F45-E6F4-9F11-B055-01A8A59EC82A&sortorder=desc&column=section HTTP/1.1" 200 71635
66.249.66.137 - - [01/Jan/2021:10:36:05 +0100] "GET /ticket2/opencms/en/buy/?page=6&comcatid=A17713B6-D984-201A-4143-ED4DB5ED5C2E&catid=A7674DEA-B39E-502C-2F76-760AE08947E9 HTTP/1.1" 200 75681
207.180.203.210 - - [01/Jan/2021:10:36:07 +0100] "GET /ticket2/opencms/fi/buy/?page=1&edid=FB7F0AD6-8707-51F1-5AF9-A7E952D9C69E&sortorder=asc&column=section HTTP/1.1" 200 70638
192.99.13.88 - - [01/Jan/2021:10:36:20 +0100] "GET /ticket2/opencms/ru/buy/?page=1&edid=FD5A2C37-48A0-DFD0-5732-0BBB5C62B6CE&sortorder=desc&column=price HTTP/1.1" 200 70240
167.114.116.38 - - [01/Jan/2021:10:36:21 +0100] "GET /ticket2/opencms/en/buy/?page=1&edid=E2E87D6E-3588-8997-96BC-7A3B0FF8ED91 HTTP/1.1" 200 70593
207.180.203.210 - - [01/Jan/2021:10:36:30 +0100] "GET /ticket2/opencms/fi/buy/?page=1&edid=FD05ABF5-CDE6-7E14-6315-57144B5C58D0&sortorder=asc&column=price HTTP/1.1" 200 70649
157.55.39.134 - - [01/Jan/2021:10:36:46 +0100] "GET /ticket2/opencms/no/venue/?countryid=298905FA-E037-07AD-4909-74C6371F3F35 HTTP/1.1" 200 95124
167.114.116.38 - - [01/Jan/2021:10:37:03 +0100] "GET /ticket2/opencms/en/buy/?page=1&edid=E2E87D6E-3588-8997-96BC-7A3B0FF8ED91&sortorder=asc&column=price HTTP/1.1" 200 70629
207.180.203.210 - - [01/Jan/2021:10:37:05 +0100] "GET /ticket2/opencms/fi/buy/?page=1&edid=FD05ABF5-CDE6-7E14-6315-57144B5C58D0&sortorder=asc&column=row HTTP/1.1" 200 70649
114.119.133.76 - - [01/Jan/2021:10:37:05 +0100] "GET /ticket2/opencms/dk/venue/?venueid=CF91071C-3412-BA8E-033B-F6FD610B69D5 HTTP/1.1" 200 65259
192.99.13.88 - - [01/Jan/2021:10:37:05 +0100] "GET /ticket2/opencms/ru/buy/?page=1&edid=FD5A2C37-48A0-DFD0-5732-0BBB5C62B6CE&sortorder=desc&column=row HTTP/1.1" 200 70240
54.36.148.250 - - [01/Jan/2021:10:37:07 +0100] "GET /ticket2/opencms/no/buy/?page=6&comcatid=A17713B6-D984-201A-4143-ED4DB5ED5C2E&catid=F03B8ADD-988E-AE6A-8DBA-AF502C691C60 HTTP/1.1" 200 76324
49.7.21.107 - - [01/Jan/2021:10:37:31 +0100] "GET /ticket2/opencms/ HTTP/1.1" 302 -
93.158.90.12 - - [01/Jan/2021:10:37:34 +0100] "GET /ticket2/opencms/ HTTP/1.1" 302 -
93.158.90.12 - - [01/Jan/2021:10:37:34 +0100] "GET /ticket2/opencms/en/ HTTP/1.1" 200 66287
167.114.116.38 - - [01/Jan/2021:10:37:35 +0100] "GET /ticket2/opencms/en/buy/?page=1&edid=E2E87D6E-3588-8997-96BC-7A3B0FF8ED91&sortorder=asc&column=row HTTP/1.1" 200 70629
66.249.66.135 - - [01/Jan/2021:10:37:36 +0100] "GET /ticket2/opencms/sv/sport/fotbollsbiljetter/bundesliga/wolfsburg/ HTTP/1.1" 200 66650
207.180.203.210 - - [01/Jan/2021:10:37:41 +0100] "GET /ticket2/opencms/fi/buy/?page=1&edid=FD05ABF5-CDE6-7E14-6315-57144B5C58D0&sortorder=asc&column=section HTTP/1.1" 200 70649
13.66.139.121 - - [01/Jan/2021:10:37:50 +0100] "GET /ticket2/opencms/fi/urheilu/jalkapallo/premier_league HTTP/1.1" 200 73699
93.158.90.12 - - [01/Jan/2021:10:37:53 +0100] "GET /ticket2/opencms/en/buying_tickets/ HTTP/1.1" 200 67031
185.191.171.39 - - [01/Jan/2021:10:37:55 +0100] "GET /ticket2/opencms/robots.txt HTTP/1.1" 200 773
185.191.171.23 - - [01/Jan/2021:10:37:57 +0100] "GET /ticket2/opencms/sv/buy/?column=price&edid=4E36BB56-7827-6345-3899-56B2C4EE18D8&page=1&sortorder=desc HTTP/1.1" 200 71863
192.99.13.88 - - [01/Jan/2021:10:37:58 +0100] "GET /ticket2/opencms/ru/buy/?page=1&edid=FD5A2C37-48A0-DFD0-5732-0BBB5C62B6CE&sortorder=desc&column=section HTTP/1.1" 200 70240
93.158.90.12 - - [01/Jan/2021:10:38:12 +0100] "GET /ticket2/opencms/en/about/contact/ HTTP/1.1" 200 64822
93.158.90.102 - - [01/Jan/2021:10:38:14 +0100] "GET /ticket2/opencms/ HTTP/1.1" 302 -
93.158.90.102 - - [01/Jan/2021:10:38:14 +0100] "GET /ticket2/opencms/en/ HTTP/1.1" 200 66287
207.180.203.210 - - [01/Jan/2021:10:38:15 +0100] "GET /ticket2/opencms/fi/buy/?page=1&edid=FEDF232A-760C-B359-320A-5BD79D713F09 HTTP/1.1" 200 70578
216.18.204.210 - - [01/Jan/2021:10:38:21 +0100] "GET /ticket2/opencms/fi/urheilu/jalkapallo/serie_a/milan/ HTTP/1.1" 200 68062
167.114.116.38 - - [01/Jan/2021:10:38:23 +0100] "GET /ticket2/opencms/en/buy/?page=1&edid=E2E87D6E-3588-8997-96BC-7A3B0FF8ED91&sortorder=desc&column=price HTTP/1.1" 200 70628
93.158.90.12 - - [01/Jan/2021:10:38:30 +0100] "GET /ticket2/opencms/en/affiliateprogram.html HTTP/1.1" 200 65459
192.36.217.7 - - [01/Jan/2021:10:38:31 +0100] "GET /ticket2/opencms/ HTTP/1.1" 302 -
192.36.217.7 - - [01/Jan/2021:10:38:31 +0100] "GET /ticket2/opencms/en/ HTTP/1.1" 200 66287
93.158.90.102 - - [01/Jan/2021:10:38:31 +0100] "GET /ticket2/opencms/en/buying_tickets/ HTTP/1.1" 200 67031
54.36.149.102 - - [01/Jan/2021:10:38:34 +0100] "GET /ticket2/opencms/fi/venue/?countryid=B54C3B27-273E-C131-E997-905F5C2CDDC3 HTTP/1.1" 200 95819
207.180.203.210 - - [01/Jan/2021:10:38:37 +0100] "GET /ticket2/opencms/fi/buy/?page=1&edid=FEE9109B-0F76-51E1-97FE-5F8D9CFFADB3&sortorder=desc&column=row HTTP/1.1" 200 71779
192.36.217.7 - - [01/Jan/2021:10:38:43 +0100] "GET /ticket2/opencms/en/buying_tickets/ HTTP/1.1" 200 67031
49.7.21.107 - - [01/Jan/2021:10:38:45 +0100] "GET /ticket2/opencms/en/ HTTP/1.1" 200 66287
93.158.90.102 - - [01/Jan/2021:10:38:46 +0100] "GET /ticket2/opencms/en/about/contact/ HTTP/1.1" 200 64822
93.158.90.12 - - [01/Jan/2021:10:38:47 +0100] "GET /ticket2/opencms/en/ HTTP/1.1" 200 66287
192.99.13.88 - - [01/Jan/2021:10:38:52 +0100] "GET /ticket2/opencms/ru/buy/?page=1&edid=FE84BAFC-CCB6-50CE-4161-D28C42F593C7&sortorder=asc&column=section HTTP/1.1" 200 70246
192.36.217.7 - - [01/Jan/2021:10:38:55 +0100] "GET /ticket2/opencms/en/about/contact/ HTTP/1.1" 200 64822
167.114.116.38 - - [01/Jan/2021:10:39:00 +0100] "GET /ticket2/opencms/en/buy/?page=1&edid=E2E87D6E-3588-8997-96BC-7A3B0FF8ED91&sortorder=desc&column=row HTTP/1.1" 200 70628
192.36.217.7 - - [01/Jan/2021:10:39:01 +0100] "GET /ticket2/opencms/en/about/press/ HTTP/1.1" 200 65796
93.158.90.102 - - [01/Jan/2021:10:39:04 +0100] "GET /ticket2/opencms/en/affiliateprogram.html HTTP/1.1" 200 65459
93.158.90.12 - - [01/Jan/2021:10:39:04 +0100] "GET /ticket2/opencms/en/search.html?searchQuery=liverpool HTTP/1.1" 200 86768
207.180.203.210 - - [01/Jan/2021:10:39:06 +0100] "GET /ticket2/opencms/fi/buy/?page=1&edid=FF0376F2-B601-3AC1-0589-C582E0555E7F HTTP/1.1" 200 70575
192.36.217.7 - - [01/Jan/2021:10:39:13 +0100] "GET /ticket2/opencms/en/login/ HTTP/1.1" 200 67300
192.176.249.42 - - [01/Jan/2021:10:39:15 +0100] "GET /ticket2/opencms/ HTTP/1.1" 302 -
192.176.249.42 - - [01/Jan/2021:10:39:15 +0100] "GET /ticket2/opencms/en/ HTTP/1.1" 200 66287
93.158.90.102 - - [01/Jan/2021:10:39:19 +0100] "GET /ticket2/opencms/en/ HTTP/1.1" 200 66287
93.158.90.12 - - [01/Jan/2021:10:39:22 +0100] "GET /ticket2/opencms/en/search.html?searchQuery=chelsea HTTP/1.1" 200 86331
192.36.217.7 - - [01/Jan/2021:10:39:24 +0100] "GET /ticket2/opencms/en/sport/football-tickets/ HTTP/1.1" 200 67172
167.114.116.38 - - [01/Jan/2021:10:39:33 +0100] "GET /ticket2/opencms/en/buy/?page=1&edid=E2E87D6E-3588-8997-96BC-7A3B0FF8ED91&sortorder=desc&column=section HTTP/1.1" 200 70628
93.158.90.102 - - [01/Jan/2021:10:39:35 +0100] "GET /ticket2/opencms/en/search.html?searchQuery=liverpool HTTP/1.1" 200 86768
192.36.217.7 - - [01/Jan/2021:10:39:36 +0100] "GET /ticket2/opencms/en/sport/football-tickets/la-liga/barcelona/ HTTP/1.1" 200 67199
93.158.90.12 - - [01/Jan/2021:10:39:38 +0100] "GET /ticket2/opencms/en/search.html?searchQuery=tottenham HTTP/1.1" 200 87408
192.176.249.42 - - [01/Jan/2021:10:39:38 +0100] "GET /ticket2/opencms/en/buying_tickets/ HTTP/1.1" 200 67031
192.99.13.88 - - [01/Jan/2021:10:39:39 +0100] "GET /ticket2/opencms/ru/buy/?page=1&edid=FFA889B6-9240-4F46-70D3-4493AA2A2E30 HTTP/1.1" 200 70203
216.244.66.237 - - [01/Jan/2021:10:39:43 +0100] "GET /ticket2/opencms/dk/robots.txt HTTP/1.1" 404 -
207.180.203.210 - - [01/Jan/2021:10:39:45 +0100] "GET /ticket2/opencms/fi/buy/?page=1&edid=FF0376F2-B601-3AC1-0589-C582E0555E7F&sortorder=desc&column=price HTTP/1.1" 200 70610
192.36.217.7 - - [01/Jan/2021:10:39:47 +0100] "GET /ticket2/opencms/en/search.html?searchQuery=barcelona HTTP/1.1" 200 86307
93.158.90.102 - - [01/Jan/2021:10:39:52 +0100] "GET /ticket2/opencms/en/search.html?searchQuery=chelsea HTTP/1.1" 200 86331
93.158.90.12 - - [01/Jan/2021:10:39:55 +0100] "GET /ticket2/opencms/en/sport/football-tickets/premier_league/ HTTP/1.1" 200 72551
192.176.249.42 - - [01/Jan/2021:10:39:55 +0100] "GET /ticket2/opencms/en/about/contact/ HTTP/1.1" 200 64822
157.55.39.240 - - [01/Jan/2021:10:39:57 +0100] "GET /ticket2/opencms/dk/buy/?page=1&edid=B6BE07C8-2C6A-5290-9EE9-E0B0DF45FC77 HTTP/1.1" 200 71665
192.36.217.7 - - [01/Jan/2021:10:39:58 +0100] "GET /ticket2/opencms/en/sport/football-tickets/ HTTP/1.1" 200 67172
192.36.217.7 - - [01/Jan/2021:10:40:03 +0100] "GET /ticket2/opencms/en/sport/football-tickets/premier_league/ HTTP/1.1" 200 72551
54.36.148.45 - - [01/Jan/2021:10:40:04 +0100] "GET /ticket2/opencms/fi/venue/?countryid=668D17D3-DDBF-7460-C2FB-E48A99F3BD87 HTTP/1.1" 200 95819
207.180.203.210 - - [01/Jan/2021:10:40:07 +0100] "GET /ticket2/opencms/fi/buy/?page=1&edid=FF0376F2-B601-3AC1-0589-C582E0555E7F&sortorder=desc&column=row HTTP/1.1" 200 70610
192.36.217.7 - - [01/Jan/2021:10:40:07 +0100] "GET /ticket2/opencms/en/sport/football-tickets/la-liga/ HTTP/1.1" 200 72725
93.158.90.102 - - [01/Jan/2021:10:40:08 +0100] "GET /ticket2/opencms/en/search.html?searchQuery=tottenham HTTP/1.1" 200 87408
192.176.249.42 - - [01/Jan/2021:10:40:09 +0100] "GET /ticket2/opencms/en/about/press/ HTTP/1.1" 200 65796
93.158.90.12 - - [01/Jan/2021:10:40:10 +0100] "GET /ticket2/opencms/en/sport/football-tickets/serie_a/ HTTP/1.1" 200 72891
192.36.217.7 - - [01/Jan/2021:10:40:12 +0100] "GET /ticket2/opencms/en/sport/football-tickets/serie_a/ HTTP/1.1" 200 72891
167.114.116.38 - - [01/Jan/2021:10:40:14 +0100] "GET /ticket2/opencms/en/buy/?page=1&edid=E2FB90EB-E7F9-B63D-D18F-D53A53DA9C8B HTTP/1.1" 200 72380
192.36.217.7 - - [01/Jan/2021:10:40:17 +0100] "GET /ticket2/opencms/en/sport/football-tickets/premier_league/ HTTP/1.1" 200 72551
216.245.221.83 - - [01/Jan/2021:10:40:18 +0100] "HEAD /ticket2/opencms/ HTTP/1.1" 302 -
216.245.221.83 - - [01/Jan/2021:10:40:19 +0100] "HEAD /ticket2/opencms/en/ HTTP/1.1" 200 -
93.158.90.102 - - [01/Jan/2021:10:40:22 +0100] "GET /ticket2/opencms/en/sport/football-tickets/premier_league/ HTTP/1.1" 200 72551
192.176.249.42 - - [01/Jan/2021:10:40:25 +0100] "GET /ticket2/opencms/en/login/ HTTP/1.1" 200 67300
93.158.90.12 - - [01/Jan/2021:10:40:25 +0100] "GET /ticket2/opencms/en/buy/?catid=36394212-F82E-F845-399B-42BED55969CC&comcatid=A17713B6-D984-201A-4143-ED4DB5ED5C2E&page=6 HTTP/1.1" 200 75677
192.36.217.7 - - [01/Jan/2021:10:40:28 +0100] "GET /ticket2/opencms/sv/about/press/ HTTP/1.1" 200 66385
207.180.203.210 - - [01/Jan/2021:10:40:35 +0100] "GET /ticket2/opencms/fi/buy/?page=1&edid=FF0376F2-B601-3AC1-0589-C582E0555E7F&sortorder=desc&column=section HTTP/1.1" 200 70610
192.99.13.88 - - [01/Jan/2021:10:40:36 +0100] "GET /ticket2/opencms/ru/buy/?page=6&comcatid=A17713B6-D984-201A-4143-ED4DB5ED5C2E&catid=21C3854B-901E-11F9-7B7D-6838CC6AFAA4&eventid=4BFE0049-E26D-F28C-59BF-33D4A5B123CD HTTP/1.1" 200 76678
93.158.90.102 - - [01/Jan/2021:10:40:38 +0100] "GET /ticket2/opencms/en/sport/football-tickets/serie_a/ HTTP/1.1" 200 72891
192.36.217.7 - - [01/Jan/2021:10:40:38 +0100] "GET /ticket2/opencms/en/newsletter/ HTTP/1.1" 200 68900
192.176.249.42 - - [01/Jan/2021:10:40:40 +0100] "GET /ticket2/opencms/en/ HTTP/1.1" 200 66287
167.114.116.38 - - [01/Jan/2021:10:40:41 +0100] "GET /ticket2/opencms/en/buy/?page=1&edid=E2FB90EB-E7F9-B63D-D18F-D53A53DA9C8B&sortorder=desc&column=price HTTP/1.1" 200 72415
93.158.90.12 - - [01/Jan/2021:10:40:43 +0100] "GET /ticket2/opencms/sv/partners/fotbolldirekt/ HTTP/1.1" 200 64837
192.36.217.7 - - [01/Jan/2021:10:40:50 +0100] "GET /ticket2/opencms/en/sell/ HTTP/1.1" 302 -
192.36.217.7 - - [01/Jan/2021:10:40:50 +0100] "GET /ticket2/opencms/en/login/?url=/en/sell/ HTTP/1.1" 200 67300
93.158.90.102 - - [01/Jan/2021:10:40:54 +0100] "GET /ticket2/opencms/en/buy/?catid=36394212-F82E-F845-399B-42BED55969CC&comcatid=A17713B6-D984-201A-4143-ED4DB5ED5C2E&page=6 HTTP/1.1" 200 75677
192.176.249.42 - - [01/Jan/2021:10:40:56 +0100] "GET /ticket2/opencms/en/search.html?searchQuery=liverpool HTTP/1.1" 200 86768
207.180.203.210 - - [01/Jan/2021:10:40:56 +0100] "GET /ticket2/opencms/fi/buy/?page=6&comcatid=A17713B6-D984-201A-4143-ED4DB5ED5C2E&catid=36394212-F82E-F845-399B-42BED55969CC&eventid=1C0FC89D-D539-28E4-3F58-11BCE29E4CA8 HTTP/1.1" 200 77135
93.158.90.12 - - [01/Jan/2021:10:41:02 +0100] "GET /ticket2/opencms/en/selling_tickets/ HTTP/1.1" 200 65818
216.18.204.210 - - [01/Jan/2021:10:41:04 +0100] "GET /ticket2/opencms/no/buy/?comcatid=0A6B8208-FDA4-E929-9D72-5312FD481B76 HTTP/1.1" 200 69793
192.176.249.42 - - [01/Jan/2021:10:41:11 +0100] "GET /ticket2/opencms/en/search.html?searchQuery=chelsea HTTP/1.1" 200 86331
93.158.90.102 - - [01/Jan/2021:10:41:11 +0100] "GET /ticket2/opencms/sv/partners/fotbolldirekt/ HTTP/1.1" 200 64837
114.119.153.172 - - [01/Jan/2021:10:41:19 +0100] "GET /ticket2/opencms/no/sport/fotballsbilletter/bundesliga/fortuna_dusseldorf/ HTTP/1.1" 200 66815
54.36.148.66 - - [01/Jan/2021:10:41:20 +0100] "GET /ticket2/opencms/dk/buy/?page=6&comcatid=A17713B6-D984-201A-4143-ED4DB5ED5C2E&catid=6E0E0CA4-3F14-9697-92B9-3687047BE453 HTTP/1.1" 200 75815
167.114.116.38 - - [01/Jan/2021:10:41:20 +0100] "GET /ticket2/opencms/en/buy/?page=1&edid=E2FB90EB-E7F9-B63D-D18F-D53A53DA9C8B&sortorder=desc&column=row HTTP/1.1" 200 72415
93.158.90.12 - - [01/Jan/2021:10:41:21 +0100] "GET /ticket2/opencms/en/standard/ HTTP/1.1" 200 78408
207.180.203.210 - - [01/Jan/2021:10:41:23 +0100] "GET /ticket2/opencms/fi/buy/?page=6&comcatid=A17713B6-D984-201A-4143-ED4DB5ED5C2E&catid=7EF04817-972D-18B1-F941-DE800D088075&eventid=26217F8A-E69F-B2B9-DEC4-97CAEF54C265 HTTP/1.1" 200 77131
192.176.249.42 - - [01/Jan/2021:10:41:26 +0100] "GET /ticket2/opencms/en/search.html?searchQuery=tottenham HTTP/1.1" 200 87408
192.99.13.88 - - [01/Jan/2021:10:41:27 +0100] "GET /ticket2/opencms/sv/buy/?page=1&edid=00E46ACE-4E1A-25FB-61C9-5EB2142305DE&sortorder=desc&column=price HTTP/1.1" 200 69470
93.158.90.102 - - [01/Jan/2021:10:41:29 +0100] "GET /ticket2/opencms/en/selling_tickets/ HTTP/1.1" 200 65818
192.176.249.42 - - [01/Jan/2021:10:41:40 +0100] "GET /ticket2/opencms/en/sport/football-tickets/premier_league/ HTTP/1.1" 200 72551
93.158.90.102 - - [01/Jan/2021:10:41:43 +0100] "GET /ticket2/opencms/en/standard/ HTTP/1.1" 200 78408
167.114.116.38 - - [01/Jan/2021:10:41:51 +0100] "GET /ticket2/opencms/en/buy/?page=1&edid=E2FF13E6-DFDF-8758-C2F3-20694194FCC2&sortorder=desc&column=row HTTP/1.1" 200 69257
207.180.203.210 - - [01/Jan/2021:10:41:52 +0100] "GET /ticket2/opencms/fi/buy/?page=6&comcatid=A17713B6-D984-201A-4143-ED4DB5ED5C2E&catid=D8B345C9-F7A5-E620-4B43-C34EB0D6885B&eventid=14D67903-4EF7-4923-1938-1C61B815FFD2 HTTP/1.1" 200 77133
192.176.249.42 - - [01/Jan/2021:10:41:55 +0100] "GET /ticket2/opencms/en/sport/football-tickets/serie_a/ HTTP/1.1" 200 72891
192.176.249.42 - - [01/Jan/2021:10:42:11 +0100] "GET /ticket2/opencms/en/buy/?catid=36394212-F82E-F845-399B-42BED55969CC&comcatid=A17713B6-D984-201A-4143-ED4DB5ED5C2E&page=6 HTTP/1.1" 200 75677
95.163.255.0 - - [01/Jan/2021:10:42:17 +0100] "GET /ticket2/opencms/robots.txt HTTP/1.0" 200 773
95.163.255.224 - - [01/Jan/2021:10:42:18 +0100] "GET /ticket2/opencms/ru/buying_tickets/ HTTP/1.1" 200 70549
167.114.116.38 - - [01/Jan/2021:10:42:21 +0100] "GET /ticket2/opencms/en/buy/?page=1&edid=E2FF13E6-DFDF-8758-C2F3-20694194FCC2&sortorder=desc&column=section HTTP/1.1" 200 69257
216.18.204.210 - - [01/Jan/2021:10:42:22 +0100] "GET /ticket2/opencms/no/buy/?comcatid=66708183-7480-3365-06BF-DBF60280AB45 HTTP/1.1" 200 68140
192.176.249.42 - - [01/Jan/2021:10:42:25 +0100] "GET /ticket2/opencms/sv/partners/fotbolldirekt/ HTTP/1.1" 200 64837
192.99.13.88 - - [01/Jan/2021:10:42:26 +0100] "GET /ticket2/opencms/sv/buy/?page=1&edid=00E46ACE-4E1A-25FB-61C9-5EB2142305DE&sortorder=desc&column=section HTTP/1.1" 200 69470
54.36.149.53 - - [01/Jan/2021:10:42:39 +0100] "GET /ticket2/opencms/no/buy/?page=6&comcatid=A17713B6-D984-201A-4143-ED4DB5ED5C2E&catid=F2006A3D-5EE0-B40B-5749-60C15271538F HTTP/1.1" 200 76318
192.176.249.42 - - [01/Jan/2021:10:42:41 +0100] "GET /ticket2/opencms/en/selling_tickets/ HTTP/1.1" 200 65818
207.180.203.210 - - [01/Jan/2021:10:42:44 +0100] "GET /ticket2/opencms/fi/buy/?page=1&edid=029A473B-546B-C225-265E-586FD49CD977&sortorder=asc&column=section HTTP/1.1" 200 70617
207.46.13.130 - - [01/Jan/2021:10:42:45 +0100] "GET /ticket2/opencms/sv/buy/?page=1&edid=674A96E1-4B9C-1EEC-4D35-A637DDEAF802 HTTP/1.1" 200 71828
167.114.116.38 - - [01/Jan/2021:10:42:51 +0100] "GET /ticket2/opencms/en/buy/?page=1&edid=E3004282-5DA4-7E4D-CBF2-B483F3ED75D0&sortorder=asc&column=section HTTP/1.1" 200 69254
192.176.249.42 - - [01/Jan/2021:10:42:55 +0100] "GET /ticket2/opencms/en/standard/ HTTP/1.1" 200 78408
192.99.13.88 - - [01/Jan/2021:10:43:22 +0100] "GET /ticket2/opencms/sv/buy/?page=1&edid=0154E95E-0A44-1BF2-0329-4E27FA15E52D HTTP/1.1" 200 69460
167.114.116.38 - - [01/Jan/2021:10:43:24 +0100] "GET /ticket2/opencms/en/buy/?page=1&edid=E3004282-5DA4-7E4D-CBF2-B483F3ED75D0&sortorder=desc&column=price HTTP/1.1" 200 69253
207.180.203.210 - - [01/Jan/2021:10:43:39 +0100] "GET /ticket2/opencms/fi/buy/?page=1&edid=1B3695A1-C6BF-D11C-9A7D-82951655EF61&sortorder=asc&column=section HTTP/1.1" 200 70661
54.36.149.93 - - [01/Jan/2021:10:44:00 +0100] "GET /ticket2/opencms/fi/venue/?countryid=23D31018-1DE6-5792-AB05-50B75604BF40 HTTP/1.1" 200 95819
167.114.116.38 - - [01/Jan/2021:10:44:02 +0100] "GET /ticket2/opencms/en/buy/?page=1&edid=E3004282-5DA4-7E4D-CBF2-B483F3ED75D0&sortorder=desc&column=row HTTP/1.1" 200 69253
192.99.13.88 - - [01/Jan/2021:10:44:23 +0100] "GET /ticket2/opencms/sv/buy/?page=1&edid=0AC91052-66F1-98AF-E562-D5B9EF6D6780&sortorder=desc&column=price HTTP/1.1" 200 71572
167.114.116.38 - - [01/Jan/2021:10:44:36 +0100] "GET /ticket2/opencms/en/buy/?page=1&edid=E3004282-5DA4-7E4D-CBF2-B483F3ED75D0&sortorder=desc&column=section HTTP/1.1" 200 69253
207.180.203.210 - - [01/Jan/2021:10:44:50 +0100] "GET /ticket2/opencms/fi/buy/?page=1&edid=3F81A579-C5D8-A8AE-791F-F6F1E7AD279B&sortorder=asc&column=price HTTP/1.1" 200 72550
207.46.13.108 - - [01/Jan/2021:10:44:56 +0100] "GET /ticket2/opencms/sv/buy/?page=1&edid=2613DD69-A091-815D-7114-9427CEFE3632 HTTP/1.1" 200 71296
167.114.116.38 - - [01/Jan/2021:10:45:10 +0100] "GET /ticket2/opencms/en/buy/?page=1&edid=E31AB540-2DBC-FC91-4FD6-4F01E7A8EB96 HTTP/1.1" 200 71096
216.245.221.83 - - [01/Jan/2021:10:45:18 +0100] "HEAD /ticket2/opencms/ HTTP/1.1" 302 -
216.245.221.83 - - [01/Jan/2021:10:45:19 +0100] "HEAD /ticket2/opencms/en/ HTTP/1.1" 200 -
54.36.148.95 - - [01/Jan/2021:10:45:20 +0100] "GET /ticket2/opencms/fi/venue/?countryid=4067501C-3738-9610-03B0-18FCE6867011 HTTP/1.1" 200 95819
192.99.13.88 - - [01/Jan/2021:10:45:28 +0100] "GET /ticket2/opencms/sv/buy/?page=1&edid=0AC91052-66F1-98AF-E562-D5B9EF6D6780&sortorder=desc&column=row HTTP/1.1" 200 71572
66.249.66.137 - - [01/Jan/2021:10:45:33 +0100] "GET /ticket2/opencms/no/buy/?page=10&eventid=589A0630-BED4-8DE4-8554-8784B6A665D8&column= HTTP/1.1" 200 67156
167.114.116.38 - - [01/Jan/2021:10:45:36 +0100] "GET /ticket2/opencms/en/buy/?page=1&edid=E31AB540-2DBC-FC91-4FD6-4F01E7A8EB96&sortorder=asc&column=price HTTP/1.1" 200 71132
114.119.150.126 - - [01/Jan/2021:10:45:41 +0100] "GET /ticket2/opencms/dk/buy/?page=1&edid=258E0A48-C024-C3DB-0BF3-5E676CFFAE46&sortorder=asc&column=row HTTP/1.1" 200 69293
77.75.77.109 - - [01/Jan/2021:10:45:48 +0100] "GET /ticket2/opencms/robots.txt HTTP/1.1" 200 773
77.75.77.109 - - [01/Jan/2021:10:45:48 +0100] "GET /ticket2/opencms/en/sport/football-tickets/serie_a/ HTTP/1.1" 200 72891
207.180.203.210 - - [01/Jan/2021:10:46:02 +0100] "GET /ticket2/opencms/fi/buy/?page=1&edid=5E60F796-6D53-8AB5-090D-781711DA58D6&sortorder=asc&column=section HTTP/1.1" 200 70642
167.114.116.38 - - [01/Jan/2021:10:46:12 +0100] "GET /ticket2/opencms/en/buy/?page=1&edid=E31AB540-2DBC-FC91-4FD6-4F01E7A8EB96&sortorder=asc&column=row HTTP/1.1" 200 71132
192.99.13.88 - - [01/Jan/2021:10:46:24 +0100] "GET /ticket2/opencms/sv/buy/?page=1&edid=0AC91052-66F1-98AF-E562-D5B9EF6D6780&sortorder=desc&column=section HTTP/1.1" 200 71572
167.114.116.38 - - [01/Jan/2021:10:46:39 +0100] "GET /ticket2/opencms/en/buy/?page=1&edid=E31AB540-2DBC-FC91-4FD6-4F01E7A8EB96&sortorder=asc&column=section HTTP/1.1" 200 71132
54.36.149.89 - - [01/Jan/2021:10:46:39 +0100] "GET /ticket2/opencms/sv/sport/fotbollsbiljetter/la_liga/barcelona/ HTTP/1.1" 200 69976
157.55.39.240 - - [01/Jan/2021:10:47:03 +0100] "GET /ticket2/opencms/no/buy/?page=1&edid=E94EB3D4-47F8-5B4B-AFCC-5DA76D6F5A89 HTTP/1.1" 200 72144
167.114.116.38 - - [01/Jan/2021:10:47:12 +0100] "GET /ticket2/opencms/en/buy/?page=1&edid=E31AB540-2DBC-FC91-4FD6-4F01E7A8EB96&sortorder=desc&column=price HTTP/1.1" 200 71131
192.99.13.88 - - [01/Jan/2021:10:47:19 +0100] "GET /ticket2/opencms/sv/buy/?page=1&edid=0C964CA7-3C45-535D-15FE-520A14005C78&sortorder=desc&column=section HTTP/1.1" 200 69478
167.114.116.38 - - [01/Jan/2021:10:47:57 +0100] "GET /ticket2/opencms/en/buy/?page=1&edid=E31AB540-2DBC-FC91-4FD6-4F01E7A8EB96&sortorder=desc&column=row HTTP/1.1" 200 71131
54.36.148.181 - - [01/Jan/2021:10:48:09 +0100] "GET /ticket2/opencms/fi/venue/?countryid=FA8BEB57-7287-7F81-B4E1-A4D5981068EB HTTP/1.1" 200 95819
192.99.13.88 - - [01/Jan/2021:10:48:14 +0100] "GET /ticket2/opencms/sv/buy/?page=1&edid=0D0ADBCB-6EBA-B656-73A6-7D7B7FC3C3FA&sortorder=desc&column=price HTTP/1.1" 200 69478
167.114.116.38 - - [01/Jan/2021:10:48:27 +0100] "GET /ticket2/opencms/en/buy/?page=1&edid=E31AB540-2DBC-FC91-4FD6-4F01E7A8EB96&sortorder=desc&column=section HTTP/1.1" 200 71131
192.99.37.116 - - [01/Jan/2021:10:48:31 +0100] "GET /ticket2/opencms/robots.txt HTTP/1.1" 200 773
216.18.204.210 - - [01/Jan/2021:10:48:54 +0100] "GET /ticket2/opencms/no/buy/?comcatid=810BB404-4103-77F2-A6C2-12D5E6C338E2 HTTP/1.1" 200 67757
167.114.116.38 - - [01/Jan/2021:10:48:58 +0100] "GET /ticket2/opencms/en/buy/?page=1&edid=E3349052-4C67-E849-5DAA-CE8C09FE4A65 HTTP/1.1" 200 71284
192.99.13.88 - - [01/Jan/2021:10:49:09 +0100] "GET /ticket2/opencms/sv/buy/?page=1&edid=0D0ADBCB-6EBA-B656-73A6-7D7B7FC3C3FA&sortorder=desc&column=row HTTP/1.1" 200 69478
42.236.10.105 - - [01/Jan/2021:10:49:28 +0100] "GET /ticket2/opencms/dk/ HTTP/1.1" 200 66251
167.114.116.38 - - [01/Jan/2021:10:49:30 +0100] "GET /ticket2/opencms/en/buy/?page=1&edid=E3349052-4C67-E849-5DAA-CE8C09FE4A65&sortorder=asc&column=price HTTP/1.1" 200 71320
54.36.148.157 - - [01/Jan/2021:10:49:33 +0100] "GET /ticket2/opencms/no/sport/fotballsbilletter/serie_a/ HTTP/1.1" 200 71850
192.99.37.116 - - [01/Jan/2021:10:49:54 +0100] "GET /ticket2/opencms/dk/login/?edid=724247B2-796B-C977-0062-C004D5C1A4FC HTTP/1.1" 200 67413
192.99.13.88 - - [01/Jan/2021:10:50:02 +0100] "GET /ticket2/opencms/sv/buy/?page=1&edid=0D0ADBCB-6EBA-B656-73A6-7D7B7FC3C3FA&sortorder=desc&column=section HTTP/1.1" 200 69478
114.119.130.210 - - [01/Jan/2021:10:50:04 +0100] "GET /ticket2/opencms/fi/buy/?page=1&edid=D4257B4D-221F-23FE-F1F6-6C524759B22C&sortorder=desc&column=row HTTP/1.1" 200 72566
167.114.116.38 - - [01/Jan/2021:10:50:10 +0100] "GET /ticket2/opencms/en/buy/?page=1&edid=E3349052-4C67-E849-5DAA-CE8C09FE4A65&sortorder=asc&column=row HTTP/1.1" 200 71320
216.245.221.83 - - [01/Jan/2021:10:50:18 +0100] "HEAD /ticket2/opencms/ HTTP/1.1" 302 -
216.245.221.83 - - [01/Jan/2021:10:50:19 +0100] "HEAD /ticket2/opencms/en/ HTTP/1.1" 200 -
167.114.116.38 - - [01/Jan/2021:10:50:55 +0100] "GET /ticket2/opencms/en/buy/?page=1&edid=E3349052-4C67-E849-5DAA-CE8C09FE4A65&sortorder=asc&column=section HTTP/1.1" 200 71320
192.99.13.88 - - [01/Jan/2021:10:50:56 +0100] "GET /ticket2/opencms/sv/buy/?page=1&edid=11E0F3F3-866B-8B11-2E4F-E306B11A08DD HTTP/1.1" 200 71772
54.36.149.40 - - [01/Jan/2021:10:50:56 +0100] "GET /ticket2/opencms/fi/venue/?countryid=278F1901-B821-DEE9-D6D6-BF49B756C52A HTTP/1.1" 200 95819
192.99.37.116 - - [01/Jan/2021:10:51:01 +0100] "GET /ticket2/opencms/dk/login/?edid=74EFCA32-6815-FF4B-4089-5178E45F69AE HTTP/1.1" 200 67413
167.114.116.38 - - [01/Jan/2021:10:51:40 +0100] "GET /ticket2/opencms/en/buy/?page=1&edid=E3349052-4C67-E849-5DAA-CE8C09FE4A65&sortorder=desc&column=price HTTP/1.1" 200 71319
192.99.13.88 - - [01/Jan/2021:10:51:49 +0100] "GET /ticket2/opencms/sv/buy/?page=1&edid=12635D84-BF49-6EFF-4813-962BD7D2C463&sortorder=desc&column=price HTTP/1.1" 200 71357
192.99.37.116 - - [01/Jan/2021:10:52:02 +0100] "GET /ticket2/opencms/dk/login/?edid=7545A501-A74F-FCD9-6047-6417398923F8 HTTP/1.1" 200 67413
167.114.116.38 - - [01/Jan/2021:10:52:11 +0100] "GET /ticket2/opencms/en/buy/?page=1&edid=E3349052-4C67-E849-5DAA-CE8C09FE4A65&sortorder=desc&column=row HTTP/1.1" 200 71319
157.55.39.144 - - [01/Jan/2021:10:52:13 +0100] "GET /ticket2/opencms/sv/sport/fotbollsbiljetter/premier_league/arsenal/ HTTP/1.1" 200 77730
54.36.148.250 - - [01/Jan/2021:10:52:22 +0100] "GET /ticket2/opencms/sv/buy/?page=6&comcatid=97ECA65A-72DA-F9AF-9DBB-245D3CFED1BE HTTP/1.1" 200 70385
192.99.13.88 - - [01/Jan/2021:10:52:31 +0100] "GET /ticket2/opencms/sv/buy/?page=1&edid=12635D84-BF49-6EFF-4813-962BD7D2C463&sortorder=desc&column=row HTTP/1.1" 200 71357
167.114.116.38 - - [01/Jan/2021:10:52:47 +0100] "GET /ticket2/opencms/en/buy/?page=1&edid=E3349052-4C67-E849-5DAA-CE8C09FE4A65&sortorder=desc&column=section HTTP/1.1" 200 71319
192.99.37.116 - - [01/Jan/2021:10:52:50 +0100] "GET /ticket2/opencms/dk/login/?edid=80EE9861-CE07-B7DE-A3DB-A6E5C8995BA8 HTTP/1.1" 200 67413
167.114.116.38 - - [01/Jan/2021:10:53:17 +0100] "GET /ticket2/opencms/en/buy/?page=1&edid=E36108F4-8EA5-B860-EEAF-7287CBB9CFE5&sortorder=asc&column=price HTTP/1.1" 200 70627
192.99.13.88 - - [01/Jan/2021:10:53:29 +0100] "GET /ticket2/opencms/sv/buy/?page=1&edid=187B4056-96F3-D93D-8767-3AE331DE390D&sortorder=desc&column=row HTTP/1.1" 200 69456
192.99.37.116 - - [01/Jan/2021:10:53:36 +0100] "GET /ticket2/opencms/dk/login/?edid=916F2EF4-6FE1-7E81-87CE-194E3C0EB782 HTTP/1.1" 200 67413
54.36.149.87 - - [01/Jan/2021:10:53:45 +0100] "GET /ticket2/opencms/sv/sport/fotbollsbiljetter/uefa-champions-league/ HTTP/1.1" 200 71435
167.114.116.38 - - [01/Jan/2021:10:53:46 +0100] "GET /ticket2/opencms/en/buy/?page=1&edid=E36108F4-8EA5-B860-EEAF-7287CBB9CFE5&sortorder=asc&column=row HTTP/1.1" 200 70627
192.99.37.116 - - [01/Jan/2021:10:54:10 +0100] "GET /ticket2/opencms/dk/login/?edid=97090501-1E61-49E3-928B-F233AE55277C HTTP/1.1" 200 67413
17.58.101.37 - - [01/Jan/2021:10:54:14 +0100] "GET /ticket2/opencms/en/buy/?page=1&edid=365B462D-950D-A29D-C141-23BF6375DC09 HTTP/1.1" 200 71051
192.99.13.88 - - [01/Jan/2021:10:54:15 +0100] "GET /ticket2/opencms/sv/buy/?page=1&edid=1883B848-C2AA-E4F0-1F07-3E2222F1A59D&sortorder=desc&column=row HTTP/1.1" 200 69481
167.114.116.38 - - [01/Jan/2021:10:54:17 +0100] "GET /ticket2/opencms/en/buy/?page=1&edid=E36108F4-8EA5-B860-EEAF-7287CBB9CFE5&sortorder=asc&column=section HTTP/1.1" 200 70627
114.119.135.253 - - [01/Jan/2021:10:54:27 +0100] "GET /ticket2/opencms/no/buy/?page=1&edid=D671AA4B-F4FE-4377-0CEE-00CC26515A20&sortorder=asc&column=row HTTP/1.1" 200 69824
167.114.116.38 - - [01/Jan/2021:10:54:51 +0100] "GET /ticket2/opencms/en/buy/?page=1&edid=E36108F4-8EA5-B860-EEAF-7287CBB9CFE5&sortorder=desc&column=price HTTP/1.1" 200 70626
192.99.37.116 - - [01/Jan/2021:10:54:53 +0100] "GET /ticket2/opencms/dk/login/?edid=9CB88255-C1D7-A550-4F71-3BA9C5085A0C HTTP/1.1" 200 67413
192.99.13.88 - - [01/Jan/2021:10:55:01 +0100] "GET /ticket2/opencms/sv/buy/?page=1&edid=1E1C5946-F8C3-C657-AAD9-AD882D8A36FB&sortorder=desc&column=price HTTP/1.1" 200 69488
66.249.66.135 - - [01/Jan/2021:10:55:01 +0100] "GET /ticket2/opencms/dk/buy/?page=10&eventid=9F2135C0-926A-6F2D-349D-384B068ADC1C&column= HTTP/1.1" 200 66643
42.236.10.81 - - [01/Jan/2021:10:55:02 +0100] "GET /ticket2/opencms/dk/ HTTP/1.1" 200 66251
216.244.66.237 - - [01/Jan/2021:10:55:09 +0100] "GET /ticket2/opencms/no/search.html?searchQuery=Sheffield+United&submit= HTTP/1.1" 200 85661
54.36.148.250 - - [01/Jan/2021:10:55:09 +0100] "GET /ticket2/opencms/fi/venue/?countryid=40FD0827-8E8D-58A2-3FF2-3253A033E8A7 HTTP/1.1" 200 95819
216.245.221.83 - - [01/Jan/2021:10:55:18 +0100] "HEAD /ticket2/opencms/ HTTP/1.1" 302 -
216.245.221.83 - - [01/Jan/2021:10:55:19 +0100] "HEAD /ticket2/opencms/en/ HTTP/1.1" 200 -
167.114.116.38 - - [01/Jan/2021:10:55:30 +0100] "GET /ticket2/opencms/en/buy/?page=1&edid=E36108F4-8EA5-B860-EEAF-7287CBB9CFE5&sortorder=desc&column=row HTTP/1.1" 200 70626
192.99.37.116 - - [01/Jan/2021:10:55:41 +0100] "GET /ticket2/opencms/dk/login/?edid=9EA63819-F5C6-0A09-AF16-0D985EE0DC58 HTTP/1.1" 200 67413
216.244.66.237 - - [01/Jan/2021:10:55:49 +0100] "GET /ticket2/opencms/en/venue/?countryid=01A4931A-C165-4B79-C9B2-6B15C1A8EA58 HTTP/1.1" 200 156441
192.99.13.88 - - [01/Jan/2021:10:55:50 +0100] "GET /ticket2/opencms/sv/buy/?page=1&edid=1E1C5946-F8C3-C657-AAD9-AD882D8A36FB&sortorder=desc&column=row HTTP/1.1" 200 69488
167.114.116.38 - - [01/Jan/2021:10:56:03 +0100] "GET /ticket2/opencms/en/buy/?page=1&edid=E36108F4-8EA5-B860-EEAF-7287CBB9CFE5&sortorder=desc&column=section HTTP/1.1" 200 70626
192.162.227.222 - - [01/Jan/2021:10:56:23 +0100] "GET /ticket2/opencms/robots.txt HTTP/1.1" 200 773
192.162.227.222 - - [01/Jan/2021:10:56:29 +0100] "GET /ticket2/opencms/en/buy/?page=1&edid=D156CAE1-A0B1-59DD-D44A-719128E6266A&sortorder=desc&column=section HTTP/1.1" 200 71128
192.99.37.116 - - [01/Jan/2021:10:56:29 +0100] "GET /ticket2/opencms/dk/sell/?edid=74EFCA32-6815-FF4B-4089-5178E45F69AE HTTP/1.1" 302 -
192.162.227.222 - - [01/Jan/2021:10:56:31 +0100] "GET /ticket2/opencms/en/buy/?page=1&edid=D169DED2-2240-97E3-9D8E-B2DCE4FDEA5F HTTP/1.1" 200 71575
192.162.227.222 - - [01/Jan/2021:10:56:33 +0100] "GET /ticket2/opencms/en/buy/?page=1&edid=D169DED2-2240-97E3-9D8E-B2DCE4FDEA5F&sortorder=asc&column=price HTTP/1.1" 200 71611
54.36.148.250 - - [01/Jan/2021:10:56:34 +0100] "GET /ticket2/opencms/no/buy/?page=6&comcatid=A17713B6-D984-201A-4143-ED4DB5ED5C2E&catid=FF8D7FE7-4B09-7305-01C7-2D47F7913EB8 HTTP/1.1" 200 76314
192.99.13.88 - - [01/Jan/2021:10:56:35 +0100] "GET /ticket2/opencms/sv/buy/?page=1&edid=1E1C5946-F8C3-C657-AAD9-AD882D8A36FB&sortorder=desc&column=section HTTP/1.1" 200 69488
192.162.227.222 - - [01/Jan/2021:10:56:38 +0100] "GET /ticket2/opencms/en/buy/?page=1&edid=D169DED2-2240-97E3-9D8E-B2DCE4FDEA5F&sortorder=asc&column=row HTTP/1.1" 200 71611
167.114.116.38 - - [01/Jan/2021:10:56:38 +0100] "GET /ticket2/opencms/en/buy/?page=1&edid=E3A3E456-F599-B0D4-8695-FC610C8E69B5 HTTP/1.1" 200 71602
192.162.227.222 - - [01/Jan/2021:10:56:41 +0100] "GET /ticket2/opencms/en/buy/?page=1&edid=D169DED2-2240-97E3-9D8E-B2DCE4FDEA5F&sortorder=asc&column=section HTTP/1.1" 200 71611
83.233.68.209 - - [01/Jan/2021:10:56:41 +0100] "GET /ticket2/opencms/sv/sport/fotbollsbiljetter/em_2020/ HTTP/1.1" 200 66955
83.233.68.209 - - [01/Jan/2021:10:56:41 +0100] "GET /ticket2/opencms/system/modules/com.gridnine.opencms.ticketbrokerage.site/resources/css/ticketbrokerage.css HTTP/1.1" 200 39285
83.233.68.209 - - [01/Jan/2021:10:56:41 +0100] "GET /ticket2/opencms/system/modules/com.gridnine.opencms.ticketbrokerage.site/resources/css/jquery.fancybox.css HTTP/1.1" 200 4939
83.233.68.209 - - [01/Jan/2021:10:56:41 +0100] "GET /ticket2/opencms/system/modules/com.gridnine.opencms.ticketbrokerage.site/resources/css/calendar.css HTTP/1.1" 200 6871
83.233.68.209 - - [01/Jan/2021:10:56:41 +0100] "GET /ticket2/opencms/system/modules/com.gridnine.opencms.ticketbrokerage.site/resources/js/jquery/jquery.js HTTP/1.1" 200 93868
83.233.68.209 - - [01/Jan/2021:10:56:41 +0100] "GET /ticket2/opencms/system/modules/com.gridnine.opencms.ticketbrokerage.site/resources/js/jquery/jquery-ui.js HTTP/1.1" 200 228088
83.233.68.209 - - [01/Jan/2021:10:56:41 +0100] "GET /ticket2/opencms/system/modules/com.gridnine.opencms.ticketbrokerage.site/resources/js/functions.js HTTP/1.1" 200 1583
83.233.68.209 - - [01/Jan/2021:10:56:41 +0100] "GET /ticket2/opencms/system/modules/com.gridnine.opencms.ticketbrokerage.site/resources/css/jquery-ui.css HTTP/1.1" 200 33221
83.233.68.209 - - [01/Jan/2021:10:56:41 +0100] "GET /ticket2/opencms/system/modules/com.gridnine.opencms.ticketbrokerage.site/resources/css/standard.css HTTP/1.1" 200 61448
83.233.68.209 - - [01/Jan/2021:10:56:41 +0100] "GET /ticket2/opencms/system/modules/com.gridnine.opencms.ticketbrokerage.site/resources/js/calendar.js HTTP/1.1" 200 49229
83.233.68.209 - - [01/Jan/2021:10:56:41 +0100] "GET /ticket2/opencms/system/modules/com.gridnine.opencms.ticketbrokerage.site/resources/js/calendar-en.js HTTP/1.1" 200 3338
83.233.68.209 - - [01/Jan/2021:10:56:41 +0100] "GET /ticket2/opencms/system/modules/com.gridnine.opencms.ticketbrokerage.site/resources/js/calendar-setup.js HTTP/1.1" 200 4923
83.233.68.209 - - [01/Jan/2021:10:56:41 +0100] "GET /ticket2/opencms/system/modules/com.gridnine.opencms.ticketbrokerage.site/resources/js/jquery.fancybox.pack.js HTTP/1.1" 200 23187
83.233.68.209 - - [01/Jan/2021:10:56:41 +0100] "GET /ticket2/opencms/system/modules/com.gridnine.opencms.ticketbrokerage.site/resources/js/stickyfill.min.js HTTP/1.1" 200 5672
83.233.68.209 - - [01/Jan/2021:10:56:41 +0100] "GET /ticket2/opencms/system/modules/com.gridnine.opencms.ticketbrokerage.site/resources/js/standard.js HTTP/1.1" 200 3928
83.233.68.209 - - [01/Jan/2021:10:56:41 +0100] "GET /ticket2/opencms/system/modules/com.gridnine.opencms.ticketbrokerage.site/resources/js/jquery.placeholder.min.js HTTP/1.1" 200 1737
83.233.68.209 - - [01/Jan/2021:10:56:41 +0100] "GET /ticket2/opencms/system/modules/com.gridnine.opencms.ticketbrokerage.site/resources/js/common-ajax.js HTTP/1.1" 200 20175
83.233.68.209 - - [01/Jan/2021:10:56:41 +0100] "GET /ticket2/opencms/system/modules/com.gridnine.opencms.ticketbrokerage.site/resources/pics/logo-new.png HTTP/1.1" 200 13541
83.233.68.209 - - [01/Jan/2021:10:56:41 +0100] "GET /ticket2/opencms/system/modules/com.gridnine.opencms.ticketbrokerage.site/resources/pics/anniversary_logo.png HTTP/1.1" 200 14743
83.233.68.209 - - [01/Jan/2021:10:56:41 +0100] "GET /ticket2/opencms/system/modules/com.gridnine.opencms.ticketbrokerage.site/resources/pics/partners/fotboll_direkt.png HTTP/1.1" 200 14373
83.233.68.209 - - [01/Jan/2021:10:56:41 +0100] "GET /ticket2/opencms/system/modules/com.gridnine.opencms.ticketbrokerage.site/resources/pics/partners/Hockeysverige.jpg HTTP/1.1" 200 8841
83.233.68.209 - - [01/Jan/2021:10:56:41 +0100] "GET /ticket2/opencms/system/modules/com.gridnine.opencms.ticketbrokerage.site/resources/pics/front_page/sv/elite_prospects.png HTTP/1.1" 200 14543
83.233.68.209 - - [01/Jan/2021:10:56:41 +0100] "GET /ticket2/opencms/system/modules/com.gridnine.opencms.ticketbrokerage.site/resources/pics/front_page/sv/Svenska_fans.jpg HTTP/1.1" 200 7096
83.233.68.209 - - [01/Jan/2021:10:56:41 +0100] "GET /ticket2/opencms/system/modules/com.gridnine.opencms.ticketbrokerage.site/resources/pics/banners/UEFA_Euro_2020.png HTTP/1.1" 200 13296
83.233.68.209 - - [01/Jan/2021:10:56:41 +0100] "GET /ticket2/opencms/system/modules/com.gridnine.opencms.ticketbrokerage.site/resources/pics/right_side_bar/fi/facebook.png HTTP/1.1" 200 2017
83.233.68.209 - - [01/Jan/2021:10:56:41 +0100] "GET /ticket2/opencms/system/modules/com.gridnine.opencms.ticketbrokerage.site/resources/pics/right_side_bar/fi/instagram.png HTTP/1.1" 200 2709
83.233.68.209 - - [01/Jan/2021:10:56:41 +0100] "GET /ticket2/opencms/system/modules/com.gridnine.opencms.ticketbrokerage.site/resources/pics/bank_1_nordea.png HTTP/1.1" 200 4807
83.233.68.209 - - [01/Jan/2021:10:56:42 +0100] "GET /ticket2/opencms/system/modules/com.gridnine.opencms.ticketbrokerage.site/resources/pics/bank_2_handelsbanken.png HTTP/1.1" 200 4509
83.233.68.209 - - [01/Jan/2021:10:56:42 +0100] "GET /ticket2/opencms/system/modules/com.gridnine.opencms.ticketbrokerage.site/resources/pics/bank_3_swedbank.png HTTP/1.1" 200 5740
83.233.68.209 - - [01/Jan/2021:10:56:42 +0100] "GET /ticket2/opencms/system/modules/com.gridnine.opencms.ticketbrokerage.site/resources/pics/bank_4_seb.png HTTP/1.1" 200 2487
83.233.68.209 - - [01/Jan/2021:10:56:42 +0100] "GET /ticket2/opencms/system/modules/com.gridnine.opencms.ticketbrokerage.site/resources/pics/bank_5_visa_mastercard.png HTTP/1.1" 200 8196
83.233.68.209 - - [01/Jan/2021:10:56:42 +0100] "GET /ticket2/opencms/system/modules/com.gridnine.opencms.ticketbrokerage.site/resources/pics/bank_6_american_express.png HTTP/1.1" 200 5570
83.233.68.209 - - [01/Jan/2021:10:56:42 +0100] "GET /ticket2/opencms/system/modules/com.gridnine.opencms.ticketbrokerage.site/resources/css/images/ui-bg_flat_75_ffffff_40x100.png HTTP/1.1" 404 -
83.233.68.209 - - [01/Jan/2021:10:56:42 +0100] "GET /ticket2/opencms/sv/ask-form.html HTTP/1.1" 200 2950
83.233.68.209 - - [01/Jan/2021:10:56:42 +0100] "GET /ticket2/opencms/favicon.ico HTTP/1.1" 200 1406
83.233.68.209 - - [01/Jan/2021:10:56:42 +0100] "GET /ticket2/opencms/system/modules/com.gridnine.opencms.ticketbrokerage.site/resources/pics/arrow.gif HTTP/1.1" 200 344
83.233.68.209 - - [01/Jan/2021:10:56:42 +0100] "GET /ticket2/opencms/system/modules/com.gridnine.opencms.ticketbrokerage.site/resources/pics/form_marker.gif HTTP/1.1" 200 43
83.233.68.209 - - [01/Jan/2021:10:56:42 +0100] "GET /ticket2/opencms/system/modules/com.gridnine.opencms.ticketbrokerage.site/resources/css/ticketbrokerage.css HTTP/1.1" 200 39285
83.233.68.209 - - [01/Jan/2021:10:56:42 +0100] "GET /ticket2/opencms/system/modules/com.gridnine.opencms.ticketbrokerage.site/resources/pics/button1_left.gif HTTP/1.1" 200 232
83.233.68.209 - - [01/Jan/2021:10:56:42 +0100] "GET /ticket2/opencms/system/modules/com.gridnine.opencms.ticketbrokerage.site/resources/pics/button1_center.gif HTTP/1.1" 200 66
83.233.68.209 - - [01/Jan/2021:10:56:42 +0100] "GET /ticket2/opencms/system/modules/com.gridnine.opencms.ticketbrokerage.site/resources/pics/button1_right.gif HTTP/1.1" 200 232
192.162.227.222 - - [01/Jan/2021:10:56:44 +0100] "GET /ticket2/opencms/en/buy/?page=1&edid=D169DED2-2240-97E3-9D8E-B2DCE4FDEA5F&sortorder=desc&column=price HTTP/1.1" 200 71610
192.162.227.222 - - [01/Jan/2021:10:56:47 +0100] "GET /ticket2/opencms/en/buy/?page=1&edid=D169DED2-2240-97E3-9D8E-B2DCE4FDEA5F&sortorder=desc&column=row HTTP/1.1" 200 71610
192.162.227.222 - - [01/Jan/2021:10:56:50 +0100] "GET /ticket2/opencms/en/buy/?page=1&edid=D169DED2-2240-97E3-9D8E-B2DCE4FDEA5F&sortorder=desc&column=section HTTP/1.1" 200 71610
192.162.227.222 - - [01/Jan/2021:10:56:55 +0100] "GET /ticket2/opencms/en/buy/?page=1&edid=D16B0ADA-1A36-C9C7-25BB-1FC6E0AF953A HTTP/1.1" 200 70635
192.162.227.222 - - [01/Jan/2021:10:56:58 +0100] "GET /ticket2/opencms/en/buy/?page=1&edid=D16DA74F-82BD-078A-CF3E-3033D52E5AD2 HTTP/1.1" 200 71596
167.114.116.38 - - [01/Jan/2021:10:57:07 +0100] "GET /ticket2/opencms/en/buy/?page=1&edid=E3A3E456-F599-B0D4-8695-FC610C8E69B5&sortorder=asc&column=price HTTP/1.1" 200 71638
