167.114.209.104 - - [01/Jan/2021:15:00:24 +0100] "GET /ticket2/opencms/en/sell/?edid=8C2B67E4-8153-3736-E092-0CE2785F030B HTTP/1.1" 302 -
173.208.130.202 - - [01/Jan/2021:15:00:25 +0100] "GET /ticket2/opencms/ru/buy/?page=1&edid=22B145C5-BEDA-4A6D-0FAA-1632BB3EC997&sortorder=desc&column=section HTTP/1.1" 200 70213
173.208.130.202 - - [01/Jan/2021:15:00:27 +0100] "GET /ticket2/opencms/ru/buy/?page=1&edid=2387A9F6-2893-0EA8-6B0C-F585494E177E HTTP/1.1" 200 70167
173.208.130.202 - - [01/Jan/2021:15:00:29 +0100] "GET /ticket2/opencms/ru/buy/?page=1&edid=244792DB-2B95-DDFE-17C6-89F982F2033C HTTP/1.1" 200 70198
173.208.130.202 - - [01/Jan/2021:15:00:31 +0100] "GET /ticket2/opencms/ru/buy/?page=1&edid=2477EF41-D9AC-4723-41A2-913000400903 HTTP/1.1" 200 71937
173.208.130.202 - - [01/Jan/2021:15:00:33 +0100] "GET /ticket2/opencms/ru/buy/?page=1&edid=24D7A494-5A5B-281E-8E90-CBB6F4774B8F HTTP/1.1" 200 71947
192.99.13.75 - - [01/Jan/2021:15:00:33 +0100] "GET /ticket2/opencms/no/buy/?page=1&edid=DBD2F27E-21DC-3107-D380-75B8CAFA6CB5&sortorder=desc&column=row HTTP/1.1" 200 69806
173.208.130.202 - - [01/Jan/2021:15:00:34 +0100] "GET /ticket2/opencms/ru/buy/?page=1&edid=25375E6B-1D70-2360-CE2B-4CBA83124EFC HTTP/1.1" 200 70196
173.208.130.202 - - [01/Jan/2021:15:00:36 +0100] "GET /ticket2/opencms/ru/buy/?page=1&edid=25375E6B-1D70-2360-CE2B-4CBA83124EFC&sortorder=desc&column=price HTTP/1.1" 200 70231
173.208.130.202 - - [01/Jan/2021:15:00:38 +0100] "GET /ticket2/opencms/ru/buy/?page=1&edid=25375E6B-1D70-2360-CE2B-4CBA83124EFC&sortorder=desc&column=row HTTP/1.1" 200 70231
173.208.130.202 - - [01/Jan/2021:15:00:40 +0100] "GET /ticket2/opencms/ru/buy/?page=1&edid=25375E6B-1D70-2360-CE2B-4CBA83124EFC&sortorder=desc&column=section HTTP/1.1" 200 70231
173.208.130.202 - - [01/Jan/2021:15:00:42 +0100] "GET /ticket2/opencms/ru/buy/?page=1&edid=2580EFD9-5BA4-738B-D051-8FCD624442F6 HTTP/1.1" 200 70183
173.208.130.202 - - [01/Jan/2021:15:00:43 +0100] "GET /ticket2/opencms/ru/buy/?page=1&edid=25940A12-F866-A7C9-6C96-DEDE800C5703 HTTP/1.1" 200 70208
173.208.130.202 - - [01/Jan/2021:15:00:45 +0100] "GET /ticket2/opencms/ru/buy/?page=1&edid=25A608F7-A719-8594-3C23-0F7C9F5238CA HTTP/1.1" 200 70174
173.208.130.202 - - [01/Jan/2021:15:00:47 +0100] "GET /ticket2/opencms/ru/buy/?page=1&edid=25DD01EA-0026-4809-6BB4-A026061F2057&sortorder=desc&column=price HTTP/1.1" 200 72550
173.208.130.202 - - [01/Jan/2021:15:00:49 +0100] "GET /ticket2/opencms/ru/buy/?page=1&edid=25DD01EA-0026-4809-6BB4-A026061F2057&sortorder=desc&column=row HTTP/1.1" 200 72550
173.208.130.202 - - [01/Jan/2021:15:00:51 +0100] "GET /ticket2/opencms/ru/buy/?page=1&edid=261011FF-45AF-75C5-C26D-96B9611CF8B0&sortorder=asc&column=price HTTP/1.1" 200 70244
173.208.130.202 - - [01/Jan/2021:15:00:53 +0100] "GET /ticket2/opencms/ru/buy/?page=1&edid=261011FF-45AF-75C5-C26D-96B9611CF8B0&sortorder=asc&column=section HTTP/1.1" 200 70244
167.114.211.237 - - [01/Jan/2021:15:00:54 +0100] "GET /ticket2/opencms/no/buy/?page=1&edid=225ED81D-14D9-65BF-2E7D-B99F95E4B9C3&sortorder=asc&column=row HTTP/1.1" 200 71888
173.208.130.202 - - [01/Jan/2021:15:00:54 +0100] "GET /ticket2/opencms/ru/buy/?page=1&edid=2616230B-0292-4166-A011-E68F0F142C6D HTTP/1.1" 200 70183
173.208.130.202 - - [01/Jan/2021:15:00:56 +0100] "GET /ticket2/opencms/ru/buy/?page=1&edid=26C06500-533F-55A4-A39D-3266B4B0A4E1 HTTP/1.1" 200 70188
173.208.130.202 - - [01/Jan/2021:15:00:58 +0100] "GET /ticket2/opencms/ru/buy/?page=1&edid=270F38E4-5FB7-37F7-3E47-4F8D59240B68&sortorder=asc&column=price HTTP/1.1" 200 70232
173.208.130.202 - - [01/Jan/2021:15:01:00 +0100] "GET /ticket2/opencms/ru/buy/?page=1&edid=270F38E4-5FB7-37F7-3E47-4F8D59240B68&sortorder=asc&column=row HTTP/1.1" 200 70232
173.208.130.202 - - [01/Jan/2021:15:01:02 +0100] "GET /ticket2/opencms/ru/buy/?page=1&edid=270F38E4-5FB7-37F7-3E47-4F8D59240B68&sortorder=asc&column=section HTTP/1.1" 200 70232
173.208.130.202 - - [01/Jan/2021:15:01:04 +0100] "GET /ticket2/opencms/ru/buy/?page=1&edid=2726D1A4-E82E-5B8F-1A2A-9D68D5495BFB HTTP/1.1" 200 70181
173.208.130.202 - - [01/Jan/2021:15:01:06 +0100] "GET /ticket2/opencms/ru/buy/?page=1&edid=27E722B7-DF70-9526-36C2-D7354E0E8726 HTTP/1.1" 200 70202
173.208.130.202 - - [01/Jan/2021:15:01:07 +0100] "GET /ticket2/opencms/ru/buy/?page=1&edid=2805E9FE-13AF-6EBE-1FDF-59005002ACB2 HTTP/1.1" 200 70177
66.249.66.157 - - [01/Jan/2021:15:01:09 +0100] "GET /ticket2/opencms/sv/buy/?page=6&comcatid=97ECA65A-72DA-F9AF-9DBB-245D3CFED1BE&catid=D414C6A5-7A03-3389-42A8-D7B7FE32BB37 HTTP/1.1" 200 70441
173.208.130.202 - - [01/Jan/2021:15:01:09 +0100] "GET /ticket2/opencms/ru/buy/?page=1&edid=28329314-3F60-44AA-17BA-552A83462666 HTTP/1.1" 200 71940
173.208.130.202 - - [01/Jan/2021:15:01:11 +0100] "GET /ticket2/opencms/ru/buy/?page=1&edid=28AB3879-8817-D9E2-3B6A-5B3CFBA47F2C HTTP/1.1" 200 70194
173.208.130.202 - - [01/Jan/2021:15:01:13 +0100] "GET /ticket2/opencms/ru/buy/?page=1&edid=28AB3879-8817-D9E2-3B6A-5B3CFBA47F2C&sortorder=desc&column=row HTTP/1.1" 200 70229
173.208.130.202 - - [01/Jan/2021:15:01:15 +0100] "GET /ticket2/opencms/ru/buy/?page=1&edid=28AB3879-8817-D9E2-3B6A-5B3CFBA47F2C&sortorder=desc&column=section HTTP/1.1" 200 70229
173.208.130.202 - - [01/Jan/2021:15:01:16 +0100] "GET /ticket2/opencms/ru/buy/?page=1&edid=28C321AF-B22D-2FA4-72FD-693E5F65ED60 HTTP/1.1" 200 71695
54.36.148.250 - - [01/Jan/2021:15:01:17 +0100] "GET /ticket2/opencms/fi/venue/?countryid=45F5A414-7E6A-581D-803C-BE75F86B0965 HTTP/1.1" 200 95819
173.208.130.202 - - [01/Jan/2021:15:01:18 +0100] "GET /ticket2/opencms/ru/buy/?page=1&edid=28C66934-8816-E693-E8DA-B35164D8DE57 HTTP/1.1" 200 71682
173.208.130.202 - - [01/Jan/2021:15:01:20 +0100] "GET /ticket2/opencms/ru/buy/?page=1&edid=28FE0D80-AF6C-4AA1-8D78-65E3D3DBF7A3 HTTP/1.1" 200 70190
173.208.130.202 - - [01/Jan/2021:15:01:22 +0100] "GET /ticket2/opencms/ru/buy/?page=1&edid=291E7E44-8D60-C6A3-3CC0-04813318A46E HTTP/1.1" 200 71940
173.208.130.202 - - [01/Jan/2021:15:01:24 +0100] "GET /ticket2/opencms/ru/buy/?page=1&edid=291E7E44-8D60-C6A3-3CC0-04813318A46E&sortorder=desc&column=price HTTP/1.1" 200 71975
173.208.130.202 - - [01/Jan/2021:15:01:25 +0100] "GET /ticket2/opencms/ru/buy/?page=1&edid=291E7E44-8D60-C6A3-3CC0-04813318A46E&sortorder=desc&column=row HTTP/1.1" 200 71975
144.76.40.222 - - [01/Jan/2021:15:01:26 +0100] "GET /ticket2/opencms/ru/buy/?page=1&edid=7C9D1D8F-C2A8-5273-4C6A-8733A1E01057&sortorder=asc&column=section HTTP/1.1" 200 70243
167.114.209.104 - - [01/Jan/2021:15:01:26 +0100] "GET /ticket2/opencms/en/login/?edid=8C2B67E4-8153-3736-E092-0CE2785F030B HTTP/1.1" 200 67300
173.208.130.202 - - [01/Jan/2021:15:01:27 +0100] "GET /ticket2/opencms/ru/buy/?page=1&edid=291E7E44-8D60-C6A3-3CC0-04813318A46E&sortorder=desc&column=section HTTP/1.1" 200 71975
173.208.130.202 - - [01/Jan/2021:15:01:29 +0100] "GET /ticket2/opencms/ru/buy/?page=1&edid=2929B360-7FDF-5441-9AF2-D5504494FBD2 HTTP/1.1" 200 72124
144.76.40.222 - - [01/Jan/2021:15:01:30 +0100] "GET /ticket2/opencms/ru/buy/?page=1&edid=7DD1D997-8506-C642-8119-02D9A9FF9695&sortorder=desc&column=row HTTP/1.1" 200 72999
173.208.130.202 - - [01/Jan/2021:15:01:31 +0100] "GET /ticket2/opencms/ru/buy/?page=1&edid=2A93FDBF-8999-C9A7-A2BB-3747C42B429D HTTP/1.1" 200 70186
192.99.13.75 - - [01/Jan/2021:15:01:31 +0100] "GET /ticket2/opencms/no/buy/?page=1&edid=DBD2F27E-21DC-3107-D380-75B8CAFA6CB5&sortorder=desc&column=section HTTP/1.1" 200 69806
173.208.130.202 - - [01/Jan/2021:15:01:33 +0100] "GET /ticket2/opencms/ru/buy/?page=1&edid=2A93FDBF-8999-C9A7-A2BB-3747C42B429D&sortorder=desc&column=price HTTP/1.1" 200 70221
144.76.40.222 - - [01/Jan/2021:15:01:33 +0100] "GET /ticket2/opencms/ru/buy/?page=1&edid=7DD1D997-8506-C642-8119-02D9A9FF9695&sortorder=desc&column=section HTTP/1.1" 200 72999
173.208.130.202 - - [01/Jan/2021:15:01:34 +0100] "GET /ticket2/opencms/ru/buy/?page=1&edid=2A93FDBF-8999-C9A7-A2BB-3747C42B429D&sortorder=desc&column=section HTTP/1.1" 200 70221
173.208.130.202 - - [01/Jan/2021:15:01:36 +0100] "GET /ticket2/opencms/ru/buy/?page=1&edid=2AC7EE87-58A0-4C23-A991-128666D45412 HTTP/1.1" 200 70184
167.114.211.237 - - [01/Jan/2021:15:01:36 +0100] "GET /ticket2/opencms/no/buy/?page=1&edid=225ED81D-14D9-65BF-2E7D-B99F95E4B9C3&sortorder=asc&column=section HTTP/1.1" 200 71888
216.18.204.210 - - [01/Jan/2021:15:01:37 +0100] "GET /ticket2/opencms/sv/buy/?comcatid=97ECA65A-72DA-F9AF-9DBB-245D3CFED1BE&catid=7D3BEF66-5D88-3916-5B89-0E7B139E0169 HTTP/1.1" 200 70632
144.76.40.222 - - [01/Jan/2021:15:01:37 +0100] "GET /ticket2/opencms/ru/buy/?page=1&edid=7F8B2088-F66C-0BB3-8FFA-EEE2CAC7FB68&sortorder=asc&column=row HTTP/1.1" 200 71902
173.208.130.202 - - [01/Jan/2021:15:01:38 +0100] "GET /ticket2/opencms/ru/buy/?page=1&edid=2AC7EE87-58A0-4C23-A991-128666D45412&sortorder=desc&column=price HTTP/1.1" 200 70219
173.208.130.202 - - [01/Jan/2021:15:01:40 +0100] "GET /ticket2/opencms/ru/buy/?page=1&edid=2AC7EE87-58A0-4C23-A991-128666D45412&sortorder=desc&column=row HTTP/1.1" 200 70219
144.76.40.222 - - [01/Jan/2021:15:01:41 +0100] "GET /ticket2/opencms/ru/buy/?page=1&edid=813B0545-20A1-788F-99C1-8F2B03516D33&sortorder=desc&column=price HTTP/1.1" 200 72152
173.208.130.202 - - [01/Jan/2021:15:01:42 +0100] "GET /ticket2/opencms/ru/buy/?page=1&edid=2AC80BDD-C912-84BD-42D2-C97F1A9E360D HTTP/1.1" 200 70208
173.208.130.202 - - [01/Jan/2021:15:01:44 +0100] "GET /ticket2/opencms/ru/buy/?page=1&edid=2B0158DD-C9AE-5B4F-1162-68A0BF601349 HTTP/1.1" 200 72141
144.76.40.222 - - [01/Jan/2021:15:01:44 +0100] "GET /ticket2/opencms/ru/buy/?page=1&edid=9C073CFC-6935-5922-ABDE-E3035523D5D3&sortorder=desc&column=price HTTP/1.1" 200 71707
173.208.130.202 - - [01/Jan/2021:15:01:45 +0100] "GET /ticket2/opencms/ru/buy/?page=1&edid=2B1AA646-ADF9-7B55-D435-A8E067CB534F HTTP/1.1" 200 71612
173.208.130.202 - - [01/Jan/2021:15:01:47 +0100] "GET /ticket2/opencms/ru/buy/?page=1&edid=2B2BAFF9-7EEE-97F7-D5EF-F0478D6194BB&sortorder=asc&column=price HTTP/1.1" 200 70226
144.76.40.222 - - [01/Jan/2021:15:01:48 +0100] "GET /ticket2/opencms/ru/buy/?page=1&edid=A18B7AA2-BC88-9685-D882-F3ACFA423D12&sortorder=desc&column=price HTTP/1.1" 200 70231
173.208.130.202 - - [01/Jan/2021:15:01:49 +0100] "GET /ticket2/opencms/ru/buy/?page=1&edid=2B2BAFF9-7EEE-97F7-D5EF-F0478D6194BB&sortorder=asc&column=row HTTP/1.1" 200 70226
173.208.130.202 - - [01/Jan/2021:15:01:51 +0100] "GET /ticket2/opencms/ru/buy/?page=1&edid=2B2BAFF9-7EEE-97F7-D5EF-F0478D6194BB&sortorder=asc&column=section HTTP/1.1" 200 70226
144.76.40.222 - - [01/Jan/2021:15:01:52 +0100] "GET /ticket2/opencms/ru/buy/?page=1&edid=A18B7AA2-BC88-9685-D882-F3ACFA423D12&sortorder=desc&column=section HTTP/1.1" 200 70231
173.208.130.202 - - [01/Jan/2021:15:01:53 +0100] "GET /ticket2/opencms/ru/buy/?page=1&edid=2B2BAFF9-7EEE-97F7-D5EF-F0478D6194BB&sortorder=desc&column=row HTTP/1.1" 200 70225
173.208.130.202 - - [01/Jan/2021:15:01:54 +0100] "GET /ticket2/opencms/ru/buy/?page=1&edid=2BCF554F-F8EF-4953-B86E-72FD3395B753&sortorder=asc&column=row HTTP/1.1" 200 72173
173.208.130.202 - - [01/Jan/2021:15:01:56 +0100] "GET /ticket2/opencms/ru/buy/?page=1&edid=2BE97AF2-B777-858C-8CAE-909FD40EDFB3 HTTP/1.1" 200 71958
144.76.40.222 - - [01/Jan/2021:15:01:56 +0100] "GET /ticket2/opencms/ru/buy/?page=1&edid=A4230EED-6955-A0A5-2163-71DF53AB16EC&sortorder=desc&column=section HTTP/1.1" 200 72150
173.208.130.202 - - [01/Jan/2021:15:01:58 +0100] "GET /ticket2/opencms/ru/buy/?page=1&edid=2BE97AF2-B777-858C-8CAE-909FD40EDFB3&sortorder=desc&column=price HTTP/1.1" 200 71993
173.208.130.202 - - [01/Jan/2021:15:02:00 +0100] "GET /ticket2/opencms/ru/buy/?page=1&edid=2BE97AF2-B777-858C-8CAE-909FD40EDFB3&sortorder=desc&column=row HTTP/1.1" 200 71993
173.208.130.202 - - [01/Jan/2021:15:02:01 +0100] "GET /ticket2/opencms/ru/buy/?page=1&edid=2BE97AF2-B777-858C-8CAE-909FD40EDFB3&sortorder=desc&column=section HTTP/1.1" 200 71993
144.76.40.222 - - [01/Jan/2021:15:02:02 +0100] "GET /ticket2/opencms/ru/buy/?page=1&edid=A6BE99B8-F765-5FEA-F3B0-908AFC365D77&sortorder=asc&column=price HTTP/1.1" 200 72552
173.208.130.202 - - [01/Jan/2021:15:02:03 +0100] "GET /ticket2/opencms/ru/buy/?page=1&edid=2C144E02-6B95-D2A4-6A46-DD7968C7C1DE HTTP/1.1" 200 70192
173.208.130.202 - - [01/Jan/2021:15:02:05 +0100] "GET /ticket2/opencms/ru/buy/?page=1&edid=2C38A8F3-3FDB-4275-5B70-01B082026DE0 HTTP/1.1" 200 71565
144.76.40.222 - - [01/Jan/2021:15:02:06 +0100] "GET /ticket2/opencms/ru/buy/?page=1&edid=A6BE99B8-F765-5FEA-F3B0-908AFC365D77&sortorder=asc&column=row HTTP/1.1" 200 72552
173.208.130.202 - - [01/Jan/2021:15:02:07 +0100] "GET /ticket2/opencms/ru/buy/?page=1&edid=2C5B4BC7-7B7C-230E-CA97-0EFE5DF51234&sortorder=desc&column=price HTTP/1.1" 200 70245
167.114.209.104 - - [01/Jan/2021:15:02:08 +0100] "GET /ticket2/opencms/en/sell/?edid=8D5586FF-EAD9-2CFD-9039-829903E8DAE9 HTTP/1.1" 302 -
173.208.130.202 - - [01/Jan/2021:15:02:09 +0100] "GET /ticket2/opencms/ru/buy/?page=1&edid=2C5B4BC7-7B7C-230E-CA97-0EFE5DF51234&sortorder=desc&column=row HTTP/1.1" 200 70245
173.208.130.202 - - [01/Jan/2021:15:02:10 +0100] "GET /ticket2/opencms/ru/buy/?page=1&edid=2C5B4BC7-7B7C-230E-CA97-0EFE5DF51234&sortorder=desc&column=section HTTP/1.1" 200 70245
144.76.40.222 - - [01/Jan/2021:15:02:11 +0100] "GET /ticket2/opencms/ru/buy/?page=1&edid=A6BE99B8-F765-5FEA-F3B0-908AFC365D77&sortorder=asc&column=section HTTP/1.1" 200 72552
173.208.130.202 - - [01/Jan/2021:15:02:12 +0100] "GET /ticket2/opencms/ru/buy/?page=1&edid=2CC59489-60B1-DBB6-8A8B-B3F8A51347B3 HTTP/1.1" 200 70202
192.99.13.75 - - [01/Jan/2021:15:02:13 +0100] "GET /ticket2/opencms/no/buy/?page=1&edid=DBF4E8F8-4B5C-5AC7-6092-B7F0702F553B&sortorder=asc&column=price HTTP/1.1" 200 72540
173.208.130.202 - - [01/Jan/2021:15:02:14 +0100] "GET /ticket2/opencms/ru/buy/?page=1&edid=2CC59489-60B1-DBB6-8A8B-B3F8A51347B3&sortorder=desc&column=section HTTP/1.1" 200 70237
173.208.130.202 - - [01/Jan/2021:15:02:16 +0100] "GET /ticket2/opencms/ru/buy/?page=1&edid=2E0934E6-9E3C-7A47-42D4-B750533274AD&sortorder=desc&column=price HTTP/1.1" 200 70243
144.76.40.222 - - [01/Jan/2021:15:02:17 +0100] "GET /ticket2/opencms/ru/buy/?page=1&edid=A80995E7-8771-9176-CE64-C467ADECCBC7&sortorder=desc&column=section HTTP/1.1" 200 72851
173.208.130.202 - - [01/Jan/2021:15:02:18 +0100] "GET /ticket2/opencms/ru/buy/?page=1&edid=2E0934E6-9E3C-7A47-42D4-B750533274AD&sortorder=desc&column=row HTTP/1.1" 200 70243
173.208.130.202 - - [01/Jan/2021:15:02:19 +0100] "GET /ticket2/opencms/ru/buy/?page=1&edid=2E0934E6-9E3C-7A47-42D4-B750533274AD&sortorder=desc&column=section HTTP/1.1" 200 70243
173.208.130.202 - - [01/Jan/2021:15:02:21 +0100] "GET /ticket2/opencms/ru/buy/?page=1&edid=2E3308C6-12D0-B50B-7958-3212AA58F984 HTTP/1.1" 200 71689
144.76.40.222 - - [01/Jan/2021:15:02:22 +0100] "GET /ticket2/opencms/ru/buy/?page=1&edid=A80AAEB1-9C7B-A055-B815-2D7EDD05E0CE&sortorder=asc&column=price HTTP/1.1" 200 70254
173.208.130.202 - - [01/Jan/2021:15:02:23 +0100] "GET /ticket2/opencms/ru/buy/?page=1&edid=2E9730F3-6A0C-5494-B36A-EE152EB9F836&sortorder=desc&column=price HTTP/1.1" 200 73471
173.208.130.202 - - [01/Jan/2021:15:02:25 +0100] "GET /ticket2/opencms/ru/buy/?page=1&edid=2E9730F3-6A0C-5494-B36A-EE152EB9F836&sortorder=desc&column=row HTTP/1.1" 200 73471
167.114.211.237 - - [01/Jan/2021:15:02:26 +0100] "GET /ticket2/opencms/no/buy/?page=1&edid=22B145C5-BEDA-4A6D-0FAA-1632BB3EC997&sortorder=desc&column=row HTTP/1.1" 200 69809
173.208.130.202 - - [01/Jan/2021:15:02:27 +0100] "GET /ticket2/opencms/ru/buy/?page=1&edid=2E9730F3-6A0C-5494-B36A-EE152EB9F836&sortorder=desc&column=section HTTP/1.1" 200 73471
144.76.40.222 - - [01/Jan/2021:15:02:27 +0100] "GET /ticket2/opencms/ru/buy/?page=1&edid=A80AAEB1-9C7B-A055-B815-2D7EDD05E0CE&sortorder=asc&column=row HTTP/1.1" 200 70254
173.208.130.202 - - [01/Jan/2021:15:02:28 +0100] "GET /ticket2/opencms/ru/buy/?page=1&edid=2EC05A39-D275-20A3-C620-788098DAAD0B HTTP/1.1" 200 70221
173.208.130.202 - - [01/Jan/2021:15:02:30 +0100] "GET /ticket2/opencms/ru/buy/?page=1&edid=2F091351-AF20-DF8B-A6F9-E8968C10B28F HTTP/1.1" 200 71736
173.208.130.202 - - [01/Jan/2021:15:02:32 +0100] "GET /ticket2/opencms/ru/buy/?page=1&edid=2FC98323-B77E-D291-9131-7C1F611770DD&sortorder=desc&column=price HTTP/1.1" 200 71716
13.66.139.121 - - [01/Jan/2021:15:02:33 +0100] "GET /ticket2/opencms/fi/urheilu/jalkapallo/premier_league/leicester/ HTTP/1.1" 200 68352
173.208.130.202 - - [01/Jan/2021:15:02:34 +0100] "GET /ticket2/opencms/ru/buy/?page=1&edid=2FC98323-B77E-D291-9131-7C1F611770DD&sortorder=desc&column=row HTTP/1.1" 200 71716
144.76.40.222 - - [01/Jan/2021:15:02:35 +0100] "GET /ticket2/opencms/ru/buy/?page=1&edid=A80AAEB1-9C7B-A055-B815-2D7EDD05E0CE&sortorder=asc&column=section HTTP/1.1" 200 70254
173.208.130.202 - - [01/Jan/2021:15:02:36 +0100] "GET /ticket2/opencms/ru/buy/?page=1&edid=2FC98323-B77E-D291-9131-7C1F611770DD&sortorder=desc&column=section HTTP/1.1" 200 71716
173.208.130.202 - - [01/Jan/2021:15:02:38 +0100] "GET /ticket2/opencms/ru/buy/?page=1&edid=3060EC19-040B-8618-E772-B51BFBEF35A0 HTTP/1.1" 200 71916
173.208.130.202 - - [01/Jan/2021:15:02:39 +0100] "GET /ticket2/opencms/ru/buy/?page=1&edid=30735344-A998-8703-5EFE-812BF0531E5C&sortorder=desc&column=price HTTP/1.1" 200 70238
144.76.40.222 - - [01/Jan/2021:15:02:41 +0100] "GET /ticket2/opencms/ru/buy/?page=1&edid=AA12CDE5-3092-9A32-2B0B-96B83608047C&sortorder=asc&column=price HTTP/1.1" 200 72852
173.208.130.202 - - [01/Jan/2021:15:02:41 +0100] "GET /ticket2/opencms/ru/buy/?page=1&edid=30735344-A998-8703-5EFE-812BF0531E5C&sortorder=desc&column=row HTTP/1.1" 200 70238
173.208.130.202 - - [01/Jan/2021:15:02:43 +0100] "GET /ticket2/opencms/ru/buy/?page=1&edid=31D4F46A-F17C-48AF-3C4D-97EE1AFFD50F HTTP/1.1" 200 70204
173.208.130.202 - - [01/Jan/2021:15:02:45 +0100] "GET /ticket2/opencms/ru/buy/?page=1&edid=32637F7E-5386-460C-0778-0C964F83C8F9&sortorder=desc&column=price HTTP/1.1" 200 73267
207.46.13.221 - - [01/Jan/2021:15:02:45 +0100] "GET /ticket2/opencms/robots.txt HTTP/1.1" 200 773
216.18.204.210 - - [01/Jan/2021:15:02:46 +0100] "GET /ticket2/opencms/sv/buy/?comcatid=97ECA65A-72DA-F9AF-9DBB-245D3CFED1BE&catid=81B744E7-1FEE-E757-C0AB-C7AF73CDE252 HTTP/1.1" 200 70626
207.46.13.221 - - [01/Jan/2021:15:02:46 +0100] "GET /ticket2/opencms/robots.txt HTTP/1.1" 200 773
173.208.130.202 - - [01/Jan/2021:15:02:47 +0100] "GET /ticket2/opencms/ru/buy/?page=1&edid=32637F7E-5386-460C-0778-0C964F83C8F9&sortorder=desc&column=row HTTP/1.1" 200 73267
173.208.130.202 - - [01/Jan/2021:15:02:48 +0100] "GET /ticket2/opencms/ru/buy/?page=1&edid=32637F7E-5386-460C-0778-0C964F83C8F9&sortorder=desc&column=section HTTP/1.1" 200 73267
114.119.132.28 - - [01/Jan/2021:15:02:49 +0100] "GET /ticket2/opencms/no/venue/?venueid=D0F17778-E0A6-1370-8553-524BD9DBB22F HTTP/1.1" 200 65777
144.76.40.222 - - [01/Jan/2021:15:02:49 +0100] "GET /ticket2/opencms/ru/buy/?page=1&edid=AA12CDE5-3092-9A32-2B0B-96B83608047C&sortorder=asc&column=row HTTP/1.1" 200 72852
173.208.130.202 - - [01/Jan/2021:15:02:50 +0100] "GET /ticket2/opencms/ru/buy/?page=1&edid=32BA6030-A67A-1835-C2E2-950898229860&sortorder=desc&column=price HTTP/1.1" 200 72344
192.99.13.75 - - [01/Jan/2021:15:02:51 +0100] "GET /ticket2/opencms/no/buy/?page=1&edid=DBF4E8F8-4B5C-5AC7-6092-B7F0702F553B&sortorder=asc&column=row HTTP/1.1" 200 72540
173.208.130.202 - - [01/Jan/2021:15:02:52 +0100] "GET /ticket2/opencms/ru/buy/?page=1&edid=32BF0609-F2DA-AC01-0A1E-DC0F351CAD89&sortorder=desc&column=price HTTP/1.1" 200 72343
173.208.130.202 - - [01/Jan/2021:15:02:54 +0100] "GET /ticket2/opencms/ru/buy/?page=1&edid=32BF0609-F2DA-AC01-0A1E-DC0F351CAD89&sortorder=desc&column=row HTTP/1.1" 200 72343
173.208.130.202 - - [01/Jan/2021:15:02:56 +0100] "GET /ticket2/opencms/ru/buy/?page=1&edid=32E81482-FD8F-2561-8A36-7326B8FDF5FD&sortorder=asc&column=row HTTP/1.1" 200 73471
144.76.40.222 - - [01/Jan/2021:15:02:56 +0100] "GET /ticket2/opencms/ru/buy/?page=1&edid=AA12CDE5-3092-9A32-2B0B-96B83608047C&sortorder=asc&column=section HTTP/1.1" 200 72852
173.208.130.202 - - [01/Jan/2021:15:02:58 +0100] "GET /ticket2/opencms/ru/buy/?page=1&edid=32E81482-FD8F-2561-8A36-7326B8FDF5FD&sortorder=asc&column=section HTTP/1.1" 200 73471
173.208.130.202 - - [01/Jan/2021:15:02:59 +0100] "GET /ticket2/opencms/ru/buy/?page=1&edid=337152A4-124F-E656-0F24-1F386552AC10&sortorder=asc&column=price HTTP/1.1" 200 72136
173.208.130.202 - - [01/Jan/2021:15:03:01 +0100] "GET /ticket2/opencms/ru/buy/?page=1&edid=337152A4-124F-E656-0F24-1F386552AC10&sortorder=asc&column=row HTTP/1.1" 200 72136
157.55.39.62 - - [01/Jan/2021:15:03:02 +0100] "GET /ticket2/opencms/en/ HTTP/1.1" 200 66287
173.208.130.202 - - [01/Jan/2021:15:03:03 +0100] "GET /ticket2/opencms/ru/buy/?page=1&edid=337152A4-124F-E656-0F24-1F386552AC10&sortorder=asc&column=section HTTP/1.1" 200 72136
144.76.40.222 - - [01/Jan/2021:15:03:04 +0100] "GET /ticket2/opencms/ru/buy/?page=1&edid=AA52C9A2-BBC2-04B4-6B59-35DEE0587899&sortorder=desc&column=row HTTP/1.1" 200 70208
173.208.130.202 - - [01/Jan/2021:15:03:05 +0100] "GET /ticket2/opencms/ru/buy/?page=1&edid=337152A4-124F-E656-0F24-1F386552AC10&sortorder=desc&column=price HTTP/1.1" 200 72135
173.208.130.202 - - [01/Jan/2021:15:03:07 +0100] "GET /ticket2/opencms/ru/buy/?page=1&edid=337152A4-124F-E656-0F24-1F386552AC10&sortorder=desc&column=row HTTP/1.1" 200 72135
173.208.130.202 - - [01/Jan/2021:15:03:08 +0100] "GET /ticket2/opencms/ru/buy/?page=1&edid=337152A4-124F-E656-0F24-1F386552AC10&sortorder=desc&column=section HTTP/1.1" 200 72135
173.208.130.202 - - [01/Jan/2021:15:03:10 +0100] "GET /ticket2/opencms/ru/buy/?page=1&edid=33B4D21A-76B6-3B7A-0CFB-A0A3BAC27DB5&sortorder=asc&column=price HTTP/1.1" 200 72190
144.76.40.222 - - [01/Jan/2021:15:03:12 +0100] "GET /ticket2/opencms/ru/buy/?page=1&edid=AA52C9A2-BBC2-04B4-6B59-35DEE0587899&sortorder=desc&column=section HTTP/1.1" 200 70208
173.208.130.202 - - [01/Jan/2021:15:03:12 +0100] "GET /ticket2/opencms/ru/buy/?page=1&edid=33B4D21A-76B6-3B7A-0CFB-A0A3BAC27DB5&sortorder=asc&column=row HTTP/1.1" 200 72190
173.208.130.202 - - [01/Jan/2021:15:03:14 +0100] "GET /ticket2/opencms/ru/buy/?page=1&edid=33B4D21A-76B6-3B7A-0CFB-A0A3BAC27DB5&sortorder=asc&column=section HTTP/1.1" 200 72190
173.208.130.202 - - [01/Jan/2021:15:03:16 +0100] "GET /ticket2/opencms/ru/buy/?page=1&edid=347094AB-E088-27A3-B788-AFF5D8BA2F99&sortorder=asc&column=price HTTP/1.1" 200 70230
173.208.130.202 - - [01/Jan/2021:15:03:18 +0100] "GET /ticket2/opencms/ru/buy/?page=1&edid=347094AB-E088-27A3-B788-AFF5D8BA2F99&sortorder=asc&column=row HTTP/1.1" 200 70230
54.36.149.82 - - [01/Jan/2021:15:03:18 +0100] "GET /ticket2/opencms/dk/venue/?countryid=3074CB3F-D378-D1B1-5E17-3ED6547AC5E1 HTTP/1.1" 200 94618
167.114.211.237 - - [01/Jan/2021:15:03:19 +0100] "GET /ticket2/opencms/no/buy/?page=1&edid=22B145C5-BEDA-4A6D-0FAA-1632BB3EC997&sortorder=desc&column=section HTTP/1.1" 200 69809
173.208.130.202 - - [01/Jan/2021:15:03:19 +0100] "GET /ticket2/opencms/ru/buy/?page=1&edid=347094AB-E088-27A3-B788-AFF5D8BA2F99&sortorder=asc&column=section HTTP/1.1" 200 70230
173.208.130.202 - - [01/Jan/2021:15:03:21 +0100] "GET /ticket2/opencms/ru/buy/?page=1&edid=347094AB-E088-27A3-B788-AFF5D8BA2F99&sortorder=desc&column=row HTTP/1.1" 200 70229
144.76.40.222 - - [01/Jan/2021:15:03:22 +0100] "GET /ticket2/opencms/ru/buy/?page=1&edid=AA846239-9C01-F79F-429F-223A194A604D&sortorder=asc&column=price HTTP/1.1" 200 72177
173.208.130.202 - - [01/Jan/2021:15:03:23 +0100] "GET /ticket2/opencms/ru/buy/?page=1&edid=34CA6B59-CE5B-749D-8951-0A43DF167F15&sortorder=asc&column=row HTTP/1.1" 200 72149
173.208.130.202 - - [01/Jan/2021:15:03:25 +0100] "GET /ticket2/opencms/ru/buy/?page=1&edid=34CA6B59-CE5B-749D-8951-0A43DF167F15&sortorder=asc&column=section HTTP/1.1" 200 72149
173.208.130.202 - - [01/Jan/2021:15:03:27 +0100] "GET /ticket2/opencms/ru/buy/?page=1&edid=350F4D65-CD97-F5F8-9ABB-D2B96A764BF6&sortorder=desc&column=section HTTP/1.1" 200 70240
173.208.130.202 - - [01/Jan/2021:15:03:28 +0100] "GET /ticket2/opencms/ru/buy/?page=1&edid=35DF44FF-E376-ED1F-F630-5EF685B32434&sortorder=desc&column=row HTTP/1.1" 200 70238
173.208.130.202 - - [01/Jan/2021:15:03:30 +0100] "GET /ticket2/opencms/ru/buy/?page=1&edid=35DF44FF-E376-ED1F-F630-5EF685B32434&sortorder=desc&column=section HTTP/1.1" 200 70238
144.76.40.222 - - [01/Jan/2021:15:03:31 +0100] "GET /ticket2/opencms/ru/buy/?page=1&edid=C65F64BD-C047-D4A2-68AC-ED982236616D&sortorder=asc&column=section HTTP/1.1" 200 72551
173.208.130.202 - - [01/Jan/2021:15:03:32 +0100] "GET /ticket2/opencms/ru/buy/?page=1&edid=36219776-0671-A8AF-13A3-93392E89F6DD&sortorder=asc&column=row HTTP/1.1" 200 72552
167.114.209.104 - - [01/Jan/2021:15:03:33 +0100] "GET /ticket2/opencms/en/login/?edid=8D5586FF-EAD9-2CFD-9039-829903E8DAE9 HTTP/1.1" 200 67300
173.208.130.202 - - [01/Jan/2021:15:03:34 +0100] "GET /ticket2/opencms/ru/buy/?page=1&edid=36729583-809D-51BB-EF9C-11C34AC25793&sortorder=asc&column=price HTTP/1.1" 200 70239
173.208.130.202 - - [01/Jan/2021:15:03:36 +0100] "GET /ticket2/opencms/ru/buy/?page=1&edid=36729583-809D-51BB-EF9C-11C34AC25793&sortorder=asc&column=row HTTP/1.1" 200 70239
173.208.130.202 - - [01/Jan/2021:15:03:37 +0100] "GET /ticket2/opencms/ru/buy/?page=1&edid=36729583-809D-51BB-EF9C-11C34AC25793&sortorder=asc&column=section HTTP/1.1" 200 70239
192.99.13.75 - - [01/Jan/2021:15:03:38 +0100] "GET /ticket2/opencms/no/buy/?page=1&edid=DBF4E8F8-4B5C-5AC7-6092-B7F0702F553B&sortorder=asc&column=section HTTP/1.1" 200 72540
173.208.130.202 - - [01/Jan/2021:15:03:39 +0100] "GET /ticket2/opencms/ru/buy/?page=1&edid=3A1413DF-4C48-5934-4BE7-560D0B691E2B&sortorder=asc&column=price HTTP/1.1" 200 70194
144.76.40.222 - - [01/Jan/2021:15:03:41 +0100] "GET /ticket2/opencms/ru/buy/?page=1&edid=C67BE960-1F2D-0A80-6212-2F1D929BC887&sortorder=asc&column=row HTTP/1.1" 200 72186
173.208.130.202 - - [01/Jan/2021:15:03:41 +0100] "GET /ticket2/opencms/ru/buy/?page=1&edid=3A1413DF-4C48-5934-4BE7-560D0B691E2B&sortorder=asc&column=row HTTP/1.1" 200 70194
173.208.130.202 - - [01/Jan/2021:15:03:43 +0100] "GET /ticket2/opencms/ru/buy/?page=1&edid=3A18CFED-F363-A174-74EF-50BD0B95F1B2&sortorder=desc&column=row HTTP/1.1" 200 73467
173.208.130.202 - - [01/Jan/2021:15:03:45 +0100] "GET /ticket2/opencms/ru/buy/?page=1&edid=3CC17989-3033-10BE-F5C3-D729834B05F5&sortorder=asc&column=price HTTP/1.1" 200 72351
173.208.130.202 - - [01/Jan/2021:15:03:47 +0100] "GET /ticket2/opencms/ru/buy/?page=1&edid=3CC17989-3033-10BE-F5C3-D729834B05F5&sortorder=asc&column=row HTTP/1.1" 200 72351
173.208.130.202 - - [01/Jan/2021:15:03:48 +0100] "GET /ticket2/opencms/ru/buy/?page=1&edid=3CC17989-3033-10BE-F5C3-D729834B05F5&sortorder=asc&column=section HTTP/1.1" 200 72351
173.208.130.202 - - [01/Jan/2021:15:03:50 +0100] "GET /ticket2/opencms/ru/buy/?page=1&edid=3CC17989-3033-10BE-F5C3-D729834B05F5&sortorder=desc&column=section HTTP/1.1" 200 72350
144.76.40.222 - - [01/Jan/2021:15:03:50 +0100] "GET /ticket2/opencms/ru/buy/?page=1&edid=CD7DB093-60D9-BD12-A415-1D4CC21F76F9&sortorder=desc&column=row HTTP/1.1" 200 72849
173.208.130.202 - - [01/Jan/2021:15:03:52 +0100] "GET /ticket2/opencms/ru/buy/?page=1&edid=3FF54EFF-D69B-4E34-5BB8-054563E7D776 HTTP/1.1" 200 71918
173.208.130.202 - - [01/Jan/2021:15:03:54 +0100] "GET /ticket2/opencms/ru/buy/?page=1&edid=3FF54EFF-D69B-4E34-5BB8-054563E7D776&sortorder=desc&column=price HTTP/1.1" 200 71953
173.208.130.202 - - [01/Jan/2021:15:03:56 +0100] "GET /ticket2/opencms/ru/buy/?page=1&edid=40B479D3-21EE-894D-F38D-1B68A6108A49&sortorder=asc&column=price HTTP/1.1" 200 73002
167.114.209.104 - - [01/Jan/2021:15:03:58 +0100] "GET /ticket2/opencms/en/sell/?edid=8D775C4C-B6AE-311D-9794-0D2CC25D0CA3 HTTP/1.1" 302 -
144.76.40.222 - - [01/Jan/2021:15:03:59 +0100] "GET /ticket2/opencms/ru/buy/?page=1&edid=D32BF026-1AF2-E33D-03DE-2FBA3E9E2A15&sortorder=asc&column=price HTTP/1.1" 200 71713
167.114.211.237 - - [01/Jan/2021:15:04:03 +0100] "GET /ticket2/opencms/no/buy/?page=1&edid=2387A9F6-2893-0EA8-6B0C-F585494E177E&sortorder=desc&column=price HTTP/1.1" 200 69798
144.76.40.222 - - [01/Jan/2021:15:04:07 +0100] "GET /ticket2/opencms/ru/buy/?page=1&edid=D32BF026-1AF2-E33D-03DE-2FBA3E9E2A15&sortorder=asc&column=row HTTP/1.1" 200 71713
144.76.40.222 - - [01/Jan/2021:15:04:15 +0100] "GET /ticket2/opencms/ru/buy/?page=1&edid=D32BF026-1AF2-E33D-03DE-2FBA3E9E2A15&sortorder=asc&column=section HTTP/1.1" 200 71713
192.99.13.75 - - [01/Jan/2021:15:04:16 +0100] "GET /ticket2/opencms/no/buy/?page=1&edid=DCA97FA2-CCDF-A455-0A9B-CB6F2CDFE2CD HTTP/1.1" 200 71655
144.76.40.222 - - [01/Jan/2021:15:04:23 +0100] "GET /ticket2/opencms/ru/buy/?page=1&edid=DF0EBD62-AC7E-AE6F-60EC-741827E53620&sortorder=desc&column=price HTTP/1.1" 200 71921
144.76.40.222 - - [01/Jan/2021:15:04:29 +0100] "GET /ticket2/opencms/ru/buy/?page=1&edid=DF0EBD62-AC7E-AE6F-60EC-741827E53620&sortorder=desc&column=section HTTP/1.1" 200 71921
144.76.40.222 - - [01/Jan/2021:15:04:36 +0100] "GET /ticket2/opencms/ru/buy/?page=1&edid=DF40F930-4066-72CA-ACF2-508720C87130&sortorder=asc&column=section HTTP/1.1" 200 70243
144.76.40.222 - - [01/Jan/2021:15:04:43 +0100] "GET /ticket2/opencms/sv/buy/?page=1&edid=3FC2B591-D536-D1BB-E60B-6C053ECAFC38&sortorder=desc&column=section HTTP/1.1" 200 71144
144.76.40.222 - - [01/Jan/2021:15:04:49 +0100] "GET /ticket2/opencms/sv/buy/?page=1&edid=41B0AD3F-D5B6-C8C5-9D9D-00306E5C1BE4&sortorder=desc&column=price HTTP/1.1" 200 71562
192.99.13.75 - - [01/Jan/2021:15:04:51 +0100] "GET /ticket2/opencms/no/buy/?page=1&edid=DD8396E0-53AC-5D26-FE34-004AE99D2DAE HTTP/1.1" 200 69784
167.114.211.237 - - [01/Jan/2021:15:04:52 +0100] "GET /ticket2/opencms/no/buy/?page=1&edid=2387A9F6-2893-0EA8-6B0C-F585494E177E&sortorder=desc&column=row HTTP/1.1" 200 69798
144.76.40.222 - - [01/Jan/2021:15:04:56 +0100] "GET /ticket2/opencms/sv/buy/?page=1&edid=41B0AD3F-D5B6-C8C5-9D9D-00306E5C1BE4&sortorder=desc&column=row HTTP/1.1" 200 71562
167.114.209.104 - - [01/Jan/2021:15:04:59 +0100] "GET /ticket2/opencms/en/login/?edid=8D775C4C-B6AE-311D-9794-0D2CC25D0CA3 HTTP/1.1" 200 67300
144.76.40.222 - - [01/Jan/2021:15:05:02 +0100] "GET /ticket2/opencms/sv/buy/?page=1&edid=41B0AD3F-D5B6-C8C5-9D9D-00306E5C1BE4&sortorder=desc&column=section HTTP/1.1" 200 71562
54.36.148.250 - - [01/Jan/2021:15:05:06 +0100] "GET /ticket2/opencms/fi/venue/?countryid=D3DB55BA-ABAE-0702-A973-202744AB3BB9 HTTP/1.1" 200 95819
144.76.40.222 - - [01/Jan/2021:15:05:09 +0100] "GET /ticket2/opencms/sv/buy/?page=1&edid=4283C0F9-68DA-FA30-758C-257225F7159B&sortorder=desc&column=price HTTP/1.1" 200 71159
216.245.221.83 - - [01/Jan/2021:15:05:18 +0100] "HEAD /ticket2/opencms/ HTTP/1.1" 302 -
216.245.221.83 - - [01/Jan/2021:15:05:18 +0100] "HEAD /ticket2/opencms/en/ HTTP/1.1" 200 -
167.114.211.237 - - [01/Jan/2021:15:05:28 +0100] "GET /ticket2/opencms/no/buy/?page=1&edid=2387A9F6-2893-0EA8-6B0C-F585494E177E&sortorder=desc&column=section HTTP/1.1" 200 69798
144.76.40.222 - - [01/Jan/2021:15:05:29 +0100] "GET /ticket2/opencms/sv/buy/?page=1&edid=4283C0F9-68DA-FA30-758C-257225F7159B&sortorder=desc&column=row HTTP/1.1" 200 71159
167.114.209.104 - - [01/Jan/2021:15:05:31 +0100] "GET /ticket2/opencms/en/sell/?edid=95E6E611-0374-63DE-1FB9-733C295CC9A7 HTTP/1.1" 302 -
192.99.13.75 - - [01/Jan/2021:15:05:40 +0100] "GET /ticket2/opencms/no/buy/?page=1&edid=DD891C99-40B2-616E-6EFB-91B084647EE0&sortorder=asc&column=price HTTP/1.1" 200 72539
144.76.40.222 - - [01/Jan/2021:15:05:52 +0100] "GET /ticket2/opencms/sv/buy/?page=1&edid=4283C0F9-68DA-FA30-758C-257225F7159B&sortorder=desc&column=section HTTP/1.1" 200 71159
167.114.211.237 - - [01/Jan/2021:15:06:02 +0100] "GET /ticket2/opencms/no/buy/?page=1&edid=23B8F2BB-E1B5-3E6E-15C8-38C0795BC2EC HTTP/1.1" 200 69779
144.76.40.222 - - [01/Jan/2021:15:06:16 +0100] "GET /ticket2/opencms/sv/buy/?page=1&edid=43667867-3935-092D-B992-38E905DC29DA&sortorder=desc&column=price HTTP/1.1" 200 71153
192.99.13.75 - - [01/Jan/2021:15:06:21 +0100] "GET /ticket2/opencms/no/buy/?page=1&edid=DD891C99-40B2-616E-6EFB-91B084647EE0&sortorder=asc&column=row HTTP/1.1" 200 72539
167.114.209.104 - - [01/Jan/2021:15:06:27 +0100] "GET /ticket2/opencms/en/login/?edid=95E6E611-0374-63DE-1FB9-733C295CC9A7 HTTP/1.1" 200 67300
144.76.40.222 - - [01/Jan/2021:15:06:42 +0100] "GET /ticket2/opencms/sv/buy/?page=1&edid=43667867-3935-092D-B992-38E905DC29DA&sortorder=desc&column=row HTTP/1.1" 200 71153
216.18.204.210 - - [01/Jan/2021:15:06:47 +0100] "GET /ticket2/opencms/sv/buy/?comcatid=97ECA65A-72DA-F9AF-9DBB-245D3CFED1BE&catid=8732E72C-A028-EA8C-4D4D-DEB44E2A28A8 HTTP/1.1" 200 70629
167.114.211.237 - - [01/Jan/2021:15:06:49 +0100] "GET /ticket2/opencms/no/buy/?page=1&edid=23B8F2BB-E1B5-3E6E-15C8-38C0795BC2EC&sortorder=desc&column=price HTTP/1.1" 200 69814
144.76.40.222 - - [01/Jan/2021:15:07:02 +0100] "GET /ticket2/opencms/sv/buy/?page=1&edid=4E2597DA-C869-348A-3964-62CB577E6ED9&sortorder=desc&column=price HTTP/1.1" 200 71143
54.36.148.141 - - [01/Jan/2021:15:07:04 +0100] "GET /ticket2/opencms/dk/venue/?countryid=7A0460DD-50B2-C9A6-7233-3106FD73A000 HTTP/1.1" 200 94618
192.99.13.75 - - [01/Jan/2021:15:07:12 +0100] "GET /ticket2/opencms/no/buy/?page=1&edid=DD891C99-40B2-616E-6EFB-91B084647EE0&sortorder=asc&column=section HTTP/1.1" 200 72539
114.119.154.207 - - [01/Jan/2021:15:07:16 +0100] "GET /ticket2/opencms/en/venue/?venueid=51311201-5880-D74E-C1B9-F9DC8FAA206E HTTP/1.1" 200 65198
144.76.40.222 - - [01/Jan/2021:15:07:18 +0100] "GET /ticket2/opencms/sv/buy/?page=1&edid=4E2597DA-C869-348A-3964-62CB577E6ED9&sortorder=desc&column=row HTTP/1.1" 200 71143
167.114.211.237 - - [01/Jan/2021:15:07:29 +0100] "GET /ticket2/opencms/no/buy/?page=1&edid=23B8F2BB-E1B5-3E6E-15C8-38C0795BC2EC&sortorder=desc&column=row HTTP/1.1" 200 69814
144.76.40.222 - - [01/Jan/2021:15:07:34 +0100] "GET /ticket2/opencms/sv/buy/?page=1&edid=4E2597DA-C869-348A-3964-62CB577E6ED9&sortorder=desc&column=section HTTP/1.1" 200 71143
167.114.209.104 - - [01/Jan/2021:15:07:40 +0100] "GET /ticket2/opencms/en/sell/?edid=69E94548-BA2A-A7B0-2E68-692DBBE997E5 HTTP/1.1" 302 -
192.99.13.75 - - [01/Jan/2021:15:07:45 +0100] "GET /ticket2/opencms/no/buy/?page=1&edid=DDC42BBE-1C44-916C-70B3-5C60597CD058 HTTP/1.1" 200 71893
93.158.90.82 - - [01/Jan/2021:15:07:47 +0100] "GET /ticket2/opencms/ HTTP/1.1" 302 -
93.158.90.82 - - [01/Jan/2021:15:07:48 +0100] "GET /ticket2/opencms/en/ HTTP/1.1" 200 66287
144.76.40.222 - - [01/Jan/2021:15:07:52 +0100] "GET /ticket2/opencms/sv/buy/?page=1&edid=4FE48696-3B70-377B-6913-F71F54555C01&sortorder=desc&column=price HTTP/1.1" 200 69497
207.46.13.183 - - [01/Jan/2021:15:08:02 +0100] "GET /ticket2/opencms/en/venue/?venueid=1130FEEB-47FB-DB3F-868A-1D5AA9060598 HTTP/1.1" 200 65212
207.46.13.183 - - [01/Jan/2021:15:08:02 +0100] "GET /ticket2/opencms/sv/sell/?edid=4018F88A-4AA6-E738-1F44-74C10A1CA3AA HTTP/1.1" 302 -
93.158.90.82 - - [01/Jan/2021:15:08:09 +0100] "GET /ticket2/opencms/en/buying_tickets/ HTTP/1.1" 200 67031
144.76.40.222 - - [01/Jan/2021:15:08:16 +0100] "GET /ticket2/opencms/sv/buy/?page=1&edid=4FE48696-3B70-377B-6913-F71F54555C01&sortorder=desc&column=row HTTP/1.1" 200 69497
207.46.13.183 - - [01/Jan/2021:15:08:17 +0100] "GET /ticket2/opencms/sv/login/?url=/sv/sell/ HTTP/1.1" 200 67543
167.114.211.237 - - [01/Jan/2021:15:08:18 +0100] "GET /ticket2/opencms/no/buy/?page=1&edid=244792DB-2B95-DDFE-17C6-89F982F2033C HTTP/1.1" 200 69794
192.99.13.75 - - [01/Jan/2021:15:08:23 +0100] "GET /ticket2/opencms/no/buy/?page=1&edid=DE1DC546-115E-9C63-6D6C-0F4C4D89FA07 HTTP/1.1" 200 71410
144.76.40.222 - - [01/Jan/2021:15:08:29 +0100] "GET /ticket2/opencms/sv/buy/?page=1&edid=4FE48696-3B70-377B-6913-F71F54555C01&sortorder=desc&column=section HTTP/1.1" 200 69497
93.158.90.82 - - [01/Jan/2021:15:08:30 +0100] "GET /ticket2/opencms/en/about/contact/ HTTP/1.1" 200 64822
144.76.40.222 - - [01/Jan/2021:15:08:42 +0100] "GET /ticket2/opencms/sv/buy/?page=1&edid=52EE3F5E-EA77-DDFB-0D6F-384FAF780AAF&sortorder=desc&column=price HTTP/1.1" 200 71152
167.114.209.104 - - [01/Jan/2021:15:08:44 +0100] "GET /ticket2/opencms/en/login/?edid=69E94548-BA2A-A7B0-2E68-692DBBE997E5 HTTP/1.1" 200 67300
207.46.13.130 - - [01/Jan/2021:15:08:45 +0100] "GET /ticket2/opencms/sv/login/?url=/sv/sell/ HTTP/1.1" 200 67543
93.158.90.82 - - [01/Jan/2021:15:08:50 +0100] "GET /ticket2/opencms/en/affiliateprogram.html HTTP/1.1" 200 65459
54.36.148.215 - - [01/Jan/2021:15:08:55 +0100] "GET /ticket2/opencms/dk/venue/?countryid=2E49BBE4-C681-08D6-D216-0893A1269431 HTTP/1.1" 200 94618
144.76.40.222 - - [01/Jan/2021:15:08:57 +0100] "GET /ticket2/opencms/sv/buy/?page=1&edid=52EE3F5E-EA77-DDFB-0D6F-384FAF780AAF&sortorder=desc&column=row HTTP/1.1" 200 71152
192.99.13.75 - - [01/Jan/2021:15:08:57 +0100] "GET /ticket2/opencms/no/buy/?page=1&edid=DEA47118-3581-1B80-3801-4DEBDF133C31 HTTP/1.1" 200 71429
167.114.211.237 - - [01/Jan/2021:15:09:00 +0100] "GET /ticket2/opencms/no/buy/?page=1&edid=2477EF41-D9AC-4723-41A2-913000400903 HTTP/1.1" 200 71420
93.158.90.82 - - [01/Jan/2021:15:09:09 +0100] "GET /ticket2/opencms/en/ HTTP/1.1" 200 66287
144.76.40.222 - - [01/Jan/2021:15:09:16 +0100] "GET /ticket2/opencms/sv/buy/?page=1&edid=52EE3F5E-EA77-DDFB-0D6F-384FAF780AAF&sortorder=desc&column=section HTTP/1.1" 200 71152
93.158.90.82 - - [01/Jan/2021:15:09:28 +0100] "GET /ticket2/opencms/en/search.html?searchQuery=liverpool HTTP/1.1" 200 86768
192.99.13.75 - - [01/Jan/2021:15:09:28 +0100] "GET /ticket2/opencms/no/buy/?page=1&edid=DEAADDAD-A6D6-CF9D-B6FF-B21E6B561B94 HTTP/1.1" 200 69770
144.76.40.222 - - [01/Jan/2021:15:09:31 +0100] "GET /ticket2/opencms/sv/buy/?page=1&edid=552DA971-DA35-A8A9-154E-3FEA3A2AF2BE&sortorder=desc&column=price HTTP/1.1" 200 69499
167.114.211.237 - - [01/Jan/2021:15:09:35 +0100] "GET /ticket2/opencms/no/buy/?page=1&edid=24D7A494-5A5B-281E-8E90-CBB6F4774B8F HTTP/1.1" 200 71430
167.114.209.104 - - [01/Jan/2021:15:09:40 +0100] "GET /ticket2/opencms/en/sell/?edid=6ABA4765-C049-91AE-C20A-276AC18EED3D HTTP/1.1" 302 -
13.66.139.99 - - [01/Jan/2021:15:09:41 +0100] "GET /ticket2/opencms/dk/sport/fodboldbilletter/la-liga/sevilla/ HTTP/1.1" 200 66539
144.76.40.222 - - [01/Jan/2021:15:09:42 +0100] "GET /ticket2/opencms/sv/buy/?page=1&edid=552DA971-DA35-A8A9-154E-3FEA3A2AF2BE&sortorder=desc&column=row HTTP/1.1" 200 69499
93.158.90.82 - - [01/Jan/2021:15:09:46 +0100] "GET /ticket2/opencms/en/search.html?searchQuery=chelsea HTTP/1.1" 200 86331
144.76.40.222 - - [01/Jan/2021:15:09:57 +0100] "GET /ticket2/opencms/sv/buy/?page=1&edid=552DA971-DA35-A8A9-154E-3FEA3A2AF2BE&sortorder=desc&column=section HTTP/1.1" 200 69499
93.158.90.82 - - [01/Jan/2021:15:10:06 +0100] "GET /ticket2/opencms/en/search.html?searchQuery=tottenham HTTP/1.1" 200 87408
192.99.13.75 - - [01/Jan/2021:15:10:10 +0100] "GET /ticket2/opencms/no/buy/?page=1&edid=DEAADDAD-A6D6-CF9D-B6FF-B21E6B561B94&sortorder=desc&column=price HTTP/1.1" 200 69805
144.76.40.222 - - [01/Jan/2021:15:10:14 +0100] "GET /ticket2/opencms/sv/buy/?page=1&edid=56EAD9EB-11E6-EA69-93EA-802006772F2F&sortorder=desc&column=row HTTP/1.1" 200 69464
216.245.221.83 - - [01/Jan/2021:15:10:19 +0100] "HEAD /ticket2/opencms/ HTTP/1.1" 302 -
13.66.139.68 - - [01/Jan/2021:15:10:19 +0100] "GET /ticket2/opencms/sv/sport/fotbollsbiljetter/serie_a/juventus/ HTTP/1.1" 200 67204
216.245.221.83 - - [01/Jan/2021:15:10:20 +0100] "HEAD /ticket2/opencms/en/ HTTP/1.1" 200 -
167.114.211.237 - - [01/Jan/2021:15:10:24 +0100] "GET /ticket2/opencms/no/buy/?page=1&edid=25375E6B-1D70-2360-CE2B-4CBA83124EFC HTTP/1.1" 200 69792
93.158.90.82 - - [01/Jan/2021:15:10:26 +0100] "GET /ticket2/opencms/en/sport/football-tickets/premier_league/ HTTP/1.1" 200 72551
144.76.40.222 - - [01/Jan/2021:15:10:27 +0100] "GET /ticket2/opencms/sv/buy/?page=1&edid=56EAD9EB-11E6-EA69-93EA-802006772F2F&sortorder=desc&column=section HTTP/1.1" 200 69464
66.249.66.157 - - [01/Jan/2021:15:10:37 +0100] "GET /ticket2/opencms/ru/buy/?page=10&eventid=99C8A1F1-1A73-8044-DC13-80659AD8BB41&column= HTTP/1.1" 200 67502
54.36.148.202 - - [01/Jan/2021:15:10:44 +0100] "GET /ticket2/opencms/en/venue/?countryid=8F4397BE-7412-47F2-178D-719E5255923A HTTP/1.1" 200 94598
144.76.40.222 - - [01/Jan/2021:15:10:45 +0100] "GET /ticket2/opencms/sv/buy/?page=1&edid=5BB2CDD4-9898-4E12-65F3-4ADBD5A99EE7&sortorder=desc&column=price HTTP/1.1" 200 71129
192.99.13.75 - - [01/Jan/2021:15:10:46 +0100] "GET /ticket2/opencms/no/buy/?page=1&edid=DEAADDAD-A6D6-CF9D-B6FF-B21E6B561B94&sortorder=desc&column=row HTTP/1.1" 200 69805
93.158.90.82 - - [01/Jan/2021:15:10:46 +0100] "GET /ticket2/opencms/en/sport/football-tickets/serie_a/ HTTP/1.1" 200 72891
167.114.209.104 - - [01/Jan/2021:15:10:51 +0100] "GET /ticket2/opencms/en/login/?edid=6ABA4765-C049-91AE-C20A-276AC18EED3D HTTP/1.1" 200 67300
144.76.40.222 - - [01/Jan/2021:15:11:00 +0100] "GET /ticket2/opencms/sv/buy/?page=1&edid=5BB2CDD4-9898-4E12-65F3-4ADBD5A99EE7&sortorder=desc&column=row HTTP/1.1" 200 71129
93.158.90.82 - - [01/Jan/2021:15:11:05 +0100] "GET /ticket2/opencms/en/buy/?catid=36394212-F82E-F845-399B-42BED55969CC&comcatid=A17713B6-D984-201A-4143-ED4DB5ED5C2E&page=6 HTTP/1.1" 200 75677
144.76.40.222 - - [01/Jan/2021:15:11:14 +0100] "GET /ticket2/opencms/sv/buy/?page=1&edid=5BB2CDD4-9898-4E12-65F3-4ADBD5A99EE7&sortorder=desc&column=section HTTP/1.1" 200 71129
192.99.13.75 - - [01/Jan/2021:15:11:24 +0100] "GET /ticket2/opencms/no/buy/?page=1&edid=DEB3E546-7518-41EE-6D12-41AB6F5C89B6 HTTP/1.1" 200 69779
167.114.211.237 - - [01/Jan/2021:15:11:25 +0100] "GET /ticket2/opencms/no/buy/?page=1&edid=2580EFD9-5BA4-738B-D051-8FCD624442F6 HTTP/1.1" 200 69779
93.158.90.82 - - [01/Jan/2021:15:11:27 +0100] "GET /ticket2/opencms/sv/partners/fotbolldirekt/ HTTP/1.1" 200 64837
144.76.40.222 - - [01/Jan/2021:15:11:31 +0100] "GET /ticket2/opencms/sv/buy/?page=1&edid=5F546AA7-3EBF-7ACB-76FE-ACC19CFACFC1&sortorder=desc&column=price HTTP/1.1" 200 71138
114.119.155.83 - - [01/Jan/2021:15:11:38 +0100] "GET /ticket2/opencms/en/buy/?page=6&comcatid=0A6B8208-FDA4-E929-9D72-5312FD481B76&catid=A05A53F7-423D-23BE-575E-EA7B67DE22D9 HTTP/1.1" 200 68844
93.158.90.82 - - [01/Jan/2021:15:11:46 +0100] "GET /ticket2/opencms/en/selling_tickets/ HTTP/1.1" 200 65818
144.76.40.222 - - [01/Jan/2021:15:11:47 +0100] "GET /ticket2/opencms/sv/buy/?page=1&edid=5F546AA7-3EBF-7ACB-76FE-ACC19CFACFC1&sortorder=desc&column=row HTTP/1.1" 200 71138
167.114.209.104 - - [01/Jan/2021:15:11:55 +0100] "GET /ticket2/opencms/en/sell/?edid=6AC71D0E-ACE1-2E54-B5F7-7CE9303FBB11 HTTP/1.1" 302 -
216.244.66.237 - - [01/Jan/2021:15:11:56 +0100] "GET /ticket2/opencms/en/venue/?countryid=FFFF1061-F0B1-C4E6-4E92-B35C1210D71D HTTP/1.1" 200 94598
192.99.13.75 - - [01/Jan/2021:15:11:59 +0100] "GET /ticket2/opencms/no/buy/?page=1&edid=DEB3E546-7518-41EE-6D12-41AB6F5C89B6&sortorder=desc&column=price HTTP/1.1" 200 69814
167.114.211.237 - - [01/Jan/2021:15:12:00 +0100] "GET /ticket2/opencms/no/buy/?page=1&edid=25940A12-F866-A7C9-6C96-DEDE800C5703 HTTP/1.1" 200 69804
144.76.40.222 - - [01/Jan/2021:15:12:02 +0100] "GET /ticket2/opencms/sv/buy/?page=1&edid=5F546AA7-3EBF-7ACB-76FE-ACC19CFACFC1&sortorder=desc&column=section HTTP/1.1" 200 71138
93.158.90.82 - - [01/Jan/2021:15:12:06 +0100] "GET /ticket2/opencms/en/standard/ HTTP/1.1" 200 78408
167.248.133.53 - - [01/Jan/2021:15:12:24 +0100] "GET /ticket2/opencms/ HTTP/1.1" 500 -
167.248.133.53 - - [01/Jan/2021:15:12:25 +0100] "GET /ticket2/opencms/ HTTP/1.1" 302 -
167.248.133.53 - - [01/Jan/2021:15:12:25 +0100] "GET /ticket2/opencms/en/ HTTP/1.1" 200 66287
112.78.135.194 - - [01/Jan/2021:15:12:28 +0100] "GET / HTTP/1.1" 404 -
54.36.148.152 - - [01/Jan/2021:15:12:30 +0100] "GET /ticket2/opencms/fi/venue/?countryid=D9C90621-DB02-1B5C-863E-8CD5BDDB79A4 HTTP/1.1" 200 95819
192.99.13.75 - - [01/Jan/2021:15:12:33 +0100] "GET /ticket2/opencms/no/buy/?page=1&edid=DEB3E546-7518-41EE-6D12-41AB6F5C89B6&sortorder=desc&column=row HTTP/1.1" 200 69814
167.114.211.237 - - [01/Jan/2021:15:12:44 +0100] "GET /ticket2/opencms/no/buy/?page=1&edid=25A608F7-A719-8594-3C23-0F7C9F5238CA HTTP/1.1" 200 69770
167.114.209.104 - - [01/Jan/2021:15:12:51 +0100] "GET /ticket2/opencms/en/login/?edid=6AC71D0E-ACE1-2E54-B5F7-7CE9303FBB11 HTTP/1.1" 200 67300
192.99.13.75 - - [01/Jan/2021:15:13:00 +0100] "GET /ticket2/opencms/no/buy/?page=1&edid=DF8D3220-6BB8-8F87-FA6F-93027F212888 HTTP/1.1" 200 69782
216.18.204.210 - - [01/Jan/2021:15:13:18 +0100] "GET /ticket2/opencms/sv/buy/?comcatid=97ECA65A-72DA-F9AF-9DBB-245D3CFED1BE&catid=8B6802AF-1ADE-4BE1-A1F7-7671190CFB4F HTTP/1.1" 200 70633
157.55.39.144 - - [01/Jan/2021:15:13:19 +0100] "GET /ticket2/opencms/dk/buy/?comcatid=A17713B6-D984-201A-4143-ED4DB5ED5C2E&catid=E92E6B1B-7CD1-74B1-312C-265A7D8125D0 HTTP/1.1" 200 75344
167.114.211.237 - - [01/Jan/2021:15:13:35 +0100] "GET /ticket2/opencms/no/buy/?page=1&edid=2616230B-0292-4166-A011-E68F0F142C6D HTTP/1.1" 200 69779
192.99.13.75 - - [01/Jan/2021:15:13:39 +0100] "GET /ticket2/opencms/no/buy/?page=1&edid=E04EA37D-AE6B-863F-8A29-2B7C165C0B9C HTTP/1.1" 200 71636
167.114.209.104 - - [01/Jan/2021:15:13:55 +0100] "GET /ticket2/opencms/en/sell/?edid=6AEA7B0B-C565-4F77-5066-1C24C6353E29 HTTP/1.1" 302 -
192.99.13.75 - - [01/Jan/2021:15:14:06 +0100] "GET /ticket2/opencms/no/buy/?page=1&edid=E105CC99-C590-CA5D-D12C-4CC2C60C2228 HTTP/1.1" 200 69824
167.114.211.237 - - [01/Jan/2021:15:14:17 +0100] "GET /ticket2/opencms/no/buy/?page=1&edid=26C06500-533F-55A4-A39D-3266B4B0A4E1 HTTP/1.1" 200 69784
54.36.148.136 - - [01/Jan/2021:15:14:21 +0100] "GET /ticket2/opencms/dk/venue/?countryid=7B8EA247-B72D-57A1-F5B5-112514CAAC1F HTTP/1.1" 200 94618
192.99.13.75 - - [01/Jan/2021:15:14:39 +0100] "GET /ticket2/opencms/no/buy/?page=1&edid=E12EF2C7-C7E2-3F6D-53F6-A402FB7D72A7 HTTP/1.1" 200 69814
157.55.39.170 - - [01/Jan/2021:15:15:00 +0100] "GET /ticket2/opencms/fi/buy/?page=1&edid=E0608FC5-65F6-E8D3-5201-2E9C615F63AB HTTP/1.1" 200 72697
167.114.211.237 - - [01/Jan/2021:15:15:03 +0100] "GET /ticket2/opencms/no/buy/?page=1&edid=2726D1A4-E82E-5B8F-1A2A-9D68D5495BFB HTTP/1.1" 200 69777
167.114.209.104 - - [01/Jan/2021:15:15:09 +0100] "GET /ticket2/opencms/en/login/?edid=6AEA7B0B-C565-4F77-5066-1C24C6353E29 HTTP/1.1" 200 67300
13.66.139.99 - - [01/Jan/2021:15:15:10 +0100] "GET /ticket2/opencms/sv/about/ HTTP/1.1" 200 66659
192.99.13.75 - - [01/Jan/2021:15:15:17 +0100] "GET /ticket2/opencms/no/buy/?page=1&edid=E15668F5-4E3A-1346-EBDC-91E9E224E763 HTTP/1.1" 200 71701
216.245.221.83 - - [01/Jan/2021:15:15:18 +0100] "HEAD /ticket2/opencms/ HTTP/1.1" 302 -
216.245.221.83 - - [01/Jan/2021:15:15:19 +0100] "HEAD /ticket2/opencms/en/ HTTP/1.1" 200 -
167.114.211.237 - - [01/Jan/2021:15:15:40 +0100] "GET /ticket2/opencms/no/buy/?page=1&edid=27E722B7-DF70-9526-36C2-D7354E0E8726 HTTP/1.1" 200 69798
192.99.13.75 - - [01/Jan/2021:15:15:50 +0100] "GET /ticket2/opencms/no/buy/?page=1&edid=E16C0E09-EA42-454E-C318-A7EA53E0BE63 HTTP/1.1" 200 71424
114.119.145.102 - - [01/Jan/2021:15:15:51 +0100] "GET /ticket2/opencms/sv/buy/?page=6&comcatid=A17713B6-D984-201A-4143-ED4DB5ED5C2E&catid=BDD8C04C-DD99-1C07-B5F3-F2AB98D157E8 HTTP/1.1" 200 75886
5.255.231.129 - - [01/Jan/2021:15:15:54 +0100] "GET /ticket2/opencms/fi/buy/?page=6&comcatid=97ECA65A-72DA-F9AF-9DBB-245D3CFED1BE&catid=9457695E-36ED-A63E-7A88-32963954E2C7 HTTP/1.1" 200 71572
54.36.148.53 - - [01/Jan/2021:15:16:09 +0100] "GET /ticket2/opencms/dk/venue/?countryid=3255DA3D-476B-211A-8F09-81C55CABEF03 HTTP/1.1" 200 94618
167.114.209.104 - - [01/Jan/2021:15:16:13 +0100] "GET /ticket2/opencms/en/venue/?venueid=B781A402-D863-1F75-F682-75473A301298 HTTP/1.1" 200 65177
192.99.13.75 - - [01/Jan/2021:15:16:17 +0100] "GET /ticket2/opencms/no/buy/?page=1&edid=E1FC6F96-DADD-1E67-9966-A5FADC6CF01F HTTP/1.1" 200 69778
167.114.211.237 - - [01/Jan/2021:15:16:30 +0100] "GET /ticket2/opencms/no/buy/?page=1&edid=607687AD-E596-8AB3-58F5-4D7558057EF1&sortorder=asc&column=price HTTP/1.1" 200 73015
192.99.13.75 - - [01/Jan/2021:15:16:42 +0100] "GET /ticket2/opencms/no/buy/?page=1&edid=E2111368-0A40-2CCB-2BED-6EDF87CADCB9 HTTP/1.1" 200 69782
167.114.209.104 - - [01/Jan/2021:15:17:00 +0100] "GET /ticket2/opencms/en/venue/?venueid=B7A2B5FC-FF9C-BE54-AC50-1B01EBD90999 HTTP/1.1" 200 65204
192.99.13.75 - - [01/Jan/2021:15:17:17 +0100] "GET /ticket2/opencms/no/buy/?page=1&edid=E260A5D7-000F-CE9A-EE2B-5F1F316CE743 HTTP/1.1" 200 69786
167.114.211.237 - - [01/Jan/2021:15:17:24 +0100] "GET /ticket2/opencms/no/buy/?page=1&edid=607687AD-E596-8AB3-58F5-4D7558057EF1&sortorder=asc&column=section HTTP/1.1" 200 73015
216.18.204.210 - - [01/Jan/2021:15:17:35 +0100] "GET /ticket2/opencms/sv/buy/?comcatid=97ECA65A-72DA-F9AF-9DBB-245D3CFED1BE&catid=9457695E-36ED-A63E-7A88-32963954E2C7 HTTP/1.1" 200 70634
192.99.13.75 - - [01/Jan/2021:15:17:40 +0100] "GET /ticket2/opencms/no/buy/?page=1&edid=E32F1BE4-70C4-798C-8AC0-002C9EC3013C HTTP/1.1" 200 69785
167.114.209.104 - - [01/Jan/2021:15:17:54 +0100] "GET /ticket2/opencms/en/venue/?venueid=B949E0D0-6478-1385-BB77-53DBB861A93A HTTP/1.1" 200 65213
192.99.13.75 - - [01/Jan/2021:15:17:59 +0100] "GET /ticket2/opencms/no/buy/?page=1&edid=E32F1BE4-70C4-798C-8AC0-002C9EC3013C&sortorder=desc&column=row HTTP/1.1" 200 69820
167.114.211.237 - - [01/Jan/2021:15:18:03 +0100] "GET /ticket2/opencms/no/buy/?page=1&edid=609CC660-5BC4-EC4B-367A-02613D797957&sortorder=asc&column=price HTTP/1.1" 200 72394
54.36.148.250 - - [01/Jan/2021:15:18:04 +0100] "GET /ticket2/opencms/fi/venue/?countryid=D9E13DB9-8338-AA2E-D2F0-97CDF9CA1F76 HTTP/1.1" 200 95819
192.99.13.75 - - [01/Jan/2021:15:18:30 +0100] "GET /ticket2/opencms/no/buy/?page=1&edid=E32F1BE4-70C4-798C-8AC0-002C9EC3013C&sortorder=desc&column=section HTTP/1.1" 200 69820
95.216.96.243 - - [01/Jan/2021:15:18:34 +0100] "GET /ticket2/opencms/robots.txt HTTP/1.1" 200 773
95.216.96.243 - - [01/Jan/2021:15:18:35 +0100] "GET /ticket2/opencms/ HTTP/1.1" 302 -
95.216.96.243 - - [01/Jan/2021:15:18:37 +0100] "GET /ticket2/opencms/en/ HTTP/1.1" 200 66287
167.114.211.237 - - [01/Jan/2021:15:18:39 +0100] "GET /ticket2/opencms/no/buy/?page=1&edid=609CC660-5BC4-EC4B-367A-02613D797957&sortorder=asc&column=row HTTP/1.1" 200 72394
