66.249.66.76 - - [01/Jan/2021:06:26:15 +0100] "GET /ticket2/opencms/fi/venue/?venueid=6F45CC98-0FF4-9684-10A7-A4EABAFB5F44 HTTP/1.1" 200 66454
167.114.64.97 - - [01/Jan/2021:06:26:18 +0100] "GET /ticket2/opencms/nl/buy/?page=1&edid=7A7AA818-DDC7-0640-E83C-722520D16871&sortorder=asc&column=section HTTP/1.1" 200 71049
213.136.75.74 - - [01/Jan/2021:06:26:20 +0100] "GET /ticket2/opencms/en/buy/?page=1&edid=959C78A0-FD4F-927B-91FE-B14712A9B8D2&sortorder=asc&column=row HTTP/1.1" 200 69252
167.86.85.194 - - [01/Jan/2021:06:26:22 +0100] "GET /ticket2/opencms/en/buy/?page=1&edid=E5FED392-020A-985B-B239-5718E7B50D63 HTTP/1.1" 200 70860
167.114.159.99 - - [01/Jan/2021:06:26:23 +0100] "GET /ticket2/opencms/en/venue/?venueid=C26446A4-8872-48CD-CA86-62157D64B3E9 HTTP/1.1" 200 65206
167.86.85.194 - - [01/Jan/2021:06:26:29 +0100] "GET /ticket2/opencms/en/buy/?page=1&edid=E60046C5-01D5-A277-69B4-5749B27E17F5&sortorder=asc&column=price HTTP/1.1" 200 71145
213.136.75.74 - - [01/Jan/2021:06:26:32 +0100] "GET /ticket2/opencms/en/buy/?page=1&edid=959C78A0-FD4F-927B-91FE-B14712A9B8D2&sortorder=asc&column=section HTTP/1.1" 200 69252
167.114.64.97 - - [01/Jan/2021:06:26:43 +0100] "GET /ticket2/opencms/nl/buy/?page=1&edid=7B321A0B-1BF5-2AC4-8712-53EC9BDC70F1&sortorder=desc&column=price HTTP/1.1" 200 70190
167.86.85.194 - - [01/Jan/2021:06:26:45 +0100] "GET /ticket2/opencms/en/buy/?page=1&edid=E60046C5-01D5-A277-69B4-5749B27E17F5&sortorder=asc&column=row HTTP/1.1" 200 71145
167.114.159.99 - - [01/Jan/2021:06:26:46 +0100] "GET /ticket2/opencms/en/venue/?venueid=C267E844-1948-7EBB-0689-904EE92CE21C HTTP/1.1" 200 65218
213.136.75.74 - - [01/Jan/2021:06:26:46 +0100] "GET /ticket2/opencms/en/buy/?page=1&edid=95E007D5-25CA-9121-053F-A2EA38C3B4AE&sortorder=desc&column=price HTTP/1.1" 200 71630
13.66.139.95 - - [01/Jan/2021:06:26:48 +0100] "GET /ticket2/opencms/en/sport/football-tickets/serie_a/as_roma/ HTTP/1.1" 200 68185
54.36.148.195 - - [01/Jan/2021:06:26:52 +0100] "GET /ticket2/opencms/dk/venue/?venueid=2D159EC0-7C39-A337-F7BF-550728BB7B9B HTTP/1.1" 200 65205
167.86.85.194 - - [01/Jan/2021:06:26:55 +0100] "GET /ticket2/opencms/en/buy/?page=1&edid=E60046C5-01D5-A277-69B4-5749B27E17F5&sortorder=asc&column=section HTTP/1.1" 200 71145
213.136.75.74 - - [01/Jan/2021:06:26:58 +0100] "GET /ticket2/opencms/en/buy/?page=1&edid=95F41943-EC5A-3A74-8FD2-CF98CDE2C1F8&sortorder=asc&column=price HTTP/1.1" 200 70645
213.136.75.74 - - [01/Jan/2021:06:27:03 +0100] "GET /ticket2/opencms/en/buy/?page=1&edid=95F41943-EC5A-3A74-8FD2-CF98CDE2C1F8&sortorder=asc&column=row HTTP/1.1" 200 70645
167.86.85.194 - - [01/Jan/2021:06:27:04 +0100] "GET /ticket2/opencms/en/buy/?page=1&edid=E60046C5-01D5-A277-69B4-5749B27E17F5&sortorder=desc&column=price HTTP/1.1" 200 71144
167.114.64.97 - - [01/Jan/2021:06:27:09 +0100] "GET /ticket2/opencms/nl/buy/?page=1&edid=7B321A0B-1BF5-2AC4-8712-53EC9BDC70F1&sortorder=desc&column=row HTTP/1.1" 200 70190
167.114.159.99 - - [01/Jan/2021:06:27:10 +0100] "GET /ticket2/opencms/en/venue/?venueid=C31E5819-00A1-AFA0-208F-0A3EF9D0F0D5 HTTP/1.1" 200 65189
213.136.75.74 - - [01/Jan/2021:06:27:17 +0100] "GET /ticket2/opencms/en/buy/?page=1&edid=95F41943-EC5A-3A74-8FD2-CF98CDE2C1F8&sortorder=asc&column=section HTTP/1.1" 200 70645
167.86.85.194 - - [01/Jan/2021:06:27:20 +0100] "GET /ticket2/opencms/en/buy/?page=1&edid=E616C922-D35B-E8A3-7710-EAD27B127A97 HTTP/1.1" 200 71606
213.136.75.74 - - [01/Jan/2021:06:27:27 +0100] "GET /ticket2/opencms/en/buy/?page=1&edid=96192C07-B2E4-3E51-358B-6BB951577ED3&sortorder=asc&column=price HTTP/1.1" 200 69273
167.114.159.99 - - [01/Jan/2021:06:27:27 +0100] "GET /ticket2/opencms/en/venue/?venueid=C3D39467-A630-2C6E-5B84-720FB12B944B HTTP/1.1" 200 65212
66.249.66.158 - - [01/Jan/2021:06:27:33 +0100] "GET /ticket2/opencms/fi/buy/?page=1&edid=E8031708-E41C-1608-FAE1-137C89B30DDC HTTP/1.1" 200 72484
167.86.85.194 - - [01/Jan/2021:06:27:34 +0100] "GET /ticket2/opencms/en/buy/?page=1&edid=E62B4F76-D79E-CE0B-163D-146A0351ED10&sortorder=desc&column=price HTTP/1.1" 200 69224
167.114.64.97 - - [01/Jan/2021:06:27:36 +0100] "GET /ticket2/opencms/nl/buy/?page=1&edid=7B45DE91-84F9-B98F-EB69-4E264B587ED4&sortorder=asc&column=price HTTP/1.1" 200 70409
114.119.132.10 - - [01/Jan/2021:06:27:42 +0100] "GET /ticket2/opencms/fi/venue/?venueid=A8296605-D785-16FA-4CCB-AC7210C36F8D HTTP/1.1" 200 66450
167.114.159.99 - - [01/Jan/2021:06:27:44 +0100] "GET /ticket2/opencms/en/venue/?venueid=C3E4CC75-3C9F-601D-8995-33AEDA27699E HTTP/1.1" 200 65245
213.136.75.74 - - [01/Jan/2021:06:27:48 +0100] "GET /ticket2/opencms/en/buy/?page=1&edid=96192C07-B2E4-3E51-358B-6BB951577ED3&sortorder=asc&column=row HTTP/1.1" 200 69273
167.86.85.194 - - [01/Jan/2021:06:27:51 +0100] "GET /ticket2/opencms/en/buy/?page=1&edid=E62B4F76-D79E-CE0B-163D-146A0351ED10&sortorder=desc&column=row HTTP/1.1" 200 69224
54.36.148.250 - - [01/Jan/2021:06:27:53 +0100] "GET /ticket2/opencms/dk/venue/?venueid=0244E869-E2F3-A6E3-662F-EE6F7C68AB65 HTTP/1.1" 200 65234
167.114.64.97 - - [01/Jan/2021:06:28:00 +0100] "GET /ticket2/opencms/nl/buy/?page=1&edid=7B45DE91-84F9-B98F-EB69-4E264B587ED4&sortorder=asc&column=row HTTP/1.1" 200 70409
213.136.75.74 - - [01/Jan/2021:06:28:00 +0100] "GET /ticket2/opencms/en/buy/?page=1&edid=96192C07-B2E4-3E51-358B-6BB951577ED3&sortorder=asc&column=section HTTP/1.1" 200 69273
167.86.85.194 - - [01/Jan/2021:06:28:04 +0100] "GET /ticket2/opencms/en/buy/?page=1&edid=E65ABD81-C4B0-FD4D-A6BF-45A9A7347F75&sortorder=asc&column=price HTTP/1.1" 200 71147
167.114.159.99 - - [01/Jan/2021:06:28:05 +0100] "GET /ticket2/opencms/en/venue/?venueid=C45DD2E8-ABDE-6F3B-951D-04563CE4C5B2 HTTP/1.1" 200 65198
213.136.75.74 - - [01/Jan/2021:06:28:15 +0100] "GET /ticket2/opencms/en/buy/?page=1&edid=961EE537-EAD8-AD97-34EE-1F2B026BB178&sortorder=asc&column=price HTTP/1.1" 200 70675
167.86.85.194 - - [01/Jan/2021:06:28:19 +0100] "GET /ticket2/opencms/en/buy/?page=1&edid=E65ABD81-C4B0-FD4D-A6BF-45A9A7347F75&sortorder=asc&column=row HTTP/1.1" 200 71147
167.114.159.99 - - [01/Jan/2021:06:28:28 +0100] "GET /ticket2/opencms/en/venue/?venueid=C517FF86-D6DC-504E-2694-757DC653B6AB HTTP/1.1" 200 65237
213.136.75.74 - - [01/Jan/2021:06:28:29 +0100] "GET /ticket2/opencms/en/buy/?page=1&edid=961EE537-EAD8-AD97-34EE-1F2B026BB178&sortorder=asc&column=row HTTP/1.1" 200 70675
167.86.85.194 - - [01/Jan/2021:06:28:30 +0100] "GET /ticket2/opencms/en/buy/?page=1&edid=E65ABD81-C4B0-FD4D-A6BF-45A9A7347F75&sortorder=desc&column=price HTTP/1.1" 200 71146
167.114.64.97 - - [01/Jan/2021:06:28:32 +0100] "GET /ticket2/opencms/nl/buy/?page=1&edid=7BBCA819-F42E-0079-8C80-51174B40B9F6&sortorder=asc&column=price HTTP/1.1" 200 70168
213.136.75.74 - - [01/Jan/2021:06:28:39 +0100] "GET /ticket2/opencms/en/buy/?page=1&edid=961EE537-EAD8-AD97-34EE-1F2B026BB178&sortorder=asc&column=section HTTP/1.1" 200 70675
114.119.154.207 - - [01/Jan/2021:06:28:42 +0100] "GET /ticket2/opencms/fi/buy/?page=1&edid=059D0B9F-E09C-E206-AB1B-0C50CA0C4BFC&sortorder=desc&column=price HTTP/1.1" 200 70635
167.86.85.194 - - [01/Jan/2021:06:28:45 +0100] "GET /ticket2/opencms/en/buy/?page=1&edid=E65ABD81-C4B0-FD4D-A6BF-45A9A7347F75&sortorder=desc&column=section HTTP/1.1" 200 71146
167.114.64.97 - - [01/Jan/2021:06:28:49 +0100] "GET /ticket2/opencms/nl/buy/?page=1&edid=7BBCA819-F42E-0079-8C80-51174B40B9F6&sortorder=asc&column=row HTTP/1.1" 200 70168
167.114.159.99 - - [01/Jan/2021:06:28:53 +0100] "GET /ticket2/opencms/en/venue/?venueid=C5443748-FE6D-78AE-9835-D6BA076EAF8D HTTP/1.1" 200 65269
54.36.149.62 - - [01/Jan/2021:06:28:54 +0100] "GET /ticket2/opencms/dk/venue/?venueid=0C203D5B-81E0-DD4B-D85D-9F4614266613 HTTP/1.1" 200 65252
167.86.85.194 - - [01/Jan/2021:06:28:57 +0100] "GET /ticket2/opencms/en/buy/?page=1&edid=E673A673-60D1-7971-6FDB-7395DA44636B HTTP/1.1" 200 69217
213.136.75.74 - - [01/Jan/2021:06:29:02 +0100] "GET /ticket2/opencms/en/buy/?page=1&edid=96935B90-BFC5-DD63-9E0F-694D36461003&sortorder=asc&column=price HTTP/1.1" 200 70646
167.86.85.194 - - [01/Jan/2021:06:29:12 +0100] "GET /ticket2/opencms/en/buy/?page=1&edid=E673A673-60D1-7971-6FDB-7395DA44636B&sortorder=asc&column=price HTTP/1.1" 200 69253
167.114.64.97 - - [01/Jan/2021:06:29:14 +0100] "GET /ticket2/opencms/nl/buy/?page=1&edid=7BE233C4-AA61-5D71-5E6B-A4D135AEC569&sortorder=asc&column=price HTTP/1.1" 200 68324
167.114.159.99 - - [01/Jan/2021:06:29:16 +0100] "GET /ticket2/opencms/en/venue/?venueid=C5ECFCEA-0E2D-B1CB-394F-86A70BD3B6F9 HTTP/1.1" 200 65262
213.136.75.74 - - [01/Jan/2021:06:29:18 +0100] "GET /ticket2/opencms/en/buy/?page=1&edid=96935B90-BFC5-DD63-9E0F-694D36461003&sortorder=asc&column=row HTTP/1.1" 200 70646
213.136.75.74 - - [01/Jan/2021:06:29:23 +0100] "GET /ticket2/opencms/en/buy/?page=1&edid=96935B90-BFC5-DD63-9E0F-694D36461003&sortorder=asc&column=section HTTP/1.1" 200 70646
157.55.39.169 - - [01/Jan/2021:06:29:28 +0100] "GET /ticket2/opencms/en/venue/?venueid=076920E1-F452-B8E6-450C-A259979AD263 HTTP/1.1" 200 65192
167.86.85.194 - - [01/Jan/2021:06:29:29 +0100] "GET /ticket2/opencms/en/buy/?page=1&edid=E673A673-60D1-7971-6FDB-7395DA44636B&sortorder=asc&column=row HTTP/1.1" 200 69253
167.114.159.99 - - [01/Jan/2021:06:29:36 +0100] "GET /ticket2/opencms/en/venue/?venueid=C67585DF-4559-FB0F-52E6-718D8EA0AFFA HTTP/1.1" 200 65197
167.114.64.97 - - [01/Jan/2021:06:29:36 +0100] "GET /ticket2/opencms/nl/buy/?page=1&edid=7BE233C4-AA61-5D71-5E6B-A4D135AEC569&sortorder=asc&column=row HTTP/1.1" 200 68324
213.136.75.74 - - [01/Jan/2021:06:29:41 +0100] "GET /ticket2/opencms/en/buy/?page=1&edid=96F30A5D-14BE-BD60-0E2F-BB513D88813E&sortorder=asc&column=price HTTP/1.1" 200 69249
167.86.85.194 - - [01/Jan/2021:06:29:49 +0100] "GET /ticket2/opencms/set_aff_cookie.jsp?partner=32AEBC49-1CC2-7329-0771-A30B1D5B3D38&url=/sv/buy/index.html%3Fr=true%26edid=F8EC1E27-5FC0-2FC2-B1D4-59233AB1F01F%26page=1 HTTP/1.1" 200 179
216.18.204.210 - - [01/Jan/2021:06:29:52 +0100] "GET /ticket2/opencms/no/buy/?page=1&edid=AF1AEE1B-4EFB-D5BB-549A-A360FE966DC5&sortorder=asc&column=row HTTP/1.1" 200 72190
213.136.75.74 - - [01/Jan/2021:06:29:53 +0100] "GET /ticket2/opencms/en/buy/?page=1&edid=96F30A5D-14BE-BD60-0E2F-BB513D88813E&sortorder=asc&column=row HTTP/1.1" 200 69249
54.36.148.60 - - [01/Jan/2021:06:29:55 +0100] "GET /ticket2/opencms/dk/venue/?venueid=0DAE72BE-DDB2-1AEE-67A0-D0641E7711CD HTTP/1.1" 200 65253
66.249.66.157 - - [01/Jan/2021:06:29:58 +0100] "GET /ticket2/opencms/fi/venue/?countryid=E8C1CB18-01B3-A5D8-BA63-2D05631C3548 HTTP/1.1" 200 95819
167.114.159.99 - - [01/Jan/2021:06:29:58 +0100] "GET /ticket2/opencms/en/venue/?venueid=C6D8F33E-E17F-AB76-DAA0-0AEF57419F32 HTTP/1.1" 200 65248
167.86.85.194 - - [01/Jan/2021:06:30:00 +0100] "GET /ticket2/opencms/set_aff_cookie.jsp?partner=32AEBC49-1CC2-7329-0771-A30B1D5B3D38&url=/sv/buy/index.html%3Fr=true%26edid=FAD476B7-C277-DBFA-03D4-9FBEF9F766E9%26page=1 HTTP/1.1" 200 179
167.114.64.97 - - [01/Jan/2021:06:30:07 +0100] "GET /ticket2/opencms/nl/buy/?page=1&edid=7BE233C4-AA61-5D71-5E6B-A4D135AEC569&sortorder=asc&column=section HTTP/1.1" 200 68324
213.136.75.74 - - [01/Jan/2021:06:30:08 +0100] "GET /ticket2/opencms/en/buy/?page=1&edid=96F30A5D-14BE-BD60-0E2F-BB513D88813E&sortorder=asc&column=section HTTP/1.1" 200 69249
213.136.75.74 - - [01/Jan/2021:06:30:17 +0100] "GET /ticket2/opencms/en/buy/?page=1&edid=971049D5-C79B-BCDF-7226-868A850B80AA&sortorder=asc&column=price HTTP/1.1" 200 69250
216.245.221.83 - - [01/Jan/2021:06:30:19 +0100] "HEAD /ticket2/opencms/ HTTP/1.1" 302 -
216.245.221.83 - - [01/Jan/2021:06:30:20 +0100] "HEAD /ticket2/opencms/en/ HTTP/1.1" 200 -
167.114.159.99 - - [01/Jan/2021:06:30:22 +0100] "GET /ticket2/opencms/en/venue/?venueid=C739F0C3-3AC2-C330-A99C-F40369E33E70 HTTP/1.1" 200 65210
167.114.64.97 - - [01/Jan/2021:06:30:33 +0100] "GET /ticket2/opencms/nl/buy/?page=1&edid=7C751E74-70B5-A98A-2B53-C67CB5854788&sortorder=asc&column=row HTTP/1.1" 200 68301
167.114.159.99 - - [01/Jan/2021:06:30:41 +0100] "GET /ticket2/opencms/en/venue/?venueid=C73E0DCE-5592-ED9B-E2AF-FE9E3C67E821 HTTP/1.1" 200 65212
89.246.241.14 - - [01/Jan/2021:06:30:41 +0100] "GET /ticket2/opencms/sitemap.xml HTTP/1.1" 200 37572
213.136.75.74 - - [01/Jan/2021:06:30:42 +0100] "GET /ticket2/opencms/en/buy/?page=1&edid=971049D5-C79B-BCDF-7226-868A850B80AA&sortorder=asc&column=row HTTP/1.1" 200 69250
167.114.64.97 - - [01/Jan/2021:06:30:54 +0100] "GET /ticket2/opencms/nl/buy/?page=1&edid=7C751E74-70B5-A98A-2B53-C67CB5854788&sortorder=asc&column=section HTTP/1.1" 200 68301
213.136.75.74 - - [01/Jan/2021:06:30:57 +0100] "GET /ticket2/opencms/en/buy/?page=1&edid=971049D5-C79B-BCDF-7226-868A850B80AA&sortorder=asc&column=section HTTP/1.1" 200 69250
157.55.39.144 - - [01/Jan/2021:06:31:01 +0100] "GET /ticket2/opencms/sv/venue/?venueid=54CFF33C-FC92-3694-4B5D-667C721FDE9D HTTP/1.1" 200 65500
54.36.148.250 - - [01/Jan/2021:06:31:04 +0100] "GET /ticket2/opencms/dk/sport/fodboldbilletter/serie-a/napoli/ HTTP/1.1" 200 66097
167.114.159.99 - - [01/Jan/2021:06:31:07 +0100] "GET /ticket2/opencms/en/venue/?venueid=C7742FBF-52AC-AE6B-D02B-68464EB70BEB HTTP/1.1" 200 65212
213.136.75.74 - - [01/Jan/2021:06:31:07 +0100] "GET /ticket2/opencms/en/buy/?page=1&edid=97EFCA4B-1A89-461E-E754-546D561A9730&sortorder=asc&column=price HTTP/1.1" 200 69251
167.114.64.97 - - [01/Jan/2021:06:31:19 +0100] "GET /ticket2/opencms/nl/buy/?page=1&edid=7CFBD035-76CA-0532-3D1C-94A129F8B4C0&sortorder=asc&column=row HTTP/1.1" 200 70144
213.136.75.74 - - [01/Jan/2021:06:31:27 +0100] "GET /ticket2/opencms/en/buy/?page=1&edid=97EFCA4B-1A89-461E-E754-546D561A9730&sortorder=asc&column=row HTTP/1.1" 200 69251
13.66.139.119 - - [01/Jan/2021:06:31:28 +0100] "GET /ticket2/opencms/en/faq/ HTTP/1.1" 200 67858
167.114.159.99 - - [01/Jan/2021:06:31:31 +0100] "GET /ticket2/opencms/en/venue/?venueid=C78858BB-8329-647A-A73A-0B2A266EBDBF HTTP/1.1" 200 65183
213.136.75.74 - - [01/Jan/2021:06:31:39 +0100] "GET /ticket2/opencms/en/buy/?page=1&edid=97EFCA4B-1A89-461E-E754-546D561A9730&sortorder=asc&column=section HTTP/1.1" 200 69251
167.114.64.97 - - [01/Jan/2021:06:31:44 +0100] "GET /ticket2/opencms/nl/buy/?page=1&edid=7CFBD035-76CA-0532-3D1C-94A129F8B4C0&sortorder=asc&column=section HTTP/1.1" 200 70144
213.136.75.74 - - [01/Jan/2021:06:31:50 +0100] "GET /ticket2/opencms/en/buy/?page=1&edid=98B5152B-D0CA-636B-A921-B33BCB03C7DC&sortorder=asc&column=price HTTP/1.1" 200 71077
167.114.159.99 - - [01/Jan/2021:06:31:52 +0100] "GET /ticket2/opencms/en/venue/?venueid=C79DDB7B-2402-2CE0-0C28-4601203762A8 HTTP/1.1" 200 65228
54.36.149.4 - - [01/Jan/2021:06:32:06 +0100] "GET /ticket2/opencms/dk/venue/?venueid=56D23316-45BB-EAED-210C-AAB7AC1B2B81 HTTP/1.1" 200 65219
167.114.159.99 - - [01/Jan/2021:06:32:07 +0100] "GET /ticket2/opencms/fi/buy/?page=1&edid=0879C6A9-F2B4-41BE-5ED4-4D5A6398957A&sortorder=asc&column=section HTTP/1.1" 200 72303
213.136.75.74 - - [01/Jan/2021:06:32:08 +0100] "GET /ticket2/opencms/en/buy/?page=1&edid=98B5152B-D0CA-636B-A921-B33BCB03C7DC&sortorder=asc&column=section HTTP/1.1" 200 71077
167.114.64.97 - - [01/Jan/2021:06:32:15 +0100] "GET /ticket2/opencms/nl/buy/?page=1&edid=85264FEA-3C8F-4680-096F-2B77C577C4FA&sortorder=asc&column=row HTTP/1.1" 200 69728
213.136.75.74 - - [01/Jan/2021:06:32:16 +0100] "GET /ticket2/opencms/en/buy/?page=1&edid=990537F6-0505-9757-D901-B5E3E564ED8C&sortorder=asc&column=price HTTP/1.1" 200 71149
213.136.75.74 - - [01/Jan/2021:06:32:31 +0100] "GET /ticket2/opencms/en/buy/?page=1&edid=990537F6-0505-9757-D901-B5E3E564ED8C&sortorder=asc&column=row HTTP/1.1" 200 71149
167.114.159.99 - - [01/Jan/2021:06:32:31 +0100] "GET /ticket2/opencms/fi/buy/?page=1&edid=091ED28E-B448-A1BD-CAE0-E5D6D48D897A&sortorder=asc&column=price HTTP/1.1" 200 73370
114.119.157.185 - - [01/Jan/2021:06:32:44 +0100] "GET /ticket2/opencms/fi/venue/?venueid=161C816B-5393-87DD-7C00-0A52E6B6AAA6 HTTP/1.1" 200 66519
167.114.64.97 - - [01/Jan/2021:06:32:44 +0100] "GET /ticket2/opencms/nl/buy/?page=1&edid=85264FEA-3C8F-4680-096F-2B77C577C4FA&sortorder=asc&column=section HTTP/1.1" 200 69728
213.136.75.74 - - [01/Jan/2021:06:32:47 +0100] "GET /ticket2/opencms/en/buy/?page=1&edid=990537F6-0505-9757-D901-B5E3E564ED8C&sortorder=asc&column=section HTTP/1.1" 200 71149
216.18.204.210 - - [01/Jan/2021:06:32:48 +0100] "GET /ticket2/opencms/no/buy/?page=1&edid=C13188B2-4508-D2E9-B121-B54B35743CCB&sortorder=asc&column=row HTTP/1.1" 200 72989
167.114.159.99 - - [01/Jan/2021:06:32:53 +0100] "GET /ticket2/opencms/fi/buy/?page=1&edid=091ED28E-B448-A1BD-CAE0-E5D6D48D897A&sortorder=asc&column=row HTTP/1.1" 200 73370
13.66.139.99 - - [01/Jan/2021:06:32:54 +0100] "GET /ticket2/opencms/partners/ HTTP/1.1" 200 13584
114.119.153.67 - - [01/Jan/2021:06:33:03 +0100] "GET /ticket2/opencms/sv/sport/tennis/wimbledon/ HTTP/1.1" 200 67299
54.36.149.66 - - [01/Jan/2021:06:33:04 +0100] "GET /ticket2/opencms/sv/sport/fotbollsbiljetter/premier_league/chelsea/ HTTP/1.1" 200 69362
167.114.64.97 - - [01/Jan/2021:06:33:05 +0100] "GET /ticket2/opencms/nl/buy/?page=1&edid=85390398-41BC-CB26-98F7-83FF0345259E&sortorder=asc&column=section HTTP/1.1" 200 68307
213.136.75.74 - - [01/Jan/2021:06:33:07 +0100] "GET /ticket2/opencms/en/buy/?page=1&edid=999480E6-504C-8744-5AC7-B6358D1C23F5&sortorder=asc&column=price HTTP/1.1" 200 69257
167.114.159.99 - - [01/Jan/2021:06:33:10 +0100] "GET /ticket2/opencms/fi/buy/?page=1&edid=091ED28E-B448-A1BD-CAE0-E5D6D48D897A&sortorder=asc&column=section HTTP/1.1" 200 73370
213.136.75.74 - - [01/Jan/2021:06:33:21 +0100] "GET /ticket2/opencms/en/buy/?page=1&edid=999480E6-504C-8744-5AC7-B6358D1C23F5&sortorder=asc&column=row HTTP/1.1" 200 69257
167.114.64.97 - - [01/Jan/2021:06:33:28 +0100] "GET /ticket2/opencms/nl/buy/?page=1&edid=859AFC52-CBE6-9F9D-BB23-1672BDAEEA65&sortorder=asc&column=row HTTP/1.1" 200 68313
167.114.159.99 - - [01/Jan/2021:06:33:29 +0100] "GET /ticket2/opencms/fi/buy/?page=1&edid=09DBE843-AC01-1747-3DBE-F411D6DF0264&sortorder=desc&column=price HTTP/1.1" 200 72545
213.136.75.74 - - [01/Jan/2021:06:33:39 +0100] "GET /ticket2/opencms/en/buy/?page=1&edid=999480E6-504C-8744-5AC7-B6358D1C23F5&sortorder=asc&column=section HTTP/1.1" 200 69257
167.114.159.99 - - [01/Jan/2021:06:33:47 +0100] "GET /ticket2/opencms/fi/buy/?page=1&edid=09DBE843-AC01-1747-3DBE-F411D6DF0264&sortorder=desc&column=row HTTP/1.1" 200 72545
167.114.64.97 - - [01/Jan/2021:06:33:53 +0100] "GET /ticket2/opencms/nl/buy/?page=1&edid=85A9016D-9EFC-2EF7-D909-C2C300F655F0&sortorder=desc&column=row HTTP/1.1" 200 70166
213.136.75.74 - - [01/Jan/2021:06:33:55 +0100] "GET /ticket2/opencms/en/buy/?page=1&edid=99D4B172-B76D-E7FE-A3D7-CF4303CA6648&sortorder=asc&column=price HTTP/1.1" 200 70643
54.36.148.250 - - [01/Jan/2021:06:34:05 +0100] "GET /ticket2/opencms/dk/venue/?venueid=03AD1DAD-CC20-0896-9703-51ABB466F7B0 HTTP/1.1" 200 65261
167.114.159.99 - - [01/Jan/2021:06:34:07 +0100] "GET /ticket2/opencms/fi/buy/?page=1&edid=09DBE843-AC01-1747-3DBE-F411D6DF0264&sortorder=desc&column=section HTTP/1.1" 200 72545
213.136.75.74 - - [01/Jan/2021:06:34:12 +0100] "GET /ticket2/opencms/en/buy/?page=1&edid=99D4B172-B76D-E7FE-A3D7-CF4303CA6648&sortorder=asc&column=row HTTP/1.1" 200 70643
167.114.64.97 - - [01/Jan/2021:06:34:13 +0100] "GET /ticket2/opencms/nl/buy/?page=1&edid=85A9016D-9EFC-2EF7-D909-C2C300F655F0&sortorder=desc&column=section HTTP/1.1" 200 70166
94.231.109.254 - - [01/Jan/2021:06:34:22 +0100] "GET /ticket2/tickets_export/outgoing/export.txt HTTP/1.0" 200 -
167.114.159.99 - - [01/Jan/2021:06:34:27 +0100] "GET /ticket2/opencms/fi/buy/?page=1&edid=0F9CBCC9-4895-1878-4B6D-99BC3B1A1FA0&sortorder=desc&column=row HTTP/1.1" 200 70604
213.136.75.74 - - [01/Jan/2021:06:34:34 +0100] "GET /ticket2/opencms/en/buy/?page=1&edid=99D4B172-B76D-E7FE-A3D7-CF4303CA6648&sortorder=asc&column=section HTTP/1.1" 200 70643
167.114.64.97 - - [01/Jan/2021:06:34:45 +0100] "GET /ticket2/opencms/nl/buy/?page=1&edid=85D85DE7-7E33-49D9-3EB3-5BCB430E9732&sortorder=asc&column=price HTTP/1.1" 200 70179
213.136.75.74 - - [01/Jan/2021:06:34:46 +0100] "GET /ticket2/opencms/en/buy/?page=1&edid=9A69C26B-D767-96B2-1BE8-FB9B1C38C21B&sortorder=asc&column=price HTTP/1.1" 200 70886
167.114.159.99 - - [01/Jan/2021:06:34:57 +0100] "GET /ticket2/opencms/fi/buy/?page=1&edid=1010B797-FD07-A826-871C-B380D1F057A0&sortorder=asc&column=price HTTP/1.1" 200 70639
213.136.75.74 - - [01/Jan/2021:06:35:02 +0100] "GET /ticket2/opencms/en/buy/?page=1&edid=9A69C26B-D767-96B2-1BE8-FB9B1C38C21B&sortorder=asc&column=row HTTP/1.1" 200 70886
167.114.64.97 - - [01/Jan/2021:06:35:10 +0100] "GET /ticket2/opencms/nl/buy/?page=1&edid=85D85DE7-7E33-49D9-3EB3-5BCB430E9732&sortorder=asc&column=row HTTP/1.1" 200 70179
54.36.148.250 - - [01/Jan/2021:06:35:11 +0100] "GET /ticket2/opencms/sv/buy/?page=6&comcatid=A17713B6-D984-201A-4143-ED4DB5ED5C2E&catid=061607E6-22B7-6FFA-03FD-A4B8B13A943F HTTP/1.1" 200 75886
213.136.75.74 - - [01/Jan/2021:06:35:15 +0100] "GET /ticket2/opencms/en/buy/?page=1&edid=9A69C26B-D767-96B2-1BE8-FB9B1C38C21B&sortorder=asc&column=section HTTP/1.1" 200 70886
167.114.159.99 - - [01/Jan/2021:06:35:17 +0100] "GET /ticket2/opencms/fi/buy/?page=1&edid=119D38B2-781A-9D91-BD0C-66BB4D932A19&sortorder=desc&column=row HTTP/1.1" 200 70633
216.18.204.210 - - [01/Jan/2021:06:35:18 +0100] "GET /ticket2/opencms/no/buy/?page=1&edid=CF40FD1A-19D1-0A74-EAF0-701C584668C6&sortorder=asc&column=row HTTP/1.1" 200 72179
216.245.221.83 - - [01/Jan/2021:06:35:19 +0100] "HEAD /ticket2/opencms/ HTTP/1.1" 302 -
216.245.221.83 - - [01/Jan/2021:06:35:19 +0100] "HEAD /ticket2/opencms/en/ HTTP/1.1" 200 -
213.136.75.74 - - [01/Jan/2021:06:35:31 +0100] "GET /ticket2/opencms/en/buy/?page=1&edid=9A9147E1-2B2F-02FC-9E7B-A166685D5872&sortorder=asc&column=price HTTP/1.1" 200 69256
167.114.64.97 - - [01/Jan/2021:06:35:32 +0100] "GET /ticket2/opencms/nl/buy/?page=1&edid=85D85DE7-7E33-49D9-3EB3-5BCB430E9732&sortorder=asc&column=section HTTP/1.1" 200 70179
213.136.75.74 - - [01/Jan/2021:06:35:38 +0100] "GET /ticket2/opencms/en/buy/?page=1&edid=9A9147E1-2B2F-02FC-9E7B-A166685D5872&sortorder=asc&column=row HTTP/1.1" 200 69256
216.244.66.237 - - [01/Jan/2021:06:35:39 +0100] "GET /ticket2/opencms/en/venue/?countryid=107D8800-8603-0BDA-4FD0-61E1109B7E82 HTTP/1.1" 200 94598
167.114.159.99 - - [01/Jan/2021:06:35:40 +0100] "GET /ticket2/opencms/fi/buy/?page=1&edid=11A3DAC5-EFC7-A421-86C1-A49EFFF1D82E&sortorder=desc&column=price HTTP/1.1" 200 70619
213.136.75.74 - - [01/Jan/2021:06:35:54 +0100] "GET /ticket2/opencms/en/buy/?page=1&edid=9A9147E1-2B2F-02FC-9E7B-A166685D5872&sortorder=asc&column=section HTTP/1.1" 200 69256
167.114.64.97 - - [01/Jan/2021:06:35:55 +0100] "GET /ticket2/opencms/nl/buy/?page=1&edid=869B1F17-4BE4-AC5C-FE3A-AEBC86488B85&sortorder=asc&column=row HTTP/1.1" 200 68333
167.114.159.99 - - [01/Jan/2021:06:35:58 +0100] "GET /ticket2/opencms/fi/buy/?page=1&edid=11A49E69-EBA2-59C6-D214-0F928A95A29D HTTP/1.1" 200 70615
216.244.66.237 - - [01/Jan/2021:06:35:59 +0100] "GET /ticket2/opencms/en/venue/?countryid=7955C1DA-0203-9687-2994-14739AEE539F HTTP/1.1" 200 94598
213.136.75.74 - - [01/Jan/2021:06:36:06 +0100] "GET /ticket2/opencms/en/buy/?page=1&edid=9B84351F-ABA3-9F62-84F0-EF7B427CF4F3&sortorder=asc&column=price HTTP/1.1" 200 69253
216.244.66.237 - - [01/Jan/2021:06:36:15 +0100] "GET /ticket2/opencms/en/venue/?countryid=BCA33F4B-7509-BC45-DAD2-4CA6BF14FC82 HTTP/1.1" 200 95726
66.249.66.133 - - [01/Jan/2021:06:36:17 +0100] "GET /ticket2/opencms/en/venue/?venueid=152137BD-51FA-C49F-6002-B503D5181B54 HTTP/1.1" 200 65288
167.114.64.97 - - [01/Jan/2021:06:36:19 +0100] "GET /ticket2/opencms/nl/buy/?page=1&edid=869B1F17-4BE4-AC5C-FE3A-AEBC86488B85&sortorder=asc&column=section HTTP/1.1" 200 68333
213.136.75.74 - - [01/Jan/2021:06:36:21 +0100] "GET /ticket2/opencms/en/buy/?page=1&edid=9B84351F-ABA3-9F62-84F0-EF7B427CF4F3&sortorder=asc&column=row HTTP/1.1" 200 69253
167.114.159.99 - - [01/Jan/2021:06:36:23 +0100] "GET /ticket2/opencms/fi/buy/?page=1&edid=11A49E69-EBA2-59C6-D214-0F928A95A29D&sortorder=desc&column=price HTTP/1.1" 200 70650
54.36.148.214 - - [01/Jan/2021:06:36:35 +0100] "GET /ticket2/opencms/sv/buy/?page=6&comcatid=A17713B6-D984-201A-4143-ED4DB5ED5C2E&catid=06324577-7173-BAB0-146D-E644C912F7C1 HTTP/1.1" 200 75888
213.136.75.74 - - [01/Jan/2021:06:36:35 +0100] "GET /ticket2/opencms/en/buy/?page=1&edid=9B84351F-ABA3-9F62-84F0-EF7B427CF4F3&sortorder=asc&column=section HTTP/1.1" 200 69253
216.244.66.237 - - [01/Jan/2021:06:36:42 +0100] "GET /ticket2/opencms/nl/sport/voetbal-tickets/premier_league/fulham/ HTTP/1.1" 200 66248
167.114.64.97 - - [01/Jan/2021:06:36:43 +0100] "GET /ticket2/opencms/nl/buy/?page=1&edid=877F69A3-9CA4-792C-9F41-F6BFBD6ECFDE&sortorder=asc&column=price HTTP/1.1" 200 70162
167.114.159.99 - - [01/Jan/2021:06:36:46 +0100] "GET /ticket2/opencms/fi/buy/?page=1&edid=11A49E69-EBA2-59C6-D214-0F928A95A29D&sortorder=desc&column=row HTTP/1.1" 200 70650
213.136.75.74 - - [01/Jan/2021:06:36:48 +0100] "GET /ticket2/opencms/en/buy/?page=1&edid=9D7CE21E-D069-3E99-E347-A529C266C14C&sortorder=asc&column=price HTTP/1.1" 200 69252
66.249.66.38 - - [01/Jan/2021:06:37:01 +0100] "GET /ticket2/opencms/sv/buy/?page=1&edid=0A5CEFC4-5394-480F-FEA6-3D833FDD726F HTTP/1.1" 200 69457
213.136.75.74 - - [01/Jan/2021:06:37:03 +0100] "GET /ticket2/opencms/en/buy/?page=1&edid=9D7CE21E-D069-3E99-E347-A529C266C14C&sortorder=asc&column=row HTTP/1.1" 200 69252
213.136.75.74 - - [01/Jan/2021:06:37:08 +0100] "GET /ticket2/opencms/en/buy/?page=1&edid=9D7CE21E-D069-3E99-E347-A529C266C14C&sortorder=asc&column=section HTTP/1.1" 200 69252
167.114.159.99 - - [01/Jan/2021:06:37:11 +0100] "GET /ticket2/opencms/fi/buy/?page=1&edid=11A49E69-EBA2-59C6-D214-0F928A95A29D&sortorder=desc&column=section HTTP/1.1" 200 70650
167.114.64.97 - - [01/Jan/2021:06:37:13 +0100] "GET /ticket2/opencms/nl/buy/?page=1&edid=877F69A3-9CA4-792C-9F41-F6BFBD6ECFDE&sortorder=asc&column=row HTTP/1.1" 200 70162
213.136.75.74 - - [01/Jan/2021:06:37:20 +0100] "GET /ticket2/opencms/en/buy/?page=1&edid=9E16BAB2-5459-1F26-305B-E067F0B8F6AD&sortorder=asc&column=price HTTP/1.1" 200 69240
114.119.131.131 - - [01/Jan/2021:06:37:26 +0100] "GET /ticket2/opencms/en/buy/?page=1&edid=7BBCA819-F42E-0079-8C80-51174B40B9F6&sortorder=desc&column=price HTTP/1.1" 200 71084
213.136.75.74 - - [01/Jan/2021:06:37:34 +0100] "GET /ticket2/opencms/en/buy/?page=1&edid=9E16BAB2-5459-1F26-305B-E067F0B8F6AD&sortorder=asc&column=row HTTP/1.1" 200 69240
167.114.159.99 - - [01/Jan/2021:06:37:35 +0100] "GET /ticket2/opencms/fi/buy/?page=1&edid=11E0F3F3-866B-8B11-2E4F-E306B11A08DD&sortorder=desc&column=price HTTP/1.1" 200 72987
167.114.64.97 - - [01/Jan/2021:06:37:38 +0100] "GET /ticket2/opencms/nl/buy/?page=1&edid=877F69A3-9CA4-792C-9F41-F6BFBD6ECFDE&sortorder=asc&column=section HTTP/1.1" 200 70162
213.136.75.74 - - [01/Jan/2021:06:37:48 +0100] "GET /ticket2/opencms/en/buy/?page=1&edid=9E16BAB2-5459-1F26-305B-E067F0B8F6AD&sortorder=asc&column=section HTTP/1.1" 200 69240
17.58.101.37 - - [01/Jan/2021:06:37:49 +0100] "GET /ticket2/opencms/en/buy/?page=1&edid=88A9DB29-DA7F-5892-01EC-B646B52763FF HTTP/1.1" 200 69202
13.66.139.77 - - [01/Jan/2021:06:37:51 +0100] "GET /ticket2/opencms/en/terms_of_service/ HTTP/1.1" 200 76089
167.114.159.99 - - [01/Jan/2021:06:37:55 +0100] "GET /ticket2/opencms/fi/buy/?page=1&edid=12635D84-BF49-6EFF-4813-962BD7D2C463 HTTP/1.1" 200 72490
54.36.148.212 - - [01/Jan/2021:06:37:57 +0100] "GET /ticket2/opencms/sv/buy/?page=6&comcatid=A17713B6-D984-201A-4143-ED4DB5ED5C2E&catid=6BD6E0B0-84AF-3A0D-3851-C1357CE9B771 HTTP/1.1" 200 75889
167.114.64.97 - - [01/Jan/2021:06:38:04 +0100] "GET /ticket2/opencms/nl/buy/?page=1&edid=892356ED-55B7-785D-1333-2729A9F26EDA&sortorder=desc&column=price HTTP/1.1" 200 69460
216.18.204.210 - - [01/Jan/2021:06:38:06 +0100] "GET /ticket2/opencms/no/buy/?page=1&edid=D38A75EF-0F2E-99D7-BE2D-1257A3573610&sortorder=asc&column=row HTTP/1.1" 200 72181
213.136.75.74 - - [01/Jan/2021:06:38:08 +0100] "GET /ticket2/opencms/en/buy/?page=1&edid=A26332EB-8750-0A54-9325-77029D9AA1E3&sortorder=asc&column=price HTTP/1.1" 200 69239
167.114.159.99 - - [01/Jan/2021:06:38:16 +0100] "GET /ticket2/opencms/fi/buy/?page=1&edid=12A4F62C-E2CE-1C31-42F7-D36B1F6E35C4&sortorder=asc&column=section HTTP/1.1" 200 72048
213.136.75.74 - - [01/Jan/2021:06:38:22 +0100] "GET /ticket2/opencms/en/buy/?page=1&edid=A2CCA38D-6150-551E-B9AC-21221F616F2D&sortorder=asc&column=row HTTP/1.1" 200 69220
167.114.64.97 - - [01/Jan/2021:06:38:28 +0100] "GET /ticket2/opencms/nl/buy/?page=1&edid=892356ED-55B7-785D-1333-2729A9F26EDA&sortorder=desc&column=row HTTP/1.1" 200 69460
167.114.159.99 - - [01/Jan/2021:06:38:37 +0100] "GET /ticket2/opencms/fi/buy/?page=1&edid=12FCB962-16C9-F16D-DBC8-DFF0E8F85879&sortorder=desc&column=row HTTP/1.1" 200 70649
213.136.75.74 - - [01/Jan/2021:06:38:42 +0100] "GET /ticket2/opencms/en/buy/?page=1&edid=A2CCA38D-6150-551E-B9AC-21221F616F2D&sortorder=asc&column=section HTTP/1.1" 200 69220
167.114.64.97 - - [01/Jan/2021:06:38:52 +0100] "GET /ticket2/opencms/nl/buy/?page=1&edid=892356ED-55B7-785D-1333-2729A9F26EDA&sortorder=desc&column=section HTTP/1.1" 200 69460
167.114.159.99 - - [01/Jan/2021:06:38:54 +0100] "GET /ticket2/opencms/fi/buy/?page=1&edid=2175AB22-B4EA-B727-B0F8-7317ABD0AD46&sortorder=asc&column=section HTTP/1.1" 200 70606
213.136.75.74 - - [01/Jan/2021:06:38:57 +0100] "GET /ticket2/opencms/en/buy/?page=1&edid=A2E2090A-6007-24E9-9328-22E30189EE62&sortorder=asc&column=price HTTP/1.1" 200 69254
213.136.75.74 - - [01/Jan/2021:06:39:07 +0100] "GET /ticket2/opencms/en/buy/?page=1&edid=A2E2090A-6007-24E9-9328-22E30189EE62&sortorder=asc&column=row HTTP/1.1" 200 69254
167.114.64.97 - - [01/Jan/2021:06:39:12 +0100] "GET /ticket2/opencms/nl/buy/?page=1&edid=8B8D03CA-348F-34ED-7DD6-21F5A2F370C9&sortorder=asc&column=section HTTP/1.1" 200 68333
167.114.159.99 - - [01/Jan/2021:06:39:17 +0100] "GET /ticket2/opencms/fi/buy/?page=1&edid=21A86BB8-64D8-CBA2-3B98-AF717437C3CC&sortorder=desc&column=row HTTP/1.1" 200 72505
213.136.75.74 - - [01/Jan/2021:06:39:21 +0100] "GET /ticket2/opencms/en/buy/?page=1&edid=A2E2090A-6007-24E9-9328-22E30189EE62&sortorder=asc&column=section HTTP/1.1" 200 69254
54.36.149.51 - - [01/Jan/2021:06:39:22 +0100] "GET /ticket2/opencms/sv/buy/?page=6&comcatid=A17713B6-D984-201A-4143-ED4DB5ED5C2E&catid=D08E96E8-A514-9E09-4E22-63713911E0B8 HTTP/1.1" 200 75895
66.249.66.133 - - [01/Jan/2021:06:39:25 +0100] "GET /ticket2/opencms/ru/buy/?page=1&edid=081EE01A-3277-D451-A064-8BE12CA4E327 HTTP/1.1" 200 71685
207.46.13.108 - - [01/Jan/2021:06:39:27 +0100] "GET /ticket2/opencms/en/buy/?id=1db7f66b-473b-b427-f752-358feefe8ec0 HTTP/1.1" 200 65396
213.136.75.74 - - [01/Jan/2021:06:39:35 +0100] "GET /ticket2/opencms/en/buy/?page=1&edid=A345B1C7-2ECE-CCA4-505F-B8BAF9A34AE9&sortorder=asc&column=price HTTP/1.1" 200 69251
167.114.159.99 - - [01/Jan/2021:06:39:37 +0100] "GET /ticket2/opencms/fi/buy/?page=1&edid=2220CB80-B64C-3BDC-0712-55A886835053&sortorder=desc&column=section HTTP/1.1" 200 70640
167.114.64.97 - - [01/Jan/2021:06:39:41 +0100] "GET /ticket2/opencms/nl/buy/?page=1&edid=8BAD935F-F36B-61A4-DAE1-9EFCBD1D2742&sortorder=asc&column=price HTTP/1.1" 200 68329
216.18.204.210 - - [01/Jan/2021:06:39:52 +0100] "GET /ticket2/opencms/no/buy/?page=1&edid=D8C7B7F8-B92D-B924-97EB-2437BB276AEB&sortorder=asc&column=row HTTP/1.1" 200 72191
213.136.75.74 - - [01/Jan/2021:06:39:52 +0100] "GET /ticket2/opencms/en/buy/?page=1&edid=A345B1C7-2ECE-CCA4-505F-B8BAF9A34AE9&sortorder=asc&column=section HTTP/1.1" 200 69251
167.114.159.99 - - [01/Jan/2021:06:40:00 +0100] "GET /ticket2/opencms/fi/buy/?page=1&edid=52E9C51D-192F-C954-8F05-403EF150A75E&sortorder=desc&column=row HTTP/1.1" 200 73038
167.114.64.97 - - [01/Jan/2021:06:40:04 +0100] "GET /ticket2/opencms/nl/buy/?page=1&edid=8BAD935F-F36B-61A4-DAE1-9EFCBD1D2742&sortorder=asc&column=row HTTP/1.1" 200 68329
213.136.75.74 - - [01/Jan/2021:06:40:16 +0100] "GET /ticket2/opencms/en/buy/?page=1&edid=A36B9290-67DE-ACAE-0949-503B4AE866FF&sortorder=asc&column=price HTTP/1.1" 200 69250
216.245.221.83 - - [01/Jan/2021:06:40:19 +0100] "HEAD /ticket2/opencms/ HTTP/1.1" 302 -
216.245.221.83 - - [01/Jan/2021:06:40:19 +0100] "HEAD /ticket2/opencms/en/ HTTP/1.1" 200 -
213.136.75.74 - - [01/Jan/2021:06:40:21 +0100] "GET /ticket2/opencms/en/buy/?page=1&edid=A36B9290-67DE-ACAE-0949-503B4AE866FF&sortorder=asc&column=row HTTP/1.1" 200 69250
167.114.159.99 - - [01/Jan/2021:06:40:21 +0100] "GET /ticket2/opencms/fi/buy/?page=1&edid=52E9C51D-192F-C954-8F05-403EF150A75E&sortorder=desc&column=section HTTP/1.1" 200 73038
167.114.64.97 - - [01/Jan/2021:06:40:28 +0100] "GET /ticket2/opencms/nl/buy/?page=1&edid=8BAD935F-F36B-61A4-DAE1-9EFCBD1D2742&sortorder=asc&column=section HTTP/1.1" 200 68329
213.136.75.74 - - [01/Jan/2021:06:40:31 +0100] "GET /ticket2/opencms/en/buy/?page=1&edid=A4B939B9-02F3-15DE-1828-4B6AE5FDD036&sortorder=asc&column=price HTTP/1.1" 200 71094
213.136.75.74 - - [01/Jan/2021:06:40:44 +0100] "GET /ticket2/opencms/en/buy/?page=1&edid=A4B939B9-02F3-15DE-1828-4B6AE5FDD036&sortorder=asc&column=row HTTP/1.1" 200 71094
5.255.231.129 - - [01/Jan/2021:06:40:45 +0100] "GET /ticket2/opencms/robots.txt HTTP/1.1" 200 773
54.36.149.100 - - [01/Jan/2021:06:40:47 +0100] "GET /ticket2/opencms/sv/buy/?page=6&comcatid=A17713B6-D984-201A-4143-ED4DB5ED5C2E&catid=A4D9EA9A-192D-0274-BF26-9C98D8B902AB HTTP/1.1" 200 75879
5.255.231.129 - - [01/Jan/2021:06:40:49 +0100] "GET /ticket2/opencms/favicon.ico HTTP/1.1" 200 1406
167.114.159.99 - - [01/Jan/2021:06:40:49 +0100] "GET /ticket2/opencms/fi/buy/?page=1&edid=95D527D7-A681-C22C-0004-08E23653C7F4&sortorder=asc&column=section HTTP/1.1" 200 73033
167.114.64.97 - - [01/Jan/2021:06:40:53 +0100] "GET /ticket2/opencms/nl/buy/?page=1&edid=8C6C738E-963E-E4C2-A89C-7AE088866860 HTTP/1.1" 200 68283
213.136.75.74 - - [01/Jan/2021:06:40:59 +0100] "GET /ticket2/opencms/en/buy/?page=1&edid=A704B95C-FE59-5574-5696-780991A0B69A&sortorder=asc&column=price HTTP/1.1" 200 71566
167.114.159.99 - - [01/Jan/2021:06:41:09 +0100] "GET /ticket2/opencms/fi/buy/?page=1&edid=95D527D7-A681-C22C-0004-08E23653C7F4&sortorder=desc&column=price HTTP/1.1" 200 73032
167.114.64.97 - - [01/Jan/2021:06:41:11 +0100] "GET /ticket2/opencms/nl/buy/?page=1&edid=8D609A09-968B-809C-B291-0AEC7810E029&sortorder=asc&column=price HTTP/1.1" 200 70393
13.66.139.121 - - [01/Jan/2021:06:41:18 +0100] "GET /ticket2/opencms/sv/sport/tennis/french-open/ HTTP/1.1" 200 67972
213.136.75.74 - - [01/Jan/2021:06:41:19 +0100] "GET /ticket2/opencms/en/buy/?page=1&edid=A704B95C-FE59-5574-5696-780991A0B69A&sortorder=asc&column=row HTTP/1.1" 200 71566
167.114.159.99 - - [01/Jan/2021:06:41:26 +0100] "GET /ticket2/opencms/fi/buy/?page=1&edid=A4AA9FAF-A900-49DB-5496-82F65D60D290&sortorder=asc&column=price HTTP/1.1" 200 73030
167.114.64.97 - - [01/Jan/2021:06:41:28 +0100] "GET /ticket2/opencms/nl/buy/?page=1&edid=8D658471-41BC-7653-893E-D0CACDA8A7ED HTTP/1.1" 200 70603
213.136.75.74 - - [01/Jan/2021:06:41:37 +0100] "GET /ticket2/opencms/en/buy/?page=1&edid=A704B95C-FE59-5574-5696-780991A0B69A&sortorder=asc&column=section HTTP/1.1" 200 71566
114.119.150.223 - - [01/Jan/2021:06:41:42 +0100] "GET /ticket2/opencms/no/login/ HTTP/1.1" 200 67873
167.114.159.99 - - [01/Jan/2021:06:41:45 +0100] "GET /ticket2/opencms/fi/buy/?page=1&edid=A4AA9FAF-A900-49DB-5496-82F65D60D290&sortorder=asc&column=row HTTP/1.1" 200 73030
213.136.75.74 - - [01/Jan/2021:06:41:52 +0100] "GET /ticket2/opencms/en/buy/?page=1&edid=A85E030E-32CA-30D9-6C1A-21D58A3B9853&sortorder=desc&column=row HTTP/1.1" 200 70883
167.114.64.97 - - [01/Jan/2021:06:41:53 +0100] "GET /ticket2/opencms/nl/buy/?page=1&edid=8D6CB2E5-17F5-541B-ED1D-516FC39C57B8&sortorder=desc&column=row HTTP/1.1" 200 68297
213.136.75.74 - - [01/Jan/2021:06:42:05 +0100] "GET /ticket2/opencms/en/buy/?page=1&edid=A85E030E-32CA-30D9-6C1A-21D58A3B9853&sortorder=desc&column=section HTTP/1.1" 200 70883
167.114.159.99 - - [01/Jan/2021:06:42:07 +0100] "GET /ticket2/opencms/fi/buy/?page=1&edid=A4AA9FAF-A900-49DB-5496-82F65D60D290&sortorder=asc&column=section HTTP/1.1" 200 73030
167.114.64.97 - - [01/Jan/2021:06:42:10 +0100] "GET /ticket2/opencms/nl/buy/?page=1&edid=8E22F3C7-B590-C40B-938A-AA2C912F4E33 HTTP/1.1" 200 69686
54.36.148.133 - - [01/Jan/2021:06:42:15 +0100] "GET /ticket2/opencms/sv/buy/?page=6&comcatid=A17713B6-D984-201A-4143-ED4DB5ED5C2E&catid=D8B345C9-F7A5-E620-4B43-C34EB0D6885B HTTP/1.1" 200 75879
213.136.75.74 - - [01/Jan/2021:06:42:20 +0100] "GET /ticket2/opencms/en/buy/?page=1&edid=A90447D4-1BF5-9CDF-A67A-35873286A39C&sortorder=asc&column=price HTTP/1.1" 200 69240
167.114.159.99 - - [01/Jan/2021:06:42:25 +0100] "GET /ticket2/opencms/fi/buy/?page=1&edid=AF3A3A75-5315-FE9D-022C-FD3048857E51&sortorder=desc&column=price HTTP/1.1" 200 72919
167.114.64.97 - - [01/Jan/2021:06:42:33 +0100] "GET /ticket2/opencms/nl/buy/?page=1&edid=9108A0D1-4492-5675-1415-44028FC5FB8E HTTP/1.1" 200 69699
213.136.75.74 - - [01/Jan/2021:06:42:34 +0100] "GET /ticket2/opencms/en/buy/?page=1&edid=A90447D4-1BF5-9CDF-A67A-35873286A39C&sortorder=asc&column=row HTTP/1.1" 200 69240
167.114.159.99 - - [01/Jan/2021:06:42:49 +0100] "GET /ticket2/opencms/fi/buy/?page=1&edid=AF3A3A75-5315-FE9D-022C-FD3048857E51&sortorder=desc&column=section HTTP/1.1" 200 72919
167.114.64.97 - - [01/Jan/2021:06:42:56 +0100] "GET /ticket2/opencms/nl/buy/?page=1&edid=91AE26B3-2C40-9494-FDC1-D5A84F5FD6FD&sortorder=desc&column=price HTTP/1.1" 200 69770
167.114.159.99 - - [01/Jan/2021:06:43:10 +0100] "GET /ticket2/opencms/fi/buy/?page=1&edid=B1435DBB-B4D0-AB39-BEA4-76DD19D98B45&sortorder=desc&column=section HTTP/1.1" 200 72077
167.114.64.97 - - [01/Jan/2021:06:43:28 +0100] "GET /ticket2/opencms/nl/buy/?page=1&edid=92BBD595-A279-5DD9-FD4E-4182B24A479F&sortorder=asc&column=section HTTP/1.1" 200 68341
167.114.159.99 - - [01/Jan/2021:06:43:30 +0100] "GET /ticket2/opencms/fi/buy/?page=1&edid=B492335E-EC8F-D688-70CB-E5CEF040B882&sortorder=desc&column=price HTTP/1.1" 200 71776
54.36.149.27 - - [01/Jan/2021:06:43:41 +0100] "GET /ticket2/opencms/sv/buy/?page=6&comcatid=A17713B6-D984-201A-4143-ED4DB5ED5C2E&catid=E92E6B1B-7CD1-74B1-312C-265A7D8125D0 HTTP/1.1" 200 75885
157.55.39.144 - - [01/Jan/2021:06:43:44 +0100] "GET /ticket2/opencms/fi/venue/?venueid=7A51379D-1CA0-D73B-5888-0B55E190FE2B HTTP/1.1" 200 66433
167.114.64.97 - - [01/Jan/2021:06:43:48 +0100] "GET /ticket2/opencms/nl/buy/?page=1&edid=930DA63B-B6EB-C65F-6A39-F4240571C002&sortorder=desc&column=price HTTP/1.1" 200 71051
167.114.159.99 - - [01/Jan/2021:06:43:49 +0100] "GET /ticket2/opencms/fi/buy/?page=1&edid=B492335E-EC8F-D688-70CB-E5CEF040B882&sortorder=desc&column=row HTTP/1.1" 200 71776
167.114.159.99 - - [01/Jan/2021:06:44:10 +0100] "GET /ticket2/opencms/fi/buy/?page=1&edid=B492335E-EC8F-D688-70CB-E5CEF040B882&sortorder=desc&column=section HTTP/1.1" 200 71776
167.114.64.97 - - [01/Jan/2021:06:44:10 +0100] "GET /ticket2/opencms/nl/buy/?page=1&edid=94C00F6B-FC53-0B34-A8F9-F3B70628243D&sortorder=asc&column=section HTTP/1.1" 200 68324
167.114.64.97 - - [01/Jan/2021:06:44:35 +0100] "GET /ticket2/opencms/nl/buy/?page=1&edid=99E4E057-784A-91C1-7B12-45802B1F86CF HTTP/1.1" 200 68280
167.114.159.99 - - [01/Jan/2021:06:44:36 +0100] "GET /ticket2/opencms/fi/buy/?page=1&edid=B53551B2-5E85-1251-09D9-28B7F3E9AD07&sortorder=desc&column=section HTTP/1.1" 200 72918
167.114.159.99 - - [01/Jan/2021:06:44:55 +0100] "GET /ticket2/opencms/fi/buy/?page=1&edid=B636E869-6673-5C1C-3225-ED5D245CFCEE&sortorder=desc&column=price HTTP/1.1" 200 72058
167.114.64.97 - - [01/Jan/2021:06:44:59 +0100] "GET /ticket2/opencms/nl/buy/?page=1&edid=9A349FA8-C8F9-3DE1-AD45-86AAEECD4F79&sortorder=asc&column=section HTTP/1.1" 200 68318
54.36.148.250 - - [01/Jan/2021:06:45:07 +0100] "GET /ticket2/opencms/sv/buy/?page=6&comcatid=A17713B6-D984-201A-4143-ED4DB5ED5C2E&catid=7ACC33AD-EE7E-AAA7-9050-0F4587759B87 HTTP/1.1" 200 75889
167.114.159.99 - - [01/Jan/2021:06:45:15 +0100] "GET /ticket2/opencms/fi/buy/?page=1&edid=B723EB35-A300-0902-6B5A-1E4128A21F72&sortorder=asc&column=price HTTP/1.1" 200 70611
216.245.221.83 - - [01/Jan/2021:06:45:19 +0100] "HEAD /ticket2/opencms/ HTTP/1.1" 302 -
216.245.221.83 - - [01/Jan/2021:06:45:19 +0100] "HEAD /ticket2/opencms/en/ HTTP/1.1" 200 -
167.114.64.97 - - [01/Jan/2021:06:45:31 +0100] "GET /ticket2/opencms/nl/buy/?page=1&edid=9C81EF50-3F71-F6A7-E285-CA1E8F83C215 HTTP/1.1" 200 70149
167.114.159.99 - - [01/Jan/2021:06:45:31 +0100] "GET /ticket2/opencms/fi/buy/?page=1&edid=B723EB35-A300-0902-6B5A-1E4128A21F72&sortorder=asc&column=row HTTP/1.1" 200 70611
167.114.159.99 - - [01/Jan/2021:06:45:50 +0100] "GET /ticket2/opencms/fi/buy/?page=1&edid=B723EB35-A300-0902-6B5A-1E4128A21F72&sortorder=asc&column=section HTTP/1.1" 200 70611
167.114.64.97 - - [01/Jan/2021:06:45:51 +0100] "GET /ticket2/opencms/nl/buy/?page=1&edid=A9DB1DE6-01D7-BC62-CF57-554A2AD423E4&sortorder=desc&column=row HTTP/1.1" 200 68319
114.119.139.59 - - [01/Jan/2021:06:46:05 +0100] "GET /ticket2/opencms/ru/buy/?page=1&edid=7DAE74E8-C4A2-8C27-1B6F-A1C7846A527A&sortorder=asc&column=section HTTP/1.1" 200 70226
66.249.66.139 - - [01/Jan/2021:06:46:12 +0100] "GET /ticket2/opencms/en/venue/?venueid=ADC2EAE7-F3B9-5998-1901-D9DA30ACB19A HTTP/1.1" 200 65185
167.114.64.97 - - [01/Jan/2021:06:46:13 +0100] "GET /ticket2/opencms/nl/buy/?page=1&edid=AA12CDE5-3092-9A32-2B0B-96B83608047C HTTP/1.1" 200 70862
66.249.66.135 - - [01/Jan/2021:06:46:14 +0100] "GET /ticket2/opencms/system/modules/com.gridnine.opencms.ticketbrokerage.site/resources/css/jquery-ui.css HTTP/1.1" 200 33221
167.114.159.99 - - [01/Jan/2021:06:46:15 +0100] "GET /ticket2/opencms/fi/buy/?page=1&edid=B724A323-646B-4B91-68FB-E31621BA2EF7&sortorder=desc&column=price HTTP/1.1" 200 70652
66.249.66.159 - - [01/Jan/2021:06:46:29 +0100] "GET /ticket2/opencms/no/buy/?page=1&edid=6B362B16-3138-C077-A4D8-7508DEEA6E81 HTTP/1.1" 200 71184
167.114.64.97 - - [01/Jan/2021:06:46:32 +0100] "GET /ticket2/opencms/nl/buy/?page=1&edid=AA35831F-AA23-3D8D-06B6-7E1391A24181 HTTP/1.1" 200 70170
167.114.159.99 - - [01/Jan/2021:06:46:33 +0100] "GET /ticket2/opencms/fi/buy/?page=1&edid=B724A323-646B-4B91-68FB-E31621BA2EF7&sortorder=desc&column=section HTTP/1.1" 200 70652
54.36.148.143 - - [01/Jan/2021:06:46:39 +0100] "GET /ticket2/opencms/sv/buy/?page=6&comcatid=A17713B6-D984-201A-4143-ED4DB5ED5C2E&catid=B0817F4C-4B6F-A68C-6229-209BB05F84D4 HTTP/1.1" 200 75878
167.114.159.99 - - [01/Jan/2021:06:46:49 +0100] "GET /ticket2/opencms/fi/buy/?page=1&edid=B7CD03F3-78D0-257F-84AD-A4BE61864779&sortorder=asc&column=price HTTP/1.1" 200 73848
167.114.64.97 - - [01/Jan/2021:06:47:00 +0100] "GET /ticket2/opencms/nl/buy/?page=1&edid=AA8ACCF2-6F11-0649-AAE7-BD2964B0B78F HTTP/1.1" 200 70361
167.114.159.99 - - [01/Jan/2021:06:47:07 +0100] "GET /ticket2/opencms/fi/buy/?page=1&edid=B7CD03F3-78D0-257F-84AD-A4BE61864779&sortorder=asc&column=row HTTP/1.1" 200 73848
13.66.139.121 - - [01/Jan/2021:06:47:10 +0100] "GET /ticket2/opencms/system/modules/com.gridnine.opencms.ticketbrokerage.site/resources/pics/front_page/sv/bundesliga-2017-2018.png HTTP/1.1" 200 70223
128.14.134.170 - - [01/Jan/2021:06:47:12 +0100] "GET /ticket2/opencms/ HTTP/1.1" 302 -
167.114.64.97 - - [01/Jan/2021:06:47:21 +0100] "GET /ticket2/opencms/nl/buy/?page=1&edid=AC9A3740-6B7A-6C85-9B45-2DC7F7AE22AE&sortorder=asc&column=price HTTP/1.1" 200 71319
167.114.159.99 - - [01/Jan/2021:06:47:32 +0100] "GET /ticket2/opencms/fi/buy/?page=1&edid=B7CD03F3-78D0-257F-84AD-A4BE61864779&sortorder=asc&column=section HTTP/1.1" 200 73848
167.114.64.97 - - [01/Jan/2021:06:47:39 +0100] "GET /ticket2/opencms/nl/buy/?page=1&edid=ADE200F3-CFF5-87E3-9021-7F29446BA859&sortorder=asc&column=section HTTP/1.1" 200 70182
167.114.159.99 - - [01/Jan/2021:06:47:53 +0100] "GET /ticket2/opencms/fi/buy/?page=1&edid=B88268E0-7813-5F3F-ED22-1EF2C796F5B2&sortorder=desc&column=row HTTP/1.1" 200 72026
167.114.64.97 - - [01/Jan/2021:06:48:00 +0100] "GET /ticket2/opencms/nl/buy/?page=1&edid=AE07727B-E4B5-4837-EECB-5BB0C9EE24CD HTTP/1.1" 200 69693
54.36.148.190 - - [01/Jan/2021:06:48:02 +0100] "GET /ticket2/opencms/sv/buy/?page=6&comcatid=A17713B6-D984-201A-4143-ED4DB5ED5C2E&catid=C48671DB-5AEB-8CE2-928E-38417FFBE085 HTTP/1.1" 200 75884
167.114.159.99 - - [01/Jan/2021:06:48:11 +0100] "GET /ticket2/opencms/fi/buy/?page=1&edid=B88268E0-7813-5F3F-ED22-1EF2C796F5B2&sortorder=desc&column=section HTTP/1.1" 200 72026
167.114.64.97 - - [01/Jan/2021:06:48:28 +0100] "GET /ticket2/opencms/nl/buy/?page=1&edid=AF37BFAD-6D02-A253-4372-038F6B4EF62F&sortorder=desc&column=section HTTP/1.1" 200 68316
167.114.159.99 - - [01/Jan/2021:06:48:31 +0100] "GET /ticket2/opencms/fi/buy/?page=1&edid=B935592C-C0F7-D711-2C8F-C84805E2C7D0&sortorder=desc&column=price HTTP/1.1" 200 71777
167.114.159.99 - - [01/Jan/2021:06:48:50 +0100] "GET /ticket2/opencms/fi/buy/?page=1&edid=B935592C-C0F7-D711-2C8F-C84805E2C7D0&sortorder=desc&column=row HTTP/1.1" 200 71777
167.114.64.97 - - [01/Jan/2021:06:48:51 +0100] "GET /ticket2/opencms/nl/buy/?page=1&edid=B03E07E3-7AEB-A13D-3217-AD4A7760899B&sortorder=asc&column=section HTTP/1.1" 200 69726
66.249.66.158 - - [01/Jan/2021:06:48:54 +0100] "GET /ticket2/opencms/fi/venue/?countryid=44A94E16-590A-CB98-37E9-7B0A55C9B453 HTTP/1.1" 200 95819
167.114.159.99 - - [01/Jan/2021:06:49:09 +0100] "GET /ticket2/opencms/fi/buy/?page=1&edid=B935592C-C0F7-D711-2C8F-C84805E2C7D0&sortorder=desc&column=section HTTP/1.1" 200 71777
167.114.64.97 - - [01/Jan/2021:06:49:13 +0100] "GET /ticket2/opencms/nl/buy/?page=1&edid=B2D1173D-3B96-271E-E1E3-D50B6038EBDA&sortorder=asc&column=price HTTP/1.1" 200 70642
54.36.148.247 - - [01/Jan/2021:06:49:25 +0100] "GET /ticket2/opencms/sv/buy/?page=6&comcatid=A17713B6-D984-201A-4143-ED4DB5ED5C2E&catid=3B549160-8B9C-E872-44A9-20FEA86B30E8 HTTP/1.1" 200 75884
167.114.159.99 - - [01/Jan/2021:06:49:30 +0100] "GET /ticket2/opencms/fi/buy/?page=1&edid=BAB4C553-42C2-3D6E-9B88-05390DC2546C&sortorder=desc&column=row HTTP/1.1" 200 72022
167.114.64.97 - - [01/Jan/2021:06:49:34 +0100] "GET /ticket2/opencms/nl/buy/?page=1&edid=B2D1173D-3B96-271E-E1E3-D50B6038EBDA&sortorder=asc&column=row HTTP/1.1" 200 70642
167.114.159.99 - - [01/Jan/2021:06:49:53 +0100] "GET /ticket2/opencms/fi/buy/?page=1&edid=BAB4C553-42C2-3D6E-9B88-05390DC2546C&sortorder=desc&column=section HTTP/1.1" 200 72022
167.114.64.97 - - [01/Jan/2021:06:49:58 +0100] "GET /ticket2/opencms/nl/buy/?page=1&edid=B3E810E8-D051-B949-4289-ACAD08512B5A&sortorder=desc&column=price HTTP/1.1" 200 68295
167.114.159.99 - - [01/Jan/2021:06:50:14 +0100] "GET /ticket2/opencms/fi/buy/?page=1&edid=BD31577E-89AE-21C8-EC43-EC092DF762EE&sortorder=asc&column=price HTTP/1.1" 200 73024
66.249.66.137 - - [01/Jan/2021:06:50:15 +0100] "GET /ticket2/opencms/nl/sport/voetbal-tickets/serie_a/ HTTP/1.1" 200 69718
216.245.221.83 - - [01/Jan/2021:06:50:19 +0100] "HEAD /ticket2/opencms/ HTTP/1.1" 302 -
216.245.221.83 - - [01/Jan/2021:06:50:19 +0100] "HEAD /ticket2/opencms/en/ HTTP/1.1" 200 -
167.114.64.97 - - [01/Jan/2021:06:50:21 +0100] "GET /ticket2/opencms/nl/buy/?page=1&edid=B3E810E8-D051-B949-4289-ACAD08512B5A&sortorder=desc&column=row HTTP/1.1" 200 68295
114.119.150.101 - - [01/Jan/2021:06:50:28 +0100] "GET /ticket2/opencms/fi/urheilu/jalkapallo/serie_a/bologna/ HTTP/1.1" 200 67691
167.114.159.99 - - [01/Jan/2021:06:50:37 +0100] "GET /ticket2/opencms/fi/buy/?page=1&edid=BD31577E-89AE-21C8-EC43-EC092DF762EE&sortorder=asc&column=row HTTP/1.1" 200 73024
167.114.64.97 - - [01/Jan/2021:06:50:39 +0100] "GET /ticket2/opencms/nl/buy/?page=1&edid=B3E810E8-D051-B949-4289-ACAD08512B5A&sortorder=desc&column=section HTTP/1.1" 200 68295
54.36.149.92 - - [01/Jan/2021:06:50:47 +0100] "GET /ticket2/opencms/dk/buy/?page=6&comcatid=A17713B6-D984-201A-4143-ED4DB5ED5C2E&catid=739BFC5D-78FA-6834-D764-6CE64CA5F9EC HTTP/1.1" 200 75814
167.114.159.99 - - [01/Jan/2021:06:50:56 +0100] "GET /ticket2/opencms/fi/buy/?page=1&edid=BD31577E-89AE-21C8-EC43-EC092DF762EE&sortorder=asc&column=section HTTP/1.1" 200 73024
167.114.64.97 - - [01/Jan/2021:06:50:59 +0100] "GET /ticket2/opencms/nl/buy/?page=1&edid=B3FFE65A-30FC-32DE-3E3C-769263593BC1&sortorder=desc&column=price HTTP/1.1" 200 69972
216.18.204.210 - - [01/Jan/2021:06:51:12 +0100] "GET /ticket2/opencms/no/buy/?page=1&edid=EDECF326-D7E7-9E21-07B7-2D6C81741ACC&sortorder=asc&column=row HTTP/1.1" 200 72183
167.114.159.99 - - [01/Jan/2021:06:51:16 +0100] "GET /ticket2/opencms/fi/buy/?page=1&edid=BD31577E-89AE-21C8-EC43-EC092DF762EE&sortorder=desc&column=price HTTP/1.1" 200 73023
167.114.64.97 - - [01/Jan/2021:06:51:20 +0100] "GET /ticket2/opencms/nl/buy/?page=1&edid=B3FFE65A-30FC-32DE-3E3C-769263593BC1&sortorder=desc&column=row HTTP/1.1" 200 69972
13.66.139.20 - - [01/Jan/2021:06:51:29 +0100] "GET /ticket2/opencms/ HTTP/1.1" 302 -
167.114.159.99 - - [01/Jan/2021:06:51:36 +0100] "GET /ticket2/opencms/fi/buy/?page=1&edid=BD31577E-89AE-21C8-EC43-EC092DF762EE&sortorder=desc&column=row HTTP/1.1" 200 73023
167.114.64.97 - - [01/Jan/2021:06:51:48 +0100] "GET /ticket2/opencms/nl/buy/?page=1&edid=B3FFE65A-30FC-32DE-3E3C-769263593BC1&sortorder=desc&column=section HTTP/1.1" 200 69972
167.114.159.99 - - [01/Jan/2021:06:51:59 +0100] "GET /ticket2/opencms/fi/buy/?page=1&edid=BD31577E-89AE-21C8-EC43-EC092DF762EE&sortorder=desc&column=section HTTP/1.1" 200 73023
54.36.148.88 - - [01/Jan/2021:06:52:05 +0100] "GET /ticket2/opencms/dk/buy/?page=6&comcatid=A17713B6-D984-201A-4143-ED4DB5ED5C2E&catid=A7674DEA-B39E-502C-2F76-760AE08947E9 HTTP/1.1" 200 75823
167.114.64.97 - - [01/Jan/2021:06:52:13 +0100] "GET /ticket2/opencms/nl/buy/?page=1&edid=B4030CF5-B314-5DDA-40F9-72DC7FBE18CD&sortorder=desc&column=price HTTP/1.1" 200 69981
167.114.159.99 - - [01/Jan/2021:06:52:26 +0100] "GET /ticket2/opencms/fi/buy/?page=1&edid=BDDF3C4C-88DE-2A9C-2A9D-37F204352574&sortorder=desc&column=section HTTP/1.1" 200 72510
167.114.64.97 - - [01/Jan/2021:06:52:33 +0100] "GET /ticket2/opencms/nl/buy/?page=1&edid=B4030CF5-B314-5DDA-40F9-72DC7FBE18CD&sortorder=desc&column=row HTTP/1.1" 200 69981
167.114.159.99 - - [01/Jan/2021:06:52:45 +0100] "GET /ticket2/opencms/fi/buy/?page=1&edid=BDEBDFC7-284E-9E6E-D1BB-65EBB5818C8B&sortorder=asc&column=price HTTP/1.1" 200 72303
