207.180.226.173 - - [01/Jan/2021:08:57:21 +0100] "GET /ticket2/opencms/fi/buy/?page=1&edid=0F9CBCC9-4895-1878-4B6D-99BC3B1A1FA0&sortorder=asc&column=row HTTP/1.1" 200 70605
192.99.15.199 - - [01/Jan/2021:08:57:24 +0100] "GET /ticket2/opencms/ru/buy/?page=1&edid=A9819231-7FD1-126F-49F3-8CF87BACE744&sortorder=asc&column=price HTTP/1.1" 200 71958
167.114.116.38 - - [01/Jan/2021:08:57:26 +0100] "GET /ticket2/opencms/dk/buy/?page=1&edid=1C1A3074-3897-8DD5-CDA3-902C625D7334&sortorder=asc&column=section HTTP/1.1" 200 71609
54.36.148.35 - - [01/Jan/2021:08:57:31 +0100] "GET /ticket2/opencms/dk/venue/?venueid=1519CE72-0A25-6BA0-48DA-5661E0A521EF HTTP/1.1" 200 65295
207.180.226.173 - - [01/Jan/2021:08:57:35 +0100] "GET /ticket2/opencms/fi/buy/?page=1&edid=0F9CBCC9-4895-1878-4B6D-99BC3B1A1FA0&sortorder=asc&column=section HTTP/1.1" 200 70605
83.97.20.21 - - [01/Jan/2021:08:57:39 +0100] "GET /ticket2/opencms/ HTTP/1.1" 500 -
207.180.226.173 - - [01/Jan/2021:08:57:47 +0100] "GET /ticket2/opencms/fi/buy/?page=1&edid=0F9CBCC9-4895-1878-4B6D-99BC3B1A1FA0&sortorder=desc&column=price HTTP/1.1" 200 70604
216.18.204.210 - - [01/Jan/2021:08:58:00 +0100] "GET /ticket2/opencms/no/buy/?page=1&edid=D8C7B7F8-B92D-B924-97EB-2437BB276AEB&sortorder=asc&column=section HTTP/1.1" 200 72191
192.99.15.199 - - [01/Jan/2021:08:58:07 +0100] "GET /ticket2/opencms/ru/buy/?page=1&edid=A9819231-7FD1-126F-49F3-8CF87BACE744&sortorder=asc&column=section HTTP/1.1" 200 71958
207.180.226.173 - - [01/Jan/2021:08:58:10 +0100] "GET /ticket2/opencms/fi/buy/?page=1&edid=0F9CBCC9-4895-1878-4B6D-99BC3B1A1FA0&sortorder=desc&column=section HTTP/1.1" 200 70604
192.99.13.88 - - [01/Jan/2021:08:58:10 +0100] "GET /ticket2/opencms/ru/buy/?page=1&edid=E105CC99-C590-CA5D-D12C-4CC2C60C2228&sortorder=asc&column=row HTTP/1.1" 200 70264
207.180.226.173 - - [01/Jan/2021:08:58:26 +0100] "GET /ticket2/opencms/fi/buy/?page=1&edid=1010B797-FD07-A826-871C-B380D1F057A0&sortorder=asc&column=section HTTP/1.1" 200 70639
167.114.116.38 - - [01/Jan/2021:08:58:40 +0100] "GET /ticket2/opencms/dk/buy/?page=1&edid=25D3D3E5-D02F-8300-32F4-19219E2ACCBA&sortorder=asc&column=price HTTP/1.1" 200 71438
207.180.226.173 - - [01/Jan/2021:08:58:41 +0100] "GET /ticket2/opencms/fi/buy/?page=1&edid=1010B797-FD07-A826-871C-B380D1F057A0&sortorder=desc&column=row HTTP/1.1" 200 70638
207.180.226.173 - - [01/Jan/2021:08:59:01 +0100] "GET /ticket2/opencms/fi/buy/?page=1&edid=1010B797-FD07-A826-871C-B380D1F057A0&sortorder=desc&column=section HTTP/1.1" 200 70638
66.249.66.157 - - [01/Jan/2021:08:59:01 +0100] "GET /ticket2/opencms/en/buy/?page=1&edid=2A86C23D-0CE2-C481-2D6B-228BE88993AD HTTP/1.1" 200 72411
54.36.149.31 - - [01/Jan/2021:08:59:02 +0100] "GET /ticket2/opencms/dk/venue/?venueid=15151A16-ED21-AEFF-1EA7-20D9BB091B8D HTTP/1.1" 200 65290
192.99.15.199 - - [01/Jan/2021:08:59:06 +0100] "GET /ticket2/opencms/ru/buy/?page=1&edid=A9F462FF-41AE-6F95-4744-DA8066BF52EE&sortorder=asc&column=price HTTP/1.1" 200 71406
192.99.13.88 - - [01/Jan/2021:08:59:08 +0100] "GET /ticket2/opencms/ru/buy/?page=1&edid=E105CC99-C590-CA5D-D12C-4CC2C60C2228&sortorder=desc&column=price HTTP/1.1" 200 70263
207.180.226.173 - - [01/Jan/2021:08:59:19 +0100] "GET /ticket2/opencms/fi/buy/?page=1&edid=1015CA7B-62B8-A132-8649-0F3DC2687EF5&sortorder=asc&column=row HTTP/1.1" 200 72727
207.180.203.210 - - [01/Jan/2021:08:59:26 +0100] "GET /ticket2/opencms/robots.txt HTTP/1.1" 200 773
157.55.39.169 - - [01/Jan/2021:08:59:28 +0100] "GET /ticket2/opencms/fi/venue/?venueid=D04DA2B1-F40A-DB32-0B82-87293ED21BA3 HTTP/1.1" 200 66457
207.180.203.210 - - [01/Jan/2021:08:59:41 +0100] "GET /ticket2/opencms/fi/buy/?page=1&edid=47A673BE-C245-9F8B-C91F-05F588A16FEE&sortorder=desc&column=price HTTP/1.1" 200 72051
207.180.226.173 - - [01/Jan/2021:08:59:43 +0100] "GET /ticket2/opencms/fi/buy/?page=1&edid=1015CA7B-62B8-A132-8649-0F3DC2687EF5&sortorder=asc&column=section HTTP/1.1" 200 72727
192.99.15.199 - - [01/Jan/2021:08:59:49 +0100] "GET /ticket2/opencms/ru/buy/?page=1&edid=A9F462FF-41AE-6F95-4744-DA8066BF52EE&sortorder=asc&column=section HTTP/1.1" 200 71406
167.114.116.38 - - [01/Jan/2021:08:59:51 +0100] "GET /ticket2/opencms/dk/buy/?page=1&edid=25D3D3E5-D02F-8300-32F4-19219E2ACCBA&sortorder=asc&column=row HTTP/1.1" 200 71438
192.99.13.88 - - [01/Jan/2021:08:59:54 +0100] "GET /ticket2/opencms/ru/buy/?page=1&edid=E105CC99-C590-CA5D-D12C-4CC2C60C2228&sortorder=desc&column=row HTTP/1.1" 200 70263
207.180.226.173 - - [01/Jan/2021:09:00:06 +0100] "GET /ticket2/opencms/fi/buy/?page=1&edid=101C9D03-41F4-068B-AD6E-B79B3A86271B&sortorder=asc&column=price HTTP/1.1" 200 72526
207.180.203.210 - - [01/Jan/2021:09:00:07 +0100] "GET /ticket2/opencms/fi/buy/?page=1&edid=47A673BE-C245-9F8B-C91F-05F588A16FEE&sortorder=desc&column=row HTTP/1.1" 200 72051
207.46.13.108 - - [01/Jan/2021:09:00:11 +0100] "GET /ticket2/opencms/fi/buy/?page=10&eventid=3FAB5B7A-F894-8B3D-B6C6-76188FD0A83E HTTP/1.1" 200 67927
216.245.221.83 - - [01/Jan/2021:09:00:18 +0100] "HEAD /ticket2/opencms/ HTTP/1.1" 302 -
216.245.221.83 - - [01/Jan/2021:09:00:19 +0100] "HEAD /ticket2/opencms/en/ HTTP/1.1" 200 -
207.180.226.173 - - [01/Jan/2021:09:00:25 +0100] "GET /ticket2/opencms/fi/buy/?page=1&edid=101C9D03-41F4-068B-AD6E-B79B3A86271B&sortorder=asc&column=row HTTP/1.1" 200 72526
207.180.203.210 - - [01/Jan/2021:09:00:25 +0100] "GET /ticket2/opencms/fi/buy/?page=1&edid=47A673BE-C245-9F8B-C91F-05F588A16FEE&sortorder=desc&column=section HTTP/1.1" 200 72051
54.36.148.250 - - [01/Jan/2021:09:00:33 +0100] "GET /ticket2/opencms/en/venue/?venueid=004352C5-E3C9-4789-9D05-F691F3C15650 HTTP/1.1" 200 65225
192.99.15.199 - - [01/Jan/2021:09:00:39 +0100] "GET /ticket2/opencms/ru/buy/?page=1&edid=AA35831F-AA23-3D8D-06B6-7E1391A24181&sortorder=asc&column=price HTTP/1.1" 200 72160
207.180.226.173 - - [01/Jan/2021:09:00:46 +0100] "GET /ticket2/opencms/fi/buy/?page=1&edid=101C9D03-41F4-068B-AD6E-B79B3A86271B&sortorder=asc&column=section HTTP/1.1" 200 72526
207.180.203.210 - - [01/Jan/2021:09:00:46 +0100] "GET /ticket2/opencms/fi/buy/?page=1&edid=480E7B33-B8FB-DE6E-BC2D-C94272347172&sortorder=desc&column=price HTTP/1.1" 200 70647
192.99.13.88 - - [01/Jan/2021:09:00:52 +0100] "GET /ticket2/opencms/ru/buy/?page=1&edid=E105CC99-C590-CA5D-D12C-4CC2C60C2228&sortorder=desc&column=section HTTP/1.1" 200 70263
207.180.226.173 - - [01/Jan/2021:09:01:02 +0100] "GET /ticket2/opencms/fi/buy/?page=1&edid=10460286-023B-DF27-E433-B371940C5050&sortorder=asc&column=row HTTP/1.1" 200 70619
167.114.116.38 - - [01/Jan/2021:09:01:04 +0100] "GET /ticket2/opencms/dk/buy/?page=1&edid=26E024E8-5170-90F7-30AC-67027BAA4D0A&sortorder=asc&column=row HTTP/1.1" 200 69287
207.180.203.210 - - [01/Jan/2021:09:01:05 +0100] "GET /ticket2/opencms/fi/buy/?page=1&edid=492C1137-7E95-5EDF-8C64-E404B3827DAB&sortorder=desc&column=price HTTP/1.1" 200 70620
114.119.137.95 - - [01/Jan/2021:09:01:09 +0100] "GET /ticket2/opencms/fi/lipputoimitukset/ HTTP/1.1" 200 67996
207.180.226.173 - - [01/Jan/2021:09:01:22 +0100] "GET /ticket2/opencms/fi/buy/?page=1&edid=106BCEB3-13F0-783A-EE54-960BEB88B5BD&sortorder=desc&column=price HTTP/1.1" 200 70638
66.249.66.133 - - [01/Jan/2021:09:01:25 +0100] "GET /ticket2/opencms/tb/opencms/en/archive/events/fc_kopenhamn/2006_11_01_20_45/103.html HTTP/1.1" 404 -
207.180.203.210 - - [01/Jan/2021:09:01:26 +0100] "GET /ticket2/opencms/fi/buy/?page=1&edid=49685073-9544-CDEA-5E21-EAD71D4DB9C3&sortorder=desc&column=price HTTP/1.1" 200 72556
192.99.15.199 - - [01/Jan/2021:09:01:32 +0100] "GET /ticket2/opencms/ru/buy/?page=1&edid=AA35831F-AA23-3D8D-06B6-7E1391A24181&sortorder=asc&column=row HTTP/1.1" 200 72160
207.180.226.173 - - [01/Jan/2021:09:01:37 +0100] "GET /ticket2/opencms/fi/buy/?page=1&edid=114E8367-495D-2921-581D-A5757D17A2D8&sortorder=asc&column=price HTTP/1.1" 200 70619
207.180.203.210 - - [01/Jan/2021:09:01:43 +0100] "GET /ticket2/opencms/fi/buy/?page=1&edid=49685073-9544-CDEA-5E21-EAD71D4DB9C3&sortorder=desc&column=row HTTP/1.1" 200 72556
192.99.13.88 - - [01/Jan/2021:09:01:46 +0100] "GET /ticket2/opencms/ru/buy/?page=1&edid=E136A596-08BB-ED9B-BE12-292835575E6C&sortorder=desc&column=price HTTP/1.1" 200 73479
207.180.226.173 - - [01/Jan/2021:09:01:50 +0100] "GET /ticket2/opencms/fi/buy/?page=1&edid=11A3DAC5-EFC7-A421-86C1-A49EFFF1D82E&sortorder=desc&column=section HTTP/1.1" 200 70619
207.180.203.210 - - [01/Jan/2021:09:01:57 +0100] "GET /ticket2/opencms/fi/buy/?page=1&edid=49685073-9544-CDEA-5E21-EAD71D4DB9C3&sortorder=desc&column=section HTTP/1.1" 200 72556
54.36.149.98 - - [01/Jan/2021:09:02:03 +0100] "GET /ticket2/opencms/en/venue/?venueid=00355748-2F14-5C42-41A1-1802A30CF178 HTTP/1.1" 200 65272
207.180.226.173 - - [01/Jan/2021:09:02:06 +0100] "GET /ticket2/opencms/fi/buy/?page=1&edid=13028973-2956-536D-3E4C-D3C42A8E8C22&sortorder=asc&column=section HTTP/1.1" 200 70625
192.99.15.199 - - [01/Jan/2021:09:02:09 +0100] "GET /ticket2/opencms/ru/buy/?page=1&edid=AA35831F-AA23-3D8D-06B6-7E1391A24181&sortorder=asc&column=section HTTP/1.1" 200 72160
167.114.116.38 - - [01/Jan/2021:09:02:12 +0100] "GET /ticket2/opencms/dk/buy/?page=1&edid=26E024E8-5170-90F7-30AC-67027BAA4D0A&sortorder=asc&column=section HTTP/1.1" 200 69287
207.180.203.210 - - [01/Jan/2021:09:02:16 +0100] "GET /ticket2/opencms/fi/buy/?page=1&edid=49B510D5-029A-C703-B351-D5B9988CF9B8&sortorder=desc&column=price HTTP/1.1" 200 72760
183.136.225.56 - - [01/Jan/2021:09:02:22 +0100] "GET /ticket2/opencms/ HTTP/1.1" 302 -
207.180.226.173 - - [01/Jan/2021:09:02:22 +0100] "GET /ticket2/opencms/fi/buy/?page=1&edid=139817EF-970B-30CF-DFF4-4A24563A5DA4&sortorder=asc&column=row HTTP/1.1" 200 70617
37.57.218.243 - - [01/Jan/2021:09:02:24 +0100] "GET /ticket2/opencms/robots.txt HTTP/1.1" 200 773
183.136.225.56 - - [01/Jan/2021:09:02:27 +0100] "GET /ticket2/opencms/en/ HTTP/1.1" 200 66287
37.57.218.243 - - [01/Jan/2021:09:02:35 +0100] "GET /ticket2/opencms/en/buy/?page=1&edid=A90447D4-1BF5-9CDF-A67A-35873286A39C&sortorder=asc&column=section HTTP/1.1" 200 69240
192.99.15.199 - - [01/Jan/2021:09:02:38 +0100] "GET /ticket2/opencms/ru/buy/?page=1&edid=AA846239-9C01-F79F-429F-223A194A604D&sortorder=asc&column=row HTTP/1.1" 200 72177
207.180.203.210 - - [01/Jan/2021:09:02:38 +0100] "GET /ticket2/opencms/fi/buy/?page=1&edid=49B510D5-029A-C703-B351-D5B9988CF9B8&sortorder=desc&column=row HTTP/1.1" 200 72760
192.99.13.88 - - [01/Jan/2021:09:02:39 +0100] "GET /ticket2/opencms/ru/buy/?page=1&edid=E136A596-08BB-ED9B-BE12-292835575E6C&sortorder=desc&column=row HTTP/1.1" 200 73479
207.180.226.173 - - [01/Jan/2021:09:02:42 +0100] "GET /ticket2/opencms/fi/buy/?page=1&edid=13DB05F1-0C0B-D605-D977-62215450F241 HTTP/1.1" 200 70595
37.57.218.243 - - [01/Jan/2021:09:02:44 +0100] "GET /ticket2/opencms/en/buy/?page=1&edid=A9EB69E3-F598-8818-4039-B7E9BE6FE589&sortorder=asc&column=price HTTP/1.1" 200 69242
37.57.218.243 - - [01/Jan/2021:09:02:51 +0100] "GET /ticket2/opencms/en/buy/?page=1&edid=A9EB69E3-F598-8818-4039-B7E9BE6FE589&sortorder=asc&column=row HTTP/1.1" 200 69242
207.180.203.210 - - [01/Jan/2021:09:02:57 +0100] "GET /ticket2/opencms/fi/buy/?page=1&edid=49B510D5-029A-C703-B351-D5B9988CF9B8&sortorder=desc&column=section HTTP/1.1" 200 72760
207.180.226.173 - - [01/Jan/2021:09:03:00 +0100] "GET /ticket2/opencms/fi/buy/?page=1&edid=14EB85AA-52EB-DF14-EE86-8CD319126294&sortorder=desc&column=price HTTP/1.1" 200 70594
37.57.218.243 - - [01/Jan/2021:09:03:01 +0100] "GET /ticket2/opencms/en/buy/?page=1&edid=A9EB69E3-F598-8818-4039-B7E9BE6FE589&sortorder=asc&column=section HTTP/1.1" 200 69242
37.57.218.243 - - [01/Jan/2021:09:03:14 +0100] "GET /ticket2/opencms/en/buy/?page=1&edid=AA35831F-AA23-3D8D-06B6-7E1391A24181&sortorder=asc&column=price HTTP/1.1" 200 71130
207.180.203.210 - - [01/Jan/2021:09:03:16 +0100] "GET /ticket2/opencms/fi/buy/?page=1&edid=49C08FA0-ED06-3265-70AE-3BEE76F3DD9E&sortorder=desc&column=price HTTP/1.1" 200 72307
207.180.226.173 - - [01/Jan/2021:09:03:19 +0100] "GET /ticket2/opencms/fi/buy/?page=1&edid=14EB85AA-52EB-DF14-EE86-8CD319126294&sortorder=desc&column=section HTTP/1.1" 200 70594
167.114.116.38 - - [01/Jan/2021:09:03:20 +0100] "GET /ticket2/opencms/dk/buy/?page=1&edid=2A1BFAB3-CE0E-48DF-1EF7-515480863C5F&sortorder=asc&column=price HTTP/1.1" 200 70773
37.57.218.243 - - [01/Jan/2021:09:03:27 +0100] "GET /ticket2/opencms/en/buy/?page=1&edid=AA35831F-AA23-3D8D-06B6-7E1391A24181&sortorder=asc&column=row HTTP/1.1" 200 71130
54.36.148.250 - - [01/Jan/2021:09:03:28 +0100] "GET /ticket2/opencms/dk/venue/?venueid=058EF548-7E59-A9A1-FFD1-52D7BA231E9F HTTP/1.1" 200 65237
207.180.203.210 - - [01/Jan/2021:09:03:37 +0100] "GET /ticket2/opencms/fi/buy/?page=1&edid=49C08FA0-ED06-3265-70AE-3BEE76F3DD9E&sortorder=desc&column=row HTTP/1.1" 200 72307
192.99.15.199 - - [01/Jan/2021:09:03:40 +0100] "GET /ticket2/opencms/ru/buy/?page=1&edid=AA846239-9C01-F79F-429F-223A194A604D&sortorder=asc&column=section HTTP/1.1" 200 72177
185.191.171.24 - - [01/Jan/2021:09:03:41 +0100] "GET /ticket2/opencms/robots.txt HTTP/1.1" 200 773
192.99.13.88 - - [01/Jan/2021:09:03:42 +0100] "GET /ticket2/opencms/ru/buy/?page=1&edid=E136A596-08BB-ED9B-BE12-292835575E6C&sortorder=desc&column=section HTTP/1.1" 200 73479
185.191.171.42 - - [01/Jan/2021:09:03:43 +0100] "GET /ticket2/opencms/no/buy/?column=section&edid=B83D7B74-C1D0-8F43-FADB-CF0FE69763C3&page=1&sortorder=desc HTTP/1.1" 200 72184
37.57.218.243 - - [01/Jan/2021:09:03:44 +0100] "GET /ticket2/opencms/en/buy/?page=1&edid=AA35831F-AA23-3D8D-06B6-7E1391A24181&sortorder=asc&column=section HTTP/1.1" 200 71130
207.180.226.173 - - [01/Jan/2021:09:03:45 +0100] "GET /ticket2/opencms/fi/buy/?page=1&edid=150E989B-796A-B52C-42BD-5722DC8BA47C&sortorder=desc&column=row HTTP/1.1" 200 72092
207.180.203.210 - - [01/Jan/2021:09:03:49 +0100] "GET /ticket2/opencms/fi/buy/?page=1&edid=49C08FA0-ED06-3265-70AE-3BEE76F3DD9E&sortorder=desc&column=section HTTP/1.1" 200 72307
207.180.226.173 - - [01/Jan/2021:09:03:58 +0100] "GET /ticket2/opencms/fi/buy/?page=1&edid=1641B98B-A297-1D9C-65B8-EC5F1450DCFE&sortorder=desc&column=section HTTP/1.1" 200 72550
37.57.218.243 - - [01/Jan/2021:09:03:59 +0100] "GET /ticket2/opencms/en/buy/?page=1&edid=AC8819A7-EE9F-4A10-55A9-EC0D01F8843F&sortorder=asc&column=price HTTP/1.1" 200 70675
37.57.218.243 - - [01/Jan/2021:09:04:11 +0100] "GET /ticket2/opencms/en/buy/?page=1&edid=AC8819A7-EE9F-4A10-55A9-EC0D01F8843F&sortorder=asc&column=row HTTP/1.1" 200 70675
207.180.226.173 - - [01/Jan/2021:09:04:12 +0100] "GET /ticket2/opencms/fi/buy/?page=1&edid=179D9FBB-D85B-57CD-ADB2-320E069FE8CE&sortorder=asc&column=price HTTP/1.1" 200 73844
207.180.203.210 - - [01/Jan/2021:09:04:16 +0100] "GET /ticket2/opencms/fi/buy/?page=1&edid=4D321089-A4D4-3298-5E79-776EE5413D4E&sortorder=desc&column=price HTTP/1.1" 200 72916
37.57.218.243 - - [01/Jan/2021:09:04:19 +0100] "GET /ticket2/opencms/en/buy/?page=1&edid=AC8819A7-EE9F-4A10-55A9-EC0D01F8843F&sortorder=asc&column=section HTTP/1.1" 200 70675
167.114.116.38 - - [01/Jan/2021:09:04:22 +0100] "GET /ticket2/opencms/dk/buy/?page=1&edid=2A1BFAB3-CE0E-48DF-1EF7-515480863C5F&sortorder=asc&column=row HTTP/1.1" 200 70773
207.180.226.173 - - [01/Jan/2021:09:04:28 +0100] "GET /ticket2/opencms/fi/buy/?page=1&edid=179D9FBB-D85B-57CD-ADB2-320E069FE8CE&sortorder=asc&column=section HTTP/1.1" 200 73844
207.180.203.210 - - [01/Jan/2021:09:04:30 +0100] "GET /ticket2/opencms/fi/buy/?page=1&edid=4D321089-A4D4-3298-5E79-776EE5413D4E&sortorder=desc&column=row HTTP/1.1" 200 72916
37.57.218.243 - - [01/Jan/2021:09:04:30 +0100] "GET /ticket2/opencms/en/buy/?page=1&edid=AEE0E38F-0CA3-53E5-BE24-D612BD968C58&sortorder=asc&column=price HTTP/1.1" 200 69264
192.99.15.199 - - [01/Jan/2021:09:04:35 +0100] "GET /ticket2/opencms/ru/buy/?page=1&edid=AD9481A5-A300-A43A-AA29-A475A26DF184&sortorder=asc&column=price HTTP/1.1" 200 71950
192.99.13.88 - - [01/Jan/2021:09:04:40 +0100] "GET /ticket2/opencms/ru/buy/?page=1&edid=E248EF6A-8342-3B78-4B0A-536EC18AFDB8&sortorder=desc&column=price HTTP/1.1" 200 72340
207.180.226.173 - - [01/Jan/2021:09:04:42 +0100] "GET /ticket2/opencms/fi/buy/?page=1&edid=179D9FBB-D85B-57CD-ADB2-320E069FE8CE&sortorder=desc&column=price HTTP/1.1" 200 73843
37.57.218.243 - - [01/Jan/2021:09:04:43 +0100] "GET /ticket2/opencms/en/buy/?page=1&edid=AEE0E38F-0CA3-53E5-BE24-D612BD968C58&sortorder=asc&column=row HTTP/1.1" 200 69264
37.57.218.243 - - [01/Jan/2021:09:04:51 +0100] "GET /ticket2/opencms/en/buy/?page=1&edid=AEE0E38F-0CA3-53E5-BE24-D612BD968C58&sortorder=asc&column=section HTTP/1.1" 200 69264
54.36.148.96 - - [01/Jan/2021:09:04:54 +0100] "GET /ticket2/opencms/en/venue/?venueid=00752A38-52C0-4B10-A6B8-353C80635A91 HTTP/1.1" 200 65189
207.180.203.210 - - [01/Jan/2021:09:04:55 +0100] "GET /ticket2/opencms/fi/buy/?page=1&edid=4D321089-A4D4-3298-5E79-776EE5413D4E&sortorder=desc&column=section HTTP/1.1" 200 72916
37.57.218.243 - - [01/Jan/2021:09:05:04 +0100] "GET /ticket2/opencms/en/buy/?page=1&edid=B007039E-4545-37ED-654E-25C2BDE7C03C&sortorder=asc&column=price HTTP/1.1" 200 69233
207.180.226.173 - - [01/Jan/2021:09:05:04 +0100] "GET /ticket2/opencms/fi/buy/?page=1&edid=17A4C5EE-2B91-231E-F4BB-23D3CBAC7196&sortorder=asc&column=row HTTP/1.1" 200 72305
207.180.203.210 - - [01/Jan/2021:09:05:11 +0100] "GET /ticket2/opencms/fi/buy/?page=1&edid=4D9E9B53-D6C2-EBD3-ECBD-EC61B335C986 HTTP/1.1" 200 72944
40.77.189.18 - - [01/Jan/2021:09:05:11 +0100] "GET /ticket2/opencms/system/modules/com.gridnine.opencms.ticketbrokerage.site/resources/js/calendar-setup.js HTTP/1.1" 200 4923
37.57.218.243 - - [01/Jan/2021:09:05:15 +0100] "GET /ticket2/opencms/en/buy/?page=1&edid=B007039E-4545-37ED-654E-25C2BDE7C03C&sortorder=asc&column=row HTTP/1.1" 200 69233
216.245.221.83 - - [01/Jan/2021:09:05:18 +0100] "HEAD /ticket2/opencms/ HTTP/1.1" 302 -
216.245.221.83 - - [01/Jan/2021:09:05:19 +0100] "HEAD /ticket2/opencms/en/ HTTP/1.1" 200 -
167.114.116.38 - - [01/Jan/2021:09:05:20 +0100] "GET /ticket2/opencms/dk/buy/?page=1&edid=2BA5A5B5-E3AF-2AED-CB65-2A1CCB8B9277&sortorder=asc&column=row HTTP/1.1" 200 72505
207.180.226.173 - - [01/Jan/2021:09:05:23 +0100] "GET /ticket2/opencms/fi/buy/?page=1&edid=17A4C5EE-2B91-231E-F4BB-23D3CBAC7196&sortorder=asc&column=section HTTP/1.1" 200 72305
192.99.15.199 - - [01/Jan/2021:09:05:26 +0100] "GET /ticket2/opencms/ru/buy/?page=1&edid=AD9481A5-A300-A43A-AA29-A475A26DF184&sortorder=asc&column=row HTTP/1.1" 200 71950
207.180.203.210 - - [01/Jan/2021:09:05:30 +0100] "GET /ticket2/opencms/fi/buy/?page=1&edid=4D9E9B53-D6C2-EBD3-ECBD-EC61B335C986&sortorder=desc&column=price HTTP/1.1" 200 72979
114.119.136.144 - - [01/Jan/2021:09:05:31 +0100] "GET /ticket2/opencms/sv/musikal/sound_of_music/ HTTP/1.1" 200 69254
207.180.226.173 - - [01/Jan/2021:09:05:34 +0100] "GET /ticket2/opencms/fi/buy/?page=1&edid=17A4C5EE-2B91-231E-F4BB-23D3CBAC7196&sortorder=desc&column=row HTTP/1.1" 200 72304
192.99.13.88 - - [01/Jan/2021:09:05:41 +0100] "GET /ticket2/opencms/ru/buy/?page=1&edid=E248EF6A-8342-3B78-4B0A-536EC18AFDB8&sortorder=desc&column=row HTTP/1.1" 200 72340
37.57.218.243 - - [01/Jan/2021:09:05:50 +0100] "GET /ticket2/opencms/en/buy/?page=1&edid=B007039E-4545-37ED-654E-25C2BDE7C03C&sortorder=asc&column=section HTTP/1.1" 200 69233
157.55.39.206 - - [01/Jan/2021:09:05:50 +0100] "GET /ticket2/opencms/no/sport/ishockey/nhl/Carolina-Hurricanes/ HTTP/1.1" 200 68320
207.180.226.173 - - [01/Jan/2021:09:05:53 +0100] "GET /ticket2/opencms/fi/buy/?page=1&edid=17CC3C02-59B8-3739-E9A7-0A3680DBBB37&sortorder=asc&column=price HTTP/1.1" 200 70647
207.180.203.210 - - [01/Jan/2021:09:05:56 +0100] "GET /ticket2/opencms/fi/buy/?page=1&edid=4D9E9B53-D6C2-EBD3-ECBD-EC61B335C986&sortorder=desc&column=section HTTP/1.1" 200 72979
207.180.226.173 - - [01/Jan/2021:09:06:02 +0100] "GET /ticket2/opencms/fi/buy/?page=1&edid=17CC3C02-59B8-3739-E9A7-0A3680DBBB37&sortorder=asc&column=row HTTP/1.1" 200 70647
207.180.226.173 - - [01/Jan/2021:09:06:15 +0100] "GET /ticket2/opencms/fi/buy/?page=1&edid=17CC3C02-59B8-3739-E9A7-0A3680DBBB37&sortorder=asc&column=section HTTP/1.1" 200 70647
157.55.39.85 - - [01/Jan/2021:09:06:16 +0100] "GET /ticket2/opencms/sv/sport/hockeybiljetter/nhl/ HTTP/1.1" 200 77606
37.57.218.243 - - [01/Jan/2021:09:06:17 +0100] "GET /ticket2/opencms/en/buy/?page=1&edid=B2E5BFF4-A3CD-3EDE-214C-30C8A05EA888&sortorder=asc&column=row HTTP/1.1" 200 71822
192.99.15.199 - - [01/Jan/2021:09:06:20 +0100] "GET /ticket2/opencms/ru/buy/?page=1&edid=AD9481A5-A300-A43A-AA29-A475A26DF184&sortorder=asc&column=section HTTP/1.1" 200 71950
54.36.148.250 - - [01/Jan/2021:09:06:22 +0100] "GET /ticket2/opencms/dk/venue/?venueid=2C043B1C-6C0F-19CE-E5CC-868F8A75E913 HTTP/1.1" 200 65225
207.180.226.173 - - [01/Jan/2021:09:06:25 +0100] "GET /ticket2/opencms/fi/buy/?page=1&edid=1883B848-C2AA-E4F0-1F07-3E2222F1A59D HTTP/1.1" 200 70597
37.57.218.243 - - [01/Jan/2021:09:06:27 +0100] "GET /ticket2/opencms/en/buy/?page=1&edid=B2E5BFF4-A3CD-3EDE-214C-30C8A05EA888&sortorder=desc&column=price HTTP/1.1" 200 71821
167.114.116.38 - - [01/Jan/2021:09:06:34 +0100] "GET /ticket2/opencms/dk/buy/?page=1&edid=2BA5A5B5-E3AF-2AED-CB65-2A1CCB8B9277&sortorder=asc&column=section HTTP/1.1" 200 72505
37.57.218.243 - - [01/Jan/2021:09:06:35 +0100] "GET /ticket2/opencms/en/buy/?page=1&edid=B2E5BFF4-A3CD-3EDE-214C-30C8A05EA888&sortorder=desc&column=section HTTP/1.1" 200 71821
192.99.13.88 - - [01/Jan/2021:09:06:37 +0100] "GET /ticket2/opencms/ru/buy/?page=1&edid=E248EF6A-8342-3B78-4B0A-536EC18AFDB8&sortorder=desc&column=section HTTP/1.1" 200 72340
207.180.226.173 - - [01/Jan/2021:09:06:38 +0100] "GET /ticket2/opencms/fi/buy/?page=1&edid=18867CA9-F302-883E-4054-B8E0E1ADD001&sortorder=desc&column=row HTTP/1.1" 200 71781
207.180.203.210 - - [01/Jan/2021:09:06:46 +0100] "GET /ticket2/opencms/fi/buy/?page=1&edid=4E0966A1-2AF5-BC91-C36B-83F4CBC30FFC&sortorder=desc&column=price HTTP/1.1" 200 72098
207.180.226.173 - - [01/Jan/2021:09:06:48 +0100] "GET /ticket2/opencms/fi/buy/?page=1&edid=1B022CA7-FE6D-532E-2FEE-58D5C427FD13&sortorder=desc&column=row HTTP/1.1" 200 70642
37.57.218.243 - - [01/Jan/2021:09:06:51 +0100] "GET /ticket2/opencms/en/buy/?page=1&edid=B32AC485-6487-3239-E615-3AE2E12C4027&sortorder=asc&column=price HTTP/1.1" 200 69263
207.180.226.173 - - [01/Jan/2021:09:06:55 +0100] "GET /ticket2/opencms/fi/buy/?page=1&edid=1B022CA7-FE6D-532E-2FEE-58D5C427FD13&sortorder=desc&column=section HTTP/1.1" 200 70642
207.180.203.210 - - [01/Jan/2021:09:06:57 +0100] "GET /ticket2/opencms/fi/buy/?page=1&edid=4F3DA6FA-933D-3FF6-99D6-14BB67F01388&sortorder=desc&column=row HTTP/1.1" 200 72556
37.57.218.243 - - [01/Jan/2021:09:07:00 +0100] "GET /ticket2/opencms/en/buy/?page=1&edid=B3E810E8-D051-B949-4289-ACAD08512B5A&sortorder=desc&column=price HTTP/1.1" 200 69221
192.99.15.199 - - [01/Jan/2021:09:07:06 +0100] "GET /ticket2/opencms/ru/buy/?page=1&edid=ADE7AA6B-58B7-7155-682C-C32943F9CDAC&sortorder=asc&column=price HTTP/1.1" 200 73468
207.180.226.173 - - [01/Jan/2021:09:07:08 +0100] "GET /ticket2/opencms/fi/buy/?page=1&edid=1B0840D6-2F71-B58C-3433-DBF603BC8CEC&sortorder=desc&column=price HTTP/1.1" 200 70619
36.27.208.157 - - [01/Jan/2021:09:07:11 +0100] "GET /TP/public/index.php HTTP/1.1" 404 -
37.57.218.243 - - [01/Jan/2021:09:07:11 +0100] "GET /ticket2/opencms/en/buy/?page=1&edid=B4030CF5-B314-5DDA-40F9-72DC7FBE18CD&sortorder=desc&column=row HTTP/1.1" 200 70905
36.27.208.157 - - [01/Jan/2021:09:07:12 +0100] "GET /TP/index.php HTTP/1.1" 404 -
36.27.208.157 - - [01/Jan/2021:09:07:12 +0100] "GET /thinkphp/html/public/index.php HTTP/1.1" 404 -
36.27.208.157 - - [01/Jan/2021:09:07:13 +0100] "GET /html/public/index.php HTTP/1.1" 404 -
36.27.208.157 - - [01/Jan/2021:09:07:13 +0100] "GET /public/index.php HTTP/1.1" 404 -
36.27.208.157 - - [01/Jan/2021:09:07:15 +0100] "GET /TP/html/public/index.php HTTP/1.1" 404 -
36.27.208.157 - - [01/Jan/2021:09:07:15 +0100] "GET /elrekt.php HTTP/1.1" 404 -
36.27.208.157 - - [01/Jan/2021:09:07:16 +0100] "GET /index.php HTTP/1.1" 404 -
36.27.208.157 - - [01/Jan/2021:09:07:16 +0100] "POST /users?page=&size=5 HTTP/1.1" 404 -
36.27.208.157 - - [01/Jan/2021:09:07:17 +0100] "GET / HTTP/1.1" 404 -
207.180.203.210 - - [01/Jan/2021:09:07:20 +0100] "GET /ticket2/opencms/fi/buy/?page=1&edid=4FDB7F94-F8AB-DA67-68DF-7DD5AAAA6868&sortorder=desc&column=price HTTP/1.1" 200 72031
207.180.226.173 - - [01/Jan/2021:09:07:24 +0100] "GET /ticket2/opencms/fi/buy/?page=1&edid=1B0840D6-2F71-B58C-3433-DBF603BC8CEC&sortorder=desc&column=row HTTP/1.1" 200 70619
192.99.13.88 - - [01/Jan/2021:09:07:26 +0100] "GET /ticket2/opencms/ru/buy/?page=1&edid=E3118800-A96C-AB59-99C3-1CFA30B79001&sortorder=desc&column=price HTTP/1.1" 200 71766
37.57.218.243 - - [01/Jan/2021:09:07:26 +0100] "GET /ticket2/opencms/en/buy/?page=1&edid=B4030CF5-B314-5DDA-40F9-72DC7FBE18CD&sortorder=desc&column=section HTTP/1.1" 200 70905
207.180.226.173 - - [01/Jan/2021:09:07:34 +0100] "GET /ticket2/opencms/fi/buy/?page=1&edid=1B8CC837-9981-20DD-5622-50C0808E3036&sortorder=desc&column=row HTTP/1.1" 200 72056
207.180.203.210 - - [01/Jan/2021:09:07:34 +0100] "GET /ticket2/opencms/fi/buy/?page=1&edid=4FDB7F94-F8AB-DA67-68DF-7DD5AAAA6868&sortorder=desc&column=row HTTP/1.1" 200 72031
37.57.218.243 - - [01/Jan/2021:09:07:36 +0100] "GET /ticket2/opencms/en/buy/?page=1&edid=B45CAF00-40DA-59AC-3A61-6664C9A34C3F&sortorder=asc&column=section HTTP/1.1" 200 71576
167.114.116.38 - - [01/Jan/2021:09:07:36 +0100] "GET /ticket2/opencms/dk/buy/?page=1&edid=2CBE3E66-EEE8-9717-88A1-14BFB07BB2DE&sortorder=asc&column=price HTTP/1.1" 200 70730
37.57.218.243 - - [01/Jan/2021:09:07:44 +0100] "GET /ticket2/opencms/en/buy/?page=1&edid=B4EC0635-7D95-B22D-B192-3848478AFE4A&sortorder=desc&column=price HTTP/1.1" 200 70881
207.180.226.173 - - [01/Jan/2021:09:07:46 +0100] "GET /ticket2/opencms/fi/buy/?page=1&edid=1C826B1D-7CFD-DD3C-C8BD-1C0EE14E4036&sortorder=desc&column=price HTTP/1.1" 200 70622
54.36.148.250 - - [01/Jan/2021:09:07:48 +0100] "GET /ticket2/opencms/en/venue/?venueid=0282D494-85AE-5A8B-2A51-BC00F5E89183 HTTP/1.1" 200 65227
37.57.218.243 - - [01/Jan/2021:09:07:50 +0100] "GET /ticket2/opencms/en/buy/?page=1&edid=B4EC0635-7D95-B22D-B192-3848478AFE4A&sortorder=desc&column=row HTTP/1.1" 200 70881
192.99.15.199 - - [01/Jan/2021:09:07:55 +0100] "GET /ticket2/opencms/ru/buy/?page=1&edid=ADE7AA6B-58B7-7155-682C-C32943F9CDAC&sortorder=asc&column=row HTTP/1.1" 200 73468
207.180.203.210 - - [01/Jan/2021:09:07:56 +0100] "GET /ticket2/opencms/fi/buy/?page=1&edid=4FDB7F94-F8AB-DA67-68DF-7DD5AAAA6868&sortorder=desc&column=section HTTP/1.1" 200 72031
37.57.218.243 - - [01/Jan/2021:09:07:58 +0100] "GET /ticket2/opencms/en/buy/?page=1&edid=B6233164-B09D-2F93-ABBA-AC58AB9CD4E2&sortorder=asc&column=price HTTP/1.1" 200 69238
207.180.226.173 - - [01/Jan/2021:09:08:02 +0100] "GET /ticket2/opencms/fi/buy/?page=1&edid=1C826B1D-7CFD-DD3C-C8BD-1C0EE14E4036&sortorder=desc&column=section HTTP/1.1" 200 70622
207.180.226.173 - - [01/Jan/2021:09:08:05 +0100] "GET /ticket2/opencms/fi/buy/?page=1&edid=1CB0579F-1D7F-7A19-BD4F-0612A3C3F1F9&sortorder=desc&column=price HTTP/1.1" 200 72051
114.119.156.122 - - [01/Jan/2021:09:08:08 +0100] "GET /ticket2/opencms/sv/venue/?venueid=D2C0F5B4-1573-341C-5259-5AC0A43EDC76 HTTP/1.1" 200 65425
37.57.218.243 - - [01/Jan/2021:09:08:09 +0100] "GET /ticket2/opencms/en/buy/?page=1&edid=B6233164-B09D-2F93-ABBA-AC58AB9CD4E2&sortorder=asc&column=row HTTP/1.1" 200 69238
207.180.203.210 - - [01/Jan/2021:09:08:09 +0100] "GET /ticket2/opencms/fi/buy/?page=1&edid=511DBE77-4302-11AC-20DF-EC763D451874&sortorder=desc&column=price HTTP/1.1" 200 72510
37.57.218.243 - - [01/Jan/2021:09:08:17 +0100] "GET /ticket2/opencms/en/buy/?page=1&edid=B6233164-B09D-2F93-ABBA-AC58AB9CD4E2&sortorder=asc&column=section HTTP/1.1" 200 69238
167.114.116.38 - - [01/Jan/2021:09:08:23 +0100] "GET /ticket2/opencms/dk/buy/?page=1&edid=2CBE3E66-EEE8-9717-88A1-14BFB07BB2DE&sortorder=asc&column=section HTTP/1.1" 200 70730
207.180.226.173 - - [01/Jan/2021:09:08:24 +0100] "GET /ticket2/opencms/fi/buy/?page=1&edid=1CB0579F-1D7F-7A19-BD4F-0612A3C3F1F9&sortorder=desc&column=row HTTP/1.1" 200 72051
37.57.218.243 - - [01/Jan/2021:09:08:25 +0100] "GET /ticket2/opencms/en/buy/?page=1&edid=B6E3C425-FB2A-FD4B-B6C3-0A511B8AB798&sortorder=asc&column=price HTTP/1.1" 200 70649
66.249.66.157 - - [01/Jan/2021:09:08:30 +0100] "GET /ticket2/opencms/en/buy/?page=1&edid=6C4D36C5-EFA1-F636-4F3C-C14C85BECB14 HTTP/1.1" 200 72410
192.99.13.88 - - [01/Jan/2021:09:08:31 +0100] "GET /ticket2/opencms/ru/buy/?page=1&edid=E3118800-A96C-AB59-99C3-1CFA30B79001&sortorder=desc&column=row HTTP/1.1" 200 71766
37.57.218.243 - - [01/Jan/2021:09:08:34 +0100] "GET /ticket2/opencms/en/buy/?page=1&edid=B6E3C425-FB2A-FD4B-B6C3-0A511B8AB798&sortorder=asc&column=row HTTP/1.1" 200 70649
207.180.203.210 - - [01/Jan/2021:09:08:34 +0100] "GET /ticket2/opencms/fi/buy/?page=1&edid=5178626A-34D0-B2BB-F4B7-DD1DCA937081&sortorder=asc&column=price HTTP/1.1" 200 72922
216.18.204.210 - - [01/Jan/2021:09:08:36 +0100] "GET /ticket2/opencms/no/buy/?page=1&edid=EDECF326-D7E7-9E21-07B7-2D6C81741ACC&sortorder=asc&column=section HTTP/1.1" 200 72183
207.180.226.173 - - [01/Jan/2021:09:08:39 +0100] "GET /ticket2/opencms/fi/buy/?page=1&edid=1CB0579F-1D7F-7A19-BD4F-0612A3C3F1F9&sortorder=desc&column=section HTTP/1.1" 200 72051
37.57.218.243 - - [01/Jan/2021:09:08:45 +0100] "GET /ticket2/opencms/en/buy/?page=1&edid=B6E3C425-FB2A-FD4B-B6C3-0A511B8AB798&sortorder=asc&column=section HTTP/1.1" 200 70649
207.180.226.173 - - [01/Jan/2021:09:08:55 +0100] "GET /ticket2/opencms/fi/buy/?page=1&edid=1CC13C34-74D6-88D1-EBB8-E9618A558CB4&sortorder=desc&column=price HTTP/1.1" 200 72075
37.57.218.243 - - [01/Jan/2021:09:08:56 +0100] "GET /ticket2/opencms/en/buy/?page=1&edid=B7273C39-879C-F440-737F-E7FD86E31FD8&sortorder=asc&column=price HTTP/1.1" 200 71632
192.99.15.199 - - [01/Jan/2021:09:08:56 +0100] "GET /ticket2/opencms/ru/buy/?page=1&edid=ADE7AA6B-58B7-7155-682C-C32943F9CDAC&sortorder=asc&column=section HTTP/1.1" 200 73468
207.180.226.173 - - [01/Jan/2021:09:09:07 +0100] "GET /ticket2/opencms/fi/buy/?page=1&edid=1CC13C34-74D6-88D1-EBB8-E9618A558CB4&sortorder=desc&column=row HTTP/1.1" 200 72075
37.57.218.243 - - [01/Jan/2021:09:09:11 +0100] "GET /ticket2/opencms/en/buy/?page=1&edid=B7273C39-879C-F440-737F-E7FD86E31FD8&sortorder=asc&column=row HTTP/1.1" 200 71632
167.114.116.38 - - [01/Jan/2021:09:09:11 +0100] "GET /ticket2/opencms/en/buy/?page=1&edid=58B13301-D5DD-C7AE-DE41-C4027698FEEF&sortorder=desc&column=row HTTP/1.1" 200 69275
54.36.148.125 - - [01/Jan/2021:09:09:13 +0100] "GET /ticket2/opencms/dk/venue/?venueid=03F51804-8CDE-802D-E000-0AE79CB6ED35 HTTP/1.1" 200 65217
207.180.203.210 - - [01/Jan/2021:09:09:19 +0100] "GET /ticket2/opencms/fi/buy/?page=1&edid=5178626A-34D0-B2BB-F4B7-DD1DCA937081&sortorder=asc&column=row HTTP/1.1" 200 72922
37.57.218.243 - - [01/Jan/2021:09:09:20 +0100] "GET /ticket2/opencms/en/buy/?page=1&edid=B7273C39-879C-F440-737F-E7FD86E31FD8&sortorder=asc&column=section HTTP/1.1" 200 71632
207.180.226.173 - - [01/Jan/2021:09:09:22 +0100] "GET /ticket2/opencms/fi/buy/?page=1&edid=1CC13C34-74D6-88D1-EBB8-E9618A558CB4&sortorder=desc&column=section HTTP/1.1" 200 72075
37.57.218.243 - - [01/Jan/2021:09:09:27 +0100] "GET /ticket2/opencms/en/buy/?page=1&edid=B7321235-1E88-19E9-4268-A17C8DB5F8E4&sortorder=desc&column=section HTTP/1.1" 200 70649
192.99.13.88 - - [01/Jan/2021:09:09:29 +0100] "GET /ticket2/opencms/ru/buy/?page=1&edid=E3118800-A96C-AB59-99C3-1CFA30B79001&sortorder=desc&column=section HTTP/1.1" 200 71766
37.57.218.243 - - [01/Jan/2021:09:09:35 +0100] "GET /ticket2/opencms/en/buy/?page=1&edid=B749E405-F4E6-8239-0A05-4388A84F859D&sortorder=asc&column=price HTTP/1.1" 200 69247
207.180.203.210 - - [01/Jan/2021:09:09:37 +0100] "GET /ticket2/opencms/fi/buy/?page=1&edid=5178626A-34D0-B2BB-F4B7-DD1DCA937081&sortorder=asc&column=section HTTP/1.1" 200 72922
207.180.226.173 - - [01/Jan/2021:09:09:37 +0100] "GET /ticket2/opencms/fi/buy/?page=1&edid=1EAC92BF-14E8-0351-B024-D6628F6E28C0&sortorder=asc&column=price HTTP/1.1" 200 70622
207.180.226.173 - - [01/Jan/2021:09:09:41 +0100] "GET /ticket2/opencms/fi/buy/?page=1&edid=1EAC92BF-14E8-0351-B024-D6628F6E28C0&sortorder=asc&column=row HTTP/1.1" 200 70622
157.55.39.41 - - [01/Jan/2021:09:09:42 +0100] "GET /ticket2/opencms/robots.txt HTTP/1.1" 200 773
167.114.116.38 - - [01/Jan/2021:09:09:45 +0100] "GET /ticket2/opencms/en/buy/?page=1&edid=58B13301-D5DD-C7AE-DE41-C4027698FEEF&sortorder=desc&column=section HTTP/1.1" 200 69275
192.99.15.199 - - [01/Jan/2021:09:09:48 +0100] "GET /ticket2/opencms/ru/buy/?page=1&edid=B9CE1702-C437-56C9-DE24-439B63907E56&sortorder=asc&column=price HTTP/1.1" 200 71772
114.119.155.83 - - [01/Jan/2021:09:09:48 +0100] "GET /ticket2/opencms/no/handbook_buyer/ HTTP/1.1" 200 72520
37.57.218.243 - - [01/Jan/2021:09:09:51 +0100] "GET /ticket2/opencms/en/buy/?page=1&edid=B749E405-F4E6-8239-0A05-4388A84F859D&sortorder=asc&column=row HTTP/1.1" 200 69247
157.55.39.240 - - [01/Jan/2021:09:09:52 +0100] "GET /ticket2/opencms/no/buy/?comcatid=A17713B6-D984-201A-4143-ED4DB5ED5C2E&catid=A4D9EA9A-192D-0274-BF26-9C98D8B902AB HTTP/1.1" 200 75836
207.180.203.210 - - [01/Jan/2021:09:09:53 +0100] "GET /ticket2/opencms/fi/buy/?page=1&edid=54BF7B38-1191-4855-07DB-8DE87C08BACB&sortorder=desc&column=price HTTP/1.1" 200 72564
207.180.226.173 - - [01/Jan/2021:09:09:55 +0100] "GET /ticket2/opencms/fi/buy/?page=1&edid=1EAC92BF-14E8-0351-B024-D6628F6E28C0&sortorder=asc&column=section HTTP/1.1" 200 70622
95.163.255.222 - - [01/Jan/2021:09:09:56 +0100] "GET /ticket2/opencms/robots.txt HTTP/1.0" 200 773
95.163.255.213 - - [01/Jan/2021:09:09:58 +0100] "GET /ticket2/opencms/ru/handbook_seller/ HTTP/1.1" 200 74711
37.57.218.243 - - [01/Jan/2021:09:09:59 +0100] "GET /ticket2/opencms/en/buy/?page=1&edid=B749E405-F4E6-8239-0A05-4388A84F859D&sortorder=asc&column=section HTTP/1.1" 200 69247
207.180.226.173 - - [01/Jan/2021:09:10:08 +0100] "GET /ticket2/opencms/fi/buy/?page=1&edid=1F54B902-CCE3-2C1F-2260-BC32A49842C2&sortorder=desc&column=price HTTP/1.1" 200 70635
37.57.218.243 - - [01/Jan/2021:09:10:16 +0100] "GET /ticket2/opencms/en/buy/?page=1&edid=B83D277E-DD60-5908-B3D4-943667640531&sortorder=asc&column=section HTTP/1.1" 200 71112
207.180.203.210 - - [01/Jan/2021:09:10:18 +0100] "GET /ticket2/opencms/fi/buy/?page=1&edid=556D8185-2C7D-1D55-B8E3-986EC0CA0CD9&sortorder=desc&column=row HTTP/1.1" 200 72541
216.245.221.83 - - [01/Jan/2021:09:10:18 +0100] "HEAD /ticket2/opencms/ HTTP/1.1" 302 -
216.245.221.83 - - [01/Jan/2021:09:10:19 +0100] "HEAD /ticket2/opencms/en/ HTTP/1.1" 200 -
207.180.226.173 - - [01/Jan/2021:09:10:20 +0100] "GET /ticket2/opencms/fi/buy/?page=1&edid=1F639E94-CF6E-403B-2FCC-FBB087375287&sortorder=desc&column=price HTTP/1.1" 200 72986
167.114.116.38 - - [01/Jan/2021:09:10:22 +0100] "GET /ticket2/opencms/en/buy/?page=1&edid=58E3E177-9309-B5D9-8336-F7BD3BF87B4F HTTP/1.1" 200 72383
37.57.218.243 - - [01/Jan/2021:09:10:24 +0100] "GET /ticket2/opencms/en/buy/?page=1&edid=B8736786-BDEB-839B-CA60-E0B1B63D3892&sortorder=asc&column=price HTTP/1.1" 200 71566
207.180.226.173 - - [01/Jan/2021:09:10:27 +0100] "GET /ticket2/opencms/fi/buy/?page=1&edid=1F639E94-CF6E-403B-2FCC-FBB087375287&sortorder=desc&column=row HTTP/1.1" 200 72986
192.99.15.199 - - [01/Jan/2021:09:10:30 +0100] "GET /ticket2/opencms/ru/buy/?page=1&edid=B9CE1702-C437-56C9-DE24-439B63907E56&sortorder=asc&column=row HTTP/1.1" 200 71772
192.99.13.88 - - [01/Jan/2021:09:10:33 +0100] "GET /ticket2/opencms/ru/buy/?page=1&edid=E3FBDA6C-664F-E626-DA08-2F08834DE954&sortorder=desc&column=price HTTP/1.1" 200 70235
37.57.218.243 - - [01/Jan/2021:09:10:36 +0100] "GET /ticket2/opencms/en/buy/?page=1&edid=B8736786-BDEB-839B-CA60-E0B1B63D3892&sortorder=asc&column=row HTTP/1.1" 200 71566
207.180.226.173 - - [01/Jan/2021:09:10:39 +0100] "GET /ticket2/opencms/fi/buy/?page=1&edid=1F639E94-CF6E-403B-2FCC-FBB087375287&sortorder=desc&column=section HTTP/1.1" 200 72986
54.36.148.250 - - [01/Jan/2021:09:10:42 +0100] "GET /ticket2/opencms/sv/buy/?page=6&comcatid=A17713B6-D984-201A-4143-ED4DB5ED5C2E&catid=4B941E1B-E4E2-C53E-C693-9FA91BBA9AD5 HTTP/1.1" 200 75891
207.180.203.210 - - [01/Jan/2021:09:10:43 +0100] "GET /ticket2/opencms/fi/buy/?page=1&edid=56AC65AD-6792-298C-C62F-1AAD7AFA4221&sortorder=desc&column=row HTTP/1.1" 200 72302
37.57.218.243 - - [01/Jan/2021:09:10:45 +0100] "GET /ticket2/opencms/en/buy/?page=1&edid=B8736786-BDEB-839B-CA60-E0B1B63D3892&sortorder=asc&column=section HTTP/1.1" 200 71566
207.180.226.173 - - [01/Jan/2021:09:10:50 +0100] "GET /ticket2/opencms/fi/buy/?page=1&edid=1F8B6B82-6B73-637B-114E-E0458D73CE47&sortorder=desc&column=price HTTP/1.1" 200 71773
66.249.66.135 - - [01/Jan/2021:09:10:53 +0100] "GET /ticket2/opencms/tb/opencms/en/archive/events/fc_kopenhamn/2006_11_01_20_45/20.html HTTP/1.1" 404 -
37.57.218.243 - - [01/Jan/2021:09:11:02 +0100] "GET /ticket2/opencms/en/buy/?page=1&edid=BAD2A333-B983-1C4F-085D-667F2BDD36E6&sortorder=asc&column=price HTTP/1.1" 200 69256
207.180.226.173 - - [01/Jan/2021:09:11:03 +0100] "GET /ticket2/opencms/fi/buy/?page=1&edid=2175AB22-B4EA-B727-B0F8-7317ABD0AD46&sortorder=asc&column=price HTTP/1.1" 200 70606
37.57.218.243 - - [01/Jan/2021:09:11:09 +0100] "GET /ticket2/opencms/en/buy/?page=1&edid=BAD2A333-B983-1C4F-085D-667F2BDD36E6&sortorder=desc&column=price HTTP/1.1" 200 69255
207.180.226.173 - - [01/Jan/2021:09:11:11 +0100] "GET /ticket2/opencms/fi/buy/?page=1&edid=2175AB22-B4EA-B727-B0F8-7317ABD0AD46&sortorder=asc&column=row HTTP/1.1" 200 70606
192.99.15.199 - - [01/Jan/2021:09:11:12 +0100] "GET /ticket2/opencms/ru/buy/?page=1&edid=B9CE1702-C437-56C9-DE24-439B63907E56&sortorder=asc&column=section HTTP/1.1" 200 71772
167.114.116.38 - - [01/Jan/2021:09:11:14 +0100] "GET /ticket2/opencms/en/buy/?page=1&edid=58E3E177-9309-B5D9-8336-F7BD3BF87B4F&sortorder=asc&column=price HTTP/1.1" 200 72419
207.180.203.210 - - [01/Jan/2021:09:11:14 +0100] "GET /ticket2/opencms/fi/buy/?page=1&edid=56AC65AD-6792-298C-C62F-1AAD7AFA4221&sortorder=desc&column=section HTTP/1.1" 200 72302
37.57.218.243 - - [01/Jan/2021:09:11:20 +0100] "GET /ticket2/opencms/en/buy/?page=1&edid=BD00BEBE-764F-EE0C-759A-E664776EFB3A&sortorder=asc&column=section HTTP/1.1" 200 69243
207.180.226.173 - - [01/Jan/2021:09:11:24 +0100] "GET /ticket2/opencms/fi/buy/?page=1&edid=2175AB22-B4EA-B727-B0F8-7317ABD0AD46&sortorder=desc&column=price HTTP/1.1" 200 70605
192.99.13.88 - - [01/Jan/2021:09:11:31 +0100] "GET /ticket2/opencms/ru/buy/?page=1&edid=E3FBDA6C-664F-E626-DA08-2F08834DE954&sortorder=desc&column=row HTTP/1.1" 200 70235
37.57.218.243 - - [01/Jan/2021:09:11:32 +0100] "GET /ticket2/opencms/en/buy/?page=1&edid=C0D5FA21-0C90-0D73-2EF5-A41D174CF89F&sortorder=desc&column=price HTTP/1.1" 200 69258
37.57.218.243 - - [01/Jan/2021:09:11:40 +0100] "GET /ticket2/opencms/en/buy/?page=1&edid=C0D5FA21-0C90-0D73-2EF5-A41D174CF89F&sortorder=desc&column=row HTTP/1.1" 200 69258
207.180.226.173 - - [01/Jan/2021:09:11:46 +0100] "GET /ticket2/opencms/fi/buy/?page=1&edid=2175AB22-B4EA-B727-B0F8-7317ABD0AD46&sortorder=desc&column=row HTTP/1.1" 200 70605
167.114.116.38 - - [01/Jan/2021:09:11:47 +0100] "GET /ticket2/opencms/en/buy/?page=1&edid=58E3E177-9309-B5D9-8336-F7BD3BF87B4F&sortorder=asc&column=row HTTP/1.1" 200 72419
37.57.218.243 - - [01/Jan/2021:09:11:53 +0100] "GET /ticket2/opencms/en/buy/?page=1&edid=C0D5FA21-0C90-0D73-2EF5-A41D174CF89F&sortorder=desc&column=section HTTP/1.1" 200 69258
207.180.203.210 - - [01/Jan/2021:09:11:54 +0100] "GET /ticket2/opencms/fi/buy/?page=1&edid=5BA08D04-98D8-B1F5-EAF0-E6471432D6C0&sortorder=desc&column=section HTTP/1.1" 200 70649
207.180.226.173 - - [01/Jan/2021:09:11:59 +0100] "GET /ticket2/opencms/fi/buy/?page=1&edid=2175AB22-B4EA-B727-B0F8-7317ABD0AD46&sortorder=desc&column=section HTTP/1.1" 200 70605
192.99.15.199 - - [01/Jan/2021:09:12:00 +0100] "GET /ticket2/opencms/ru/buy/?page=1&edid=BE8FBC61-B0C2-4CAA-8A3A-B3DE60176719&sortorder=asc&column=price HTTP/1.1" 200 73000
37.57.218.243 - - [01/Jan/2021:09:12:04 +0100] "GET /ticket2/opencms/en/buy/?page=1&edid=C0E71D3B-DC0E-DD9D-0716-7AD40A999541&sortorder=asc&column=section HTTP/1.1" 200 71089
37.57.218.243 - - [01/Jan/2021:09:12:11 +0100] "GET /ticket2/opencms/en/buy/?page=1&edid=C63894D9-FFC6-6076-D3F3-D1640C151FEE&sortorder=desc&column=row HTTP/1.1" 200 69253
167.114.116.38 - - [01/Jan/2021:09:12:15 +0100] "GET /ticket2/opencms/en/buy/?page=1&edid=58E3E177-9309-B5D9-8336-F7BD3BF87B4F&sortorder=asc&column=section HTTP/1.1" 200 72419
54.36.149.15 - - [01/Jan/2021:09:12:15 +0100] "GET /ticket2/opencms/dk/venue/?venueid=01D585F0-8906-9A4C-36CC-65BD1235CC9B HTTP/1.1" 200 65255
207.180.226.173 - - [01/Jan/2021:09:12:16 +0100] "GET /ticket2/opencms/fi/buy/?page=1&edid=21A86BB8-64D8-CBA2-3B98-AF717437C3CC&sortorder=desc&column=price HTTP/1.1" 200 72505
37.57.218.243 - - [01/Jan/2021:09:12:19 +0100] "GET /ticket2/opencms/en/buy/?page=1&edid=C7DF64BC-E72C-BF39-4E14-CC88E6DB4005&sortorder=asc&column=price HTTP/1.1" 200 69263
207.180.226.173 - - [01/Jan/2021:09:12:20 +0100] "GET /ticket2/opencms/fi/buy/?page=1&edid=2220CB80-B64C-3BDC-0712-55A886835053&sortorder=desc&column=price HTTP/1.1" 200 70640
207.180.203.210 - - [01/Jan/2021:09:12:20 +0100] "GET /ticket2/opencms/fi/buy/?page=1&edid=5BFC1C1E-ACCB-EE58-DD34-E65D2A3DFD07&sortorder=asc&column=row HTTP/1.1" 200 72026
192.99.13.88 - - [01/Jan/2021:09:12:22 +0100] "GET /ticket2/opencms/ru/buy/?page=1&edid=E3FBDA6C-664F-E626-DA08-2F08834DE954&sortorder=desc&column=section HTTP/1.1" 200 70235
37.57.218.243 - - [01/Jan/2021:09:12:27 +0100] "GET /ticket2/opencms/en/buy/?page=1&edid=C7DF64BC-E72C-BF39-4E14-CC88E6DB4005&sortorder=asc&column=row HTTP/1.1" 200 69263
216.18.204.210 - - [01/Jan/2021:09:12:30 +0100] "GET /ticket2/opencms/no/buy/?page=1&edid=F05F57EF-962F-4A4F-88A6-EE4E2D6D15D8&sortorder=asc&column=section HTTP/1.1" 200 72183
207.180.226.173 - - [01/Jan/2021:09:12:34 +0100] "GET /ticket2/opencms/fi/buy/?page=1&edid=225ED81D-14D9-65BF-2E7D-B99F95E4B9C3&sortorder=desc&column=price HTTP/1.1" 200 72716
37.57.218.243 - - [01/Jan/2021:09:12:39 +0100] "GET /ticket2/opencms/en/buy/?page=1&edid=C7DF64BC-E72C-BF39-4E14-CC88E6DB4005&sortorder=asc&column=section HTTP/1.1" 200 69263
192.99.15.199 - - [01/Jan/2021:09:12:46 +0100] "GET /ticket2/opencms/ru/buy/?page=1&edid=BE8FBC61-B0C2-4CAA-8A3A-B3DE60176719&sortorder=asc&column=row HTTP/1.1" 200 73000
207.180.226.173 - - [01/Jan/2021:09:12:46 +0100] "GET /ticket2/opencms/fi/buy/?page=1&edid=2378B1DF-05D3-A4D5-C075-773EAEDDDB51&sortorder=asc&column=price HTTP/1.1" 200 72552
37.57.218.243 - - [01/Jan/2021:09:12:54 +0100] "GET /ticket2/opencms/en/buy/?page=1&edid=C7DF64BC-E72C-BF39-4E14-CC88E6DB4005&sortorder=desc&column=price HTTP/1.1" 200 69262
207.180.203.210 - - [01/Jan/2021:09:12:57 +0100] "GET /ticket2/opencms/fi/buy/?page=1&edid=5BFC1C1E-ACCB-EE58-DD34-E65D2A3DFD07&sortorder=asc&column=section HTTP/1.1" 200 72026
167.114.116.38 - - [01/Jan/2021:09:12:57 +0100] "GET /ticket2/opencms/en/buy/?page=1&edid=58E3E177-9309-B5D9-8336-F7BD3BF87B4F&sortorder=desc&column=price HTTP/1.1" 200 72418
207.180.226.173 - - [01/Jan/2021:09:13:01 +0100] "GET /ticket2/opencms/fi/buy/?page=1&edid=2378B1DF-05D3-A4D5-C075-773EAEDDDB51&sortorder=asc&column=row HTTP/1.1" 200 72552
37.57.218.243 - - [01/Jan/2021:09:13:01 +0100] "GET /ticket2/opencms/en/buy/?page=1&edid=C7DF64BC-E72C-BF39-4E14-CC88E6DB4005&sortorder=desc&column=row HTTP/1.1" 200 69262
37.57.218.243 - - [01/Jan/2021:09:13:13 +0100] "GET /ticket2/opencms/en/buy/?page=1&edid=C7DF64BC-E72C-BF39-4E14-CC88E6DB4005&sortorder=desc&column=section HTTP/1.1" 200 69262
207.180.226.173 - - [01/Jan/2021:09:13:14 +0100] "GET /ticket2/opencms/fi/buy/?page=1&edid=2378B1DF-05D3-A4D5-C075-773EAEDDDB51&sortorder=asc&column=section HTTP/1.1" 200 72552
192.99.13.88 - - [01/Jan/2021:09:13:14 +0100] "GET /ticket2/opencms/ru/buy/?page=1&edid=E4909145-00FF-6001-90F1-1FF62B4EBAA6&sortorder=desc&column=price HTTP/1.1" 200 71705
167.114.116.38 - - [01/Jan/2021:09:13:22 +0100] "GET /ticket2/opencms/en/buy/?page=1&edid=58E3E177-9309-B5D9-8336-F7BD3BF87B4F&sortorder=desc&column=row HTTP/1.1" 200 72418
37.57.218.243 - - [01/Jan/2021:09:13:25 +0100] "GET /ticket2/opencms/en/buy/?page=1&edid=C911FAED-AB24-3D1E-9FCD-5C4460E1968C&sortorder=asc&column=price HTTP/1.1" 200 69230
207.180.226.173 - - [01/Jan/2021:09:13:27 +0100] "GET /ticket2/opencms/fi/buy/?page=1&edid=2378B1DF-05D3-A4D5-C075-773EAEDDDB51&sortorder=desc&column=section HTTP/1.1" 200 72551
66.249.66.135 - - [01/Jan/2021:09:13:33 +0100] "GET /ticket2/opencms/dk/buy/?page=6&comcatid=97ECA65A-72DA-F9AF-9DBB-245D3CFED1BE&catid=8732E72C-A028-EA8C-4D4D-DEB44E2A28A8 HTTP/1.1" 200 70249
37.57.218.243 - - [01/Jan/2021:09:13:37 +0100] "GET /ticket2/opencms/en/buy/?page=1&edid=C911FAED-AB24-3D1E-9FCD-5C4460E1968C&sortorder=asc&column=row HTTP/1.1" 200 69230
207.180.203.210 - - [01/Jan/2021:09:13:38 +0100] "GET /ticket2/opencms/fi/buy/?page=1&edid=5D2B942D-E9BA-4D3F-DE6E-6DFF5E3DD5B2&sortorder=asc&column=price HTTP/1.1" 200 72319
192.99.15.199 - - [01/Jan/2021:09:13:41 +0100] "GET /ticket2/opencms/ru/buy/?page=1&edid=BE8FBC61-B0C2-4CAA-8A3A-B3DE60176719&sortorder=asc&column=section HTTP/1.1" 200 73000
207.180.226.173 - - [01/Jan/2021:09:13:42 +0100] "GET /ticket2/opencms/fi/buy/?page=1&edid=2385A97C-ADBC-714E-058F-F9D1A81366A6 HTTP/1.1" 200 70578
54.36.148.46 - - [01/Jan/2021:09:13:43 +0100] "GET /ticket2/opencms/en/venue/?venueid=03CDE5C1-6C85-4333-AD6E-F14ADEB9C5AB HTTP/1.1" 200 65201
37.57.218.243 - - [01/Jan/2021:09:13:48 +0100] "GET /ticket2/opencms/en/buy/?page=1&edid=C911FAED-AB24-3D1E-9FCD-5C4460E1968C&sortorder=asc&column=section HTTP/1.1" 200 69230
13.66.139.121 - - [01/Jan/2021:09:13:53 +0100] "GET /ticket2/opencms/dk/sport/fodboldbilletter/serie-a/lazio/ HTTP/1.1" 200 67375
167.114.116.38 - - [01/Jan/2021:09:13:54 +0100] "GET /ticket2/opencms/en/buy/?page=1&edid=58E3E177-9309-B5D9-8336-F7BD3BF87B4F&sortorder=desc&column=section HTTP/1.1" 200 72418
37.57.218.243 - - [01/Jan/2021:09:13:59 +0100] "GET /ticket2/opencms/en/buy/?page=1&edid=C911FAED-AB24-3D1E-9FCD-5C4460E1968C&sortorder=desc&column=price HTTP/1.1" 200 69229
207.180.226.173 - - [01/Jan/2021:09:14:00 +0100] "GET /ticket2/opencms/fi/buy/?page=1&edid=2385A97C-ADBC-714E-058F-F9D1A81366A6&sortorder=desc&column=price HTTP/1.1" 200 70613
37.57.218.243 - - [01/Jan/2021:09:14:08 +0100] "GET /ticket2/opencms/en/buy/?page=1&edid=CA7B7856-D65D-D70C-71B2-A5CF8B27B7FA&sortorder=desc&column=section HTTP/1.1" 200 69249
207.180.226.173 - - [01/Jan/2021:09:14:11 +0100] "GET /ticket2/opencms/fi/buy/?page=1&edid=2385A97C-ADBC-714E-058F-F9D1A81366A6&sortorder=desc&column=row HTTP/1.1" 200 70613
114.119.133.76 - - [01/Jan/2021:09:14:11 +0100] "GET /ticket2/opencms/dk/buy/?page=1&edid=A6C4D480-69FB-83C2-D404-544032F1E834&sortorder=asc&column=price HTTP/1.1" 200 70982
207.180.203.210 - - [01/Jan/2021:09:14:12 +0100] "GET /ticket2/opencms/fi/buy/?page=1&edid=5D2B942D-E9BA-4D3F-DE6E-6DFF5E3DD5B2&sortorder=asc&column=section HTTP/1.1" 200 72319
192.99.13.88 - - [01/Jan/2021:09:14:15 +0100] "GET /ticket2/opencms/ru/buy/?page=1&edid=E4909145-00FF-6001-90F1-1FF62B4EBAA6&sortorder=desc&column=row HTTP/1.1" 200 71705
207.180.226.173 - - [01/Jan/2021:09:14:29 +0100] "GET /ticket2/opencms/fi/buy/?page=1&edid=2385A97C-ADBC-714E-058F-F9D1A81366A6&sortorder=desc&column=section HTTP/1.1" 200 70613
192.99.15.199 - - [01/Jan/2021:09:14:36 +0100] "GET /ticket2/opencms/ru/buy/?page=1&edid=BEE9102C-D2FA-07BD-37A8-F36B2B2962FE&sortorder=asc&column=row HTTP/1.1" 200 71764
167.114.116.38 - - [01/Jan/2021:09:14:37 +0100] "GET /ticket2/opencms/en/buy/?page=1&edid=58EAE724-1596-B77F-AEFE-52B8A95E302A HTTP/1.1" 200 71065
207.180.203.210 - - [01/Jan/2021:09:14:44 +0100] "GET /ticket2/opencms/fi/buy/?page=1&edid=5EACAE7F-3F8F-8931-8C87-D9FB6D5E9E34&sortorder=desc&column=price HTTP/1.1" 200 70650
207.180.226.173 - - [01/Jan/2021:09:14:45 +0100] "GET /ticket2/opencms/fi/buy/?page=1&edid=238FA49B-72B2-BE0E-F204-90EDB39CCE4C&sortorder=desc&column=price HTTP/1.1" 200 72567
207.180.226.173 - - [01/Jan/2021:09:14:48 +0100] "GET /ticket2/opencms/fi/buy/?page=1&edid=238FA49B-72B2-BE0E-F204-90EDB39CCE4C&sortorder=desc&column=row HTTP/1.1" 200 72567
207.180.226.173 - - [01/Jan/2021:09:14:58 +0100] "GET /ticket2/opencms/fi/buy/?page=1&edid=238FA49B-72B2-BE0E-F204-90EDB39CCE4C&sortorder=desc&column=section HTTP/1.1" 200 72567
192.99.13.88 - - [01/Jan/2021:09:15:07 +0100] "GET /ticket2/opencms/ru/buy/?page=1&edid=E4909145-00FF-6001-90F1-1FF62B4EBAA6&sortorder=desc&column=section HTTP/1.1" 200 71705
157.55.39.25 - - [01/Jan/2021:09:15:08 +0100] "GET /ticket2/opencms/robots.txt HTTP/1.1" 200 773
207.180.203.210 - - [01/Jan/2021:09:15:08 +0100] "GET /ticket2/opencms/fi/buy/?page=1&edid=5F9CBC91-A30C-7040-A069-3D1F7045684F&sortorder=asc&column=row HTTP/1.1" 200 70646
207.180.226.173 - - [01/Jan/2021:09:15:08 +0100] "GET /ticket2/opencms/fi/buy/?page=1&edid=25375E6B-1D70-2360-CE2B-4CBA83124EFC&sortorder=asc&column=price HTTP/1.1" 200 70635
167.114.116.38 - - [01/Jan/2021:09:15:09 +0100] "GET /ticket2/opencms/en/buy/?page=1&edid=58EAE724-1596-B77F-AEFE-52B8A95E302A&sortorder=asc&column=price HTTP/1.1" 200 71101
157.55.39.25 - - [01/Jan/2021:09:15:11 +0100] "GET /ticket2/opencms/robots.txt HTTP/1.1" 200 773
54.36.148.250 - - [01/Jan/2021:09:15:14 +0100] "GET /ticket2/opencms/dk/venue/?venueid=2AB803FF-5300-9F4B-98D0-D3CDAE3FB479 HTTP/1.1" 200 65264
13.66.139.68 - - [01/Jan/2021:09:15:14 +0100] "GET /ticket2/opencms/sitemap.xml HTTP/1.1" 200 37572
216.245.221.83 - - [01/Jan/2021:09:15:18 +0100] "HEAD /ticket2/opencms/ HTTP/1.1" 302 -
216.245.221.83 - - [01/Jan/2021:09:15:19 +0100] "HEAD /ticket2/opencms/en/ HTTP/1.1" 200 -
192.99.15.199 - - [01/Jan/2021:09:15:25 +0100] "GET /ticket2/opencms/ru/buy/?page=1&edid=BEE9102C-D2FA-07BD-37A8-F36B2B2962FE&sortorder=asc&column=section HTTP/1.1" 200 71764
207.180.226.173 - - [01/Jan/2021:09:15:26 +0100] "GET /ticket2/opencms/fi/buy/?page=1&edid=2580EFD9-5BA4-738B-D051-8FCD624442F6&sortorder=asc&column=row HTTP/1.1" 200 70622
