144.76.176.171 - - [01/Jan/2021:07:36:37 +0100] "GET /ticket2/opencms/en/buy/?page=1&edid=2E3308C6-12D0-B50B-7958-3212AA58F984&sortorder=asc&column=row HTTP/1.1" 200 70653
144.76.176.171 - - [01/Jan/2021:07:36:41 +0100] "GET /ticket2/opencms/en/buy/?page=1&edid=2E3308C6-12D0-B50B-7958-3212AA58F984&sortorder=asc&column=section HTTP/1.1" 200 70653
144.76.176.171 - - [01/Jan/2021:07:36:49 +0100] "GET /ticket2/opencms/en/buy/?page=1&edid=2E3308C6-12D0-B50B-7958-3212AA58F984&sortorder=desc&column=price HTTP/1.1" 200 70652
167.114.64.97 - - [01/Jan/2021:07:36:50 +0100] "GET /ticket2/opencms/nl/buy/?page=1&edid=B01EB766-CA7D-1A19-0DC1-D3305DF28EF7&sortorder=asc&column=row HTTP/1.1" 200 69697
144.76.176.171 - - [01/Jan/2021:07:36:52 +0100] "GET /ticket2/opencms/en/buy/?page=1&edid=2E3308C6-12D0-B50B-7958-3212AA58F984&sortorder=desc&column=row HTTP/1.1" 200 70652
144.76.176.171 - - [01/Jan/2021:07:37:04 +0100] "GET /ticket2/opencms/en/buy/?page=1&edid=2EC05A39-D275-20A3-C620-788098DAAD0B&sortorder=asc&column=price HTTP/1.1" 200 69272
144.76.176.171 - - [01/Jan/2021:07:37:13 +0100] "GET /ticket2/opencms/en/buy/?page=1&edid=2EC05A39-D275-20A3-C620-788098DAAD0B&sortorder=asc&column=row HTTP/1.1" 200 69272
54.36.148.107 - - [01/Jan/2021:07:37:20 +0100] "GET /ticket2/opencms/dk/venue/?venueid=14E353DB-1094-40F7-2A63-0006F00AC29F HTTP/1.1" 200 65249
144.76.176.171 - - [01/Jan/2021:07:37:21 +0100] "GET /ticket2/opencms/en/buy/?page=1&edid=2EC05A39-D275-20A3-C620-788098DAAD0B&sortorder=asc&column=section HTTP/1.1" 200 69272
144.76.176.171 - - [01/Jan/2021:07:37:28 +0100] "GET /ticket2/opencms/en/buy/?page=1&edid=2EC05A39-D275-20A3-C620-788098DAAD0B&sortorder=desc&column=price HTTP/1.1" 200 69271
144.76.176.171 - - [01/Jan/2021:07:37:33 +0100] "GET /ticket2/opencms/en/buy/?page=1&edid=2F091351-AF20-DF8B-A6F9-E8968C10B28F&sortorder=asc&column=price HTTP/1.1" 200 70700
144.76.176.171 - - [01/Jan/2021:07:37:44 +0100] "GET /ticket2/opencms/en/buy/?page=1&edid=2F091351-AF20-DF8B-A6F9-E8968C10B28F&sortorder=asc&column=row HTTP/1.1" 200 70700
144.76.176.171 - - [01/Jan/2021:07:37:52 +0100] "GET /ticket2/opencms/en/buy/?page=1&edid=2F091351-AF20-DF8B-A6F9-E8968C10B28F&sortorder=asc&column=section HTTP/1.1" 200 70700
167.114.64.97 - - [01/Jan/2021:07:37:54 +0100] "GET /ticket2/opencms/nl/buy/?page=1&edid=B01EB766-CA7D-1A19-0DC1-D3305DF28EF7&sortorder=asc&column=section HTTP/1.1" 200 69697
144.76.176.171 - - [01/Jan/2021:07:38:01 +0100] "GET /ticket2/opencms/en/buy/?page=1&edid=301B6DE4-27D0-5449-2AEA-BDD081996845&sortorder=asc&column=price HTTP/1.1" 200 70910
144.76.176.171 - - [01/Jan/2021:07:38:10 +0100] "GET /ticket2/opencms/en/buy/?page=1&edid=301B6DE4-27D0-5449-2AEA-BDD081996845&sortorder=asc&column=row HTTP/1.1" 200 70910
144.76.176.171 - - [01/Jan/2021:07:38:16 +0100] "GET /ticket2/opencms/en/buy/?page=1&edid=301B6DE4-27D0-5449-2AEA-BDD081996845&sortorder=asc&column=section HTTP/1.1" 200 70910
144.76.176.171 - - [01/Jan/2021:07:38:21 +0100] "GET /ticket2/opencms/en/buy/?page=1&edid=312D91B6-932A-A893-4AF7-A90079FB1635&sortorder=asc&column=price HTTP/1.1" 200 70700
114.119.139.25 - - [01/Jan/2021:07:38:24 +0100] "GET /ticket2/opencms/nl/buy/?page=1&edid=5570BE8B-F706-8367-B456-1833A283D402 HTTP/1.1" 200 71465
144.76.176.171 - - [01/Jan/2021:07:38:27 +0100] "GET /ticket2/opencms/en/buy/?page=1&edid=312D91B6-932A-A893-4AF7-A90079FB1635&sortorder=asc&column=row HTTP/1.1" 200 70700
144.76.176.171 - - [01/Jan/2021:07:38:36 +0100] "GET /ticket2/opencms/en/buy/?page=1&edid=312D91B6-932A-A893-4AF7-A90079FB1635&sortorder=asc&column=section HTTP/1.1" 200 70700
216.18.204.210 - - [01/Jan/2021:07:38:41 +0100] "GET /ticket2/opencms/no/buy/?page=1&edid=A3190A63-6FBC-ADA1-B1CD-CF47F8FAB5EA&sortorder=asc&column=price HTTP/1.1" 200 71647
54.36.148.226 - - [01/Jan/2021:07:38:45 +0100] "GET /ticket2/opencms/dk/venue/?venueid=15123ED8-609E-2D0A-517F-C0F7E5CB9508 HTTP/1.1" 200 65214
144.76.176.171 - - [01/Jan/2021:07:38:45 +0100] "GET /ticket2/opencms/en/buy/?page=1&edid=31D4F46A-F17C-48AF-3C4D-97EE1AFFD50F&sortorder=asc&column=price HTTP/1.1" 200 69255
167.114.64.97 - - [01/Jan/2021:07:38:50 +0100] "GET /ticket2/opencms/nl/buy/?page=1&edid=B03E07E3-7AEB-A13D-3217-AD4A7760899B&sortorder=asc&column=price HTTP/1.1" 200 69726
144.76.176.171 - - [01/Jan/2021:07:38:53 +0100] "GET /ticket2/opencms/en/buy/?page=1&edid=31D4F46A-F17C-48AF-3C4D-97EE1AFFD50F&sortorder=asc&column=row HTTP/1.1" 200 69255
144.76.176.171 - - [01/Jan/2021:07:38:57 +0100] "GET /ticket2/opencms/en/buy/?page=1&edid=31D4F46A-F17C-48AF-3C4D-97EE1AFFD50F&sortorder=asc&column=section HTTP/1.1" 200 69255
144.76.176.171 - - [01/Jan/2021:07:39:05 +0100] "GET /ticket2/opencms/en/buy/?page=1&edid=32C6D1B6-DA25-AED1-5388-0CCEEECB17C7&sortorder=asc&column=price HTTP/1.1" 200 70644
144.76.176.171 - - [01/Jan/2021:07:39:08 +0100] "GET /ticket2/opencms/en/buy/?page=1&edid=32C6D1B6-DA25-AED1-5388-0CCEEECB17C7&sortorder=asc&column=row HTTP/1.1" 200 70644
216.18.204.210 - - [01/Jan/2021:07:39:13 +0100] "GET /ticket2/opencms/no/buy/?page=1&edid=AF1AEE1B-4EFB-D5BB-549A-A360FE966DC5&sortorder=asc&column=price HTTP/1.1" 200 72190
144.76.176.171 - - [01/Jan/2021:07:39:15 +0100] "GET /ticket2/opencms/en/buy/?page=1&edid=32C6D1B6-DA25-AED1-5388-0CCEEECB17C7&sortorder=asc&column=section HTTP/1.1" 200 70644
144.76.176.171 - - [01/Jan/2021:07:39:20 +0100] "GET /ticket2/opencms/en/buy/?page=1&edid=32D997E3-A24F-C86C-83A0-CCE54BCFCF23&sortorder=asc&column=price HTTP/1.1" 200 69235
144.76.176.171 - - [01/Jan/2021:07:39:27 +0100] "GET /ticket2/opencms/en/buy/?page=1&edid=32D997E3-A24F-C86C-83A0-CCE54BCFCF23&sortorder=asc&column=row HTTP/1.1" 200 69235
144.76.176.171 - - [01/Jan/2021:07:39:34 +0100] "GET /ticket2/opencms/en/buy/?page=1&edid=32D997E3-A24F-C86C-83A0-CCE54BCFCF23&sortorder=asc&column=section HTTP/1.1" 200 69235
144.76.176.171 - - [01/Jan/2021:07:39:40 +0100] "GET /ticket2/opencms/en/buy/?page=1&edid=32E593F0-DAB2-EBDA-D7C2-9EF9A183088B&sortorder=asc&column=price HTTP/1.1" 200 69230
144.76.176.171 - - [01/Jan/2021:07:39:43 +0100] "GET /ticket2/opencms/en/buy/?page=1&edid=32E593F0-DAB2-EBDA-D7C2-9EF9A183088B&sortorder=asc&column=row HTTP/1.1" 200 69230
144.76.176.171 - - [01/Jan/2021:07:39:53 +0100] "GET /ticket2/opencms/en/buy/?page=1&edid=32E593F0-DAB2-EBDA-D7C2-9EF9A183088B&sortorder=asc&column=section HTTP/1.1" 200 69230
167.114.64.97 - - [01/Jan/2021:07:39:54 +0100] "GET /ticket2/opencms/nl/buy/?page=1&edid=B03E07E3-7AEB-A13D-3217-AD4A7760899B&sortorder=asc&column=row HTTP/1.1" 200 69726
144.76.176.171 - - [01/Jan/2021:07:40:03 +0100] "GET /ticket2/opencms/en/buy/?page=1&edid=33949892-80FF-C789-15D6-0024B57F2992&sortorder=asc&column=price HTTP/1.1" 200 69254
54.36.149.72 - - [01/Jan/2021:07:40:11 +0100] "GET /ticket2/opencms/dk/venue/?venueid=39C43282-985C-5277-31A7-ADF50A8ACB3F HTTP/1.1" 200 65288
144.76.176.171 - - [01/Jan/2021:07:40:12 +0100] "GET /ticket2/opencms/en/buy/?page=1&edid=33949892-80FF-C789-15D6-0024B57F2992&sortorder=asc&column=row HTTP/1.1" 200 69254
216.245.221.83 - - [01/Jan/2021:07:40:19 +0100] "HEAD /ticket2/opencms/ HTTP/1.1" 302 -
216.245.221.83 - - [01/Jan/2021:07:40:19 +0100] "HEAD /ticket2/opencms/en/ HTTP/1.1" 200 -
144.76.176.171 - - [01/Jan/2021:07:40:20 +0100] "GET /ticket2/opencms/en/buy/?page=1&edid=33949892-80FF-C789-15D6-0024B57F2992&sortorder=asc&column=section HTTP/1.1" 200 69254
144.76.176.171 - - [01/Jan/2021:07:40:28 +0100] "GET /ticket2/opencms/en/buy/?page=1&edid=339EBE6C-7CB3-D64A-7E36-EDEE00BC8C46&sortorder=asc&column=price HTTP/1.1" 200 70638
144.76.176.171 - - [01/Jan/2021:07:40:35 +0100] "GET /ticket2/opencms/en/buy/?page=1&edid=339EBE6C-7CB3-D64A-7E36-EDEE00BC8C46&sortorder=asc&column=row HTTP/1.1" 200 70638
144.76.176.171 - - [01/Jan/2021:07:40:39 +0100] "GET /ticket2/opencms/en/buy/?page=1&edid=339EBE6C-7CB3-D64A-7E36-EDEE00BC8C46&sortorder=asc&column=section HTTP/1.1" 200 70638
144.76.176.171 - - [01/Jan/2021:07:40:48 +0100] "GET /ticket2/opencms/en/buy/?page=1&edid=33B51BAB-561B-B49F-EF84-F94129191748&sortorder=asc&column=price HTTP/1.1" 200 69260
167.114.64.97 - - [01/Jan/2021:07:40:55 +0100] "GET /ticket2/opencms/nl/buy/?page=1&edid=B04F9C9F-0B5E-1B41-4BEE-8594CB1D3CAC&sortorder=asc&column=price HTTP/1.1" 200 70196
144.76.176.171 - - [01/Jan/2021:07:40:55 +0100] "GET /ticket2/opencms/en/buy/?page=1&edid=33B51BAB-561B-B49F-EF84-F94129191748&sortorder=asc&column=row HTTP/1.1" 200 69260
144.76.176.171 - - [01/Jan/2021:07:41:02 +0100] "GET /ticket2/opencms/en/buy/?page=1&edid=33B51BAB-561B-B49F-EF84-F94129191748&sortorder=asc&column=section HTTP/1.1" 200 69260
144.76.176.171 - - [01/Jan/2021:07:41:07 +0100] "GET /ticket2/opencms/en/buy/?page=1&edid=345CE8A5-566F-3F34-DBBD-CDA402ACAFC3&sortorder=asc&column=price HTTP/1.1" 200 69248
144.76.176.171 - - [01/Jan/2021:07:41:12 +0100] "GET /ticket2/opencms/en/buy/?page=1&edid=345CE8A5-566F-3F34-DBBD-CDA402ACAFC3&sortorder=asc&column=row HTTP/1.1" 200 69248
144.76.176.171 - - [01/Jan/2021:07:41:19 +0100] "GET /ticket2/opencms/en/buy/?page=1&edid=345CE8A5-566F-3F34-DBBD-CDA402ACAFC3&sortorder=asc&column=section HTTP/1.1" 200 69248
144.76.176.171 - - [01/Jan/2021:07:41:28 +0100] "GET /ticket2/opencms/en/buy/?page=1&edid=34E648BD-525E-B0B3-A278-2841C9284E15&sortorder=asc&column=price HTTP/1.1" 200 69249
144.76.176.171 - - [01/Jan/2021:07:41:36 +0100] "GET /ticket2/opencms/en/buy/?page=1&edid=34E648BD-525E-B0B3-A278-2841C9284E15&sortorder=asc&column=row HTTP/1.1" 200 69249
54.36.148.250 - - [01/Jan/2021:07:41:38 +0100] "GET /ticket2/opencms/dk/venue/?venueid=1781EF85-5958-DE3C-8638-41C4B27C134F HTTP/1.1" 200 65246
144.76.176.171 - - [01/Jan/2021:07:41:41 +0100] "GET /ticket2/opencms/en/buy/?page=1&edid=34E648BD-525E-B0B3-A278-2841C9284E15&sortorder=asc&column=section HTTP/1.1" 200 69249
144.76.176.171 - - [01/Jan/2021:07:41:49 +0100] "GET /ticket2/opencms/en/buy/?page=1&edid=36289134-0DCD-BEA0-FF0F-0714C683763A&sortorder=asc&column=price HTTP/1.1" 200 69246
144.76.176.171 - - [01/Jan/2021:07:41:53 +0100] "GET /ticket2/opencms/en/buy/?page=1&edid=36289134-0DCD-BEA0-FF0F-0714C683763A&sortorder=asc&column=row HTTP/1.1" 200 69246
144.76.176.171 - - [01/Jan/2021:07:42:01 +0100] "GET /ticket2/opencms/en/buy/?page=1&edid=36289134-0DCD-BEA0-FF0F-0714C683763A&sortorder=asc&column=section HTTP/1.1" 200 69246
167.114.64.97 - - [01/Jan/2021:07:42:07 +0100] "GET /ticket2/opencms/nl/buy/?page=1&edid=B04F9C9F-0B5E-1B41-4BEE-8594CB1D3CAC&sortorder=asc&column=row HTTP/1.1" 200 70196
216.18.204.210 - - [01/Jan/2021:07:42:10 +0100] "GET /ticket2/opencms/no/buy/?page=1&edid=C13188B2-4508-D2E9-B121-B54B35743CCB&sortorder=asc&column=price HTTP/1.1" 200 72989
144.76.176.171 - - [01/Jan/2021:07:42:10 +0100] "GET /ticket2/opencms/en/buy/?page=1&edid=36729583-809D-51BB-EF9C-11C34AC25793&sortorder=asc&column=price HTTP/1.1" 200 69254
144.76.176.171 - - [01/Jan/2021:07:42:17 +0100] "GET /ticket2/opencms/en/buy/?page=1&edid=36729583-809D-51BB-EF9C-11C34AC25793&sortorder=asc&column=row HTTP/1.1" 200 69254
144.76.176.171 - - [01/Jan/2021:07:42:19 +0100] "GET /ticket2/opencms/en/buy/?page=1&edid=36729583-809D-51BB-EF9C-11C34AC25793&sortorder=asc&column=section HTTP/1.1" 200 69254
144.76.176.171 - - [01/Jan/2021:07:42:28 +0100] "GET /ticket2/opencms/en/buy/?page=1&edid=372BCEBA-73D9-CD96-AB91-B58F0B5EBDCF&sortorder=asc&column=price HTTP/1.1" 200 70397
144.76.176.171 - - [01/Jan/2021:07:42:36 +0100] "GET /ticket2/opencms/en/buy/?page=1&edid=372BCEBA-73D9-CD96-AB91-B58F0B5EBDCF&sortorder=asc&column=row HTTP/1.1" 200 70397
144.76.176.171 - - [01/Jan/2021:07:42:40 +0100] "GET /ticket2/opencms/en/buy/?page=1&edid=372BCEBA-73D9-CD96-AB91-B58F0B5EBDCF&sortorder=asc&column=section HTTP/1.1" 200 70397
114.119.139.88 - - [01/Jan/2021:07:42:42 +0100] "GET /ticket2/opencms/en/buy/?page=1&edid=D38A75EF-0F2E-99D7-BE2D-1257A3573610 HTTP/1.1" 200 71596
144.76.176.171 - - [01/Jan/2021:07:42:48 +0100] "GET /ticket2/opencms/en/buy/?page=1&edid=372BCEBA-73D9-CD96-AB91-B58F0B5EBDCF&sortorder=desc&column=row HTTP/1.1" 200 70396
216.244.66.237 - - [01/Jan/2021:07:42:52 +0100] "GET /ticket2/opencms/en/venue/?countryid=8FA673E2-F13B-75C4-56CD-A4B786B7BC94 HTTP/1.1" 200 94598
144.76.176.171 - - [01/Jan/2021:07:42:52 +0100] "GET /ticket2/opencms/en/buy/?page=1&edid=372BCEBA-73D9-CD96-AB91-B58F0B5EBDCF&sortorder=desc&column=section HTTP/1.1" 200 70396
144.76.176.171 - - [01/Jan/2021:07:42:57 +0100] "GET /ticket2/opencms/en/buy/?page=1&edid=3769B053-8A7B-CB87-3871-6CED03532D9B&sortorder=asc&column=price HTTP/1.1" 200 69248
167.114.64.97 - - [01/Jan/2021:07:43:06 +0100] "GET /ticket2/opencms/nl/buy/?page=1&edid=B04F9C9F-0B5E-1B41-4BEE-8594CB1D3CAC&sortorder=asc&column=section HTTP/1.1" 200 70196
144.76.176.171 - - [01/Jan/2021:07:43:07 +0100] "GET /ticket2/opencms/en/buy/?page=1&edid=3769B053-8A7B-CB87-3871-6CED03532D9B&sortorder=asc&column=row HTTP/1.1" 200 69248
54.36.148.250 - - [01/Jan/2021:07:43:11 +0100] "GET /ticket2/opencms/sv/search.html?searchQuery=group+a&submit= HTTP/1.1" 200 85372
144.76.176.171 - - [01/Jan/2021:07:43:11 +0100] "GET /ticket2/opencms/en/buy/?page=1&edid=3769B053-8A7B-CB87-3871-6CED03532D9B&sortorder=asc&column=section HTTP/1.1" 200 69248
144.76.176.171 - - [01/Jan/2021:07:43:15 +0100] "GET /ticket2/opencms/en/buy/?page=1&edid=37D48E1B-2752-5F8F-5AEB-0BF82E1637C1&sortorder=asc&column=price HTTP/1.1" 200 71136
66.249.66.133 - - [01/Jan/2021:07:43:18 +0100] "GET /ticket2/opencms/sv/buy/?page=1&edid=1F004416-06F2-D58F-30CA-AF81FC35EEBF HTTP/1.1" 200 69446
144.76.176.171 - - [01/Jan/2021:07:43:20 +0100] "GET /ticket2/opencms/en/buy/?page=1&edid=37D48E1B-2752-5F8F-5AEB-0BF82E1637C1&sortorder=asc&column=row HTTP/1.1" 200 71136
144.76.176.171 - - [01/Jan/2021:07:43:27 +0100] "GET /ticket2/opencms/en/buy/?page=1&edid=37D48E1B-2752-5F8F-5AEB-0BF82E1637C1&sortorder=asc&column=section HTTP/1.1" 200 71136
144.76.176.171 - - [01/Jan/2021:07:43:32 +0100] "GET /ticket2/opencms/en/buy/?page=1&edid=381EAD1A-035D-6D85-7293-91E69E6AF5D5&sortorder=asc&column=price HTTP/1.1" 200 71972
144.76.176.171 - - [01/Jan/2021:07:43:39 +0100] "GET /ticket2/opencms/en/buy/?page=1&edid=381EAD1A-035D-6D85-7293-91E69E6AF5D5&sortorder=asc&column=row HTTP/1.1" 200 71972
144.76.176.171 - - [01/Jan/2021:07:43:47 +0100] "GET /ticket2/opencms/en/buy/?page=1&edid=381EAD1A-035D-6D85-7293-91E69E6AF5D5&sortorder=asc&column=section HTTP/1.1" 200 71972
144.76.176.171 - - [01/Jan/2021:07:43:51 +0100] "GET /ticket2/opencms/en/buy/?page=1&edid=399E20D2-D6C6-17F4-9377-4D7D8F4272F3&sortorder=asc&column=price HTTP/1.1" 200 71315
144.76.176.171 - - [01/Jan/2021:07:44:03 +0100] "GET /ticket2/opencms/en/buy/?page=1&edid=399E20D2-D6C6-17F4-9377-4D7D8F4272F3&sortorder=asc&column=section HTTP/1.1" 200 71315
144.76.176.171 - - [01/Jan/2021:07:44:07 +0100] "GET /ticket2/opencms/en/buy/?page=1&edid=39F0E266-9BCB-6A1F-C090-F8B60B3BA096&sortorder=asc&column=price HTTP/1.1" 200 69222
167.114.64.97 - - [01/Jan/2021:07:44:12 +0100] "GET /ticket2/opencms/nl/buy/?page=1&edid=B0A7B93D-B4B8-4787-14E2-3435BF39BB42&sortorder=asc&column=price HTTP/1.1" 200 71051
144.76.176.171 - - [01/Jan/2021:07:44:15 +0100] "GET /ticket2/opencms/en/buy/?page=1&edid=39F0E266-9BCB-6A1F-C090-F8B60B3BA096&sortorder=asc&column=row HTTP/1.1" 200 69222
144.76.176.171 - - [01/Jan/2021:07:44:21 +0100] "GET /ticket2/opencms/en/buy/?page=1&edid=39F0E266-9BCB-6A1F-C090-F8B60B3BA096&sortorder=asc&column=section HTTP/1.1" 200 69222
144.76.176.171 - - [01/Jan/2021:07:44:24 +0100] "GET /ticket2/opencms/en/buy/?page=1&edid=3ED842FC-FF3B-D3BC-69A3-8AB7FF361EA5&sortorder=asc&column=price HTTP/1.1" 200 71969
216.18.204.210 - - [01/Jan/2021:07:44:28 +0100] "GET /ticket2/opencms/no/buy/?page=1&edid=CF40FD1A-19D1-0A74-EAF0-701C584668C6&sortorder=asc&column=price HTTP/1.1" 200 72179
144.76.176.171 - - [01/Jan/2021:07:44:32 +0100] "GET /ticket2/opencms/en/buy/?page=1&edid=3ED842FC-FF3B-D3BC-69A3-8AB7FF361EA5&sortorder=asc&column=row HTTP/1.1" 200 71969
54.36.148.0 - - [01/Jan/2021:07:44:35 +0100] "GET /ticket2/opencms/dk/venue/?venueid=17E7C622-E012-3663-44A8-95BA7DB84F40 HTTP/1.1" 200 65229
144.76.176.171 - - [01/Jan/2021:07:44:36 +0100] "GET /ticket2/opencms/en/buy/?page=1&edid=3F2C8D5E-7438-2D70-0996-42F9CB6F4E20&sortorder=desc&column=price HTTP/1.1" 200 71625
144.76.176.171 - - [01/Jan/2021:07:44:45 +0100] "GET /ticket2/opencms/en/buy/?page=1&edid=3F2C8D5E-7438-2D70-0996-42F9CB6F4E20&sortorder=desc&column=row HTTP/1.1" 200 71625
144.76.176.171 - - [01/Jan/2021:07:44:52 +0100] "GET /ticket2/opencms/en/buy/?page=1&edid=3FF54EFF-D69B-4E34-5BB8-054563E7D776&sortorder=desc&column=price HTTP/1.1" 200 70903
144.76.176.171 - - [01/Jan/2021:07:44:59 +0100] "GET /ticket2/opencms/en/buy/?page=1&edid=4018F88A-4AA6-E738-1F44-74C10A1CA3AA&sortorder=asc&column=price HTTP/1.1" 200 70387
144.76.176.171 - - [01/Jan/2021:07:45:05 +0100] "GET /ticket2/opencms/en/buy/?page=1&edid=4018F88A-4AA6-E738-1F44-74C10A1CA3AA&sortorder=asc&column=row HTTP/1.1" 200 70387
167.114.64.97 - - [01/Jan/2021:07:45:13 +0100] "GET /ticket2/opencms/nl/buy/?page=1&edid=B0A7B93D-B4B8-4787-14E2-3435BF39BB42&sortorder=asc&column=row HTTP/1.1" 200 71051
144.76.176.171 - - [01/Jan/2021:07:45:15 +0100] "GET /ticket2/opencms/en/buy/?page=1&edid=40B479D3-21EE-894D-F38D-1B68A6108A49&sortorder=asc&column=section HTTP/1.1" 200 71972
52.210.122.6 - - [01/Jan/2021:07:45:15 +0100] "GET /ticket2/opencms/fi/buy/?page=6&comcatid=A17713B6-D984-201A-4143-ED4DB5ED5C2E&catid=739BFC5D-78FA-6834-D764-6CE64CA5F9EC HTTP/1.0" 200 77132
216.245.221.83 - - [01/Jan/2021:07:45:19 +0100] "HEAD /ticket2/opencms/ HTTP/1.1" 302 -
216.245.221.83 - - [01/Jan/2021:07:45:19 +0100] "HEAD /ticket2/opencms/en/ HTTP/1.1" 200 -
144.76.176.171 - - [01/Jan/2021:07:45:21 +0100] "GET /ticket2/opencms/en/buy/?page=1&edid=411DE37B-A492-42F8-E70C-4ADCF9F6F76B&sortorder=asc&column=price HTTP/1.1" 200 71611
144.76.176.171 - - [01/Jan/2021:07:45:28 +0100] "GET /ticket2/opencms/en/buy/?page=1&edid=411DE37B-A492-42F8-E70C-4ADCF9F6F76B&sortorder=asc&column=row HTTP/1.1" 200 71611
144.76.176.171 - - [01/Jan/2021:07:45:33 +0100] "GET /ticket2/opencms/en/buy/?page=1&edid=411DE37B-A492-42F8-E70C-4ADCF9F6F76B&sortorder=asc&column=section HTTP/1.1" 200 71611
66.249.66.137 - - [01/Jan/2021:07:45:42 +0100] "GET /ticket2/opencms/ru/buy/?page=1&edid=8D399335-C84B-CDD2-683F-085DB5766ED1 HTTP/1.1" 200 70193
144.76.176.171 - - [01/Jan/2021:07:45:43 +0100] "GET /ticket2/opencms/en/buy/?page=1&edid=42B4FA5E-16E8-1BBB-7074-4F94B4A8F703&sortorder=asc&column=price HTTP/1.1" 200 71065
167.114.64.97 - - [01/Jan/2021:07:45:58 +0100] "GET /ticket2/opencms/nl/buy/?page=1&edid=B0A7B93D-B4B8-4787-14E2-3435BF39BB42&sortorder=asc&column=section HTTP/1.1" 200 71051
54.36.149.17 - - [01/Jan/2021:07:46:05 +0100] "GET /ticket2/opencms/dk/venue/?venueid=1DF2853B-5766-9FAA-D7E4-AF2520BE73B0 HTTP/1.1" 200 65201
216.18.204.210 - - [01/Jan/2021:07:46:20 +0100] "GET /ticket2/opencms/no/buy/?page=1&edid=D38A75EF-0F2E-99D7-BE2D-1257A3573610&sortorder=asc&column=price HTTP/1.1" 200 72181
66.249.66.135 - - [01/Jan/2021:07:46:24 +0100] "GET /ticket2/opencms/no/sport/fotballsbilletter/la_liga/fc_barcelona/ HTTP/1.1" 200 69692
167.114.64.97 - - [01/Jan/2021:07:46:45 +0100] "GET /ticket2/opencms/nl/buy/?page=1&edid=B0EDF21C-B11B-1DBA-B0B7-7DBFFC32E260&sortorder=asc&column=price HTTP/1.1" 200 68348
114.119.137.116 - - [01/Jan/2021:07:47:05 +0100] "GET /ticket2/opencms/fi/buy/?page=1&edid=4283C0F9-68DA-FA30-758C-257225F7159B HTTP/1.1" 200 72275
54.36.148.250 - - [01/Jan/2021:07:47:33 +0100] "GET /ticket2/opencms/en/venue/?venueid=9FC61706-691B-2FC8-2F9C-0FE72518174E HTTP/1.1" 200 65207
167.114.64.97 - - [01/Jan/2021:07:47:37 +0100] "GET /ticket2/opencms/nl/buy/?page=1&edid=B0EDF21C-B11B-1DBA-B0B7-7DBFFC32E260&sortorder=asc&column=row HTTP/1.1" 200 68348
167.114.64.97 - - [01/Jan/2021:07:48:49 +0100] "GET /ticket2/opencms/nl/buy/?page=1&edid=B0EDF21C-B11B-1DBA-B0B7-7DBFFC32E260&sortorder=asc&column=section HTTP/1.1" 200 68348
54.36.148.114 - - [01/Jan/2021:07:48:59 +0100] "GET /ticket2/opencms/en/buy/?page=6&comcatid=A17713B6-D984-201A-4143-ED4DB5ED5C2E&catid=7ACC33AD-EE7E-AAA7-9050-0F4587759B87 HTTP/1.1" 200 75674
167.114.64.97 - - [01/Jan/2021:07:49:48 +0100] "GET /ticket2/opencms/nl/buy/?page=1&edid=B2E5BFF4-A3CD-3EDE-214C-30C8A05EA888&sortorder=asc&column=price HTTP/1.1" 200 70898
216.245.221.83 - - [01/Jan/2021:07:50:19 +0100] "HEAD /ticket2/opencms/ HTTP/1.1" 302 -
216.245.221.83 - - [01/Jan/2021:07:50:19 +0100] "HEAD /ticket2/opencms/en/ HTTP/1.1" 200 -
34.242.80.234 - - [01/Jan/2021:07:50:22 +0100] "GET /ticket2/opencms/ HTTP/1.1" 302 -
34.242.80.234 - - [01/Jan/2021:07:50:22 +0100] "GET /ticket2/opencms/en/ HTTP/1.1" 200 66287
34.242.80.234 - - [01/Jan/2021:07:50:23 +0100] "GET /ticket2/opencms/en/about/contact/ HTTP/1.1" 200 64822
54.36.149.40 - - [01/Jan/2021:07:50:28 +0100] "GET /ticket2/opencms/en/venue/?venueid=A2FD714F-2CF2-5DFC-6DAB-51611C3EF8A1 HTTP/1.1" 200 65237
167.114.64.97 - - [01/Jan/2021:07:50:48 +0100] "GET /ticket2/opencms/nl/buy/?page=1&edid=B2E5BFF4-A3CD-3EDE-214C-30C8A05EA888&sortorder=asc&column=row HTTP/1.1" 200 70898
216.18.204.210 - - [01/Jan/2021:07:51:11 +0100] "GET /ticket2/opencms/no/buy/?page=1&edid=D8C7B7F8-B92D-B924-97EB-2437BB276AEB&sortorder=asc&column=price HTTP/1.1" 200 72191
114.119.129.176 - - [01/Jan/2021:07:51:27 +0100] "GET /ticket2/opencms/dk/buy/?page=6&comcatid=66708183-7480-3365-06BF-DBF60280AB45&catid=30D5812D-0858-4843-8F45-C38AE504153C HTTP/1.1" 200 67137
167.114.64.97 - - [01/Jan/2021:07:51:47 +0100] "GET /ticket2/opencms/nl/buy/?page=1&edid=B2E5BFF4-A3CD-3EDE-214C-30C8A05EA888&sortorder=asc&column=section HTTP/1.1" 200 70898
54.36.148.250 - - [01/Jan/2021:07:51:53 +0100] "GET /ticket2/opencms/sv/search.html?searchQuery=group+c&submit= HTTP/1.1" 200 85372
167.114.64.97 - - [01/Jan/2021:07:52:36 +0100] "GET /ticket2/opencms/nl/buy/?page=1&edid=B42BB733-E52E-258C-F325-85F6C957EB02&sortorder=asc&column=price HTTP/1.1" 200 70648
66.249.66.137 - - [01/Jan/2021:07:52:46 +0100] "GET /ticket2/opencms/sv/buy/?page=1&edid=4740B27D-75C3-7A20-24AD-2F4570E850C2 HTTP/1.1" 200 71730
54.36.148.250 - - [01/Jan/2021:07:53:19 +0100] "GET /ticket2/opencms/en/buy/?page=6&comcatid=A17713B6-D984-201A-4143-ED4DB5ED5C2E&catid=A3372871-3019-08B8-80CE-74B78F441ACA HTTP/1.1" 200 75668
167.114.64.97 - - [01/Jan/2021:07:53:28 +0100] "GET /ticket2/opencms/nl/buy/?page=1&edid=B42BB733-E52E-258C-F325-85F6C957EB02&sortorder=asc&column=row HTTP/1.1" 200 70648
157.55.39.2 - - [01/Jan/2021:07:53:31 +0100] "GET /ticket2/opencms/robots.txt HTTP/1.1" 200 773
52.60.189.115 - - [01/Jan/2021:07:53:58 +0100] "GET /ticket2/opencms/dk/wp-login.php HTTP/1.1" 404 -
167.114.64.97 - - [01/Jan/2021:07:54:28 +0100] "GET /ticket2/opencms/nl/buy/?page=1&edid=B42BB733-E52E-258C-F325-85F6C957EB02&sortorder=asc&column=section HTTP/1.1" 200 70648
54.36.149.31 - - [01/Jan/2021:07:54:48 +0100] "GET /ticket2/opencms/en/buy/?page=6&comcatid=A17713B6-D984-201A-4143-ED4DB5ED5C2E&catid=3B549160-8B9C-E872-44A9-20FEA86B30E8 HTTP/1.1" 200 75669
216.18.204.210 - - [01/Jan/2021:07:55:03 +0100] "GET /ticket2/opencms/no/buy/?page=1&edid=EDECF326-D7E7-9E21-07B7-2D6C81741ACC&sortorder=asc&column=price HTTP/1.1" 200 72183
66.249.66.137 - - [01/Jan/2021:07:55:09 +0100] "GET /ticket2/opencms/no/buy/?page=10&eventid=AAAF9CBD-E20B-F830-6785-DFB285994112&venueid=65ED2D8A-C56D-F2C5-27DA-120D16E2A9AE HTTP/1.1" 200 67162
216.245.221.83 - - [01/Jan/2021:07:55:19 +0100] "HEAD /ticket2/opencms/ HTTP/1.1" 302 -
216.245.221.83 - - [01/Jan/2021:07:55:19 +0100] "HEAD /ticket2/opencms/en/ HTTP/1.1" 200 -
167.114.64.97 - - [01/Jan/2021:07:55:21 +0100] "GET /ticket2/opencms/nl/buy/?page=1&edid=B583A336-FF8A-4A69-7F8D-3295D9EDD852&sortorder=asc&column=price HTTP/1.1" 200 70224
114.119.139.19 - - [01/Jan/2021:07:55:53 +0100] "GET /ticket2/opencms/ru/buy/?page=1&edid=B3FFE65A-30FC-32DE-3E3C-769263593BC1&sortorder=asc&column=row HTTP/1.1" 200 71927
209.17.96.178 - - [01/Jan/2021:07:56:09 +0100] "GET /ticket2/opencms/ HTTP/1.1" 302 -
54.36.148.156 - - [01/Jan/2021:07:56:13 +0100] "GET /ticket2/opencms/dk/venue/?venueid=01B4BBD4-836E-BB66-E9AB-3202ED3B7243 HTTP/1.1" 200 65253
167.114.64.97 - - [01/Jan/2021:07:56:13 +0100] "GET /ticket2/opencms/nl/buy/?page=1&edid=B583A336-FF8A-4A69-7F8D-3295D9EDD852&sortorder=asc&column=row HTTP/1.1" 200 70224
157.55.39.240 - - [01/Jan/2021:07:57:00 +0100] "GET /ticket2/opencms/system/modules/com.gridnine.opencms.ticketbrokerage.site/resources/js/calendar-setup.js HTTP/1.1" 200 4923
167.114.64.97 - - [01/Jan/2021:07:57:04 +0100] "GET /ticket2/opencms/nl/buy/?page=1&edid=B583A336-FF8A-4A69-7F8D-3295D9EDD852&sortorder=asc&column=section HTTP/1.1" 200 70224
216.18.204.210 - - [01/Jan/2021:07:57:34 +0100] "GET /ticket2/opencms/no/buy/?page=1&edid=F05F57EF-962F-4A4F-88A6-EE4E2D6D15D8&sortorder=asc&column=price HTTP/1.1" 200 72183
54.36.148.235 - - [01/Jan/2021:07:57:38 +0100] "GET /ticket2/opencms/en/venue/?venueid=A554AEB0-11D4-3E72-6DEE-23BC1DD374D4 HTTP/1.1" 200 65203
167.114.64.97 - - [01/Jan/2021:07:58:09 +0100] "GET /ticket2/opencms/nl/buy/?page=1&edid=B59A72B6-E031-5568-9B9A-94FDDE3CF17D&sortorder=asc&column=price HTTP/1.1" 200 70222
54.36.148.250 - - [01/Jan/2021:07:59:03 +0100] "GET /ticket2/opencms/en/venue/?countryid=7955C1DA-0203-9687-2994-14739AEE539F HTTP/1.1" 200 94598
167.114.64.97 - - [01/Jan/2021:07:59:23 +0100] "GET /ticket2/opencms/nl/buy/?page=1&edid=B59A72B6-E031-5568-9B9A-94FDDE3CF17D&sortorder=asc&column=row HTTP/1.1" 200 70222
66.249.66.135 - - [01/Jan/2021:07:59:45 +0100] "GET /ticket2/export/sites/ticketbrokerage/no/legal_info/personopplysningsloven_1998.pdf HTTP/1.1" 200 67682
114.119.130.210 - - [01/Jan/2021:08:00:09 +0100] "GET /ticket2/opencms/no/konsertbilletter/metallica/ HTTP/1.1" 200 68902
216.245.221.83 - - [01/Jan/2021:08:00:19 +0100] "HEAD /ticket2/opencms/ HTTP/1.1" 302 -
216.245.221.83 - - [01/Jan/2021:08:00:19 +0100] "HEAD /ticket2/opencms/en/ HTTP/1.1" 200 -
54.36.148.52 - - [01/Jan/2021:08:00:30 +0100] "GET /ticket2/opencms/fi/venue/?venueid=50859568-726C-2D0D-904C-FF60FB4804EC HTTP/1.1" 200 66456
216.18.204.210 - - [01/Jan/2021:08:00:54 +0100] "GET /ticket2/opencms/no/buy/?page=1&edid=F6CC0FC0-119E-8C04-0DA1-6DA80CB43AB2&sortorder=asc&column=price HTTP/1.1" 200 71716
54.36.148.250 - - [01/Jan/2021:08:02:00 +0100] "GET /ticket2/opencms/en/venue/?countryid=7A0460DD-50B2-C9A6-7233-3106FD73A000 HTTP/1.1" 200 94598
216.18.204.210 - - [01/Jan/2021:08:02:01 +0100] "GET /ticket2/opencms/no/buy/?page=1&edid=FA5E1953-4892-EAC3-484D-7B3642E2030A&sortorder=asc&column=price HTTP/1.1" 200 69809
66.249.66.157 - - [01/Jan/2021:08:02:14 +0100] "GET /ticket2/opencms/en/buy/?page=1&edid=4D293451-8836-ADDD-DEC6-CDBE62A73185 HTTP/1.1" 200 71938
54.36.148.250 - - [01/Jan/2021:08:03:35 +0100] "GET /ticket2/opencms/sv/search.html?searchQuery=group+f&submit= HTTP/1.1" 200 85372
157.55.39.169 - - [01/Jan/2021:08:04:30 +0100] "GET /ticket2/opencms/fi/venue/?venueid=AE1704AB-E9B5-32D5-9A74-56BDCC5D4A10 HTTP/1.1" 200 66466
216.18.204.210 - - [01/Jan/2021:08:04:31 +0100] "GET /ticket2/opencms/no/buy/?page=1&edid=FD572358-7A7E-A5A7-0C7B-16687BA103EA&sortorder=asc&column=price HTTP/1.1" 200 71446
114.119.153.172 - - [01/Jan/2021:08:04:32 +0100] "GET /ticket2/opencms/no/venue/?venueid=C7A7462C-2B0C-4E5D-7720-7F0308C8B04B HTTP/1.1" 200 65735
66.249.66.135 - - [01/Jan/2021:08:04:38 +0100] "GET /ticket2/opencms/tb/opencms/en/archive/events/a_c__milan/2007_05_06_15_00/ HTTP/1.1" 404 -
54.36.149.101 - - [01/Jan/2021:08:05:06 +0100] "GET /ticket2/opencms/en/venue/?venueid=196FB588-3DD3-A39A-5871-20BDD46513E4 HTTP/1.1" 200 65189
216.245.221.83 - - [01/Jan/2021:08:05:19 +0100] "HEAD /ticket2/opencms/ HTTP/1.1" 302 -
216.245.221.83 - - [01/Jan/2021:08:05:19 +0100] "HEAD /ticket2/opencms/en/ HTTP/1.1" 200 -
52.201.175.240 - - [01/Jan/2021:08:05:38 +0100] "GET /ticket2/opencms/ HTTP/1.1" 302 -
216.18.204.210 - - [01/Jan/2021:08:06:08 +0100] "GET /ticket2/opencms/no/buy/?page=1&edid=09005E3B-4ACC-E7EC-3393-748C2CCB94AF&sortorder=asc&column=section HTTP/1.1" 200 72187
66.249.66.137 - - [01/Jan/2021:08:06:34 +0100] "GET /ticket2/opencms/sv/sport/fotbollsbiljetter/premier_league/aston_villa/west-bromwich-albion.html HTTP/1.1" 200 67473
54.36.148.250 - - [01/Jan/2021:08:06:36 +0100] "GET /ticket2/opencms/en/venue/?venueid=3982A8DF-0386-82E3-C996-B71876E1637D HTTP/1.1" 200 65324
54.36.148.130 - - [01/Jan/2021:08:08:02 +0100] "GET /ticket2/opencms/en/venue/?venueid=40ADA438-5D69-32FD-AA2D-421A8A0BD7EA HTTP/1.1" 200 65206
114.119.145.102 - - [01/Jan/2021:08:08:50 +0100] "GET /ticket2/opencms/sv/fotbollsresor/premier_league/blackburn_rovers/ HTTP/1.1" 200 67738
54.36.148.250 - - [01/Jan/2021:08:09:27 +0100] "GET /ticket2/opencms/en/venue/?venueid=4127EEBD-FCE3-EDFF-3B26-3C946EF7942B HTTP/1.1" 200 65227
66.249.66.139 - - [01/Jan/2021:08:09:52 +0100] "GET /ticket2/opencms/sv/sport/fotbollsbiljetter/ligue_1/paris_saint_germain/ HTTP/1.1" 200 67825
216.245.221.83 - - [01/Jan/2021:08:10:19 +0100] "HEAD /ticket2/opencms/ HTTP/1.1" 302 -
216.245.221.83 - - [01/Jan/2021:08:10:19 +0100] "HEAD /ticket2/opencms/en/ HTTP/1.1" 200 -
54.36.148.250 - - [01/Jan/2021:08:10:50 +0100] "GET /ticket2/opencms/en/venue/?venueid=0B0800E6-0A14-5429-9458-0718F854B0B8 HTTP/1.1" 200 65185
66.249.66.158 - - [01/Jan/2021:08:11:41 +0100] "GET /ticket2/opencms/no/buy/?page=1&edid=7299D7C8-4B31-7044-9874-03CCEE394EC0 HTTP/1.1" 200 71427
54.36.148.42 - - [01/Jan/2021:08:12:12 +0100] "GET /ticket2/opencms/en/venue/?venueid=4C9467B2-6A62-2081-D8AE-397B47B3C12E HTTP/1.1" 200 65227
114.119.152.86 - - [01/Jan/2021:08:13:13 +0100] "GET /ticket2/opencms/no/buy/?page=1&edid=81AF767F-B732-D378-E488-2E552920EDF1 HTTP/1.1" 200 69773
54.36.148.203 - - [01/Jan/2021:08:13:34 +0100] "GET /ticket2/opencms/sv/sport/fotbollsbiljetter/bundesliga/audi-cup.html?page=6&comcatid=A17713B6-D984-201A-4143-ED4DB5ED5C2E&catid=E961462E-5AC2-64D6-5850-A310C9DEAA06 HTTP/1.1" 200 66876
216.18.204.210 - - [01/Jan/2021:08:13:40 +0100] "GET /ticket2/opencms/no/buy/?page=1&edid=3B73D4E9-A300-4AB3-6A7F-0ED10ECAB724&sortorder=asc&column=section HTTP/1.1" 200 72173
66.249.66.133 - - [01/Jan/2021:08:14:05 +0100] "GET /ticket2/opencms/sv/buy/?page=10&eventid=B2CBADC0-7376-1469-83B0-8FC7D035A53C&venueid=0E1AD7DC-F63F-ECC2-9070-B20E7ACF07FC HTTP/1.1" 200 66842
77.75.79.32 - - [01/Jan/2021:08:14:47 +0100] "GET /ticket2/opencms/robots.txt HTTP/1.1" 200 773
77.75.79.32 - - [01/Jan/2021:08:14:47 +0100] "GET /ticket2/opencms/nl/musical/we_will_rock_you/ HTTP/1.1" 200 64379
77.75.79.32 - - [01/Jan/2021:08:14:48 +0100] "GET /ticket2/opencms/en/about/press/ HTTP/1.1" 200 65796
54.36.148.12 - - [01/Jan/2021:08:15:00 +0100] "GET /ticket2/opencms/en/venue/?countryid=98E21F26-BA61-B037-B7B7-D6DBAF5824E4 HTTP/1.1" 200 106262
216.18.204.210 - - [01/Jan/2021:08:15:08 +0100] "GET /ticket2/opencms/no/buy/?page=1&edid=4D321089-A4D4-3298-5E79-776EE5413D4E&sortorder=asc&column=section HTTP/1.1" 200 72088
216.245.221.83 - - [01/Jan/2021:08:15:18 +0100] "HEAD /ticket2/opencms/ HTTP/1.1" 302 -
216.245.221.83 - - [01/Jan/2021:08:15:19 +0100] "HEAD /ticket2/opencms/en/ HTTP/1.1" 200 -
54.36.148.46 - - [01/Jan/2021:08:16:30 +0100] "GET /ticket2/opencms/en/venue/?venueid=09E03E16-187C-4DF2-8E48-7E3967D626E7 HTTP/1.1" 200 65213
66.249.66.147 - - [01/Jan/2021:08:16:43 +0100] "GET /ticket2/export/sites/ticketbrokerage/fi/legal_info/ruotsin_henkilotietolaki_1998.pdf HTTP/1.1" 200 67682
114.119.153.172 - - [01/Jan/2021:08:17:35 +0100] "GET /ticket2/opencms/no/buy/?page=1&edid=1D3B7FAE-60FD-7507-CD49-6B32E37D8AFF&sortorder=asc&column=section HTTP/1.1" 200 69821
54.36.148.72 - - [01/Jan/2021:08:17:54 +0100] "GET /ticket2/opencms/dk/venue/?venueid=58271F11-7BB1-711A-F32D-E763F26DC1E9 HTTP/1.1" 200 65246
13.66.139.121 - - [01/Jan/2021:08:18:15 +0100] "GET /ticket2/opencms/en/venue/ HTTP/1.1" 200 333259
144.76.137.254 - - [01/Jan/2021:08:18:44 +0100] "GET /ticket2/opencms/robots.txt HTTP/1.1" 200 773
144.76.137.254 - - [01/Jan/2021:08:18:46 +0100] "GET /ticket2/opencms/ru/buy/?page=1&edid=E5546B14-DB4E-BABD-826A-AF47A2B20315&sortorder=asc&column=section HTTP/1.1" 200 72158
144.76.137.254 - - [01/Jan/2021:08:18:49 +0100] "GET /ticket2/opencms/ru/buy/?page=1&edid=E5D1B5BB-FD1E-00B5-33D3-0488A6B94D06&sortorder=desc&column=price HTTP/1.1" 200 71928
52.210.122.6 - - [01/Jan/2021:08:18:53 +0100] "GET /ticket2/opencms/sv/sport/tennis/monte_carlo_masters/ HTTP/1.0" 200 66135
144.76.137.254 - - [01/Jan/2021:08:18:56 +0100] "GET /ticket2/opencms/ru/buy/?page=1&edid=E5D1B5BB-FD1E-00B5-33D3-0488A6B94D06&sortorder=desc&column=row HTTP/1.1" 200 71928
144.76.137.254 - - [01/Jan/2021:08:18:59 +0100] "GET /ticket2/opencms/ru/buy/?page=1&edid=E5D1B5BB-FD1E-00B5-33D3-0488A6B94D06&sortorder=desc&column=section HTTP/1.1" 200 71928
144.76.137.254 - - [01/Jan/2021:08:19:04 +0100] "GET /ticket2/opencms/ru/buy/?page=1&edid=E5FED392-020A-985B-B239-5718E7B50D63&sortorder=desc&column=price HTTP/1.1" 200 71925
144.76.137.254 - - [01/Jan/2021:08:19:09 +0100] "GET /ticket2/opencms/ru/buy/?page=1&edid=E5FED392-020A-985B-B239-5718E7B50D63&sortorder=desc&column=section HTTP/1.1" 200 71925
144.76.137.254 - - [01/Jan/2021:08:19:11 +0100] "GET /ticket2/opencms/ru/buy/?page=1&edid=E83099B1-485E-5C84-84B0-FD9FB227033F&sortorder=desc&column=row HTTP/1.1" 200 71924
144.76.137.254 - - [01/Jan/2021:08:19:15 +0100] "GET /ticket2/opencms/ru/buy/?page=1&edid=E83099B1-485E-5C84-84B0-FD9FB227033F&sortorder=desc&column=section HTTP/1.1" 200 71924
54.36.148.250 - - [01/Jan/2021:08:19:23 +0100] "GET /ticket2/opencms/sv/buy/?page=6&comcatid=A17713B6-D984-201A-4143-ED4DB5ED5C2E&catid=8AA488FA-6797-D710-8108-3088D6948FC1 HTTP/1.1" 200 75879
144.76.137.254 - - [01/Jan/2021:08:19:26 +0100] "GET /ticket2/opencms/ru/buy/?page=1&edid=E92648E1-06E0-D220-8E00-01151C898660&sortorder=desc&column=row HTTP/1.1" 200 70251
144.76.137.254 - - [01/Jan/2021:08:19:29 +0100] "GET /ticket2/opencms/ru/buy/?page=1&edid=E92648E1-06E0-D220-8E00-01151C898660&sortorder=desc&column=section HTTP/1.1" 200 70251
144.76.137.254 - - [01/Jan/2021:08:19:35 +0100] "GET /ticket2/opencms/ru/buy/?page=1&edid=E927BEFD-9C6C-9D6C-18AA-81A3176DBF51&sortorder=desc&column=price HTTP/1.1" 200 71936
144.76.137.254 - - [01/Jan/2021:08:19:40 +0100] "GET /ticket2/opencms/ru/buy/?page=1&edid=E927BEFD-9C6C-9D6C-18AA-81A3176DBF51&sortorder=desc&column=row HTTP/1.1" 200 71936
144.76.137.254 - - [01/Jan/2021:08:19:46 +0100] "GET /ticket2/opencms/ru/buy/?page=1&edid=E927BEFD-9C6C-9D6C-18AA-81A3176DBF51&sortorder=desc&column=section HTTP/1.1" 200 71936
207.180.226.173 - - [01/Jan/2021:08:19:46 +0100] "GET /ticket2/opencms/robots.txt HTTP/1.1" 200 773
144.76.137.254 - - [01/Jan/2021:08:19:49 +0100] "GET /ticket2/opencms/ru/buy/?page=1&edid=E985A176-1832-1AAF-F607-88AFA6E6A83A&sortorder=desc&column=price HTTP/1.1" 200 70228
216.18.204.210 - - [01/Jan/2021:08:19:51 +0100] "GET /ticket2/opencms/no/buy/?page=1&edid=4E36BB56-7827-6345-3899-56B2C4EE18D8&sortorder=asc&column=section HTTP/1.1" 200 72189
144.76.137.254 - - [01/Jan/2021:08:19:54 +0100] "GET /ticket2/opencms/ru/buy/?page=1&edid=E985A176-1832-1AAF-F607-88AFA6E6A83A&sortorder=desc&column=row HTTP/1.1" 200 70228
144.76.137.254 - - [01/Jan/2021:08:20:02 +0100] "GET /ticket2/opencms/ru/buy/?page=1&edid=E985A176-1832-1AAF-F607-88AFA6E6A83A&sortorder=desc&column=section HTTP/1.1" 200 70228
207.180.226.173 - - [01/Jan/2021:08:20:04 +0100] "GET /ticket2/opencms/en/venue/?venueid=6D360DF1-D10E-80D6-413A-8A8A7657A599 HTTP/1.1" 200 65215
144.76.137.254 - - [01/Jan/2021:08:20:11 +0100] "GET /ticket2/opencms/ru/buy/?page=1&edid=EA4215C4-A531-3AA1-F5C8-7876150DB70F&sortorder=desc&column=price HTTP/1.1" 200 70226
207.180.226.173 - - [01/Jan/2021:08:20:12 +0100] "GET /ticket2/opencms/en/venue/?venueid=6D739AF3-56B6-A0C9-D24A-CE9707D9D60C HTTP/1.1" 200 65209
144.76.137.254 - - [01/Jan/2021:08:20:17 +0100] "GET /ticket2/opencms/ru/buy/?page=1&edid=EA4215C4-A531-3AA1-F5C8-7876150DB70F&sortorder=desc&column=row HTTP/1.1" 200 70226
216.245.221.83 - - [01/Jan/2021:08:20:18 +0100] "HEAD /ticket2/opencms/ HTTP/1.1" 302 -
216.245.221.83 - - [01/Jan/2021:08:20:19 +0100] "HEAD /ticket2/opencms/en/ HTTP/1.1" 200 -
144.76.137.254 - - [01/Jan/2021:08:20:27 +0100] "GET /ticket2/opencms/ru/buy/?page=1&edid=EA4215C4-A531-3AA1-F5C8-7876150DB70F&sortorder=desc&column=section HTTP/1.1" 200 70226
207.180.226.173 - - [01/Jan/2021:08:20:30 +0100] "GET /ticket2/opencms/en/venue/?venueid=6D8A0FE7-2FEF-4BDE-AC7E-1937EABDAEF4 HTTP/1.1" 200 65218
144.76.137.254 - - [01/Jan/2021:08:20:34 +0100] "GET /ticket2/opencms/ru/buy/?page=1&edid=EAE87A4E-DAA7-6890-BCFA-32689A22D579&sortorder=asc&column=row HTTP/1.1" 200 71718
207.180.226.173 - - [01/Jan/2021:08:20:38 +0100] "GET /ticket2/opencms/en/venue/?venueid=6D90FD34-5DE4-4A2F-652B-58B5AB67413E HTTP/1.1" 200 65224
144.76.137.254 - - [01/Jan/2021:08:20:38 +0100] "GET /ticket2/opencms/ru/buy/?page=1&edid=EAE87A4E-DAA7-6890-BCFA-32689A22D579&sortorder=asc&column=section HTTP/1.1" 200 71718
144.76.137.254 - - [01/Jan/2021:08:20:43 +0100] "GET /ticket2/opencms/ru/buy/?page=1&edid=EB0CA141-CCC6-93C0-7C20-669914FE332B&sortorder=asc&column=row HTTP/1.1" 200 70237
54.36.149.73 - - [01/Jan/2021:08:20:47 +0100] "GET /ticket2/opencms/en/venue/?venueid=15151A16-ED21-AEFF-1EA7-20D9BB091B8D HTTP/1.1" 200 65265
207.180.226.173 - - [01/Jan/2021:08:20:51 +0100] "GET /ticket2/opencms/en/venue/?venueid=6DAF98CB-316C-E77B-9468-88A71EEBC830 HTTP/1.1" 200 65231
144.76.137.254 - - [01/Jan/2021:08:20:51 +0100] "GET /ticket2/opencms/ru/buy/?page=1&edid=EB0CA141-CCC6-93C0-7C20-669914FE332B&sortorder=asc&column=section HTTP/1.1" 200 70237
144.76.137.254 - - [01/Jan/2021:08:20:56 +0100] "GET /ticket2/opencms/ru/buy/?page=1&edid=EB9B2650-FD8D-90CB-E889-0D0B52112AB1&sortorder=desc&column=price HTTP/1.1" 200 72135
144.76.137.254 - - [01/Jan/2021:08:20:58 +0100] "GET /ticket2/opencms/ru/buy/?page=1&edid=EB9B2650-FD8D-90CB-E889-0D0B52112AB1&sortorder=desc&column=row HTTP/1.1" 200 72135
207.180.226.173 - - [01/Jan/2021:08:21:07 +0100] "GET /ticket2/opencms/en/venue/?venueid=6E74DDFB-B5A5-70DD-F587-B3566A502D6D HTTP/1.1" 200 65206
144.76.137.254 - - [01/Jan/2021:08:21:08 +0100] "GET /ticket2/opencms/ru/buy/?page=1&edid=EBA49F8A-33E9-0C95-472B-EF6292B7073A&sortorder=desc&column=price HTTP/1.1" 200 72154
66.249.66.35 - - [01/Jan/2021:08:21:09 +0100] "GET /ticket2/opencms/fi/buy/?page=1&edid=2BB63DA7-B0AE-2827-05DF-1E69884FFE00 HTTP/1.1" 200 72700
144.76.137.254 - - [01/Jan/2021:08:21:15 +0100] "GET /ticket2/opencms/ru/buy/?page=1&edid=EBA49F8A-33E9-0C95-472B-EF6292B7073A&sortorder=desc&column=section HTTP/1.1" 200 72154
144.76.137.254 - - [01/Jan/2021:08:21:21 +0100] "GET /ticket2/opencms/ru/buy/?page=1&edid=EBA786FA-4ADC-6FC7-09BC-4C062DE1E690&sortorder=desc&column=price HTTP/1.1" 200 72135
144.76.137.254 - - [01/Jan/2021:08:21:25 +0100] "GET /ticket2/opencms/ru/buy/?page=1&edid=EBA786FA-4ADC-6FC7-09BC-4C062DE1E690&sortorder=desc&column=row HTTP/1.1" 200 72135
207.180.226.173 - - [01/Jan/2021:08:21:26 +0100] "GET /ticket2/opencms/en/venue/?venueid=6F62E299-6764-CD18-03A7-BC347C9C568D HTTP/1.1" 200 65174
144.76.137.254 - - [01/Jan/2021:08:21:31 +0100] "GET /ticket2/opencms/ru/buy/?page=1&edid=EBA786FA-4ADC-6FC7-09BC-4C062DE1E690&sortorder=desc&column=section HTTP/1.1" 200 72135
144.76.137.254 - - [01/Jan/2021:08:21:38 +0100] "GET /ticket2/opencms/ru/buy/?page=1&edid=ECAFD30A-D6B7-326B-9366-FA9494A40932&sortorder=desc&column=price HTTP/1.1" 200 72351
207.180.226.173 - - [01/Jan/2021:08:21:41 +0100] "GET /ticket2/opencms/en/venue/?venueid=6FA55CAA-E7CD-0645-363F-8301E170D823 HTTP/1.1" 200 65266
144.76.137.254 - - [01/Jan/2021:08:21:42 +0100] "GET /ticket2/opencms/ru/buy/?page=1&edid=ECAFD30A-D6B7-326B-9366-FA9494A40932&sortorder=desc&column=row HTTP/1.1" 200 72351
144.76.137.254 - - [01/Jan/2021:08:21:49 +0100] "GET /ticket2/opencms/ru/buy/?page=1&edid=ECCFCD56-CDE6-D952-3D65-E04329E8C64B&sortorder=desc&column=price HTTP/1.1" 200 70245
144.76.137.254 - - [01/Jan/2021:08:21:53 +0100] "GET /ticket2/opencms/ru/buy/?page=1&edid=ED355133-64B5-D287-7B51-479FB14F8AF3&sortorder=asc&column=price HTTP/1.1" 200 73002
114.119.159.61 - - [01/Jan/2021:08:21:57 +0100] "GET /ticket2/opencms/dk/venue/?countryid=FFFF1061-F0B1-C4E6-4E92-B35C1210D71D HTTP/1.1" 200 94618
207.180.226.173 - - [01/Jan/2021:08:22:01 +0100] "GET /ticket2/opencms/en/venue/?venueid=6FCDCCA7-47BD-CFE7-4CCC-4C7129F7CE52 HTTP/1.1" 200 65203
144.76.137.254 - - [01/Jan/2021:08:22:02 +0100] "GET /ticket2/opencms/ru/buy/?page=1&edid=ED355133-64B5-D287-7B51-479FB14F8AF3&sortorder=asc&column=row HTTP/1.1" 200 73002
207.180.226.173 - - [01/Jan/2021:08:22:12 +0100] "GET /ticket2/opencms/en/venue/?venueid=701663DC-2455-294E-2D99-0CDACEA4F260 HTTP/1.1" 200 65191
144.76.137.254 - - [01/Jan/2021:08:22:14 +0100] "GET /ticket2/opencms/ru/buy/?page=1&edid=EE0B5545-A4DD-24A5-CE2A-0376591DD1C7&sortorder=desc&column=row HTTP/1.1" 200 70232
54.36.148.226 - - [01/Jan/2021:08:22:15 +0100] "GET /ticket2/opencms/dk/venue/?venueid=185C55E4-BE26-92A6-03B7-D923D0F500C6 HTTP/1.1" 200 65228
144.76.137.254 - - [01/Jan/2021:08:22:19 +0100] "GET /ticket2/opencms/ru/buy/?page=1&edid=EE0B5545-A4DD-24A5-CE2A-0376591DD1C7&sortorder=desc&column=section HTTP/1.1" 200 70232
144.76.137.254 - - [01/Jan/2021:08:22:27 +0100] "GET /ticket2/opencms/ru/buy/?page=1&edid=EE24B254-1FB8-6601-5783-BFE404E37C0C&sortorder=desc&column=price HTTP/1.1" 200 72353
144.76.137.254 - - [01/Jan/2021:08:22:33 +0100] "GET /ticket2/opencms/ru/buy/?page=1&edid=EE24B254-1FB8-6601-5783-BFE404E37C0C&sortorder=desc&column=row HTTP/1.1" 200 72353
207.180.226.173 - - [01/Jan/2021:08:22:33 +0100] "GET /ticket2/opencms/en/venue/?venueid=7016E11C-AD7B-34CA-B499-2039C86B9809 HTTP/1.1" 200 65227
144.76.137.254 - - [01/Jan/2021:08:22:39 +0100] "GET /ticket2/opencms/ru/buy/?page=1&edid=EE24B254-1FB8-6601-5783-BFE404E37C0C&sortorder=desc&column=section HTTP/1.1" 200 72353
144.76.137.254 - - [01/Jan/2021:08:22:46 +0100] "GET /ticket2/opencms/ru/buy/?page=1&edid=EE632555-6082-7BDB-C3A6-CC4420D9FB41&sortorder=desc&column=price HTTP/1.1" 200 70233
207.180.226.173 - - [01/Jan/2021:08:22:50 +0100] "GET /ticket2/opencms/en/venue/?venueid=7017A2F5-FDAD-0EE7-3D35-B52980248ADD HTTP/1.1" 200 65257
144.76.137.254 - - [01/Jan/2021:08:22:53 +0100] "GET /ticket2/opencms/ru/buy/?page=1&edid=EE632555-6082-7BDB-C3A6-CC4420D9FB41&sortorder=desc&column=row HTTP/1.1" 200 70233
13.66.139.121 - - [01/Jan/2021:08:22:56 +0100] "GET /ticket2/opencms/no/venue/ HTTP/1.1" 200 333785
144.76.137.254 - - [01/Jan/2021:08:22:57 +0100] "GET /ticket2/opencms/ru/buy/?page=1&edid=EE632555-6082-7BDB-C3A6-CC4420D9FB41&sortorder=desc&column=section HTTP/1.1" 200 70233
144.76.137.254 - - [01/Jan/2021:08:23:04 +0100] "GET /ticket2/opencms/ru/buy/?page=1&edid=EF4CA50E-B036-DD4B-A26E-1BFB83ACBD71&sortorder=desc&column=price HTTP/1.1" 200 72552
144.76.137.254 - - [01/Jan/2021:08:23:09 +0100] "GET /ticket2/opencms/ru/buy/?page=1&edid=EF4CA50E-B036-DD4B-A26E-1BFB83ACBD71&sortorder=desc&column=row HTTP/1.1" 200 72552
207.180.226.173 - - [01/Jan/2021:08:23:14 +0100] "GET /ticket2/opencms/en/venue/?venueid=70347237-20AB-1826-B64D-E226B107BB72 HTTP/1.1" 200 65209
144.76.137.254 - - [01/Jan/2021:08:23:14 +0100] "GET /ticket2/opencms/ru/buy/?page=1&edid=EF4CA50E-B036-DD4B-A26E-1BFB83ACBD71&sortorder=desc&column=section HTTP/1.1" 200 72552
144.76.137.254 - - [01/Jan/2021:08:23:20 +0100] "GET /ticket2/opencms/ru/buy/?page=1&edid=F02C7F98-D962-4F16-67CC-B88BF13049A1&sortorder=desc&column=price HTTP/1.1" 200 70248
144.76.137.254 - - [01/Jan/2021:08:23:27 +0100] "GET /ticket2/opencms/ru/buy/?page=1&edid=F02C7F98-D962-4F16-67CC-B88BF13049A1&sortorder=desc&column=row HTTP/1.1" 200 70248
207.180.226.173 - - [01/Jan/2021:08:23:29 +0100] "GET /ticket2/opencms/en/venue/?venueid=70BCEFF3-3FFD-32AD-3733-0F6287343BFC HTTP/1.1" 200 65201
144.76.137.254 - - [01/Jan/2021:08:23:31 +0100] "GET /ticket2/opencms/ru/buy/?page=1&edid=F02C7F98-D962-4F16-67CC-B88BF13049A1&sortorder=desc&column=section HTTP/1.1" 200 70248
66.249.66.133 - - [01/Jan/2021:08:23:34 +0100] "GET /ticket2/opencms/en/buy/?page=10&eventid=EC400621-1050-8895-DCE5-36CFFF18A035&venueid=DA22C9F4-20C4-6978-CFDD-A1728A4A23BC HTTP/1.1" 200 66543
66.249.66.133 - - [01/Jan/2021:08:23:37 +0100] "GET /ticket2/opencms/system/modules/com.gridnine.opencms.ticketbrokerage.site/resources/js/functions.js HTTP/1.1" 200 1583
66.249.66.135 - - [01/Jan/2021:08:23:37 +0100] "GET /ticket2/opencms/system/modules/com.gridnine.opencms.ticketbrokerage.site/resources/css/standard.css HTTP/1.1" 200 61448
66.249.66.133 - - [01/Jan/2021:08:23:38 +0100] "GET /ticket2/opencms/system/modules/com.gridnine.opencms.ticketbrokerage.site/resources/js/jquery/jquery.js HTTP/1.1" 200 93868
66.249.66.133 - - [01/Jan/2021:08:23:38 +0100] "GET /ticket2/opencms/system/modules/com.gridnine.opencms.ticketbrokerage.site/resources/js/stickyfill.min.js HTTP/1.1" 200 5672
144.76.137.254 - - [01/Jan/2021:08:23:38 +0100] "GET /ticket2/opencms/ru/buy/?page=1&edid=F079AC7E-D221-F1E2-410C-375B35987091&sortorder=desc&column=price HTTP/1.1" 200 70248
54.36.148.250 - - [01/Jan/2021:08:23:44 +0100] "GET /ticket2/opencms/en/venue/?venueid=B5ED1183-D33E-1EF0-6122-306DBE64D14C HTTP/1.1" 200 65230
144.76.137.254 - - [01/Jan/2021:08:23:45 +0100] "GET /ticket2/opencms/ru/buy/?page=1&edid=F079AC7E-D221-F1E2-410C-375B35987091&sortorder=desc&column=row HTTP/1.1" 200 70248
207.180.226.173 - - [01/Jan/2021:08:23:48 +0100] "GET /ticket2/opencms/en/venue/?venueid=7AC4544E-68B6-072F-C815-86F75E4EE456 HTTP/1.1" 200 65303
144.76.137.254 - - [01/Jan/2021:08:23:49 +0100] "GET /ticket2/opencms/ru/buy/?page=1&edid=F07DD32F-52F3-124E-9151-7EC8D703DA5C&sortorder=asc&column=price HTTP/1.1" 200 71979
207.180.226.173 - - [01/Jan/2021:08:24:01 +0100] "GET /ticket2/opencms/en/venue/?venueid=7DFE5FAB-A7F9-D9CB-B181-D0F227E04C90 HTTP/1.1" 200 65203
144.76.137.254 - - [01/Jan/2021:08:24:05 +0100] "GET /ticket2/opencms/ru/buy/?page=1&edid=01A733B6-382E-048A-BD81-D5CAC59B6BBB&sortorder=asc&column=row HTTP/1.1" 200 72184
144.76.137.254 - - [01/Jan/2021:08:24:19 +0100] "GET /ticket2/opencms/ru/buy/?page=1&edid=01A733B6-382E-048A-BD81-D5CAC59B6BBB&sortorder=asc&column=section HTTP/1.1" 200 72184
207.180.226.173 - - [01/Jan/2021:08:24:25 +0100] "GET /ticket2/opencms/en/venue/?venueid=7E3A2D74-DA88-871F-895E-1180E253F56F HTTP/1.1" 200 65209
144.76.137.254 - - [01/Jan/2021:08:24:31 +0100] "GET /ticket2/opencms/ru/buy/?page=1&edid=051CC5A6-4F43-B108-1719-5B0E1658C6C2&sortorder=asc&column=row HTTP/1.1" 200 71763
216.18.204.210 - - [01/Jan/2021:08:24:40 +0100] "GET /ticket2/opencms/no/buy/?page=1&edid=67A31EC9-82B4-3111-C328-5A8583423072&sortorder=asc&column=section HTTP/1.1" 200 71729
144.76.137.254 - - [01/Jan/2021:08:24:41 +0100] "GET /ticket2/opencms/ru/buy/?page=1&edid=051CC5A6-4F43-B108-1719-5B0E1658C6C2&sortorder=asc&column=section HTTP/1.1" 200 71763
207.180.226.173 - - [01/Jan/2021:08:24:45 +0100] "GET /ticket2/opencms/en/venue/?venueid=7E91A67B-DE16-8816-1A54-A7D84A4D6671 HTTP/1.1" 200 65210
144.76.137.254 - - [01/Jan/2021:08:24:54 +0100] "GET /ticket2/opencms/ru/buy/?page=1&edid=4BE51C11-6242-0667-4C84-D3822EC503E1&sortorder=asc&column=price HTTP/1.1" 200 72554
207.180.226.173 - - [01/Jan/2021:08:25:00 +0100] "GET /ticket2/opencms/en/venue/?venueid=7E97277D-1DCB-20AA-8AE9-51535192889A HTTP/1.1" 200 65204
144.76.137.254 - - [01/Jan/2021:08:25:08 +0100] "GET /ticket2/opencms/ru/buy/?page=1&edid=4BE51C11-6242-0667-4C84-D3822EC503E1&sortorder=asc&column=row HTTP/1.1" 200 72554
207.180.226.173 - - [01/Jan/2021:08:25:09 +0100] "GET /ticket2/opencms/en/venue/?venueid=7ECDA6E6-A656-10FC-73E8-F0105E917177 HTTP/1.1" 200 65306
216.245.221.83 - - [01/Jan/2021:08:25:18 +0100] "HEAD /ticket2/opencms/ HTTP/1.1" 302 -
216.245.221.83 - - [01/Jan/2021:08:25:19 +0100] "HEAD /ticket2/opencms/en/ HTTP/1.1" 200 -
144.76.137.254 - - [01/Jan/2021:08:25:20 +0100] "GET /ticket2/opencms/ru/buy/?page=1&edid=4BE51C11-6242-0667-4C84-D3822EC503E1&sortorder=asc&column=section HTTP/1.1" 200 72554
54.36.149.64 - - [01/Jan/2021:08:25:23 +0100] "GET /ticket2/opencms/dk/venue/?venueid=08E4EC60-00C9-C497-9F21-DF811FAE4DEC HTTP/1.1" 200 65246
207.180.226.173 - - [01/Jan/2021:08:25:26 +0100] "GET /ticket2/opencms/en/venue/?venueid=7F4399DF-09B0-51D6-E82A-35DDE26DDE35 HTTP/1.1" 200 65243
144.76.137.254 - - [01/Jan/2021:08:25:33 +0100] "GET /ticket2/opencms/ru/buy/?page=1&edid=4DD56908-EF50-BCCC-0CFD-53D399B44C58&sortorder=asc&column=price HTTP/1.1" 200 71760
66.249.66.137 - - [01/Jan/2021:08:25:33 +0100] "GET /ticket2/export/sites/ticketbrokerage/fi/legal_info/ruotsin_henkilotietolaki_1998.pdf HTTP/1.1" 200 67682
207.180.226.173 - - [01/Jan/2021:08:25:39 +0100] "GET /ticket2/opencms/en/venue/?venueid=7F775268-FDCE-3365-1815-747D9CD711D9 HTTP/1.1" 200 65209
144.76.137.254 - - [01/Jan/2021:08:25:45 +0100] "GET /ticket2/opencms/ru/buy/?page=1&edid=4DD56908-EF50-BCCC-0CFD-53D399B44C58&sortorder=asc&column=row HTTP/1.1" 200 71760
207.180.226.173 - - [01/Jan/2021:08:25:57 +0100] "GET /ticket2/opencms/en/venue/?venueid=80282372-5C99-DBF4-F014-FB112931F6DA HTTP/1.1" 200 65212
144.76.137.254 - - [01/Jan/2021:08:26:01 +0100] "GET /ticket2/opencms/ru/buy/?page=1&edid=4DD56908-EF50-BCCC-0CFD-53D399B44C58&sortorder=asc&column=section HTTP/1.1" 200 71760
13.66.139.99 - - [01/Jan/2021:08:26:02 +0100] "GET /ticket2/opencms/sv/legal_info/ HTTP/1.1" 200 66622
144.76.137.254 - - [01/Jan/2021:08:26:14 +0100] "GET /ticket2/opencms/ru/buy/?page=1&edid=4E7F34FE-BC2D-0B9C-02D2-EBA83566303D&sortorder=asc&column=price HTTP/1.1" 200 71718
207.180.226.173 - - [01/Jan/2021:08:26:16 +0100] "GET /ticket2/opencms/en/venue/?venueid=8034B51E-43F2-D862-3B50-4F1B67991063 HTTP/1.1" 200 65263
114.119.133.76 - - [01/Jan/2021:08:26:19 +0100] "GET /ticket2/opencms/dk/buy/?page=1&edid=E3B11CF1-FF18-4988-8A73-D260C31213AE&sortorder=asc&column=price HTTP/1.1" 200 70964
144.76.137.254 - - [01/Jan/2021:08:26:29 +0100] "GET /ticket2/opencms/ru/buy/?page=1&edid=4E7F34FE-BC2D-0B9C-02D2-EBA83566303D&sortorder=asc&column=row HTTP/1.1" 200 71718
