69.30.226.234 - - [01/Jan/2021:02:48:58 +0100] "GET /ticket2/opencms/ru/buy/?page=1&edid=3FC2B591-D536-D1BB-E60B-6C053ECAFC38&sortorder=desc&column=row HTTP/1.1" 200 71928
69.30.226.234 - - [01/Jan/2021:02:49:00 +0100] "GET /ticket2/opencms/ru/buy/?page=1&edid=3FC2B591-D536-D1BB-E60B-6C053ECAFC38&sortorder=desc&column=section HTTP/1.1" 200 71928
69.30.226.234 - - [01/Jan/2021:02:49:03 +0100] "GET /ticket2/opencms/ru/buy/?page=1&edid=411CF077-8416-B09B-2921-C517AE71239C&sortorder=asc&column=section HTTP/1.1" 200 72134
69.30.226.234 - - [01/Jan/2021:02:49:05 +0100] "GET /ticket2/opencms/ru/buy/?page=1&edid=416DE971-B897-5140-B141-FE881AD61026&sortorder=desc&column=price HTTP/1.1" 200 72612
144.76.60.198 - - [01/Jan/2021:02:49:06 +0100] "GET /ticket2/opencms/fi/buy/?page=1&edid=B776DA7C-BB43-92BB-597E-685DFC5D934F&sortorder=desc&column=section HTTP/1.1" 200 72272
69.30.226.234 - - [01/Jan/2021:02:49:07 +0100] "GET /ticket2/opencms/ru/buy/?page=1&edid=416DE971-B897-5140-B141-FE881AD61026&sortorder=desc&column=row HTTP/1.1" 200 72612
192.99.9.25 - - [01/Jan/2021:02:49:07 +0100] "GET /ticket2/opencms/ru/buy/?page=1&edid=6CE73640-861F-E63B-F569-7CD77E2D3806&sortorder=desc&column=price HTTP/1.1" 200 71705
192.99.14.130 - - [01/Jan/2021:02:49:08 +0100] "GET /ticket2/opencms/fi/login/?edid=DDC4F101-7A24-C9CE-194A-9345F8ED8B64 HTTP/1.1" 200 68719
69.30.226.234 - - [01/Jan/2021:02:49:09 +0100] "GET /ticket2/opencms/ru/buy/?page=1&edid=416DE971-B897-5140-B141-FE881AD61026&sortorder=desc&column=section HTTP/1.1" 200 72612
69.30.226.234 - - [01/Jan/2021:02:49:11 +0100] "GET /ticket2/opencms/ru/buy/?page=1&edid=41BEA64D-1BA5-5F3A-682B-157416A5458B&sortorder=asc&column=section HTTP/1.1" 200 72346
69.30.226.234 - - [01/Jan/2021:02:49:13 +0100] "GET /ticket2/opencms/ru/buy/?page=1&edid=428E58E3-B3C1-2F0F-E2C9-023C8EA16898&sortorder=desc&column=row HTTP/1.1" 200 72557
144.76.60.198 - - [01/Jan/2021:02:49:15 +0100] "GET /ticket2/opencms/fi/buy/?page=1&edid=B78F37A9-D298-0836-D814-4AD77F1949FB&sortorder=asc&column=row HTTP/1.1" 200 73367
69.30.226.234 - - [01/Jan/2021:02:49:15 +0100] "GET /ticket2/opencms/ru/buy/?page=1&edid=428E58E3-B3C1-2F0F-E2C9-023C8EA16898&sortorder=desc&column=section HTTP/1.1" 200 72557
69.30.226.234 - - [01/Jan/2021:02:49:17 +0100] "GET /ticket2/opencms/ru/buy/?page=1&edid=465242F9-029A-06C6-C79F-CA8B331B3D42&sortorder=desc&column=price HTTP/1.1" 200 71714
54.36.149.53 - - [01/Jan/2021:02:49:18 +0100] "GET /ticket2/opencms/fi/venue/?countryid=219973C9-2DDA-2E70-1B9F-7B4A1AF9BB6C HTTP/1.1" 200 95819
69.30.226.234 - - [01/Jan/2021:02:49:20 +0100] "GET /ticket2/opencms/ru/buy/?page=1&edid=465242F9-029A-06C6-C79F-CA8B331B3D42&sortorder=desc&column=row HTTP/1.1" 200 71714
69.30.226.234 - - [01/Jan/2021:02:49:22 +0100] "GET /ticket2/opencms/ru/buy/?page=1&edid=465242F9-029A-06C6-C79F-CA8B331B3D42&sortorder=desc&column=section HTTP/1.1" 200 71714
144.76.60.198 - - [01/Jan/2021:02:49:23 +0100] "GET /ticket2/opencms/fi/buy/?page=1&edid=B7CD03F3-78D0-257F-84AD-A4BE61864779&sortorder=asc&column=price HTTP/1.1" 200 73848
69.30.226.234 - - [01/Jan/2021:02:49:23 +0100] "GET /ticket2/opencms/ru/buy/?page=1&edid=46F5EC85-5B62-6DBE-6122-EC5082A83D53&sortorder=desc&column=price HTTP/1.1" 200 71718
69.30.226.234 - - [01/Jan/2021:02:49:26 +0100] "GET /ticket2/opencms/ru/buy/?page=1&edid=46F5EC85-5B62-6DBE-6122-EC5082A83D53&sortorder=desc&column=row HTTP/1.1" 200 71718
69.30.226.234 - - [01/Jan/2021:02:49:28 +0100] "GET /ticket2/opencms/ru/buy/?page=1&edid=46F5EC85-5B62-6DBE-6122-EC5082A83D53&sortorder=desc&column=section HTTP/1.1" 200 71718
144.76.60.198 - - [01/Jan/2021:02:49:28 +0100] "GET /ticket2/opencms/fi/buy/?page=1&edid=B7CD03F3-78D0-257F-84AD-A4BE61864779&sortorder=asc&column=row HTTP/1.1" 200 73848
69.30.226.234 - - [01/Jan/2021:02:49:30 +0100] "GET /ticket2/opencms/ru/buy/?page=1&edid=47B03FAD-DF6C-88EC-5450-C0CEEB46AF67&sortorder=desc&column=price HTTP/1.1" 200 73471
69.30.226.234 - - [01/Jan/2021:02:49:32 +0100] "GET /ticket2/opencms/ru/buy/?page=1&edid=47B03FAD-DF6C-88EC-5450-C0CEEB46AF67&sortorder=desc&column=row HTTP/1.1" 200 73471
69.30.226.234 - - [01/Jan/2021:02:49:34 +0100] "GET /ticket2/opencms/ru/buy/?page=1&edid=47B03FAD-DF6C-88EC-5450-C0CEEB46AF67&sortorder=desc&column=section HTTP/1.1" 200 73471
192.99.14.130 - - [01/Jan/2021:02:49:35 +0100] "GET /ticket2/opencms/fi/login/?edid=DF73B840-FD1F-33E1-0F15-67C495C62B65 HTTP/1.1" 200 68719
144.76.60.198 - - [01/Jan/2021:02:49:36 +0100] "GET /ticket2/opencms/fi/buy/?page=1&edid=B7CD03F3-78D0-257F-84AD-A4BE61864779&sortorder=asc&column=section HTTP/1.1" 200 73848
69.30.226.234 - - [01/Jan/2021:02:49:36 +0100] "GET /ticket2/opencms/ru/buy/?page=1&edid=49AED064-B86D-465C-FC24-B9E6E7276FC8&sortorder=desc&column=price HTTP/1.1" 200 73003
69.30.226.234 - - [01/Jan/2021:02:49:38 +0100] "GET /ticket2/opencms/ru/buy/?page=1&edid=49AED064-B86D-465C-FC24-B9E6E7276FC8&sortorder=desc&column=row HTTP/1.1" 200 73003
192.99.9.25 - - [01/Jan/2021:02:49:39 +0100] "GET /ticket2/opencms/ru/buy/?page=1&edid=6CE73640-861F-E63B-F569-7CD77E2D3806&sortorder=desc&column=row HTTP/1.1" 200 71705
144.76.60.198 - - [01/Jan/2021:02:49:40 +0100] "GET /ticket2/opencms/fi/buy/?page=1&edid=B84EA943-9FA7-5E8F-B7C1-165A42AE3743&sortorder=asc&column=price HTTP/1.1" 200 73372
69.30.226.234 - - [01/Jan/2021:02:49:40 +0100] "GET /ticket2/opencms/ru/buy/?page=1&edid=49AED064-B86D-465C-FC24-B9E6E7276FC8&sortorder=desc&column=section HTTP/1.1" 200 73003
69.30.226.234 - - [01/Jan/2021:02:49:42 +0100] "GET /ticket2/opencms/ru/buy/?page=1&edid=4A821F38-50DC-2259-FA57-2665C1B72876&sortorder=desc&column=price HTTP/1.1" 200 73483
69.30.226.234 - - [01/Jan/2021:02:49:45 +0100] "GET /ticket2/opencms/ru/buy/?page=1&edid=4A821F38-50DC-2259-FA57-2665C1B72876&sortorder=desc&column=row HTTP/1.1" 200 73483
69.30.226.234 - - [01/Jan/2021:02:49:47 +0100] "GET /ticket2/opencms/ru/buy/?page=1&edid=4A821F38-50DC-2259-FA57-2665C1B72876&sortorder=desc&column=section HTTP/1.1" 200 73483
144.76.60.198 - - [01/Jan/2021:02:49:47 +0100] "GET /ticket2/opencms/fi/buy/?page=1&edid=B84EA943-9FA7-5E8F-B7C1-165A42AE3743&sortorder=asc&column=row HTTP/1.1" 200 73372
69.30.226.234 - - [01/Jan/2021:02:49:49 +0100] "GET /ticket2/opencms/ru/buy/?page=1&edid=4B8DF2AC-42E6-6C5D-F1CE-0DA3D8253356&sortorder=desc&column=price HTTP/1.1" 200 72998
66.249.66.133 - - [01/Jan/2021:02:49:50 +0100] "GET /ticket2/opencms/fi/venue/?venueid=DAA6AE39-3D49-AA75-E977-846AD93A9CE8 HTTP/1.1" 200 66460
69.30.226.234 - - [01/Jan/2021:02:49:51 +0100] "GET /ticket2/opencms/ru/buy/?page=1&edid=4B8DF2AC-42E6-6C5D-F1CE-0DA3D8253356&sortorder=desc&column=row HTTP/1.1" 200 72998
144.76.60.198 - - [01/Jan/2021:02:49:52 +0100] "GET /ticket2/opencms/fi/buy/?page=1&edid=B84EA943-9FA7-5E8F-B7C1-165A42AE3743&sortorder=asc&column=section HTTP/1.1" 200 73372
69.30.226.234 - - [01/Jan/2021:02:49:53 +0100] "GET /ticket2/opencms/ru/buy/?page=1&edid=4B8DF2AC-42E6-6C5D-F1CE-0DA3D8253356&sortorder=desc&column=section HTTP/1.1" 200 72998
69.30.226.234 - - [01/Jan/2021:02:49:55 +0100] "GET /ticket2/opencms/ru/buy/?page=1&edid=4BA7B2F8-A96A-CBF2-384D-5B93955887C5&sortorder=asc&column=price HTTP/1.1" 200 71987
69.30.226.234 - - [01/Jan/2021:02:49:57 +0100] "GET /ticket2/opencms/ru/buy/?page=1&edid=4BA7B2F8-A96A-CBF2-384D-5B93955887C5&sortorder=asc&column=row HTTP/1.1" 200 71987
144.76.60.198 - - [01/Jan/2021:02:49:58 +0100] "GET /ticket2/opencms/fi/buy/?page=1&edid=B9615215-53C8-9D1D-E562-C02B61764E6E&sortorder=asc&column=price HTTP/1.1" 200 73368
69.30.226.234 - - [01/Jan/2021:02:49:59 +0100] "GET /ticket2/opencms/ru/buy/?page=1&edid=4BA7B2F8-A96A-CBF2-384D-5B93955887C5&sortorder=asc&column=section HTTP/1.1" 200 71987
69.30.226.234 - - [01/Jan/2021:02:50:01 +0100] "GET /ticket2/opencms/ru/buy/?page=1&edid=4BA7B2F8-A96A-CBF2-384D-5B93955887C5&sortorder=desc&column=price HTTP/1.1" 200 71986
69.30.226.234 - - [01/Jan/2021:02:50:03 +0100] "GET /ticket2/opencms/ru/buy/?page=1&edid=4BA7B2F8-A96A-CBF2-384D-5B93955887C5&sortorder=desc&column=section HTTP/1.1" 200 71986
69.30.226.234 - - [01/Jan/2021:02:50:05 +0100] "GET /ticket2/opencms/ru/buy/?page=1&edid=4C057F1A-F8DE-8654-F39E-9DF6A45A6174&sortorder=desc&column=price HTTP/1.1" 200 73480
54.36.148.250 - - [01/Jan/2021:02:50:06 +0100] "GET /ticket2/opencms/fi/venue/?countryid=6A07F71C-E21A-1DB2-608E-7A1B9B76A929 HTTP/1.1" 200 95819
69.30.226.234 - - [01/Jan/2021:02:50:07 +0100] "GET /ticket2/opencms/ru/buy/?page=1&edid=4C057F1A-F8DE-8654-F39E-9DF6A45A6174&sortorder=desc&column=row HTTP/1.1" 200 73480
144.76.60.198 - - [01/Jan/2021:02:50:07 +0100] "GET /ticket2/opencms/fi/buy/?page=1&edid=B9615215-53C8-9D1D-E562-C02B61764E6E&sortorder=asc&column=row HTTP/1.1" 200 73368
69.30.226.234 - - [01/Jan/2021:02:50:09 +0100] "GET /ticket2/opencms/ru/buy/?page=1&edid=4C057F1A-F8DE-8654-F39E-9DF6A45A6174&sortorder=desc&column=section HTTP/1.1" 200 73480
69.30.226.234 - - [01/Jan/2021:02:50:10 +0100] "GET /ticket2/opencms/ru/buy/?page=1&edid=4CEF83A1-43AA-9EF7-2AAF-697170ECBF80&sortorder=asc&column=section HTTP/1.1" 200 73444
69.30.226.234 - - [01/Jan/2021:02:50:12 +0100] "GET /ticket2/opencms/ru/buy/?page=1&edid=4D293451-8836-ADDD-DEC6-CDBE62A73185&sortorder=desc&column=price HTTP/1.1" 200 73003
31.13.103.18 - - [01/Jan/2021:02:50:13 +0100] "GET /ticket2/opencms/sv/sport/fotbollsbiljetter/premier_league/chelsea/ HTTP/1.1" 200 69362
31.13.103.20 - - [01/Jan/2021:02:50:13 +0100] "GET /ticket2/opencms/sv/sport/fotbollsbiljetter/premier_league/chelsea/ HTTP/1.1" 200 69362
31.13.103.120 - - [01/Jan/2021:02:50:13 +0100] "GET /ticket2/opencms/sv/sport/fotbollsbiljetter/premier_league/chelsea/ HTTP/1.1" 200 69362
31.13.103.19 - - [01/Jan/2021:02:50:13 +0100] "GET /ticket2/opencms/sv/sport/fotbollsbiljetter/premier_league/chelsea/ HTTP/1.1" 200 69362
144.76.60.198 - - [01/Jan/2021:02:50:14 +0100] "GET /ticket2/opencms/fi/buy/?page=1&edid=BA563F7E-7D97-21AA-ADF7-0FCD56E37E7F&sortorder=asc&column=row HTTP/1.1" 200 73835
69.30.226.234 - - [01/Jan/2021:02:50:14 +0100] "GET /ticket2/opencms/ru/buy/?page=1&edid=4D293451-8836-ADDD-DEC6-CDBE62A73185&sortorder=desc&column=row HTTP/1.1" 200 73003
192.99.14.130 - - [01/Jan/2021:02:50:15 +0100] "GET /ticket2/opencms/fi/login/?edid=DFA8226D-664D-86EA-6CA6-3048A4D1FA69 HTTP/1.1" 200 68719
69.30.226.234 - - [01/Jan/2021:02:50:16 +0100] "GET /ticket2/opencms/ru/buy/?page=1&edid=4D293451-8836-ADDD-DEC6-CDBE62A73185&sortorder=desc&column=section HTTP/1.1" 200 73003
69.30.226.234 - - [01/Jan/2021:02:50:18 +0100] "GET /ticket2/opencms/ru/buy/?page=1&edid=4DA8BB7E-7B6D-2F44-7E06-8B92C40FFE63&sortorder=desc&column=row HTTP/1.1" 200 70231
216.245.221.83 - - [01/Jan/2021:02:50:19 +0100] "HEAD /ticket2/opencms/ HTTP/1.1" 302 -
216.245.221.83 - - [01/Jan/2021:02:50:20 +0100] "HEAD /ticket2/opencms/en/ HTTP/1.1" 200 -
69.30.226.234 - - [01/Jan/2021:02:50:20 +0100] "GET /ticket2/opencms/ru/buy/?page=1&edid=4DA8BB7E-7B6D-2F44-7E06-8B92C40FFE63&sortorder=desc&column=section HTTP/1.1" 200 70231
144.76.60.198 - - [01/Jan/2021:02:50:21 +0100] "GET /ticket2/opencms/fi/buy/?page=1&edid=BA563F7E-7D97-21AA-ADF7-0FCD56E37E7F&sortorder=asc&column=section HTTP/1.1" 200 73835
69.30.226.234 - - [01/Jan/2021:02:50:22 +0100] "GET /ticket2/opencms/ru/buy/?page=1&edid=4F679D59-A856-14F0-ECEF-29CBD5EE9427&sortorder=desc&column=price HTTP/1.1" 200 71714
69.30.226.234 - - [01/Jan/2021:02:50:24 +0100] "GET /ticket2/opencms/ru/buy/?page=1&edid=4F679D59-A856-14F0-ECEF-29CBD5EE9427&sortorder=desc&column=section HTTP/1.1" 200 71714
144.76.60.198 - - [01/Jan/2021:02:50:25 +0100] "GET /ticket2/opencms/fi/buy/?page=1&edid=BAD2A333-B983-1C4F-085D-667F2BDD36E6&sortorder=asc&column=price HTTP/1.1" 200 70644
192.99.9.25 - - [01/Jan/2021:02:50:26 +0100] "GET /ticket2/opencms/ru/buy/?page=1&edid=6CE73640-861F-E63B-F569-7CD77E2D3806&sortorder=desc&column=section HTTP/1.1" 200 71705
69.30.226.234 - - [01/Jan/2021:02:50:26 +0100] "GET /ticket2/opencms/ru/buy/?page=1&edid=4F85BB13-4691-49F2-FB37-B46A99DE24E2&sortorder=desc&column=price HTTP/1.1" 200 71719
69.30.226.234 - - [01/Jan/2021:02:50:28 +0100] "GET /ticket2/opencms/ru/buy/?page=1&edid=5049F443-2967-4BC4-9DF8-22395FCF3C8C&sortorder=desc&column=price HTTP/1.1" 200 71761
69.30.226.234 - - [01/Jan/2021:02:50:30 +0100] "GET /ticket2/opencms/ru/buy/?page=1&edid=5049F443-2967-4BC4-9DF8-22395FCF3C8C&sortorder=desc&column=row HTTP/1.1" 200 71761
144.76.60.198 - - [01/Jan/2021:02:50:32 +0100] "GET /ticket2/opencms/fi/buy/?page=1&edid=BAD2A333-B983-1C4F-085D-667F2BDD36E6&sortorder=asc&column=row HTTP/1.1" 200 70644
69.30.226.234 - - [01/Jan/2021:02:50:32 +0100] "GET /ticket2/opencms/ru/buy/?page=1&edid=5049F443-2967-4BC4-9DF8-22395FCF3C8C&sortorder=desc&column=section HTTP/1.1" 200 71761
66.249.66.133 - - [01/Jan/2021:02:50:33 +0100] "GET /ticket2/opencms/ru/buy/?comcatid=B41CCF2B-5558-7AEE-3602-09BBDE417D65&catid=BF886BAE-FC84-8CB3-A193-6DFA251F7985 HTTP/1.1" 200 68861
69.30.226.234 - - [01/Jan/2021:02:50:34 +0100] "GET /ticket2/opencms/ru/buy/?page=1&edid=52827494-239B-83D7-4791-E7789689FAB8&sortorder=desc&column=price HTTP/1.1" 200 73001
69.30.226.234 - - [01/Jan/2021:02:50:36 +0100] "GET /ticket2/opencms/ru/buy/?page=1&edid=52827494-239B-83D7-4791-E7789689FAB8&sortorder=desc&column=row HTTP/1.1" 200 73001
144.76.60.198 - - [01/Jan/2021:02:50:36 +0100] "GET /ticket2/opencms/fi/buy/?page=1&edid=BAD2A333-B983-1C4F-085D-667F2BDD36E6&sortorder=asc&column=section HTTP/1.1" 200 70644
69.30.226.234 - - [01/Jan/2021:02:50:38 +0100] "GET /ticket2/opencms/ru/buy/?page=1&edid=52827494-239B-83D7-4791-E7789689FAB8&sortorder=desc&column=section HTTP/1.1" 200 73001
69.30.226.234 - - [01/Jan/2021:02:50:40 +0100] "GET /ticket2/opencms/ru/buy/?page=1&edid=52F868F1-7749-7E6C-5905-3BA969A6104A&sortorder=asc&column=price HTTP/1.1" 200 70224
69.30.226.234 - - [01/Jan/2021:02:50:42 +0100] "GET /ticket2/opencms/ru/buy/?page=1&edid=52F868F1-7749-7E6C-5905-3BA969A6104A&sortorder=desc&column=price HTTP/1.1" 200 70223
69.30.226.234 - - [01/Jan/2021:02:50:44 +0100] "GET /ticket2/opencms/ru/buy/?page=1&edid=55EB0E82-A00F-A3D2-EC92-281F6ED492E2&sortorder=asc&column=price HTTP/1.1" 200 72132
144.76.60.198 - - [01/Jan/2021:02:50:45 +0100] "GET /ticket2/opencms/fi/buy/?page=1&edid=BB394FD3-070C-1E2C-9920-F550F89B00A2&sortorder=desc&column=price HTTP/1.1" 200 70651
69.30.226.234 - - [01/Jan/2021:02:50:46 +0100] "GET /ticket2/opencms/ru/buy/?page=1&edid=55EB0E82-A00F-A3D2-EC92-281F6ED492E2&sortorder=asc&column=row HTTP/1.1" 200 72132
69.30.226.234 - - [01/Jan/2021:02:50:48 +0100] "GET /ticket2/opencms/ru/buy/?page=1&edid=55EB0E82-A00F-A3D2-EC92-281F6ED492E2&sortorder=asc&column=section HTTP/1.1" 200 72132
69.30.226.234 - - [01/Jan/2021:02:50:50 +0100] "GET /ticket2/opencms/ru/buy/?page=1&edid=55EEFA62-67EA-E95F-8964-BB35CEC0BB89&sortorder=desc&column=price HTTP/1.1" 200 70232
69.30.226.234 - - [01/Jan/2021:02:50:52 +0100] "GET /ticket2/opencms/ru/buy/?page=1&edid=55EEFA62-67EA-E95F-8964-BB35CEC0BB89&sortorder=desc&column=row HTTP/1.1" 200 70232
69.30.226.234 - - [01/Jan/2021:02:50:54 +0100] "GET /ticket2/opencms/ru/buy/?page=1&edid=55EEFA62-67EA-E95F-8964-BB35CEC0BB89&sortorder=desc&column=section HTTP/1.1" 200 70232
69.30.226.234 - - [01/Jan/2021:02:50:56 +0100] "GET /ticket2/opencms/ru/buy/?page=1&edid=5640FAB9-24F8-EBAE-85B5-70F8CD8DA0D7&sortorder=asc&column=section HTTP/1.1" 200 70238
144.76.60.198 - - [01/Jan/2021:02:50:57 +0100] "GET /ticket2/opencms/fi/buy/?page=1&edid=BB394FD3-070C-1E2C-9920-F550F89B00A2&sortorder=desc&column=section HTTP/1.1" 200 70651
69.30.226.234 - - [01/Jan/2021:02:50:58 +0100] "GET /ticket2/opencms/ru/buy/?page=1&edid=5694EC6E-8F45-E662-BB18-079F1DC3144E&sortorder=asc&column=row HTTP/1.1" 200 70223
54.36.148.250 - - [01/Jan/2021:02:50:59 +0100] "GET /ticket2/opencms/fi/venue/?countryid=5F186EB9-FC66-3D17-58C4-6A160CA3B9D1 HTTP/1.1" 200 95819
114.119.139.25 - - [01/Jan/2021:02:50:59 +0100] "GET /ticket2/opencms/fi/buy/?page=1&edid=B4EC0635-7D95-B22D-B192-3848478AFE4A&sortorder=asc&column=section HTTP/1.1" 200 72279
69.30.226.234 - - [01/Jan/2021:02:51:00 +0100] "GET /ticket2/opencms/ru/buy/?page=1&edid=5694EC6E-8F45-E662-BB18-079F1DC3144E&sortorder=asc&column=section HTTP/1.1" 200 70223
144.76.60.198 - - [01/Jan/2021:02:51:01 +0100] "GET /ticket2/opencms/fi/buy/?page=1&edid=BB786D37-9A63-734D-1EB8-BE43F552023D&sortorder=asc&column=price HTTP/1.1" 200 73843
69.30.226.234 - - [01/Jan/2021:02:51:02 +0100] "GET /ticket2/opencms/ru/buy/?page=1&edid=56EAD9EB-11E6-EA69-93EA-802006772F2F&sortorder=desc&column=row HTTP/1.1" 200 70212
69.30.226.234 - - [01/Jan/2021:02:51:04 +0100] "GET /ticket2/opencms/ru/buy/?page=1&edid=56F7A79F-ED6D-503D-46E5-CD44AF89319D&sortorder=desc&column=price HTTP/1.1" 200 72999
69.30.226.234 - - [01/Jan/2021:02:51:05 +0100] "GET /ticket2/opencms/ru/buy/?page=1&edid=56F7A79F-ED6D-503D-46E5-CD44AF89319D&sortorder=desc&column=row HTTP/1.1" 200 72999
69.30.226.234 - - [01/Jan/2021:02:51:08 +0100] "GET /ticket2/opencms/ru/buy/?page=1&edid=56F7A79F-ED6D-503D-46E5-CD44AF89319D&sortorder=desc&column=section HTTP/1.1" 200 72999
144.76.60.198 - - [01/Jan/2021:02:51:08 +0100] "GET /ticket2/opencms/fi/buy/?page=1&edid=BB786D37-9A63-734D-1EB8-BE43F552023D&sortorder=asc&column=row HTTP/1.1" 200 73843
69.30.226.234 - - [01/Jan/2021:02:51:10 +0100] "GET /ticket2/opencms/ru/buy/?page=1&edid=58A46E7C-4ABE-8271-D92C-868C096B62C8&sortorder=asc&column=price HTTP/1.1" 200 70262
192.99.9.25 - - [01/Jan/2021:02:51:11 +0100] "GET /ticket2/opencms/ru/buy/?page=1&edid=6EBB4D89-5D35-B41F-C796-BF7100AA9410&sortorder=desc&column=price HTTP/1.1" 200 72668
69.30.226.234 - - [01/Jan/2021:02:51:12 +0100] "GET /ticket2/opencms/ru/buy/?page=1&edid=58A46E7C-4ABE-8271-D92C-868C096B62C8&sortorder=asc&column=row HTTP/1.1" 200 70262
144.76.60.198 - - [01/Jan/2021:02:51:13 +0100] "GET /ticket2/opencms/fi/buy/?page=1&edid=BB786D37-9A63-734D-1EB8-BE43F552023D&sortorder=asc&column=section HTTP/1.1" 200 73843
69.30.226.234 - - [01/Jan/2021:02:51:14 +0100] "GET /ticket2/opencms/ru/buy/?page=1&edid=595A5267-76E6-43B6-97D1-91251A31FEA6&sortorder=asc&column=price HTTP/1.1" 200 71980
69.30.226.234 - - [01/Jan/2021:02:51:16 +0100] "GET /ticket2/opencms/ru/buy/?page=1&edid=595A5267-76E6-43B6-97D1-91251A31FEA6&sortorder=asc&column=row HTTP/1.1" 200 71980
144.76.60.198 - - [01/Jan/2021:02:51:17 +0100] "GET /ticket2/opencms/fi/buy/?page=1&edid=BC0640B2-F0A4-FC1E-E720-5165EC166C36&sortorder=asc&column=price HTTP/1.1" 200 70618
69.30.226.234 - - [01/Jan/2021:02:51:18 +0100] "GET /ticket2/opencms/ru/buy/?page=1&edid=595A5267-76E6-43B6-97D1-91251A31FEA6&sortorder=asc&column=section HTTP/1.1" 200 71980
192.99.14.130 - - [01/Jan/2021:02:51:19 +0100] "GET /ticket2/opencms/fi/login/?edid=E0608FC5-65F6-E8D3-5201-2E9C615F63AB HTTP/1.1" 200 68719
69.30.226.234 - - [01/Jan/2021:02:51:20 +0100] "GET /ticket2/opencms/ru/buy/?page=1&edid=596C9962-08B1-F451-67A0-7F710776E88D&sortorder=desc&column=price HTTP/1.1" 200 70265
69.30.226.234 - - [01/Jan/2021:02:51:22 +0100] "GET /ticket2/opencms/ru/buy/?page=1&edid=596C9962-08B1-F451-67A0-7F710776E88D&sortorder=desc&column=row HTTP/1.1" 200 70265
69.30.226.234 - - [01/Jan/2021:02:51:24 +0100] "GET /ticket2/opencms/ru/buy/?page=1&edid=596C9962-08B1-F451-67A0-7F710776E88D&sortorder=desc&column=section HTTP/1.1" 200 70265
144.76.60.198 - - [01/Jan/2021:02:51:24 +0100] "GET /ticket2/opencms/fi/buy/?page=1&edid=BC0640B2-F0A4-FC1E-E720-5165EC166C36&sortorder=asc&column=row HTTP/1.1" 200 70618
216.18.204.210 - - [01/Jan/2021:02:51:26 +0100] "GET /ticket2/opencms/sv/sport/fotbollsbiljetter/la_liga/real-sociedad/ HTTP/1.1" 200 67070
69.30.226.234 - - [01/Jan/2021:02:51:26 +0100] "GET /ticket2/opencms/ru/buy/?page=1&edid=5AA3AC98-278A-0456-8CFC-FCC83A4A6984&sortorder=asc&column=price HTTP/1.1" 200 70228
69.30.226.234 - - [01/Jan/2021:02:51:28 +0100] "GET /ticket2/opencms/ru/buy/?page=1&edid=5AA3AC98-278A-0456-8CFC-FCC83A4A6984&sortorder=asc&column=row HTTP/1.1" 200 70228
69.30.226.234 - - [01/Jan/2021:02:51:30 +0100] "GET /ticket2/opencms/ru/buy/?page=1&edid=5AA3AC98-278A-0456-8CFC-FCC83A4A6984&sortorder=asc&column=section HTTP/1.1" 200 70228
69.30.226.234 - - [01/Jan/2021:02:51:32 +0100] "GET /ticket2/opencms/ru/buy/?page=1&edid=5B22F83A-2ADE-82C8-21F3-C11998BADC97&sortorder=desc&column=price HTTP/1.1" 200 72999
144.76.60.198 - - [01/Jan/2021:02:51:33 +0100] "GET /ticket2/opencms/fi/buy/?page=1&edid=BC0640B2-F0A4-FC1E-E720-5165EC166C36&sortorder=asc&column=section HTTP/1.1" 200 70618
69.30.226.234 - - [01/Jan/2021:02:51:34 +0100] "GET /ticket2/opencms/ru/buy/?page=1&edid=5B22F83A-2ADE-82C8-21F3-C11998BADC97&sortorder=desc&column=row HTTP/1.1" 200 72999
192.99.9.25 - - [01/Jan/2021:02:51:35 +0100] "GET /ticket2/opencms/ru/buy/?page=1&edid=6EBB4D89-5D35-B41F-C796-BF7100AA9410&sortorder=desc&column=row HTTP/1.1" 200 72668
69.30.226.234 - - [01/Jan/2021:02:51:36 +0100] "GET /ticket2/opencms/ru/buy/?page=1&edid=5B22F83A-2ADE-82C8-21F3-C11998BADC97&sortorder=desc&column=section HTTP/1.1" 200 72999
144.76.60.198 - - [01/Jan/2021:02:51:38 +0100] "GET /ticket2/opencms/fi/buy/?page=1&edid=BD6EF8A5-80EE-2A0A-B771-821A51089189&sortorder=asc&column=section HTTP/1.1" 200 70640
192.99.14.130 - - [01/Jan/2021:02:51:43 +0100] "GET /ticket2/opencms/fi/login/?edid=E0E4CC6D-24E3-040F-1B69-4E1F3E08A0A3 HTTP/1.1" 200 68719
144.76.60.198 - - [01/Jan/2021:02:51:45 +0100] "GET /ticket2/opencms/fi/buy/?page=1&edid=BE677498-647D-741B-F50C-DF4074C4FF3A&sortorder=asc&column=price HTTP/1.1" 200 73369
54.36.149.70 - - [01/Jan/2021:02:51:51 +0100] "GET /ticket2/opencms/sv/buy/?page=6&comcatid=A17713B6-D984-201A-4143-ED4DB5ED5C2E&catid=0A6C99D2-F5BD-7A18-9A5F-5668827042E0 HTTP/1.1" 200 75886
144.76.60.198 - - [01/Jan/2021:02:51:52 +0100] "GET /ticket2/opencms/fi/buy/?page=1&edid=BE677498-647D-741B-F50C-DF4074C4FF3A&sortorder=asc&column=row HTTP/1.1" 200 73369
144.76.60.198 - - [01/Jan/2021:02:51:55 +0100] "GET /ticket2/opencms/fi/buy/?page=1&edid=BE677498-647D-741B-F50C-DF4074C4FF3A&sortorder=asc&column=section HTTP/1.1" 200 73369
144.76.60.198 - - [01/Jan/2021:02:52:03 +0100] "GET /ticket2/opencms/fi/buy/?page=1&edid=BE8FBC61-B0C2-4CAA-8A3A-B3DE60176719&sortorder=asc&column=row HTTP/1.1" 200 73367
192.99.9.25 - - [01/Jan/2021:02:52:06 +0100] "GET /ticket2/opencms/ru/buy/?page=1&edid=6EBB4D89-5D35-B41F-C796-BF7100AA9410&sortorder=desc&column=section HTTP/1.1" 200 72668
207.46.13.183 - - [01/Jan/2021:02:52:12 +0100] "GET /ticket2/opencms/sv/venue/?countryid=B33351B8-DB63-1834-566A-CB44E5291395 HTTP/1.1" 200 94846
66.249.66.133 - - [01/Jan/2021:02:52:13 +0100] "GET /ticket2/opencms/fi/buy/?page=1&edid=FC8E19AE-C0B2-6E8A-15B8-33A65B1EFF7E HTTP/1.1" 200 72516
192.99.14.130 - - [01/Jan/2021:02:52:16 +0100] "GET /ticket2/opencms/fi/login/?edid=E37D9788-59C6-DADE-FC63-F7F06CE589EF HTTP/1.1" 200 68719
144.76.60.198 - - [01/Jan/2021:02:52:17 +0100] "GET /ticket2/opencms/fi/buy/?page=1&edid=BF4F4F88-9C17-C70F-0807-28AAB5899F63&sortorder=asc&column=price HTTP/1.1" 200 70667
157.55.39.170 - - [01/Jan/2021:02:52:18 +0100] "GET /ticket2/opencms/fi/venue/?venueid=D445411B-08FC-6F4E-CAC0-2B74ADA8AFFF HTTP/1.1" 200 66462
123.183.224.79 - - [01/Jan/2021:02:52:21 +0100] "GET /ticket2/opencms/ HTTP/1.1" 302 -
144.76.60.198 - - [01/Jan/2021:02:52:24 +0100] "GET /ticket2/opencms/fi/buy/?page=1&edid=BF4F4F88-9C17-C70F-0807-28AAB5899F63&sortorder=asc&column=row HTTP/1.1" 200 70667
144.76.60.198 - - [01/Jan/2021:02:52:32 +0100] "GET /ticket2/opencms/fi/buy/?page=1&edid=BF4F4F88-9C17-C70F-0807-28AAB5899F63&sortorder=asc&column=section HTTP/1.1" 200 70667
144.76.60.198 - - [01/Jan/2021:02:52:36 +0100] "GET /ticket2/opencms/fi/buy/?page=1&edid=C0E47183-9E04-397D-4EA3-DF57D3D08EA0&sortorder=asc&column=price HTTP/1.1" 200 73837
54.36.148.250 - - [01/Jan/2021:02:52:38 +0100] "GET /ticket2/opencms/fi/venue/?countryid=6A314B5B-08FE-5CDE-C85D-253064810CDA HTTP/1.1" 200 95819
144.76.60.198 - - [01/Jan/2021:02:52:44 +0100] "GET /ticket2/opencms/fi/buy/?page=1&edid=C0E47183-9E04-397D-4EA3-DF57D3D08EA0&sortorder=asc&column=row HTTP/1.1" 200 73837
144.76.60.198 - - [01/Jan/2021:02:52:52 +0100] "GET /ticket2/opencms/fi/buy/?page=1&edid=C0E47183-9E04-397D-4EA3-DF57D3D08EA0&sortorder=asc&column=section HTTP/1.1" 200 73837
144.76.60.198 - - [01/Jan/2021:02:52:56 +0100] "GET /ticket2/opencms/fi/buy/?page=1&edid=C0F1E76A-C642-D418-763A-93A7662FD1E2&sortorder=asc&column=price HTTP/1.1" 200 70636
192.99.9.25 - - [01/Jan/2021:02:53:01 +0100] "GET /ticket2/opencms/ru/buy/?page=1&edid=6F9E73C2-C121-BEC3-C713-1F67AF9C9388&sortorder=asc&column=price HTTP/1.1" 200 73003
144.76.60.198 - - [01/Jan/2021:02:53:05 +0100] "GET /ticket2/opencms/fi/buy/?page=1&edid=C0F1E76A-C642-D418-763A-93A7662FD1E2&sortorder=asc&column=section HTTP/1.1" 200 70636
144.76.60.198 - - [01/Jan/2021:02:53:11 +0100] "GET /ticket2/opencms/fi/buy/?page=1&edid=C117AED7-EC39-A674-9EB2-6A08DB41E7C9&sortorder=asc&column=price HTTP/1.1" 200 72301
192.99.14.130 - - [01/Jan/2021:02:53:13 +0100] "GET /ticket2/opencms/fi/login/?edid=E45DA0D5-EDB0-0431-91B9-796B3AF5D0C5 HTTP/1.1" 200 68719
144.76.60.198 - - [01/Jan/2021:02:53:19 +0100] "GET /ticket2/opencms/fi/buy/?page=1&edid=C117AED7-EC39-A674-9EB2-6A08DB41E7C9&sortorder=asc&column=row HTTP/1.1" 200 72301
52.210.122.6 - - [01/Jan/2021:02:53:23 +0100] "GET /ticket2/opencms/robots.txt HTTP/1.0" 200 773
52.210.122.6 - - [01/Jan/2021:02:53:24 +0100] "GET /ticket2/opencms/fi/buy/?page=1&edid=D38A75EF-0F2E-99D7-BE2D-1257A3573610&sortorder=asc&column=section HTTP/1.0" 200 73030
54.36.148.113 - - [01/Jan/2021:02:53:24 +0100] "GET /ticket2/opencms/en/venue/?countryid=DBAF1CDD-BB02-B386-3F1A-E606C2F733BC HTTP/1.1" 200 96370
144.76.60.198 - - [01/Jan/2021:02:53:26 +0100] "GET /ticket2/opencms/fi/buy/?page=1&edid=C117AED7-EC39-A674-9EB2-6A08DB41E7C9&sortorder=asc&column=section HTTP/1.1" 200 72301
144.76.60.198 - - [01/Jan/2021:02:53:33 +0100] "GET /ticket2/opencms/fi/buy/?page=1&edid=C1DD80C7-8D4B-6F54-604C-75017AA9D563&sortorder=asc&column=price HTTP/1.1" 200 73371
144.76.60.198 - - [01/Jan/2021:02:53:41 +0100] "GET /ticket2/opencms/fi/buy/?page=1&edid=C1DD80C7-8D4B-6F54-604C-75017AA9D563&sortorder=asc&column=row HTTP/1.1" 200 73371
192.99.9.25 - - [01/Jan/2021:02:53:43 +0100] "GET /ticket2/opencms/ru/buy/?page=1&edid=6F9E73C2-C121-BEC3-C713-1F67AF9C9388&sortorder=asc&column=row HTTP/1.1" 200 73003
144.76.60.198 - - [01/Jan/2021:02:53:53 +0100] "GET /ticket2/opencms/fi/buy/?page=1&edid=C26A8380-482D-554A-67BA-0EC562670447&sortorder=asc&column=row HTTP/1.1" 200 70636
192.99.14.130 - - [01/Jan/2021:02:53:55 +0100] "GET /ticket2/opencms/fi/login/?edid=E4649DD7-A8F0-6CC7-618A-6467D055EE4F HTTP/1.1" 200 68719
144.76.60.198 - - [01/Jan/2021:02:53:58 +0100] "GET /ticket2/opencms/fi/buy/?page=1&edid=C26A8380-482D-554A-67BA-0EC562670447&sortorder=asc&column=section HTTP/1.1" 200 70636
144.76.60.198 - - [01/Jan/2021:02:54:08 +0100] "GET /ticket2/opencms/fi/buy/?page=1&edid=C3165088-0871-A664-2A94-8C277D4CEE8F&sortorder=asc&column=price HTTP/1.1" 200 70614
54.36.148.250 - - [01/Jan/2021:02:54:12 +0100] "GET /ticket2/opencms/sv/buy/?page=6&comcatid=A17713B6-D984-201A-4143-ED4DB5ED5C2E&catid=F03B8ADD-988E-AE6A-8DBA-AF502C691C60 HTTP/1.1" 200 75894
144.76.60.198 - - [01/Jan/2021:02:54:14 +0100] "GET /ticket2/opencms/fi/buy/?page=1&edid=C3165088-0871-A664-2A94-8C277D4CEE8F&sortorder=asc&column=row HTTP/1.1" 200 70614
13.66.139.99 - - [01/Jan/2021:02:54:21 +0100] "GET /ticket2/opencms/sitemap_index.xml HTTP/1.1" 404 -
144.76.60.198 - - [01/Jan/2021:02:54:22 +0100] "GET /ticket2/opencms/fi/buy/?page=1&edid=C3165088-0871-A664-2A94-8C277D4CEE8F&sortorder=asc&column=section HTTP/1.1" 200 70614
192.99.9.25 - - [01/Jan/2021:02:54:24 +0100] "GET /ticket2/opencms/ru/buy/?page=1&edid=6F9E73C2-C121-BEC3-C713-1F67AF9C9388&sortorder=asc&column=section HTTP/1.1" 200 73003
192.99.14.130 - - [01/Jan/2021:02:54:30 +0100] "GET /ticket2/opencms/fi/login/?edid=E4CCAEED-8E81-175A-FC4E-82AB9259F7C3 HTTP/1.1" 200 68719
144.76.60.198 - - [01/Jan/2021:02:54:31 +0100] "GET /ticket2/opencms/fi/buy/?page=1&edid=C3820925-46F4-9B94-F451-8C76FF25869E&sortorder=asc&column=price HTTP/1.1" 200 70636
144.76.7.79 - - [01/Jan/2021:02:54:31 +0100] "GET /ticket2/opencms/robots.txt HTTP/1.1" 200 773
144.76.7.79 - - [01/Jan/2021:02:54:36 +0100] "GET /ticket2/opencms/nl/buy/?page=1&edid=265739E8-98B0-BF90-E2FA-F880C59D272B&sortorder=desc&column=price HTTP/1.1" 200 68299
144.76.60.198 - - [01/Jan/2021:02:54:39 +0100] "GET /ticket2/opencms/fi/buy/?page=1&edid=C3820925-46F4-9B94-F451-8C76FF25869E&sortorder=asc&column=row HTTP/1.1" 200 70636
144.76.7.79 - - [01/Jan/2021:02:54:39 +0100] "GET /ticket2/opencms/nl/buy/?page=1&edid=265739E8-98B0-BF90-E2FA-F880C59D272B&sortorder=desc&column=row HTTP/1.1" 200 68299
144.76.7.79 - - [01/Jan/2021:02:54:43 +0100] "GET /ticket2/opencms/nl/buy/?page=1&edid=27A7475E-067B-47F5-FC13-EBFAFFB17D2F HTTP/1.1" 200 71278
144.76.60.198 - - [01/Jan/2021:02:54:46 +0100] "GET /ticket2/opencms/fi/buy/?page=1&edid=C3C85BA9-2E4B-C378-8825-4A7128A5F236&sortorder=asc&column=price HTTP/1.1" 200 70633
144.76.7.79 - - [01/Jan/2021:02:54:49 +0100] "GET /ticket2/opencms/nl/buy/?page=1&edid=27A86D6D-4361-DE9B-1D01-A471A84202BD&sortorder=desc&column=price HTTP/1.1" 200 68297
216.18.204.210 - - [01/Jan/2021:02:54:51 +0100] "GET /ticket2/opencms/sv/sport/fotbollsbiljetter/serie_a/hellas_verona/ HTTP/1.1" 200 66969
144.76.7.79 - - [01/Jan/2021:02:54:53 +0100] "GET /ticket2/opencms/nl/buy/?page=1&edid=27A86D6D-4361-DE9B-1D01-A471A84202BD&sortorder=desc&column=row HTTP/1.1" 200 68297
144.76.60.198 - - [01/Jan/2021:02:54:53 +0100] "GET /ticket2/opencms/fi/buy/?page=1&edid=C3C85BA9-2E4B-C378-8825-4A7128A5F236&sortorder=asc&column=row HTTP/1.1" 200 70633
66.249.66.213 - - [01/Jan/2021:02:54:55 +0100] "GET /ticket2/opencms/en/venue/?venueid=FBAFDD4B-DAD3-1027-F610-2E658B7C0EA4 HTTP/1.1" 200 65285
66.249.66.217 - - [01/Jan/2021:02:54:56 +0100] "GET /ticket2/opencms/en/venue/?venueid=FBAFDD4B-DAD3-1027-F610-2E658B7C0EA4 HTTP/1.1" 200 65285
144.76.7.79 - - [01/Jan/2021:02:54:57 +0100] "GET /ticket2/opencms/nl/buy/?page=1&edid=27A86D6D-4361-DE9B-1D01-A471A84202BD&sortorder=desc&column=section HTTP/1.1" 200 68297
66.249.66.215 - - [01/Jan/2021:02:54:59 +0100] "GET /ticket2/opencms/en/ask-form.html HTTP/1.1" 200 3146
144.76.7.79 - - [01/Jan/2021:02:55:01 +0100] "GET /ticket2/opencms/nl/buy/?page=1&edid=27C123AB-DDEB-9544-7BBD-F441CE093363&sortorder=desc&column=price HTTP/1.1" 200 69969
144.76.60.198 - - [01/Jan/2021:02:55:03 +0100] "GET /ticket2/opencms/fi/buy/?page=1&edid=C3C85BA9-2E4B-C378-8825-4A7128A5F236&sortorder=asc&column=section HTTP/1.1" 200 70633
54.36.148.250 - - [01/Jan/2021:02:55:03 +0100] "GET /ticket2/opencms/fi/venue/?countryid=7B8EA247-B72D-57A1-F5B5-112514CAAC1F HTTP/1.1" 200 95819
144.76.7.79 - - [01/Jan/2021:02:55:03 +0100] "GET /ticket2/opencms/nl/buy/?page=1&edid=27C123AB-DDEB-9544-7BBD-F441CE093363&sortorder=desc&column=row HTTP/1.1" 200 69969
144.76.7.79 - - [01/Jan/2021:02:55:06 +0100] "GET /ticket2/opencms/nl/buy/?page=1&edid=27C123AB-DDEB-9544-7BBD-F441CE093363&sortorder=desc&column=section HTTP/1.1" 200 69969
144.76.7.79 - - [01/Jan/2021:02:55:09 +0100] "GET /ticket2/opencms/nl/buy/?page=1&edid=2885F5B5-EAC4-1031-A06B-102F5CDC60A3&sortorder=desc&column=price HTTP/1.1" 200 68318
144.76.60.198 - - [01/Jan/2021:02:55:10 +0100] "GET /ticket2/opencms/fi/buy/?page=1&edid=C58087C9-0464-2443-9995-9C5C02D4C88F&sortorder=asc&column=price HTTP/1.1" 200 70617
144.76.7.79 - - [01/Jan/2021:02:55:12 +0100] "GET /ticket2/opencms/nl/buy/?page=1&edid=2885F5B5-EAC4-1031-A06B-102F5CDC60A3&sortorder=desc&column=row HTTP/1.1" 200 68318
192.99.14.130 - - [01/Jan/2021:02:55:14 +0100] "GET /ticket2/opencms/fi/login/?edid=E51ADA66-7854-B51E-1EA4-209ACB15E27F HTTP/1.1" 200 68719
192.99.9.25 - - [01/Jan/2021:02:55:14 +0100] "GET /ticket2/opencms/ru/buy/?page=1&edid=7057B2C9-74F4-D569-B6F7-77B58D68F437&sortorder=asc&column=price HTTP/1.1" 200 70235
144.76.7.79 - - [01/Jan/2021:02:55:15 +0100] "GET /ticket2/opencms/nl/buy/?page=1&edid=2885F5B5-EAC4-1031-A06B-102F5CDC60A3&sortorder=desc&column=section HTTP/1.1" 200 68318
144.76.60.198 - - [01/Jan/2021:02:55:17 +0100] "GET /ticket2/opencms/fi/buy/?page=1&edid=C58087C9-0464-2443-9995-9C5C02D4C88F&sortorder=asc&column=row HTTP/1.1" 200 70617
144.76.7.79 - - [01/Jan/2021:02:55:19 +0100] "GET /ticket2/opencms/nl/buy/?page=1&edid=2914C550-D3F1-A20A-6045-D3CEBDFE5D88&sortorder=asc&column=section HTTP/1.1" 200 69731
216.245.221.83 - - [01/Jan/2021:02:55:19 +0100] "HEAD /ticket2/opencms/ HTTP/1.1" 302 -
216.245.221.83 - - [01/Jan/2021:02:55:20 +0100] "HEAD /ticket2/opencms/en/ HTTP/1.1" 200 -
144.76.7.79 - - [01/Jan/2021:02:55:21 +0100] "GET /ticket2/opencms/nl/buy/?page=1&edid=2968CECB-C5E6-B033-A667-BDE7141C9B5E&sortorder=asc&column=price HTTP/1.1" 200 70407
114.119.153.172 - - [01/Jan/2021:02:55:22 +0100] "GET /ticket2/opencms/sv/buy/?page=1&edid=CAAA8227-15F5-C706-A4FA-E55E2646B59F&sortorder=asc&column=section HTTP/1.1" 200 69487
144.76.60.198 - - [01/Jan/2021:02:55:23 +0100] "GET /ticket2/opencms/fi/buy/?page=1&edid=C58087C9-0464-2443-9995-9C5C02D4C88F&sortorder=asc&column=section HTTP/1.1" 200 70617
144.76.7.79 - - [01/Jan/2021:02:55:26 +0100] "GET /ticket2/opencms/nl/buy/?page=1&edid=29A77A5D-4E78-9B53-4DF0-EAC0B1A09CF9&sortorder=desc&column=price HTTP/1.1" 200 68290
144.76.7.79 - - [01/Jan/2021:02:55:30 +0100] "GET /ticket2/opencms/nl/buy/?page=1&edid=29A77A5D-4E78-9B53-4DF0-EAC0B1A09CF9&sortorder=desc&column=row HTTP/1.1" 200 68290
123.183.224.79 - - [01/Jan/2021:02:55:32 +0100] "GET /ticket2/opencms/en/ HTTP/1.1" 200 66287
144.76.60.198 - - [01/Jan/2021:02:55:35 +0100] "GET /ticket2/opencms/fi/buy/?page=1&edid=C5E02AED-3D26-13F0-5095-0058A0BC3E62&sortorder=asc&column=price HTTP/1.1" 200 70642
144.76.7.79 - - [01/Jan/2021:02:55:35 +0100] "GET /ticket2/opencms/nl/buy/?page=1&edid=29A77A5D-4E78-9B53-4DF0-EAC0B1A09CF9&sortorder=desc&column=section HTTP/1.1" 200 68290
144.76.7.79 - - [01/Jan/2021:02:55:43 +0100] "GET /ticket2/opencms/nl/buy/?page=1&edid=2CAB5555-278E-85B1-698D-866B9B29BE8E&sortorder=desc&column=section HTTP/1.1" 200 68343
144.76.60.198 - - [01/Jan/2021:02:55:43 +0100] "GET /ticket2/opencms/fi/buy/?page=1&edid=C5E02AED-3D26-13F0-5095-0058A0BC3E62&sortorder=asc&column=row HTTP/1.1" 200 70642
192.99.14.130 - - [01/Jan/2021:02:55:47 +0100] "GET /ticket2/opencms/fi/login/?edid=E60046C5-01D5-A277-69B4-5749B27E17F5 HTTP/1.1" 200 68719
192.99.9.25 - - [01/Jan/2021:02:55:49 +0100] "GET /ticket2/opencms/ru/buy/?page=1&edid=7057B2C9-74F4-D569-B6F7-77B58D68F437&sortorder=asc&column=row HTTP/1.1" 200 70235
144.76.7.79 - - [01/Jan/2021:02:55:49 +0100] "GET /ticket2/opencms/nl/buy/?page=1&edid=2D58DAAA-2383-18BA-2B40-1B039C7513DD HTTP/1.1" 200 68304
144.76.60.198 - - [01/Jan/2021:02:55:50 +0100] "GET /ticket2/opencms/fi/buy/?page=1&edid=C5E02AED-3D26-13F0-5095-0058A0BC3E62&sortorder=asc&column=section HTTP/1.1" 200 70642
54.36.148.250 - - [01/Jan/2021:02:55:52 +0100] "GET /ticket2/opencms/en/venue/?countryid=D12DC4A4-98E1-D0B7-783E-AE51CC52E5AE HTTP/1.1" 200 94598
144.76.7.79 - - [01/Jan/2021:02:55:53 +0100] "GET /ticket2/opencms/nl/buy/?page=1&edid=2D864439-4FCB-5F1A-C868-38EA84E729F1&sortorder=asc&column=price HTTP/1.1" 200 68326
144.76.60.198 - - [01/Jan/2021:02:55:57 +0100] "GET /ticket2/opencms/fi/buy/?page=1&edid=C5FE50BA-F977-0185-6EA7-61E0AB05FEF6&sortorder=asc&column=price HTTP/1.1" 200 70657
144.76.7.79 - - [01/Jan/2021:02:55:58 +0100] "GET /ticket2/opencms/nl/buy/?page=1&edid=2D864439-4FCB-5F1A-C868-38EA84E729F1&sortorder=asc&column=row HTTP/1.1" 200 68326
144.76.60.198 - - [01/Jan/2021:02:56:04 +0100] "GET /ticket2/opencms/fi/buy/?page=1&edid=C5FE50BA-F977-0185-6EA7-61E0AB05FEF6&sortorder=asc&column=row HTTP/1.1" 200 70657
144.76.60.198 - - [01/Jan/2021:02:56:14 +0100] "GET /ticket2/opencms/fi/buy/?page=1&edid=C5FE50BA-F977-0185-6EA7-61E0AB05FEF6&sortorder=asc&column=section HTTP/1.1" 200 70657
192.99.14.130 - - [01/Jan/2021:02:56:21 +0100] "GET /ticket2/opencms/fi/login/?edid=E616C922-D35B-E8A3-7710-EAD27B127A97 HTTP/1.1" 200 68719
144.76.60.198 - - [01/Jan/2021:02:56:22 +0100] "GET /ticket2/opencms/fi/buy/?page=1&edid=C65F64BD-C047-D4A2-68AC-ED982236616D&sortorder=asc&column=price HTTP/1.1" 200 72918
144.76.60.198 - - [01/Jan/2021:02:56:31 +0100] "GET /ticket2/opencms/fi/buy/?page=1&edid=C65F64BD-C047-D4A2-68AC-ED982236616D&sortorder=asc&column=row HTTP/1.1" 200 72918
54.36.148.254 - - [01/Jan/2021:02:56:37 +0100] "GET /ticket2/opencms/fi/venue/?countryid=7C165012-4E71-A139-E2F5-2DE567A7E303 HTTP/1.1" 200 95819
144.76.60.198 - - [01/Jan/2021:02:56:38 +0100] "GET /ticket2/opencms/fi/buy/?page=1&edid=C65F64BD-C047-D4A2-68AC-ED982236616D&sortorder=asc&column=section HTTP/1.1" 200 72918
144.76.60.198 - - [01/Jan/2021:02:56:45 +0100] "GET /ticket2/opencms/fi/buy/?page=1&edid=C667DF1D-B879-4AD3-AC62-05E96F540B76&sortorder=asc&column=price HTTP/1.1" 200 70647
192.99.9.25 - - [01/Jan/2021:02:56:46 +0100] "GET /ticket2/opencms/ru/buy/?page=1&edid=7057B2C9-74F4-D569-B6F7-77B58D68F437&sortorder=asc&column=section HTTP/1.1" 200 70235
144.76.60.198 - - [01/Jan/2021:02:56:53 +0100] "GET /ticket2/opencms/fi/buy/?page=1&edid=C667DF1D-B879-4AD3-AC62-05E96F540B76&sortorder=asc&column=row HTTP/1.1" 200 70647
192.99.14.130 - - [01/Jan/2021:02:56:55 +0100] "GET /ticket2/opencms/fi/login/?edid=E76DEF92-4D7F-51BD-041F-8B637EFB6F58 HTTP/1.1" 200 68719
144.76.60.198 - - [01/Jan/2021:02:56:58 +0100] "GET /ticket2/opencms/fi/buy/?page=1&edid=C667DF1D-B879-4AD3-AC62-05E96F540B76&sortorder=asc&column=section HTTP/1.1" 200 70647
144.76.60.198 - - [01/Jan/2021:02:57:06 +0100] "GET /ticket2/opencms/fi/buy/?page=1&edid=C7421017-1010-C8F2-223E-7CB87470E50F&sortorder=asc&column=price HTTP/1.1" 200 70612
144.76.60.198 - - [01/Jan/2021:02:57:14 +0100] "GET /ticket2/opencms/fi/buy/?page=1&edid=C7421017-1010-C8F2-223E-7CB87470E50F&sortorder=asc&column=row HTTP/1.1" 200 70612
144.76.60.198 - - [01/Jan/2021:02:57:19 +0100] "GET /ticket2/opencms/fi/buy/?page=1&edid=C7421017-1010-C8F2-223E-7CB87470E50F&sortorder=asc&column=section HTTP/1.1" 200 70612
192.99.14.130 - - [01/Jan/2021:02:57:25 +0100] "GET /ticket2/opencms/fi/login/?edid=E94EB3D4-47F8-5B4B-AFCC-5DA76D6F5A89 HTTP/1.1" 200 68719
192.99.9.25 - - [01/Jan/2021:02:57:27 +0100] "GET /ticket2/opencms/ru/buy/?page=1&edid=7057B2C9-74F4-D569-B6F7-77B58D68F437&sortorder=desc&column=price HTTP/1.1" 200 70234
54.36.148.37 - - [01/Jan/2021:02:57:28 +0100] "GET /ticket2/opencms/fi/venue/?countryid=87A625FD-F8B4-E412-121A-2F51AA59B0DD HTTP/1.1" 200 95819
216.18.204.210 - - [01/Jan/2021:02:57:28 +0100] "GET /ticket2/opencms/sv/sport/fotbollsbiljetter/bundesliga/fc_nurnberg/ HTTP/1.1" 200 66280
144.76.60.198 - - [01/Jan/2021:02:57:28 +0100] "GET /ticket2/opencms/fi/buy/?page=1&edid=C799E6C1-9FB5-137E-5D19-A5AD9D6CA02D&sortorder=asc&column=price HTTP/1.1" 200 73366
144.76.60.198 - - [01/Jan/2021:02:57:36 +0100] "GET /ticket2/opencms/fi/buy/?page=1&edid=C799E6C1-9FB5-137E-5D19-A5AD9D6CA02D&sortorder=asc&column=row HTTP/1.1" 200 73366
144.76.60.198 - - [01/Jan/2021:02:57:44 +0100] "GET /ticket2/opencms/fi/buy/?page=1&edid=C799E6C1-9FB5-137E-5D19-A5AD9D6CA02D&sortorder=asc&column=section HTTP/1.1" 200 73366
144.76.60.198 - - [01/Jan/2021:02:57:47 +0100] "GET /ticket2/opencms/fi/buy/?page=1&edid=C87D073B-AE67-CB2F-38A2-458D7BBFFECB&sortorder=asc&column=price HTTP/1.1" 200 72049
144.76.60.198 - - [01/Jan/2021:02:57:58 +0100] "GET /ticket2/opencms/fi/buy/?page=1&edid=C87D073B-AE67-CB2F-38A2-458D7BBFFECB&sortorder=asc&column=row HTTP/1.1" 200 72049
144.76.60.198 - - [01/Jan/2021:02:58:01 +0100] "GET /ticket2/opencms/fi/buy/?page=1&edid=C87D073B-AE67-CB2F-38A2-458D7BBFFECB&sortorder=asc&column=section HTTP/1.1" 200 72049
192.99.14.130 - - [01/Jan/2021:02:58:04 +0100] "GET /ticket2/opencms/fi/login/?edid=E977F2D4-C8B5-FF24-7F15-944EC5D101E6 HTTP/1.1" 200 68719
144.76.60.198 - - [01/Jan/2021:02:58:09 +0100] "GET /ticket2/opencms/fi/buy/?page=1&edid=C8E5B5BA-0B51-B98E-737F-2DD864F6D95E&sortorder=desc&column=row HTTP/1.1" 200 72711
54.36.148.250 - - [01/Jan/2021:02:58:16 +0100] "GET /ticket2/opencms/sv/buy/?page=1&edid=D06E40AA-5917-7CC6-8395-10069BB33EB3 HTTP/1.1" 200 70433
144.76.60.198 - - [01/Jan/2021:02:58:16 +0100] "GET /ticket2/opencms/fi/buy/?page=1&edid=D21A287B-B22E-7CED-945F-4E21093950FF&sortorder=asc&column=row HTTP/1.1" 200 70617
144.76.60.198 - - [01/Jan/2021:02:58:23 +0100] "GET /ticket2/opencms/fi/buy/?page=1&edid=D21A287B-B22E-7CED-945F-4E21093950FF&sortorder=asc&column=section HTTP/1.1" 200 70617
192.99.9.25 - - [01/Jan/2021:02:58:29 +0100] "GET /ticket2/opencms/ru/buy/?page=1&edid=7057B2C9-74F4-D569-B6F7-77B58D68F437&sortorder=desc&column=row HTTP/1.1" 200 70234
144.76.60.198 - - [01/Jan/2021:02:58:34 +0100] "GET /ticket2/opencms/fi/buy/?page=1&edid=D280A599-2D4A-0E12-6081-4777391BE566&sortorder=desc&column=price HTTP/1.1" 200 72705
144.76.60.198 - - [01/Jan/2021:02:58:43 +0100] "GET /ticket2/opencms/fi/buy/?page=1&edid=D280A599-2D4A-0E12-6081-4777391BE566&sortorder=desc&column=row HTTP/1.1" 200 72705
178.63.87.197 - - [01/Jan/2021:02:58:44 +0100] "GET /ticket2/opencms/robots.txt HTTP/1.1" 200 773
192.99.14.130 - - [01/Jan/2021:02:58:48 +0100] "GET /ticket2/opencms/fi/login/?edid=E9D1CC2A-CF0A-C50D-AFC1-B3948FC2BA90 HTTP/1.1" 200 68719
178.63.87.197 - - [01/Jan/2021:02:58:48 +0100] "GET /ticket2/opencms/en/buy/?page=1&edid=55EB0E82-A00F-A3D2-EC92-281F6ED492E2&sortorder=asc&column=price HTTP/1.1" 200 71101
144.76.60.198 - - [01/Jan/2021:02:58:51 +0100] "GET /ticket2/opencms/fi/buy/?page=1&edid=D3DBBF75-5523-8FBF-5E1B-1496E6028BAC&sortorder=desc&column=price HTTP/1.1" 200 70628
178.63.87.197 - - [01/Jan/2021:02:58:52 +0100] "GET /ticket2/opencms/en/buy/?page=1&edid=55EB0E82-A00F-A3D2-EC92-281F6ED492E2&sortorder=asc&column=row HTTP/1.1" 200 71101
144.76.60.198 - - [01/Jan/2021:02:58:55 +0100] "GET /ticket2/opencms/fi/buy/?page=1&edid=D3DBBF75-5523-8FBF-5E1B-1496E6028BAC&sortorder=desc&column=row HTTP/1.1" 200 70628
178.63.87.197 - - [01/Jan/2021:02:58:57 +0100] "GET /ticket2/opencms/en/buy/?page=1&edid=55EB0E82-A00F-A3D2-EC92-281F6ED492E2&sortorder=asc&column=section HTTP/1.1" 200 71101
178.63.87.197 - - [01/Jan/2021:02:59:02 +0100] "GET /ticket2/opencms/en/buy/?page=1&edid=5640FAB9-24F8-EBAE-85B5-70F8CD8DA0D7&sortorder=asc&column=price HTTP/1.1" 200 69253
54.36.149.5 - - [01/Jan/2021:02:59:03 +0100] "GET /ticket2/opencms/en/buy/?page=6&comcatid=0A6B8208-FDA4-E929-9D72-5312FD481B76 HTTP/1.1" 200 68785
144.76.60.198 - - [01/Jan/2021:02:59:05 +0100] "GET /ticket2/opencms/fi/buy/?page=1&edid=D3DBBF75-5523-8FBF-5E1B-1496E6028BAC&sortorder=desc&column=section HTTP/1.1" 200 70628
178.63.87.197 - - [01/Jan/2021:02:59:07 +0100] "GET /ticket2/opencms/en/buy/?page=1&edid=5640FAB9-24F8-EBAE-85B5-70F8CD8DA0D7&sortorder=asc&column=row HTTP/1.1" 200 69253
178.63.87.197 - - [01/Jan/2021:02:59:12 +0100] "GET /ticket2/opencms/en/buy/?page=1&edid=61C23625-4DC8-71C0-2E4C-7B57A56D449E&sortorder=asc&column=price HTTP/1.1" 200 70396
144.76.60.198 - - [01/Jan/2021:02:59:12 +0100] "GET /ticket2/opencms/fi/buy/?page=1&edid=D3E1B28E-6A3D-3557-357A-CA0BCEE22D43&sortorder=desc&column=price HTTP/1.1" 200 70631
178.63.87.197 - - [01/Jan/2021:02:59:16 +0100] "GET /ticket2/opencms/en/buy/?page=1&edid=61C23625-4DC8-71C0-2E4C-7B57A56D449E&sortorder=asc&column=row HTTP/1.1" 200 70396
192.99.9.25 - - [01/Jan/2021:02:59:18 +0100] "GET /ticket2/opencms/ru/buy/?page=1&edid=7057B2C9-74F4-D569-B6F7-77B58D68F437&sortorder=desc&column=section HTTP/1.1" 200 70234
66.249.66.35 - - [01/Jan/2021:02:59:18 +0100] "GET /ticket2/opencms/dk/buy/?page=1&edid=84E60CC0-07DC-E0F0-0E9B-E329E5C69FB8 HTTP/1.1" 200 71187
192.99.14.130 - - [01/Jan/2021:02:59:19 +0100] "GET /ticket2/opencms/fi/login/?edid=EAC4C962-551C-BF6F-C642-D440AD7943F5 HTTP/1.1" 200 68719
178.63.87.197 - - [01/Jan/2021:02:59:20 +0100] "GET /ticket2/opencms/en/buy/?page=1&edid=61C23625-4DC8-71C0-2E4C-7B57A56D449E&sortorder=asc&column=section HTTP/1.1" 200 70396
144.76.60.198 - - [01/Jan/2021:02:59:21 +0100] "GET /ticket2/opencms/fi/buy/?page=1&edid=D3E1B28E-6A3D-3557-357A-CA0BCEE22D43&sortorder=desc&column=row HTTP/1.1" 200 70631
178.63.87.197 - - [01/Jan/2021:02:59:24 +0100] "GET /ticket2/opencms/en/buy/?page=1&edid=62B68E56-055C-CB31-F20A-D011FF81E19C&sortorder=asc&column=price HTTP/1.1" 200 71130
216.18.204.210 - - [01/Jan/2021:02:59:25 +0100] "GET /ticket2/opencms/sv/sport/fotbollsbiljetter/la_liga/athletic-bilbao/ HTTP/1.1" 200 67691
144.76.60.198 - - [01/Jan/2021:02:59:26 +0100] "GET /ticket2/opencms/fi/buy/?page=1&edid=D3E1B28E-6A3D-3557-357A-CA0BCEE22D43&sortorder=desc&column=section HTTP/1.1" 200 70631
178.63.87.197 - - [01/Jan/2021:02:59:30 +0100] "GET /ticket2/opencms/en/buy/?page=1&edid=62B68E56-055C-CB31-F20A-D011FF81E19C&sortorder=asc&column=row HTTP/1.1" 200 71130
178.63.87.197 - - [01/Jan/2021:02:59:34 +0100] "GET /ticket2/opencms/en/buy/?page=1&edid=62B68E56-055C-CB31-F20A-D011FF81E19C&sortorder=asc&column=section HTTP/1.1" 200 71130
192.99.9.25 - - [01/Jan/2021:02:59:34 +0100] "GET /ticket2/opencms/ru/buy/?page=1&edid=70FDC3DC-F515-C07F-B4AD-EDA83BDCA260&sortorder=desc&column=price HTTP/1.1" 200 71936
66.249.66.221 - - [01/Jan/2021:02:59:34 +0100] "GET /ticket2/opencms/no/buying_tickets/ HTTP/1.1" 200 67143
178.63.87.197 - - [01/Jan/2021:02:59:37 +0100] "GET /ticket2/opencms/en/buy/?page=1&edid=64440914-4E90-FA96-F683-7E671AB5B4CA&sortorder=asc&column=price HTTP/1.1" 200 71584
66.249.66.192 - - [01/Jan/2021:02:59:38 +0100] "GET /ticket2/opencms/no/ask-form.html HTTP/1.1" 200 2919
178.63.87.197 - - [01/Jan/2021:02:59:41 +0100] "GET /ticket2/opencms/en/buy/?page=1&edid=64440914-4E90-FA96-F683-7E671AB5B4CA&sortorder=asc&column=row HTTP/1.1" 200 71584
144.76.60.198 - - [01/Jan/2021:02:59:42 +0100] "GET /ticket2/opencms/fi/buy/?page=1&edid=E0B3AE77-20C2-9057-107A-21D0D8F53E49&sortorder=asc&column=row HTTP/1.1" 200 73836
114.119.130.87 - - [01/Jan/2021:02:59:44 +0100] "GET /ticket2/opencms/sv/sport/fotbollsbiljetter/primeira_liga/sc_Braga/ HTTP/1.1" 200 65690
178.63.87.197 - - [01/Jan/2021:02:59:45 +0100] "GET /ticket2/opencms/en/buy/?page=1&edid=64440914-4E90-FA96-F683-7E671AB5B4CA&sortorder=asc&column=section HTTP/1.1" 200 71584
54.36.148.61 - - [01/Jan/2021:02:59:50 +0100] "GET /ticket2/opencms/fi/venue/?countryid=87FD5C2F-6CC8-7245-5B03-4D8F2D8C8375 HTTP/1.1" 200 95819
192.99.14.130 - - [01/Jan/2021:02:59:50 +0100] "GET /ticket2/opencms/fi/login/?edid=EB15A765-5D9D-970F-9A50-4DA650A06CFC HTTP/1.1" 200 68719
178.63.87.197 - - [01/Jan/2021:02:59:54 +0100] "GET /ticket2/opencms/en/buy/?page=1&edid=6B6D252D-7905-47FC-7A02-DBC6FFA89A32&sortorder=asc&column=price HTTP/1.1" 200 70647
144.76.60.198 - - [01/Jan/2021:02:59:55 +0100] "GET /ticket2/opencms/fi/login/?edid=090A82EB-84B2-523A-4E3E-E0A1CC3737FC HTTP/1.1" 200 68719
178.63.87.197 - - [01/Jan/2021:02:59:59 +0100] "GET /ticket2/opencms/en/buy/?page=1&edid=6B6D252D-7905-47FC-7A02-DBC6FFA89A32&sortorder=asc&column=row HTTP/1.1" 200 70647
178.63.87.197 - - [01/Jan/2021:03:00:04 +0100] "GET /ticket2/opencms/en/buy/?page=1&edid=6B6D252D-7905-47FC-7A02-DBC6FFA89A32&sortorder=asc&column=section HTTP/1.1" 200 70647
144.76.60.198 - - [01/Jan/2021:03:00:09 +0100] "GET /ticket2/opencms/fi/login/?edid=0ED421D5-7883-F3F6-6140-60A891D6FA14 HTTP/1.1" 200 68719
178.63.87.197 - - [01/Jan/2021:03:00:11 +0100] "GET /ticket2/opencms/en/buy/?page=1&edid=6EF54CBA-5DCA-5833-4E9A-B83BE735B97A&sortorder=asc&column=section HTTP/1.1" 200 71143
216.245.221.83 - - [01/Jan/2021:03:00:19 +0100] "HEAD /ticket2/opencms/ HTTP/1.1" 302 -
178.63.87.197 - - [01/Jan/2021:03:00:19 +0100] "GET /ticket2/opencms/en/buy/?page=1&edid=6F8AC81B-19DA-62DA-1ED2-E92A4D6140CF&sortorder=desc&column=price HTTP/1.1" 200 71567
216.245.221.83 - - [01/Jan/2021:03:00:20 +0100] "HEAD /ticket2/opencms/en/ HTTP/1.1" 200 -
192.99.9.25 - - [01/Jan/2021:03:00:21 +0100] "GET /ticket2/opencms/ru/buy/?page=1&edid=70FDC3DC-F515-C07F-B4AD-EDA83BDCA260&sortorder=desc&column=row HTTP/1.1" 200 71936
144.76.60.198 - - [01/Jan/2021:03:00:23 +0100] "GET /ticket2/opencms/fi/login/?edid=11EC6129-2F99-7195-7BFE-4C3510BAD9C9 HTTP/1.1" 200 68719
178.63.87.197 - - [01/Jan/2021:03:00:25 +0100] "GET /ticket2/opencms/en/buy/?page=1&edid=6F8AC81B-19DA-62DA-1ED2-E92A4D6140CF&sortorder=desc&column=row HTTP/1.1" 200 71567
178.63.87.197 - - [01/Jan/2021:03:00:30 +0100] "GET /ticket2/opencms/en/buy/?page=1&edid=6F8AC81B-19DA-62DA-1ED2-E92A4D6140CF&sortorder=desc&column=section HTTP/1.1" 200 71567
54.36.148.250 - - [01/Jan/2021:03:00:36 +0100] "GET /ticket2/opencms/fi/venue/?countryid=8858D171-8914-8DFD-A2E4-50FE56A44627 HTTP/1.1" 200 95819
178.63.87.197 - - [01/Jan/2021:03:00:37 +0100] "GET /ticket2/opencms/en/buy/?page=1&edid=709A2CF9-B8E5-0552-2285-BFE6641E87DD&sortorder=asc&column=price HTTP/1.1" 200 71611
144.76.60.198 - - [01/Jan/2021:03:00:39 +0100] "GET /ticket2/opencms/fi/login/?edid=24AF829E-10D1-5180-8437-2DA5F16AB60A HTTP/1.1" 200 68719
178.63.87.197 - - [01/Jan/2021:03:00:45 +0100] "GET /ticket2/opencms/en/buy/?page=1&edid=709A2CF9-B8E5-0552-2285-BFE6641E87DD&sortorder=asc&column=row HTTP/1.1" 200 71611
178.63.87.197 - - [01/Jan/2021:03:00:53 +0100] "GET /ticket2/opencms/en/buy/?page=1&edid=709A2CF9-B8E5-0552-2285-BFE6641E87DD&sortorder=asc&column=section HTTP/1.1" 200 71611
178.63.87.197 - - [01/Jan/2021:03:00:58 +0100] "GET /ticket2/opencms/en/buy/?page=1&edid=71CAA233-6DD4-F0FB-CA6A-DFCF2E288B9A&sortorder=asc&column=price HTTP/1.1" 200 69257
192.99.9.25 - - [01/Jan/2021:03:00:59 +0100] "GET /ticket2/opencms/ru/buy/?page=1&edid=70FDC3DC-F515-C07F-B4AD-EDA83BDCA260&sortorder=desc&column=section HTTP/1.1" 200 71936
144.76.60.198 - - [01/Jan/2021:03:01:02 +0100] "GET /ticket2/opencms/fi/login/?edid=26591706-2A8B-283B-4457-5A4421914D77 HTTP/1.1" 200 68719
178.63.87.197 - - [01/Jan/2021:03:01:02 +0100] "GET /ticket2/opencms/en/buy/?page=1&edid=72257B5A-D41C-D2B1-15C0-D04AC4E3D672&sortorder=asc&column=price HTTP/1.1" 200 69259
