66.249.77.226 - - [16/Mar/2025:00:04:38 +0100] "GET /ticket2/opencms/en/ HTTP/1.1" 200 66763
66.249.77.225 - - [16/Mar/2025:00:06:27 +0100] "GET /ticket2/opencms/sv/buy/?comcatid=97ECA65A-72DA-F9AF-9DBB-245D3CFED1BE HTTP/1.1" 200 70312
66.249.76.71 - - [16/Mar/2025:00:13:28 +0100] "GET /ticket2/opencms/sv/buy/?comcatid=0A6B8208-FDA4-E929-9D72-5312FD481B76 HTTP/1.1" 200 69014
66.249.77.225 - - [16/Mar/2025:00:15:54 +0100] "GET /ticket2/opencms/en/buy/?page=10&eventid=4CD3BFC4-6826-2F08-586B-E7C2046942C2&column= HTTP/1.1" 200 64967
66.249.76.69 - - [16/Mar/2025:00:22:27 +0100] "GET /ticket2/opencms/en/buy/?page=10&eventid=B1E27EAD-2DAB-B132-68A0-815602472CC3&column= HTTP/1.1" 200 64965
103.126.51.202 - - [16/Mar/2025:00:33:35 +0100] "CONNECT ffmpeg.pro:443 HTTP/1.1" 400 -
157.55.39.50 - - [16/Mar/2025:00:35:37 +0100] "GET /ticket2/opencms/sv/buy/?comcatid=A17713B6-D984-201A-4143-ED4DB5ED5C2E&catid=BDD8C04C-DD99-1C07-B5F3-F2AB98D157E8 HTTP/1.1" 200 75245
66.249.77.226 - - [16/Mar/2025:00:35:53 +0100] "GET /ticket2/opencms/en/buy/?page=10&eventid=3A13A888-618B-2302-3F7A-4345B50004DA&column= HTTP/1.1" 200 64967
66.249.76.69 - - [16/Mar/2025:00:37:24 +0100] "GET /ticket2/opencms/en/buy/?page=10&eventid=4BFE0049-E26D-F28C-59BF-33D4A5B123CD&column= HTTP/1.1" 200 64967
83.23.151.144 - - [16/Mar/2025:00:41:18 +0100] "GET / HTTP/1.1" 404 -
66.249.77.224 - - [16/Mar/2025:00:44:26 +0100] "GET /ticket2/opencms/en/search.html?searchQuery=barcelona&submit= HTTP/1.1" 200 84990
66.249.77.225 - - [16/Mar/2025:00:46:14 +0100] "GET /ticket2/opencms/sv/sport/fotbollsbiljetter/premier_league/west-bromwich-albion/ HTTP/1.1" 200 70686
126.125.3.44 - - [16/Mar/2025:00:47:14 +0100] "GET / HTTP/1.0" 404 -
66.249.77.225 - - [16/Mar/2025:00:47:27 +0100] "GET /ticket2/opencms/en/buy/?page=10&eventid=634D2581-663A-DE19-7C72-20C596DE0600&column= HTTP/1.1" 200 64991
66.249.77.226 - - [16/Mar/2025:00:48:43 +0100] "GET /ticket2/opencms/en/buy/?page=10&eventid=1BC07A67-46B5-C40A-CC02-8F1EFC1FAADB&column= HTTP/1.1" 200 64966
46.19.138.210 - - [16/Mar/2025:00:54:11 +0100] "GET /ticket2/opencms/_profiler/phpinfo HTTP/1.1" 404 -
66.249.77.226 - - [16/Mar/2025:00:55:15 +0100] "GET /ticket2/opencms/en/buy/?page=10&eventid=BD2A2151-7866-2C7C-301B-A51FF3E4D9F5&column= HTTP/1.1" 200 64964
66.249.77.226 - - [16/Mar/2025:00:58:46 +0100] "GET /ticket2/opencms/sv/buy/?page=6&comcatid=B41CCF2B-5558-7AEE-3602-09BBDE417D65&catid=A34BCF61-E19C-5C5C-445E-06F3749E1EF4 HTTP/1.1" 200 67073
66.249.77.226 - - [16/Mar/2025:00:58:48 +0100] "GET /ticket2/opencms/sv/buy/?page=6&comcatid=B41CCF2B-5558-7AEE-3602-09BBDE417D65&catid=BF886BAE-FC84-8CB3-A193-6DFA251F7985 HTTP/1.1" 200 67068
66.249.76.70 - - [16/Mar/2025:00:58:54 +0100] "GET /ticket2/opencms/sv/buy/?page=6&comcatid=B41CCF2B-5558-7AEE-3602-09BBDE417D65&catid=36DC4BE2-91A2-6146-2BE9-47B6F3C44EDB HTTP/1.1" 200 67060
157.55.39.195 - - [16/Mar/2025:01:00:43 +0100] "GET /ticket2/opencms/en/venue/?venueid=FF21FF50-A37F-0165-85A9-80D1D5F77A6E HTTP/1.1" 200 63603
20.29.36.89 - - [16/Mar/2025:01:03:52 +0100] "GET / HTTP/1.1" 404 -
66.249.76.71 - - [16/Mar/2025:01:04:50 +0100] "GET /ticket2/opencms/sv/buy/?page=6&comcatid=B41CCF2B-5558-7AEE-3602-09BBDE417D65&catid=E03F2203-3943-A0F0-A47D-D9E7CDA79C6B HTTP/1.1" 200 67082
194.50.16.252 - - [16/Mar/2025:01:06:25 +0100] "GET /ticket2/opencms/bin/get/Main/SolrSearch?media=rss&text=%7d%7d%7d%7b%7basync%20async%3dfalse%7d%7d%7b%7bgroovy%7d%7dprintln(%22cat%20/etc/passwd%22.execute().text)%7b%7b%2fgroovy%7d%7d%7b%7b%2fasync%7d%7d%20 HTTP/1.1" 404 -
66.249.76.69 - - [16/Mar/2025:01:07:24 +0100] "GET /ticket2/opencms/sv/sport/fotbollsbiljetter/bundesliga/schalke/ HTTP/1.1" 200 70162
194.50.16.252 - - [16/Mar/2025:01:12:23 +0100] "GET /bin/get/Main/SolrSearch?media=rss&text=%7d%7d%7d%7b%7basync%20async%3dfalse%7d%7d%7b%7bgroovy%7d%7dprintln(%22cat%20/etc/passwd%22.execute().text)%7b%7b%2fgroovy%7d%7d%7b%7b%2fasync%7d%7d%20 HTTP/1.1" 404 -
66.249.77.226 - - [16/Mar/2025:01:14:35 +0100] "GET /ticket2/opencms/en/buy/?page=10&eventid=6FF9EBE1-05EE-AA1E-A54F-A9D14CF13922&column= HTTP/1.1" 200 64968
66.249.77.224 - - [16/Mar/2025:01:14:44 +0100] "GET /ticket2/opencms/sv/buy/?comcatid=97ECA65A-72DA-F9AF-9DBB-245D3CFED1BE&catid=1656E964-1E02-9A38-D092-65384E60B6EA HTTP/1.1" 200 70355
52.167.144.180 - - [16/Mar/2025:01:15:22 +0100] "GET /ticket2/opencms/en/venue/?countryid=C7880A4A-050D-8AB8-4FEC-8062D983D070 HTTP/1.1" 200 93013
66.249.77.226 - - [16/Mar/2025:01:15:48 +0100] "GET /ticket2/opencms/sv/buy/?comcatid=97ECA65A-72DA-F9AF-9DBB-245D3CFED1BE&catid=8732E72C-A028-EA8C-4D4D-DEB44E2A28A8 HTTP/1.1" 200 70357
66.249.77.225 - - [16/Mar/2025:01:18:42 +0100] "GET /ticket2/opencms/sv/buy/?comcatid=97ECA65A-72DA-F9AF-9DBB-245D3CFED1BE&catid=9457695E-36ED-A63E-7A88-32963954E2C7 HTTP/1.1" 200 70362
196.251.70.24 - - [16/Mar/2025:01:19:54 +0100] "GET /ticket2/opencms/.env HTTP/1.1" 404 -
66.249.77.225 - - [16/Mar/2025:01:25:37 +0100] "GET /ticket2/opencms/sv/buy/?comcatid=97ECA65A-72DA-F9AF-9DBB-245D3CFED1BE&catid=D414C6A5-7A03-3389-42A8-D7B7FE32BB37 HTTP/1.1" 200 70368
66.249.77.225 - - [16/Mar/2025:01:28:45 +0100] "GET /ticket2/opencms/sv/buy/?comcatid=97ECA65A-72DA-F9AF-9DBB-245D3CFED1BE&catid=DA31441B-C568-3C77-D08C-698809032494 HTTP/1.1" 200 70355
185.253.160.157 - - [16/Mar/2025:01:28:48 +0100] "GET /ticket2/opencms/ HTTP/1.1" 302 -
185.253.160.157 - - [16/Mar/2025:01:28:49 +0100] "GET /ticket2/opencms/en/ HTTP/1.1" 200 66763
66.249.77.224 - - [16/Mar/2025:01:29:24 +0100] "GET /ticket2/opencms/sv/buy/?comcatid=97ECA65A-72DA-F9AF-9DBB-245D3CFED1BE&catid=F4D223A4-C027-46DC-3DE5-726A23E30A62 HTTP/1.1" 200 70354
196.251.70.24 - - [16/Mar/2025:01:31:35 +0100] "GET /ticket2/opencms/.env HTTP/1.1" 404 -
66.249.77.226 - - [16/Mar/2025:01:32:48 +0100] "GET /ticket2/opencms/sv/buy/?comcatid=97ECA65A-72DA-F9AF-9DBB-245D3CFED1BE&catid=757E2DFB-33DA-9B34-8402-9F06B19D8409 HTTP/1.1" 200 70363
165.227.191.203 - - [16/Mar/2025:01:38:51 +0100] "GET / HTTP/1.1" 404 -
165.227.191.203 - - [16/Mar/2025:01:38:51 +0100] "GET /download/powershell/ HTTP/1.1" 404 -
165.227.191.203 - - [16/Mar/2025:01:38:51 +0100] "GET /get.php HTTP/1.1" 404 -
47.251.80.203 - - [16/Mar/2025:01:42:28 +0100] "GET /ticket2/opencms/ HTTP/1.1" 302 -
123.160.223.73 - - [16/Mar/2025:01:43:15 +0100] "GET /ticket2/opencms/ HTTP/1.1" 302 -
123.160.223.72 - - [16/Mar/2025:01:43:21 +0100] "GET /ticket2/opencms/ HTTP/1.1" 302 -
66.249.77.225 - - [16/Mar/2025:01:45:32 +0100] "GET /ticket2/opencms/sv/buy/?comcatid=97ECA65A-72DA-F9AF-9DBB-245D3CFED1BE&catid=55D1256D-BDD9-CBA3-47A3-0A252F702555 HTTP/1.1" 200 70361
127.0.0.1 - - [16/Mar/2025:01:47:07 +0100] "GET / HTTP/1.1" 400 -
66.249.77.225 - - [16/Mar/2025:01:48:36 +0100] "GET /ticket2/opencms/sv/buy/?comcatid=97ECA65A-72DA-F9AF-9DBB-245D3CFED1BE&catid=8B6802AF-1ADE-4BE1-A1F7-7671190CFB4F HTTP/1.1" 200 70361
85.208.96.212 - - [16/Mar/2025:01:50:25 +0100] "GET /ticket2/opencms/robots.txt HTTP/1.1" 200 773
185.191.171.12 - - [16/Mar/2025:01:50:27 +0100] "GET /ticket2/opencms/en/sport/football-tickets/premier_league/newcastle_united/ HTTP/1.1" 200 66301
66.249.77.224 - - [16/Mar/2025:01:50:42 +0100] "GET /ticket2/opencms/sv/buy/?comcatid=97ECA65A-72DA-F9AF-9DBB-245D3CFED1BE&catid=2CCC191C-F37F-B9CA-D41C-1204E575B328 HTTP/1.1" 200 70359
66.249.77.225 - - [16/Mar/2025:01:51:24 +0100] "GET /ticket2/opencms/sv/buy/?comcatid=97ECA65A-72DA-F9AF-9DBB-245D3CFED1BE&catid=F7F89B9B-6697-7881-54AE-4C39276BF1B8 HTTP/1.1" 200 70359
200.30.228.156 - - [16/Mar/2025:01:52:26 +0100] "GET / HTTP/1.0" 404 -
66.249.77.224 - - [16/Mar/2025:01:53:44 +0100] "GET /ticket2/opencms/sv/buy/?comcatid=97ECA65A-72DA-F9AF-9DBB-245D3CFED1BE&catid=078F99D4-0B9E-E323-5A07-D7B70F6E8874 HTTP/1.1" 200 70357
66.249.77.226 - - [16/Mar/2025:01:53:45 +0100] "GET /ticket2/opencms/sv/buy/?comcatid=97ECA65A-72DA-F9AF-9DBB-245D3CFED1BE&catid=F7FF413B-5FDF-82CF-E5BB-CD4AB6027974 HTTP/1.1" 200 70354
66.249.77.226 - - [16/Mar/2025:01:53:46 +0100] "GET /ticket2/opencms/sv/buy/?comcatid=97ECA65A-72DA-F9AF-9DBB-245D3CFED1BE&catid=81B744E7-1FEE-E757-C0AB-C7AF73CDE252 HTTP/1.1" 200 70354
66.249.77.225 - - [16/Mar/2025:01:55:41 +0100] "GET /ticket2/opencms/sv/buy/?comcatid=97ECA65A-72DA-F9AF-9DBB-245D3CFED1BE&catid=4C4DADF0-07CC-9B24-D2D9-940EF378BE99 HTTP/1.1" 200 70356
178.128.37.118 - - [16/Mar/2025:01:58:12 +0100] "GET /ticket2/opencms/.env HTTP/1.1" 404 -
66.249.77.225 - - [16/Mar/2025:01:58:41 +0100] "GET /ticket2/opencms/sv/buy/?comcatid=97ECA65A-72DA-F9AF-9DBB-245D3CFED1BE&catid=6CD184E8-C8D4-E1CC-33D0-6F47E3751240 HTTP/1.1" 200 70359
66.249.77.225 - - [16/Mar/2025:01:58:59 +0100] "GET /ticket2/opencms/sv/buy/?comcatid=97ECA65A-72DA-F9AF-9DBB-245D3CFED1BE&catid=2E79AED8-FF58-B4E8-AFB0-43E7CEBE7864 HTTP/1.1" 200 70355
66.249.77.226 - - [16/Mar/2025:02:01:24 +0100] "GET /ticket2/opencms/sv/buy/?comcatid=97ECA65A-72DA-F9AF-9DBB-245D3CFED1BE&catid=7D3BEF66-5D88-3916-5B89-0E7B139E0169 HTTP/1.1" 200 70360
66.249.76.69 - - [16/Mar/2025:02:01:32 +0100] "GET /ticket2/opencms/sv/buy/?comcatid=97ECA65A-72DA-F9AF-9DBB-245D3CFED1BE&catid=E3105E1E-3982-291E-5523-1C1DF161E9B7 HTTP/1.1" 200 70357
66.249.77.224 - - [16/Mar/2025:02:01:36 +0100] "GET /ticket2/opencms/sv/about/press/ HTTP/1.1" 200 66053
66.249.77.225 - - [16/Mar/2025:02:02:40 +0100] "GET /ticket2/opencms/en/about/press/ HTTP/1.1" 200 64283
66.249.77.225 - - [16/Mar/2025:02:04:45 +0100] "GET /ticket2/opencms/en/venue/?venueid=73F2F83F-35FC-D320-77FF-C349F98B1063 HTTP/1.1" 200 63639
66.249.76.69 - - [16/Mar/2025:02:08:25 +0100] "GET /ticket2/opencms/sv/buy/?page=6&comcatid=0A6B8208-FDA4-E929-9D72-5312FD481B76&catid=3A56B1C2-6FFB-C8D1-B229-B3914D5FF8DF HTTP/1.1" 200 68737
66.249.77.226 - - [16/Mar/2025:02:09:36 +0100] "GET /ticket2/opencms/sv/buy/?page=6&comcatid=0A6B8208-FDA4-E929-9D72-5312FD481B76&catid=FCA7FF95-260A-464B-B6FF-A820FCE7DFEF HTTP/1.1" 200 68734
66.249.77.224 - - [16/Mar/2025:02:11:28 +0100] "GET /ticket2/opencms/sv/buy/?page=6&comcatid=0A6B8208-FDA4-E929-9D72-5312FD481B76&catid=412DBCF4-025D-8ABC-7A40-D7C760E055FF HTTP/1.1" 200 68736
66.249.76.70 - - [16/Mar/2025:02:11:41 +0100] "GET /ticket2/opencms/sv/buy/?page=6&comcatid=0A6B8208-FDA4-E929-9D72-5312FD481B76&catid=53E7B32E-5CAA-6CE7-D6AA-FFC41D70EE01 HTTP/1.1" 200 68734
196.251.70.87 - - [16/Mar/2025:02:14:02 +0100] "GET /ticket2/opencms/_profiler/phpinfo HTTP/1.1" 404 -
162.216.150.252 - - [16/Mar/2025:02:16:20 +0100] "GET /ticket2/opencms/ HTTP/1.1" 302 -
162.216.150.252 - - [16/Mar/2025:02:16:21 +0100] "GET /ticket2/opencms/en/ HTTP/1.1" 200 66763
45.144.212.40 - - [16/Mar/2025:02:17:01 +0100] "GET /ticket2/opencms/_profiler/phpinfo HTTP/1.1" 404 -
66.249.76.71 - - [16/Mar/2025:02:17:28 +0100] "GET /ticket2/opencms/sv/buy/?page=6&comcatid=0A6B8208-FDA4-E929-9D72-5312FD481B76&catid=AD8E612F-0F0B-03C9-5236-E4F8B6523945 HTTP/1.1" 200 68734
66.249.77.224 - - [16/Mar/2025:02:17:48 +0100] "GET /ticket2/opencms/sv/buy/?page=6&comcatid=0A6B8208-FDA4-E929-9D72-5312FD481B76&catid=CB847559-7ECA-CC50-D7D2-064AF0C06FB1 HTTP/1.1" 200 68734
66.249.76.69 - - [16/Mar/2025:02:18:15 +0100] "GET /ticket2/opencms/sv/buy/?page=6&comcatid=0A6B8208-FDA4-E929-9D72-5312FD481B76&catid=8E4972FC-6E2C-77A4-BB9D-D67BD270A641 HTTP/1.1" 200 68725
66.249.77.224 - - [16/Mar/2025:02:18:23 +0100] "GET /ticket2/opencms/sv/buy/?page=6&comcatid=0A6B8208-FDA4-E929-9D72-5312FD481B76&catid=26594C33-56CE-F529-FAF3-61AB33F74A3B HTTP/1.1" 200 68732
52.167.144.203 - - [16/Mar/2025:02:20:20 +0100] "GET /ticket2/opencms/en/venue/?venueid=11E73491-76CB-D5D9-5B25-91D799D1EF69 HTTP/1.1" 200 63582
66.249.77.226 - - [16/Mar/2025:02:25:26 +0100] "GET /ticket2/opencms/sv/buy/?page=6&comcatid=0A6B8208-FDA4-E929-9D72-5312FD481B76&catid=465306FD-802C-5175-10FF-40E426DD2769 HTTP/1.1" 200 68729
66.249.76.69 - - [16/Mar/2025:02:25:27 +0100] "GET /ticket2/opencms/en/venue/?venueid=F88F99DB-CCD0-4577-59AA-A36930D419E1 HTTP/1.1" 200 63619
66.249.77.225 - - [16/Mar/2025:02:25:41 +0100] "GET /ticket2/opencms/sv/sport/fotbollsbiljetter/bundesliga/ HTTP/1.1" 200 73520
66.249.77.224 - - [16/Mar/2025:02:25:47 +0100] "GET /ticket2/opencms/sv/sport/fotbollsbiljetter/bundesliga/stuttgart/ HTTP/1.1" 200 70190
66.249.77.224 - - [16/Mar/2025:02:27:28 +0100] "GET /ticket2/opencms/sv/buy/?comcatid=A17713B6-D984-201A-4143-ED4DB5ED5C2E&catid=0A6C99D2-F5BD-7A18-9A5F-5668827042E0 HTTP/1.1" 200 78293
66.249.76.70 - - [16/Mar/2025:02:35:15 +0100] "GET /ticket2/opencms/sv/buy/?comcatid=A17713B6-D984-201A-4143-ED4DB5ED5C2E&catid=573B7747-EE85-D769-C87D-F3F61FB64AA5 HTTP/1.1" 200 75249
66.249.77.225 - - [16/Mar/2025:02:35:59 +0100] "GET /ticket2/opencms/sv/buy/?comcatid=A17713B6-D984-201A-4143-ED4DB5ED5C2E&catid=88C381AD-5D76-A34D-AC15-A7129F8EF5BE HTTP/1.1" 200 75237
66.249.77.224 - - [16/Mar/2025:02:36:41 +0100] "GET /ticket2/opencms/sv/buy/?comcatid=A17713B6-D984-201A-4143-ED4DB5ED5C2E&catid=515A9A29-35A0-2DB8-262B-AEF122DB04F6 HTTP/1.1" 200 75243
66.249.77.225 - - [16/Mar/2025:02:51:28 +0100] "GET /ticket2/opencms/en/buy/?comcatid=B41CCF2B-5558-7AEE-3602-09BBDE417D65&catid=BF886BAE-FC84-8CB3-A193-6DFA251F7985 HTTP/1.1" 200 66145
109.236.61.55 - - [16/Mar/2025:02:56:59 +0100] "GET /validate HTTP/1.1" 404 -
45.148.10.90 - - [16/Mar/2025:02:57:46 +0100] "???s??????[?s??^}??}????????OZ? ?uZy#?p??YiL[?co?I?]??sI?/???/?&?+?/?,?0????? ??" 400 -
45.148.10.90 - - [16/Mar/2025:02:57:46 +0100] "GET / HTTP/1.1" 404 -
45.148.10.90 - - [01/Jan/1970:00:59:59 +0100] "-" 400 -
45.148.10.90 - - [16/Mar/2025:02:57:47 +0100] "GET / HTTP/1.1" 404 -
45.148.10.90 - - [16/Mar/2025:02:57:47 +0100] "GET /.env.development.local HTTP/1.1" 404 -
66.249.77.224 - - [16/Mar/2025:03:01:54 +0100] "GET /ticket2/opencms/en/buy/?comcatid=B41CCF2B-5558-7AEE-3602-09BBDE417D65&catid=E03F2203-3943-A0F0-A47D-D9E7CDA79C6B HTTP/1.1" 200 66159
66.249.77.225 - - [16/Mar/2025:03:07:25 +0100] "GET /ticket2/opencms/en/buy/?comcatid=B41CCF2B-5558-7AEE-3602-09BBDE417D65&catid=36DC4BE2-91A2-6146-2BE9-47B6F3C44EDB HTTP/1.1" 200 66137
66.249.77.224 - - [16/Mar/2025:03:08:37 +0100] "GET /ticket2/opencms/sv/buy/?comcatid=A17713B6-D984-201A-4143-ED4DB5ED5C2E&catid=AE3FE643-AE41-BAA6-237D-5206D1B044A1 HTTP/1.1" 200 75243
66.249.76.71 - - [16/Mar/2025:03:14:41 +0100] "GET /ticket2/opencms/sv/buy/?comcatid=A17713B6-D984-201A-4143-ED4DB5ED5C2E&catid=C871EAE3-C584-718A-9795-07CDEF43FA75 HTTP/1.1" 200 75240
45.156.129.132 - - [16/Mar/2025:03:15:12 +0100] "GET /ticket2/opencms/ HTTP/1.1" 302 -
45.156.129.132 - - [16/Mar/2025:03:15:12 +0100] "GET /ticket2/opencms/en/ HTTP/1.1" 200 66763
66.249.76.71 - - [16/Mar/2025:03:16:37 +0100] "GET /ticket2/opencms/sv/buy/?comcatid=A17713B6-D984-201A-4143-ED4DB5ED5C2E&catid=061607E6-22B7-6FFA-03FD-A4B8B13A943F HTTP/1.1" 200 75245
167.94.138.176 - - [16/Mar/2025:03:18:36 +0100] "GET /ticket2/opencms/ HTTP/1.1" 500 -
89.111.88.6 - - [16/Mar/2025:03:18:42 +0100] "GET /ticket2/opencms/ HTTP/1.0" 500 -
167.94.138.176 - - [16/Mar/2025:03:18:50 +0100] "GET /ticket2/opencms/ HTTP/1.1" 302 -
66.249.76.71 - - [16/Mar/2025:03:19:36 +0100] "GET /ticket2/opencms/sv/buy/?comcatid=A17713B6-D984-201A-4143-ED4DB5ED5C2E&catid=BE041FBE-C1A7-918C-EB61-99ED02D12F5B HTTP/1.1" 200 75246
167.94.138.176 - - [16/Mar/2025:03:20:04 +0100] "GET /ticket2/opencms/en/ HTTP/1.1" 200 66763
167.94.138.176 - - [16/Mar/2025:03:20:12 +0100] "GET /ticket2/opencms/favicon.ico HTTP/1.1" 200 1406
146.190.161.227 - - [16/Mar/2025:03:21:48 +0100] "-" 400 -
85.208.96.206 - - [16/Mar/2025:03:27:26 +0100] "GET /ticket2/opencms/robots.txt HTTP/1.1" 200 773
85.208.96.209 - - [16/Mar/2025:03:27:27 +0100] "GET /ticket2/opencms/sv/buy_safety/ HTTP/1.1" 200 67293
157.55.39.10 - - [16/Mar/2025:03:30:05 +0100] "GET /ticket2/opencms/en/venue/?countryid=ABC76395-F87D-C1C2-D371-A569066C3F43 HTTP/1.1" 200 93013
109.236.61.55 - - [16/Mar/2025:03:32:35 +0100] "GET /validate HTTP/1.1" 404 -
66.249.76.70 - - [16/Mar/2025:03:33:53 +0100] "GET /ticket2/opencms/sv/buy/?comcatid=A17713B6-D984-201A-4143-ED4DB5ED5C2E&catid=64756941-02D2-3538-2077-8C2508F4A3A8 HTTP/1.1" 200 75246
66.249.77.226 - - [16/Mar/2025:03:34:51 +0100] "GET /ticket2/opencms/sv/buy/?comcatid=A17713B6-D984-201A-4143-ED4DB5ED5C2E&catid=F2006A3D-5EE0-B40B-5749-60C15271538F HTTP/1.1" 200 75247
109.236.61.55 - - [16/Mar/2025:03:35:51 +0100] "GET /validate HTTP/1.1" 404 -
52.167.144.202 - - [16/Mar/2025:03:36:50 +0100] "GET /ticket2/opencms/en/venue/?countryid=160EC1E3-9CD9-D675-7FCF-474C7815EC7B HTTP/1.1" 200 104115
45.148.10.90 - - [16/Mar/2025:03:41:03 +0100] "??5A??A W????d?h?1 ???}Ct ?C?s ??????7?\W??l?? ??0B?*???%?)&?+?/?,?0????? ??" 400 -
45.148.10.90 - - [16/Mar/2025:03:41:03 +0100] "GET / HTTP/1.1" 404 -
45.148.10.90 - - [01/Jan/1970:00:59:59 +0100] "-" 400 -
45.148.10.90 - - [16/Mar/2025:03:41:03 +0100] "GET / HTTP/1.1" 404 -
45.148.10.90 - - [16/Mar/2025:03:41:03 +0100] "GET /media../.git/config HTTP/1.1" 404 -
45.148.10.90 - - [16/Mar/2025:03:41:03 +0100] "GET /prod/.env HTTP/1.1" 404 -
89.248.168.227 - - [16/Mar/2025:03:42:14 +0100] "GET / HTTP/1.1" 404 -
66.249.77.226 - - [16/Mar/2025:03:48:39 +0100] "GET /ticket2/opencms/sv/buy/?page=1&edid=0122F2A3-A1B3-8248-9299-6A14904F0774 HTTP/1.1" 200 79362
66.249.77.224 - - [16/Mar/2025:03:48:45 +0100] "GET /ticket2/opencms/en/buy/?page=10&eventid=684F42AD-E69E-B0FB-F34B-E9B5D5266D07 HTTP/1.1" 200 64971
66.249.77.224 - - [16/Mar/2025:03:48:51 +0100] "GET /ticket2/opencms/en/buy/?page=10&eventid=B85BEE98-8727-2424-2597-5E99D818B644 HTTP/1.1" 200 64970
40.77.167.247 - - [16/Mar/2025:03:49:42 +0100] "GET /ticket2/opencms/sv/buy/?comcatid=A17713B6-D984-201A-4143-ED4DB5ED5C2E&catid=0A9E385E-33D9-328E-DC79-CA2C7009C829 HTTP/1.1" 200 75246
66.249.77.225 - - [16/Mar/2025:03:57:32 +0100] "GET /ticket2/opencms/en/buy/?comcatid=97ECA65A-72DA-F9AF-9DBB-245D3CFED1BE&catid=43171577-14C8-6B19-25D9-DF372BFFCBFA HTTP/1.1" 200 68918
45.148.10.90 - - [16/Mar/2025:04:01:40 +0100] "??