46.229.168.140 - - [13/Apr/2020:00:00:08 +0200] "GET /ticket2/opencms/fi/buy/?edid=71496077-5B1C-FE48-E8D7-00D3EF8F08C6&page=1 HTTP/1.1" 200 72028
46.229.168.154 - - [13/Apr/2020:00:00:10 +0200] "GET /ticket2/opencms/no/buy/?edid=7D0648F8-3AD0-8F78-E994-E700AC212971&page=1 HTTP/1.1" 200 71433
46.229.168.129 - - [13/Apr/2020:00:00:12 +0200] "GET /ticket2/opencms/en/buy/?column=section&edid=C1AA3CD8-9B92-9EEB-74B5-3A5D9E84C8B5&page=1&sortorder=desc HTTP/1.1" 200 71317
46.229.168.147 - - [13/Apr/2020:00:00:16 +0200] "GET /ticket2/opencms/sv/buy/?column=section&edid=CFC2AA71-77AF-B6F9-E3AC-B5C5B74CC33A&page=1&sortorder=desc HTTP/1.1" 200 71120
66.249.68.19 - - [13/Apr/2020:00:00:26 +0200] "GET /ticket2/opencms/nl/ask-form.html HTTP/1.1" 200 3015
46.229.168.129 - - [13/Apr/2020:00:00:26 +0200] "GET /ticket2/opencms/nl/buy/?column=price&edid=50741BB5-AC41-8EDF-DDAB-6A055F5C5052&page=1&sortorder=desc HTTP/1.1" 200 70697
67.225.220.120 - - [13/Apr/2020:00:00:28 +0200] "GET /ticket2/opencms/sv/buy/?page=1&edid=90C1A66E-428C-A76C-A159-667BE9685E00 HTTP/1.1" 200 71346
46.229.168.136 - - [13/Apr/2020:00:00:29 +0200] "GET /ticket2/opencms/fi/buy/?edid=09E39E18-DB9D-9181-82D5-02F92B498E01&page=1 HTTP/1.1" 200 73632
46.229.168.148 - - [13/Apr/2020:00:00:33 +0200] "GET /ticket2/opencms/fi/buy/?column=price&edid=D97810FA-0BC7-9E6C-0345-CBB875AED7DB&page=1&sortorder=desc HTTP/1.1" 200 70636
46.229.168.162 - - [13/Apr/2020:00:00:36 +0200] "GET /ticket2/opencms/robots.txt HTTP/1.1" 200 773
46.229.168.129 - - [13/Apr/2020:00:00:41 +0200] "GET /ticket2/opencms/en/buy/?edid=416DE971-B897-5140-B141-FE881AD61026&page=1 HTTP/1.1" 200 71522
67.225.220.120 - - [13/Apr/2020:00:00:43 +0200] "GET /ticket2/opencms/en/buy/?page=1&edid=570BC029-41A3-AC83-7093-0DFFF0210D10 HTTP/1.1" 200 71490
46.229.168.152 - - [13/Apr/2020:00:00:46 +0200] "GET /ticket2/opencms/no/buy/?column=section&edid=DD99BFEC-4846-922C-64A2-1661CA2CB452&page=1&sortorder=asc HTTP/1.1" 200 72128
46.229.168.129 - - [13/Apr/2020:00:00:49 +0200] "GET /ticket2/opencms/nl/buy/?column=row&edid=CA33AC94-AA55-DE72-0B71-F72BFD37013F&page=1&sortorder=asc HTTP/1.1" 200 70697
46.229.168.150 - - [13/Apr/2020:00:00:51 +0200] "GET /ticket2/opencms/sv/buy/?column=price&edid=6746D547-58E0-E059-5EA6-B180F3DC37DC&page=1&sortorder=desc HTTP/1.1" 200 71557
46.229.168.147 - - [13/Apr/2020:00:00:53 +0200] "GET /ticket2/opencms/no/sport/fotballsbilletter/ligue_1/bordeaux/ HTTP/1.1" 200 66740
46.229.168.137 - - [13/Apr/2020:00:00:54 +0200] "GET /ticket2/opencms/no/buy/?column=price&edid=9F5746BD-7046-2B11-63BD-322149DF3926&page=1&sortorder=asc HTTP/1.1" 200 71187
46.229.168.140 - - [13/Apr/2020:00:01:00 +0200] "GET /ticket2/opencms/en/buy/?column=price&edid=CFB00141-297E-C048-020A-09E02D385501&page=1&sortorder=desc HTTP/1.1" 200 71970
46.229.168.131 - - [13/Apr/2020:00:01:02 +0200] "GET /ticket2/opencms/sv/buy/?catid=08F27F2A-1872-A39F-A97C-63093E77B18A&comcatid=A17713B6-D984-201A-4143-ED4DB5ED5C2E HTTP/1.1" 200 75506
46.229.168.130 - - [13/Apr/2020:00:01:04 +0200] "GET /ticket2/opencms/sv/sport/fotbollsbiljetter/eredivisie/hollandska-ligan/feyenoord/ HTTP/1.1" 200 67484
46.229.168.152 - - [13/Apr/2020:00:01:08 +0200] "GET /ticket2/opencms/no/buy/?column=section&edid=078F26BB-44F6-F896-2C35-EEFD935AEC35&page=1&sortorder=desc HTTP/1.1" 200 71658
46.229.168.153 - - [13/Apr/2020:00:01:16 +0200] "GET /ticket2/opencms/robots.txt HTTP/1.1" 200 773
46.229.168.144 - - [13/Apr/2020:00:01:22 +0200] "GET /ticket2/opencms/no/buy/?column=price&edid=1B8CC837-9981-20DD-5622-50C0808E3036&page=1&sortorder=desc HTTP/1.1" 200 71220
54.36.149.82 - - [13/Apr/2020:00:01:34 +0200] "GET /ticket2/opencms/en/buy/?page=1&edid=5B44C847-C519-453A-1C31-3F14F0464A84 HTTP/1.1" 200 70868
178.63.34.189 - - [13/Apr/2020:00:01:36 +0200] "GET /ticket2/opencms/robots.txt HTTP/1.1" 200 773
46.229.168.137 - - [13/Apr/2020:00:01:41 +0200] "GET /ticket2/opencms/nl/buy/?edid=548026E2-BF8F-C035-BA3B-7427C4B9DF73&page=1 HTTP/1.1" 200 70362
46.229.168.129 - - [13/Apr/2020:00:01:48 +0200] "GET /ticket2/opencms/dk/sport/fodboldbilletter/bundesliga/Freiburg/ HTTP/1.1" 200 66237
178.63.34.189 - - [13/Apr/2020:00:01:55 +0200] "GET /ticket2/opencms/dk/buy/?page=1&edid=15A49D6B-6C7D-1C51-F16F-708F91DF3C53&sortorder=desc&column=price HTTP/1.1" 200 71607
46.229.168.132 - - [13/Apr/2020:00:01:57 +0200] "GET /ticket2/opencms/en/buy/?column=price&edid=8D399335-C84B-CDD2-683F-085DB5766ED1&page=1&sortorder=desc HTTP/1.1" 200 69243
46.229.168.131 - - [13/Apr/2020:00:02:09 +0200] "GET /ticket2/opencms/no/buy/?edid=EE24B254-1FB8-6601-5783-BFE404E37C0C&page=1 HTTP/1.1" 200 86141
148.251.244.137 - - [13/Apr/2020:00:02:10 +0200] "GET /ticket2/opencms/robots.txt HTTP/1.1" 200 773
148.251.244.137 - - [13/Apr/2020:00:02:12 +0200] "GET /ticket2/opencms/dk/buy/?page=10&eventid=ED51DF3E-7AF5-87FD-871A-38583B2AD9E9&venueid=D472C220-B929-5B16-8479-1E0BD6C92DF6 HTTP/1.1" 200 66645
46.229.168.148 - - [13/Apr/2020:00:02:14 +0200] "GET /ticket2/opencms/no/buy/?column=price&edid=A1E9D50D-4D06-341C-1DC4-C8F797C50290&page=1&sortorder=desc HTTP/1.1" 200 71260
148.251.244.137 - - [13/Apr/2020:00:02:14 +0200] "GET /ticket2/opencms/dk/buy/?page=10&eventid=EDAF6278-1969-306C-3319-E5B65687A301 HTTP/1.1" 200 66655
178.63.34.189 - - [13/Apr/2020:00:02:15 +0200] "GET /ticket2/opencms/dk/buy/?page=1&edid=15A49D6B-6C7D-1C51-F16F-708F91DF3C53&sortorder=desc&column=section HTTP/1.1" 200 71607
148.251.244.137 - - [13/Apr/2020:00:02:16 +0200] "GET /ticket2/opencms/dk/buy/?page=10&eventid=EDAF6278-1969-306C-3319-E5B65687A301&venueid=298D27CF-C72A-A8BB-2811-F2F021053028 HTTP/1.1" 200 66655
148.251.244.137 - - [13/Apr/2020:00:02:18 +0200] "GET /ticket2/opencms/dk/buy/?page=10&eventid=F084AD01-6CEF-4117-412B-F05BEEF00898 HTTP/1.1" 200 66644
148.251.244.137 - - [13/Apr/2020:00:02:20 +0200] "GET /ticket2/opencms/dk/buy/?page=10&eventid=F5071A6E-227C-0232-AE45-93737286D0F5&venueid=BBFDFA62-30E5-0CF7-5C31-22BFF847E1A4 HTTP/1.1" 200 66649
46.229.168.146 - - [13/Apr/2020:00:02:21 +0200] "GET /ticket2/opencms/dk/buy/?column=row&edid=6440E7CC-E56C-CD13-BB09-A84D83EDDD53&page=1&sortorder=desc HTTP/1.1" 200 71405
148.251.244.137 - - [13/Apr/2020:00:02:22 +0200] "GET /ticket2/opencms/dk/buy/?page=10&eventid=F584E898-D3C1-17BD-2ABC-841095795955 HTTP/1.1" 200 66650
148.251.244.137 - - [13/Apr/2020:00:02:24 +0200] "GET /ticket2/opencms/dk/buy/?page=10&eventid=F584E898-D3C1-17BD-2ABC-841095795955&venueid=15151A16-ED21-AEFF-1EA7-20D9BB091B8D HTTP/1.1" 200 66650
148.251.244.137 - - [13/Apr/2020:00:02:26 +0200] "GET /ticket2/opencms/dk/buy/?page=10&eventid=F603D761-976F-00E2-B927-85C4D97104AA HTTP/1.1" 200 66654
5.9.158.195 - - [13/Apr/2020:00:02:28 +0200] "GET /ticket2/opencms/robots.txt HTTP/1.1" 200 773
148.251.244.137 - - [13/Apr/2020:00:02:29 +0200] "GET /ticket2/opencms/dk/buy/?page=10&eventid=F603D761-976F-00E2-B927-85C4D97104AA&venueid=4EB732D1-1652-2B2A-5343-888F777F34B4 HTTP/1.1" 200 66654
46.229.168.149 - - [13/Apr/2020:00:02:29 +0200] "GET /ticket2/opencms/fi/buy/?column=section&edid=E12F4022-1973-9A42-8144-79292D1B75BA&page=1&sortorder=asc HTTP/1.1" 200 72580
216.245.221.82 - - [13/Apr/2020:00:02:29 +0200] "HEAD /ticket2/opencms/en/ HTTP/1.1" 200 -
148.251.244.137 - - [13/Apr/2020:00:02:30 +0200] "GET /ticket2/opencms/dk/buy/?page=10&eventid=F6265060-8333-20CB-0429-405892258667 HTTP/1.1" 200 66640
67.225.220.120 - - [13/Apr/2020:00:02:32 +0200] "GET /ticket2/opencms/en/buy/?page=1&edid=71496077-5B1C-FE48-E8D7-00D3EF8F08C6 HTTP/1.1" 200 70623
67.225.220.120 - - [13/Apr/2020:00:02:32 +0200] "GET /ticket2/opencms/en/buy/?page=1&edid=09DE46D7-1C1F-33BE-37FA-869EBDC3AD7C HTTP/1.1" 200 70840
148.251.244.137 - - [13/Apr/2020:00:02:32 +0200] "GET /ticket2/opencms/dk/buy/?page=10&eventid=F6265060-8333-20CB-0429-405892258667&venueid=6D360DF1-D10E-80D6-413A-8A8A7657A599 HTTP/1.1" 200 66640
178.63.34.189 - - [13/Apr/2020:00:02:33 +0200] "GET /ticket2/opencms/dk/buy/?page=1&edid=15F99D96-DF34-375F-79AB-093621F90FDA HTTP/1.1" 200 71653
46.229.168.145 - - [13/Apr/2020:00:02:34 +0200] "GET /ticket2/opencms/fi/buy/?column=row&edid=2946B44C-614C-B458-AD25-19BAB8520213&page=1&sortorder=asc HTTP/1.1" 200 71987
148.251.244.137 - - [13/Apr/2020:00:02:35 +0200] "GET /ticket2/opencms/dk/buy/?page=10&eventid=F6628C30-FCB6-C566-1C4C-4B4D7FCBE6C8 HTTP/1.1" 200 66647
148.251.244.137 - - [13/Apr/2020:00:02:37 +0200] "GET /ticket2/opencms/dk/buy/?page=10&eventid=F753B127-DDE6-6CB1-F05F-67C926F26A72&venueid=E0CC7055-3FC4-A5FC-6597-028072A69213 HTTP/1.1" 200 66654
46.229.168.140 - - [13/Apr/2020:00:02:38 +0200] "GET /ticket2/opencms/nl/buy/?column=section&edid=F78DC12D-B45B-D285-8414-628B02B61CCF&page=1&sortorder=desc HTTP/1.1" 200 71046
148.251.244.137 - - [13/Apr/2020:00:02:38 +0200] "GET /ticket2/opencms/dk/buy/?page=10&eventid=F9CF76E9-D162-4CF5-0C38-2B9316E92277&venueid=E07BF873-3E24-4ED0-36DB-A40D162DA6BE HTTP/1.1" 200 66652
148.251.244.137 - - [13/Apr/2020:00:02:41 +0200] "GET /ticket2/opencms/dk/buy/?page=10&eventid=FD965D8A-910E-7951-7F66-FE96F477D468 HTTP/1.1" 200 66648
148.251.244.137 - - [13/Apr/2020:00:02:43 +0200] "GET /ticket2/opencms/dk/buy/?page=10&eventid=FD965D8A-910E-7951-7F66-FE96F477D468&venueid=66B7684A-34D7-B171-288C-D950D3063FA0 HTTP/1.1" 200 66648
148.251.244.137 - - [13/Apr/2020:00:02:46 +0200] "GET /ticket2/opencms/dk/buy/?page=6 HTTP/1.1" 200 65580
148.251.244.137 - - [13/Apr/2020:00:02:49 +0200] "GET /ticket2/opencms/dk/buy/?page=6&comcatid=0A6B8208-FDA4-E929-9D72-5312FD481B76&catid=AD8E612F-0F0B-03C9-5236-E4F8B6523945 HTTP/1.1" 200 68988
46.229.168.142 - - [13/Apr/2020:00:02:50 +0200] "GET /ticket2/opencms/sv/buy/?column=section&edid=B4C738A5-76B3-7898-6428-65EDFE327DB4&page=1&sortorder=asc HTTP/1.1" 200 69480
5.9.158.195 - - [13/Apr/2020:00:02:51 +0200] "GET /ticket2/opencms/no/buy/?page=1&edid=5138FC8A-43AB-96D8-7F30-D22430A7040E&sortorder=asc&column=row HTTP/1.1" 200 71653
148.251.244.137 - - [13/Apr/2020:00:02:51 +0200] "GET /ticket2/opencms/dk/buy/?page=6&comcatid=0A6B8208-FDA4-E929-9D72-5312FD481B76&catid=CB847559-7ECA-CC50-D7D2-064AF0C06FB1 HTTP/1.1" 200 68987
46.229.168.133 - - [13/Apr/2020:00:02:53 +0200] "GET /ticket2/opencms/fi/buy/?column=section&edid=A9DB1DE6-01D7-BC62-CF57-554A2AD423E4&page=1&sortorder=desc HTTP/1.1" 200 70633
46.229.168.152 - - [13/Apr/2020:00:02:53 +0200] "GET /ticket2/opencms/en/buy/?column=section&edid=674A96E1-4B9C-1EEC-4D35-A637DDEAF802&page=1&sortorder=asc HTTP/1.1" 200 71640
178.63.34.189 - - [13/Apr/2020:00:02:54 +0200] "GET /ticket2/opencms/dk/buy/?page=1&edid=15F99D96-DF34-375F-79AB-093621F90FDA&sortorder=asc&column=price HTTP/1.1" 200 71689
148.251.244.137 - - [13/Apr/2020:00:02:55 +0200] "GET /ticket2/opencms/dk/buy/?page=6&comcatid=0A6B8208-FDA4-E929-9D72-5312FD481B76&catid=FCA7FF95-260A-464B-B6FF-A820FCE7DFEF HTTP/1.1" 200 68988
148.251.244.137 - - [13/Apr/2020:00:02:57 +0200] "GET /ticket2/opencms/dk/buy/?page=6&comcatid=0A6B8208-FDA4-E929-9D72-5312FD481B76&catid=FCA7FF95-260A-464B-B6FF-A820FCE7DFEF&eventid=075AFE3E-5349-4BBA-C2C6-207B651D31E5 HTTP/1.1" 200 68988
46.229.168.141 - - [13/Apr/2020:00:02:58 +0200] "GET /ticket2/opencms/fi/sell/?edid=C7DF64BC-E72C-BF39-4E14-CC88E6DB4005 HTTP/1.1" 302 -
46.229.168.129 - - [13/Apr/2020:00:02:59 +0200] "GET /ticket2/opencms/sv/buy/?edid=00059B5F-DE26-4FE8-9C34-25454FE29501&page=1 HTTP/1.1" 200 71292
148.251.244.137 - - [13/Apr/2020:00:03:00 +0200] "GET /ticket2/opencms/dk/buy/?page=6&comcatid=97ECA65A-72DA-F9AF-9DBB-245D3CFED1BE&catid=757E2DFB-33DA-9B34-8402-9F06B19D8409 HTTP/1.1" 200 70255
148.251.244.137 - - [13/Apr/2020:00:03:01 +0200] "GET /ticket2/opencms/dk/buy/?page=6&comcatid=97ECA65A-72DA-F9AF-9DBB-245D3CFED1BE&catid=7D3BEF66-5D88-3916-5B89-0E7B139E0169 HTTP/1.1" 200 70252
148.251.244.137 - - [13/Apr/2020:00:03:03 +0200] "GET /ticket2/opencms/dk/buy/?page=6&comcatid=97ECA65A-72DA-F9AF-9DBB-245D3CFED1BE&catid=8B6802AF-1ADE-4BE1-A1F7-7671190CFB4F HTTP/1.1" 200 70253
148.251.244.137 - - [13/Apr/2020:00:03:06 +0200] "GET /ticket2/opencms/dk/buy/?page=6&comcatid=A17713B6-D984-201A-4143-ED4DB5ED5C2E&catid=06324577-7173-BAB0-146D-E644C912F7C1&eventid=09F73536-3F40-4CAF-9388-547526104CA1 HTTP/1.1" 200 76399
66.249.79.85 - - [13/Apr/2020:00:03:08 +0200] "GET /ticket2/opencms/en/venue/?countryid=FFFF1061-F0B1-C4E6-4E92-B35C1210D71D HTTP/1.1" 200 94598
148.251.244.137 - - [13/Apr/2020:00:03:09 +0200] "GET /ticket2/opencms/dk/buy/?page=6&comcatid=A17713B6-D984-201A-4143-ED4DB5ED5C2E&catid=06324577-7173-BAB0-146D-E644C912F7C1&eventid=FE86C89A-78F7-42C7-714F-130E9D281FBD HTTP/1.1" 200 77176
46.229.168.142 - - [13/Apr/2020:00:03:10 +0200] "GET /ticket2/opencms/sv/buy/?edid=B0A7B93D-B4B8-4787-14E2-3435BF39BB42&page=1 HTTP/1.1" 200 72185
148.251.244.137 - - [13/Apr/2020:00:03:11 +0200] "GET /ticket2/opencms/dk/buy/?page=6&comcatid=A17713B6-D984-201A-4143-ED4DB5ED5C2E&catid=0A6C99D2-F5BD-7A18-9A5F-5668827042E0&eventid=2D882524-F20E-911C-330E-DB5F72C129F5 HTTP/1.1" 200 83526
178.63.34.189 - - [13/Apr/2020:00:03:12 +0200] "GET /ticket2/opencms/dk/buy/?page=1&edid=15F99D96-DF34-375F-79AB-093621F90FDA&sortorder=asc&column=row HTTP/1.1" 200 71689
5.9.158.195 - - [13/Apr/2020:00:03:13 +0200] "GET /ticket2/opencms/no/buy/?page=1&edid=5138FC8A-43AB-96D8-7F30-D22430A7040E&sortorder=asc&column=section HTTP/1.1" 200 71653
148.251.244.137 - - [13/Apr/2020:00:03:14 +0200] "GET /ticket2/opencms/dk/buy/?page=6&comcatid=A17713B6-D984-201A-4143-ED4DB5ED5C2E&catid=0A6C99D2-F5BD-7A18-9A5F-5668827042E0&eventid=635DB261-156E-A4E7-4499-C01E2F436E47 HTTP/1.1" 200 80340
46.229.168.153 - - [13/Apr/2020:00:03:14 +0200] "GET /ticket2/opencms/sv/buy/?column=row&edid=F9FF1A93-E063-30B5-D018-721B7BF05409&page=1&sortorder=asc HTTP/1.1" 200 71862
46.229.168.131 - - [13/Apr/2020:00:03:15 +0200] "GET /ticket2/opencms/no/buy/?edid=EE24B254-1FB8-6601-5783-BFE404E37C0C&page=1 HTTP/1.1" 200 86141
148.251.244.137 - - [13/Apr/2020:00:03:16 +0200] "GET /ticket2/opencms/dk/buy/?page=6&comcatid=A17713B6-D984-201A-4143-ED4DB5ED5C2E&catid=0A6C99D2-F5BD-7A18-9A5F-5668827042E0&eventid=66D77204-4B8D-B660-88DB-7A93BC4629FF HTTP/1.1" 200 81928
46.229.168.147 - - [13/Apr/2020:00:03:16 +0200] "GET /ticket2/opencms/fi/buy/?column=section&edid=8D399335-C84B-CDD2-683F-085DB5766ED1&page=1&sortorder=desc HTTP/1.1" 200 70631
46.229.168.142 - - [13/Apr/2020:00:03:17 +0200] "GET /ticket2/opencms/sv/buy/?column=section&edid=396E73A1-46EC-AE78-6AE7-B586CDD32038&page=1&sortorder=desc HTTP/1.1" 200 69509
148.251.244.137 - - [13/Apr/2020:00:03:19 +0200] "GET /ticket2/opencms/dk/buy/?page=6&comcatid=A17713B6-D984-201A-4143-ED4DB5ED5C2E&catid=0A6C99D2-F5BD-7A18-9A5F-5668827042E0&eventid=6762C018-7033-6B27-286C-F3EA400ED4E7 HTTP/1.1" 200 80340
46.229.168.147 - - [13/Apr/2020:00:03:20 +0200] "GET /ticket2/opencms/sv/buy/?column=price&edid=54C8D044-BE77-988C-20EE-09862EBEA6D7&page=1&sortorder=asc HTTP/1.1" 200 69501
148.251.244.137 - - [13/Apr/2020:00:03:21 +0200] "GET /ticket2/opencms/dk/buy/?page=6&comcatid=A17713B6-D984-201A-4143-ED4DB5ED5C2E&catid=0A6C99D2-F5BD-7A18-9A5F-5668827042E0&eventid=70DCBB35-E1EE-5989-BD09-1FAC2CA44E23 HTTP/1.1" 200 84364
46.229.168.147 - - [13/Apr/2020:00:03:23 +0200] "GET /ticket2/opencms/no/buy/?column=row&edid=B3A48CEA-40D1-484D-6F9F-58918454073B&page=1&sortorder=desc HTTP/1.1" 200 71247
148.251.244.137 - - [13/Apr/2020:00:03:24 +0200] "GET /ticket2/opencms/dk/buy/?page=6&comcatid=A17713B6-D984-201A-4143-ED4DB5ED5C2E&catid=0A6C99D2-F5BD-7A18-9A5F-5668827042E0&eventid=75909D3F-BBEC-FB0E-A0DA-1EE8E3634351 HTTP/1.1" 200 80340
148.251.244.137 - - [13/Apr/2020:00:03:26 +0200] "GET /ticket2/opencms/dk/buy/?page=6&comcatid=A17713B6-D984-201A-4143-ED4DB5ED5C2E&catid=0A6C99D2-F5BD-7A18-9A5F-5668827042E0&eventid=883106CC-5563-BF81-1FC9-D3F6F4B0585E HTTP/1.1" 200 81115
148.251.244.137 - - [13/Apr/2020:00:03:28 +0200] "GET /ticket2/opencms/dk/buy/?page=6&comcatid=A17713B6-D984-201A-4143-ED4DB5ED5C2E&catid=0A6C99D2-F5BD-7A18-9A5F-5668827042E0&eventid=8C46E04D-D2E4-528C-55C8-60E38B0AA3ED HTTP/1.1" 200 80340
46.229.168.154 - - [13/Apr/2020:00:03:29 +0200] "GET /ticket2/opencms/sv/buy/?column=section&edid=0CA3FD47-A06A-35B3-8EAB-9D836A2EC845&page=1&sortorder=desc HTTP/1.1" 200 69485
46.229.168.133 - - [13/Apr/2020:00:03:30 +0200] "GET /ticket2/opencms/sv/buy/?column=section&edid=C9AF0751-71B5-6C10-C105-A39DA519ED7A&page=1&sortorder=asc HTTP/1.1" 200 71375
46.229.168.152 - - [13/Apr/2020:00:03:30 +0200] "GET /ticket2/opencms/sv/buy/?column=section&edid=EB9B2650-FD8D-90CB-E889-0D0B52112AB1&page=1&sortorder=asc HTTP/1.1" 200 71352
148.251.244.137 - - [13/Apr/2020:00:03:30 +0200] "GET /ticket2/opencms/dk/buy/?page=6&comcatid=A17713B6-D984-201A-4143-ED4DB5ED5C2E&catid=0A6C99D2-F5BD-7A18-9A5F-5668827042E0&eventid=8E75BC58-BCFB-07A8-72F4-7FEB999065F4 HTTP/1.1" 200 80340
5.9.158.195 - - [13/Apr/2020:00:03:31 +0200] "GET /ticket2/opencms/no/buy/?page=1&edid=52D78D1F-00E1-58D3-5B65-29C4005FB34E&sortorder=asc&column=row HTTP/1.1" 200 71461
148.251.244.137 - - [13/Apr/2020:00:03:32 +0200] "GET /ticket2/opencms/dk/buy/?page=6&comcatid=A17713B6-D984-201A-4143-ED4DB5ED5C2E&catid=0A6C99D2-F5BD-7A18-9A5F-5668827042E0&eventid=95E8846F-148F-9D89-2E4D-7714EAEAF9EE HTTP/1.1" 200 83548
178.63.34.189 - - [13/Apr/2020:00:03:33 +0200] "GET /ticket2/opencms/dk/buy/?page=1&edid=15F99D96-DF34-375F-79AB-093621F90FDA&sortorder=asc&column=section HTTP/1.1" 200 71689
148.251.244.137 - - [13/Apr/2020:00:03:34 +0200] "GET /ticket2/opencms/dk/buy/?page=6&comcatid=A17713B6-D984-201A-4143-ED4DB5ED5C2E&catid=0A6C99D2-F5BD-7A18-9A5F-5668827042E0&eventid=986B34CC-4C2E-FC20-9D57-8B3D634750A8 HTTP/1.1" 200 80340
46.229.168.142 - - [13/Apr/2020:00:03:35 +0200] "GET /ticket2/opencms/dk/buy/?column=row&edid=A7AF6F36-80E7-2954-79C8-0E09F0CBA999&page=1&sortorder=asc HTTP/1.1" 200 72530
148.251.244.137 - - [13/Apr/2020:00:03:38 +0200] "GET /ticket2/opencms/dk/buy/?page=6&comcatid=A17713B6-D984-201A-4143-ED4DB5ED5C2E&catid=0A6C99D2-F5BD-7A18-9A5F-5668827042E0&eventid=9DA806B5-AE6F-E9AB-EB84-310D57096066 HTTP/1.1" 200 80340
148.251.244.137 - - [13/Apr/2020:00:03:40 +0200] "GET /ticket2/opencms/dk/buy/?page=6&comcatid=A17713B6-D984-201A-4143-ED4DB5ED5C2E&catid=0A6C99D2-F5BD-7A18-9A5F-5668827042E0&eventid=A2BBF8F5-73FD-205D-F6D5-00395D8DDE9D HTTP/1.1" 200 82738
148.251.244.137 - - [13/Apr/2020:00:03:42 +0200] "GET /ticket2/opencms/dk/buy/?page=6&comcatid=A17713B6-D984-201A-4143-ED4DB5ED5C2E&catid=0A6C99D2-F5BD-7A18-9A5F-5668827042E0&eventid=AAAF9CBD-E20B-F830-6785-DFB285994112 HTTP/1.1" 200 80340
5.9.158.195 - - [13/Apr/2020:00:03:45 +0200] "GET /ticket2/opencms/no/buy/?page=1&edid=52D78D1F-00E1-58D3-5B65-29C4005FB34E&sortorder=asc&column=section HTTP/1.1" 200 71461
148.251.244.137 - - [13/Apr/2020:00:03:45 +0200] "GET /ticket2/opencms/dk/buy/?page=6&comcatid=A17713B6-D984-201A-4143-ED4DB5ED5C2E&catid=0A6C99D2-F5BD-7A18-9A5F-5668827042E0&eventid=CC498FFF-8FD1-DD45-84DD-485AD25AC15F HTTP/1.1" 200 80340
46.229.168.145 - - [13/Apr/2020:00:03:46 +0200] "GET /ticket2/opencms/en/buy/?edid=3EEC3BD7-DB52-FDE5-158D-0E304A99A6B2&page=1 HTTP/1.1" 200 70608
148.251.244.137 - - [13/Apr/2020:00:03:47 +0200] "GET /ticket2/opencms/dk/buy/?page=6&comcatid=A17713B6-D984-201A-4143-ED4DB5ED5C2E&catid=0A9E385E-33D9-328E-DC79-CA2C7009C829 HTTP/1.1" 200 75813
66.249.79.73 - - [13/Apr/2020:00:03:49 +0200] "GET /ticket2/opencms/sv/venue/?countryid=D89C1642-F4D3-8098-A250-FAF55037EC33 HTTP/1.1" 200 94846
46.229.168.143 - - [13/Apr/2020:00:03:50 +0200] "GET /ticket2/opencms/ru/buy/?column=row&edid=D7193451-9A3A-74F4-A8C7-6E587A08462E&page=1&sortorder=desc HTTP/1.1" 200 72200
178.63.34.189 - - [13/Apr/2020:00:03:51 +0200] "GET /ticket2/opencms/dk/buy/?page=1&edid=15F99D96-DF34-375F-79AB-093621F90FDA&sortorder=desc&column=price HTTP/1.1" 200 71688
148.251.244.137 - - [13/Apr/2020:00:03:52 +0200] "GET /ticket2/opencms/dk/buy/?page=6&comcatid=A17713B6-D984-201A-4143-ED4DB5ED5C2E&catid=21C3854B-901E-11F9-7B7D-6838CC6AFAA4&eventid=0DB6A7C3-0396-810D-FC19-B3411E77B645 HTTP/1.1" 200 78890
46.229.168.134 - - [13/Apr/2020:00:03:52 +0200] "GET /ticket2/opencms/nl/buy/?column=row&edid=7252A51A-97AC-D81E-2DC0-946206EF80FD&page=1&sortorder=desc HTTP/1.1" 200 70419
148.251.244.137 - - [13/Apr/2020:00:03:54 +0200] "GET /ticket2/opencms/dk/buy/?page=6&comcatid=A17713B6-D984-201A-4143-ED4DB5ED5C2E&catid=21C3854B-901E-11F9-7B7D-6838CC6AFAA4&eventid=12F2E8BA-70CA-4905-0BBB-1BD9389113A7 HTTP/1.1" 200 78103
67.225.220.120 - - [13/Apr/2020:00:03:56 +0200] "GET /ticket2/opencms/en/buy/?page=1&edid=1FD00E9B-3A03-E379-9B08-FF7D16F1A6A6 HTTP/1.1" 200 71143
148.251.244.137 - - [13/Apr/2020:00:03:56 +0200] "GET /ticket2/opencms/dk/buy/?page=6&comcatid=A17713B6-D984-201A-4143-ED4DB5ED5C2E&catid=36394212-F82E-F845-399B-42BED55969CC&eventid=48AF97D5-1FDD-A60C-FB09-EB0FE2EC6098 HTTP/1.1" 200 80321
148.251.244.137 - - [13/Apr/2020:00:03:59 +0200] "GET /ticket2/opencms/dk/buy/?page=6&comcatid=A17713B6-D984-201A-4143-ED4DB5ED5C2E&catid=5A89E483-58AD-080E-F363-E16CE738916A&eventid=4C7C5A2E-99D8-ACDF-E048-5AEC0EF3B3D1 HTTP/1.1" 200 75816
46.229.168.151 - - [13/Apr/2020:00:04:00 +0200] "GET /ticket2/opencms/sv/buy/?column=price&edid=C2E2A345-1805-9628-50E3-0D8B812CD139&page=1&sortorder=desc HTTP/1.1" 200 69478
148.251.244.137 - - [13/Apr/2020:00:04:00 +0200] "GET /ticket2/opencms/dk/buy/?page=6&comcatid=A17713B6-D984-201A-4143-ED4DB5ED5C2E&catid=7CF2D645-F785-0CBB-1B7C-C4711617EAAD&eventid=7B2F5EDD-4B15-CD13-5403-1A3D96337481 HTTP/1.1" 200 75824
46.229.168.153 - - [13/Apr/2020:00:04:02 +0200] "GET /ticket2/opencms/sv/buy/?column=price&edid=1BF80C33-B195-62CF-DC0D-7E03BCB8BD2C&page=1&sortorder=asc HTTP/1.1" 200 71847
148.251.244.137 - - [13/Apr/2020:00:04:03 +0200] "GET /ticket2/opencms/dk/buy/?page=6&comcatid=A17713B6-D984-201A-4143-ED4DB5ED5C2E&catid=7EF04817-972D-18B1-F941-DE800D088075&eventid=0273BB03-23F4-FF1F-8ED5-09150C503D8D HTTP/1.1" 200 76709
148.251.244.137 - - [13/Apr/2020:00:04:05 +0200] "GET /ticket2/opencms/dk/buy/?page=6&comcatid=A17713B6-D984-201A-4143-ED4DB5ED5C2E&catid=7EF04817-972D-18B1-F941-DE800D088075&eventid=068386EB-60C0-5BD4-9291-A8796E957979 HTTP/1.1" 200 76709
148.251.244.137 - - [13/Apr/2020:00:04:07 +0200] "GET /ticket2/opencms/dk/buy/?page=6&comcatid=A17713B6-D984-201A-4143-ED4DB5ED5C2E&catid=7EF04817-972D-18B1-F941-DE800D088075&eventid=19FE0ECF-0C15-9916-F4F4-CFCB91C42B1A HTTP/1.1" 200 76709
148.251.244.137 - - [13/Apr/2020:00:04:09 +0200] "GET /ticket2/opencms/dk/buy/?page=6&comcatid=A17713B6-D984-201A-4143-ED4DB5ED5C2E&catid=A3372871-3019-08B8-80CE-74B78F441ACA&eventid=8899E7D7-7225-ED54-36BF-39DC3F37E3EF HTTP/1.1" 200 75809
46.229.168.134 - - [13/Apr/2020:00:04:10 +0200] "GET /ticket2/opencms/en/buy/?column=section&edid=E12F4022-1973-9A42-8144-79292D1B75BA&page=1&sortorder=asc HTTP/1.1" 200 71186
148.251.244.137 - - [13/Apr/2020:00:04:11 +0200] "GET /ticket2/opencms/dk/buy/?page=6&comcatid=A17713B6-D984-201A-4143-ED4DB5ED5C2E&catid=A4D9EA9A-192D-0274-BF26-9C98D8B902AB&eventid=C7B8839D-D05D-58E7-D08F-88E8ADCFDD77 HTTP/1.1" 200 79576
178.63.34.189 - - [13/Apr/2020:00:04:11 +0200] "GET /ticket2/opencms/dk/buy/?page=1&edid=15F99D96-DF34-375F-79AB-093621F90FDA&sortorder=desc&column=row HTTP/1.1" 200 71688
148.251.244.137 - - [13/Apr/2020:00:04:13 +0200] "GET /ticket2/opencms/dk/buy/?page=6&comcatid=A17713B6-D984-201A-4143-ED4DB5ED5C2E&catid=A7674DEA-B39E-502C-2F76-760AE08947E9 HTTP/1.1" 200 78765
5.9.158.195 - - [13/Apr/2020:00:04:14 +0200] "GET /ticket2/opencms/no/buy/?page=1&edid=54FCA12C-C183-16CC-D976-1EFF0137430F&sortorder=asc&column=row HTTP/1.1" 200 71911
46.229.168.134 - - [13/Apr/2020:00:04:14 +0200] "GET /ticket2/opencms/no/buy/?edid=898CE004-98F3-3810-70DB-F4CFAF724B38&page=1 HTTP/1.1" 200 71225
46.229.168.137 - - [13/Apr/2020:00:04:15 +0200] "GET /ticket2/opencms/nl/buy/?comcatid=0A6B8208-FDA4-E929-9D72-5312FD481B76 HTTP/1.1" 200 68314
148.251.244.137 - - [13/Apr/2020:00:04:16 +0200] "GET /ticket2/opencms/dk/buy/?page=6&comcatid=A17713B6-D984-201A-4143-ED4DB5ED5C2E&catid=BDD8C04C-DD99-1C07-B5F3-F2AB98D157E8 HTTP/1.1" 200 75812
148.251.244.137 - - [13/Apr/2020:00:04:18 +0200] "GET /ticket2/opencms/dk/buy/?page=6&comcatid=A17713B6-D984-201A-4143-ED4DB5ED5C2E&catid=BE041FBE-C1A7-918C-EB61-99ED02D12F5B HTTP/1.1" 200 75813
46.229.168.132 - - [13/Apr/2020:00:04:19 +0200] "GET /ticket2/opencms/sv/sport/fotbollsbiljetter/premier_league/manchester_united/ HTTP/1.1" 200 72463
148.251.244.137 - - [13/Apr/2020:00:04:21 +0200] "GET /ticket2/opencms/dk/buy/?page=6&comcatid=A17713B6-D984-201A-4143-ED4DB5ED5C2E&catid=C0DF818C-DB21-6E2E-4056-DB751FFE0C41 HTTP/1.1" 200 75811
148.251.244.137 - - [13/Apr/2020:00:04:23 +0200] "GET /ticket2/opencms/dk/buy/?page=6&comcatid=A17713B6-D984-201A-4143-ED4DB5ED5C2E&catid=C48671DB-5AEB-8CE2-928E-38417FFBE085 HTTP/1.1" 200 75810
5.9.158.195 - - [13/Apr/2020:00:04:23 +0200] "GET /ticket2/opencms/no/buy/?page=1&edid=54FCA12C-C183-16CC-D976-1EFF0137430F&sortorder=asc&column=section HTTP/1.1" 200 71911
46.229.168.151 - - [13/Apr/2020:00:04:24 +0200] "GET /ticket2/opencms/sv/buy/?column=section&edid=9FB7859D-DDE8-10E7-3804-37A1874573F9&page=1&sortorder=asc HTTP/1.1" 200 70924
148.251.244.137 - - [13/Apr/2020:00:04:25 +0200] "GET /ticket2/opencms/dk/buy/?page=6&comcatid=A17713B6-D984-201A-4143-ED4DB5ED5C2E&catid=C871EAE3-C584-718A-9795-07CDEF43FA75 HTTP/1.1" 200 75807
148.251.244.137 - - [13/Apr/2020:00:04:27 +0200] "GET /ticket2/opencms/dk/buy/?page=6&comcatid=A17713B6-D984-201A-4143-ED4DB5ED5C2E&catid=D08E96E8-A514-9E09-4E22-63713911E0B8 HTTP/1.1" 200 77163
46.229.168.152 - - [13/Apr/2020:00:04:27 +0200] "GET /ticket2/opencms/nl/buy/?edid=594D1460-F338-C3DC-268B-862093EA57FF&page=1 HTTP/1.1" 200 68300
178.63.34.189 - - [13/Apr/2020:00:04:29 +0200] "GET /ticket2/opencms/dk/buy/?page=1&edid=15F99D96-DF34-375F-79AB-093621F90FDA&sortorder=desc&column=section HTTP/1.1" 200 71688
46.229.168.161 - - [13/Apr/2020:00:04:32 +0200] "GET /ticket2/opencms/sv/buy/?column=row&edid=43FBDCC0-1021-1A5F-6A9F-86C612FC472E&page=1&sortorder=asc HTTP/1.1" 200 70938
46.229.168.133 - - [13/Apr/2020:00:04:34 +0200] "GET /ticket2/opencms/sv/buy/?column=row&edid=11E0F3F3-866B-8B11-2E4F-E306B11A08DD&page=1&sortorder=desc HTTP/1.1" 200 71807
46.229.168.163 - - [13/Apr/2020:00:04:40 +0200] "GET /ticket2/opencms/sv/buy/?edid=AA52C9A2-BBC2-04B4-6B59-35DEE0587899&page=1 HTTP/1.1" 200 69425
46.229.168.147 - - [13/Apr/2020:00:04:40 +0200] "GET /ticket2/opencms/sv/buy/?column=row&edid=D406C15E-C6B4-BA5E-C2BF-5F1A779243E9&page=1&sortorder=asc HTTP/1.1" 200 69506
46.229.168.141 - - [13/Apr/2020:00:04:46 +0200] "GET /ticket2/opencms/fi/buy/?column=price&edid=09BCEBCD-087A-9ADA-95C7-1647396B134E&page=1&sortorder=asc HTTP/1.1" 200 72303
46.229.168.144 - - [13/Apr/2020:00:04:46 +0200] "GET /ticket2/opencms/dk/koncertbilletter/ HTTP/1.1" 200 66841
46.229.168.129 - - [13/Apr/2020:00:04:48 +0200] "GET /ticket2/opencms/sv/buy/?column=price&edid=7FC0EEA1-6F3F-9563-B3A7-BDCC9E769DFD&page=1&sortorder=asc HTTP/1.1" 200 72694
178.63.34.189 - - [13/Apr/2020:00:04:50 +0200] "GET /ticket2/opencms/dk/buy/?page=1&edid=161E5A25-1408-264C-F180-34EA90174B0C&sortorder=asc&column=price HTTP/1.1" 200 71468
5.9.158.195 - - [13/Apr/2020:00:04:50 +0200] "GET /ticket2/opencms/no/buy/?page=1&edid=5556BA40-54E1-CC2D-85F8-AEC34D9EFF95&sortorder=asc&column=price HTTP/1.1" 200 70973
46.229.168.137 - - [13/Apr/2020:00:04:56 +0200] "GET /ticket2/opencms/sv/buy/?column=price&edid=C19BDC6D-B9B2-2881-03CD-5E0FA6322EFC&page=1&sortorder=asc HTTP/1.1" 200 71847
216.245.221.82 - - [13/Apr/2020:00:04:56 +0200] "HEAD /ticket2/opencms/ HTTP/1.1" 302 -
5.9.158.195 - - [13/Apr/2020:00:05:04 +0200] "GET /ticket2/opencms/no/buy/?page=1&edid=5556BA40-54E1-CC2D-85F8-AEC34D9EFF95&sortorder=asc&column=row HTTP/1.1" 200 70973
46.229.168.139 - - [13/Apr/2020:00:05:04 +0200] "GET /ticket2/opencms/nl/buy/?catid=C0DF818C-DB21-6E2E-4056-DB751FFE0C41&comcatid=A17713B6-D984-201A-4143-ED4DB5ED5C2E HTTP/1.1" 200 74363
66.249.79.75 - - [13/Apr/2020:00:05:04 +0200] "GET /ticket2/opencms/system/modules/com.gridnine.opencms.ticketbrokerage.site/resources/js/stickyfill.min.js HTTP/1.1" 200 5672
178.63.34.189 - - [13/Apr/2020:00:05:07 +0200] "GET /ticket2/opencms/dk/buy/?page=1&edid=161E5A25-1408-264C-F180-34EA90174B0C&sortorder=asc&column=row HTTP/1.1" 200 71468
46.229.168.132 - - [13/Apr/2020:00:05:09 +0200] "GET /ticket2/opencms/sv/sport/fotbollsbiljetter/premier_league/manchester_united/ HTTP/1.1" 200 72463
103.131.71.22 - - [13/Apr/2020:00:05:09 +0200] "GET /ticket2/opencms/robots.txt HTTP/1.1" 200 773
46.229.168.134 - - [13/Apr/2020:00:05:12 +0200] "GET /ticket2/opencms/sv/buy/?edid=C601E922-6CF2-8C03-3687-E9E1DBD1FC31&page=1 HTTP/1.1" 200 71092
46.229.168.137 - - [13/Apr/2020:00:05:14 +0200] "GET /ticket2/opencms/en/buy/?column=row&edid=7A1A794A-3DEE-C796-4DCF-226DF38DB74E&page=1&sortorder=desc HTTP/1.1" 200 71523
148.251.244.137 - - [13/Apr/2020:00:05:14 +0200] "GET /ticket2/opencms/dk/buy/?page=6&comcatid=A17713B6-D984-201A-4143-ED4DB5ED5C2E&catid=D8B345C9-F7A5-E620-4B43-C34EB0D6885B&eventid=0AE6E373-4C7C-8951-87FB-0C740E88EFDF HTTP/1.1" 200 81258
157.55.39.12 - - [13/Apr/2020:00:05:17 +0200] "GET /ticket2/opencms/dk/buy/?page=1&edid=B78A60FE-C1A9-BDF8-D771-77B20EE2ACE9 HTTP/1.1" 200 72466
67.225.220.120 - - [13/Apr/2020:00:05:17 +0200] "GET /ticket2/opencms/en/buy/?page=1&edid=D7C0DA77-DBEA-6309-806C-0F1B3D98F5E1 HTTP/1.1" 200 71140
67.225.220.120 - - [13/Apr/2020:00:05:17 +0200] "GET /ticket2/opencms/en/buy/?page=1&edid=74AB5A47-FA53-0B09-3D6B-CA67984DC604 HTTP/1.1" 200 70639
148.251.244.137 - - [13/Apr/2020:00:05:17 +0200] "GET /ticket2/opencms/dk/buy/?page=6&comcatid=A17713B6-D984-201A-4143-ED4DB5ED5C2E&catid=D8B345C9-F7A5-E620-4B43-C34EB0D6885B&eventid=14D67903-4EF7-4923-1938-1C61B815FFD2 HTTP/1.1" 200 78859
46.229.168.133 - - [13/Apr/2020:00:05:18 +0200] "GET /ticket2/opencms/en/buy/?column=price&edid=2BBB0074-5728-8761-8DC5-1774663C47F8&page=1&sortorder=desc HTTP/1.1" 200 71973
46.229.168.143 - - [13/Apr/2020:00:05:19 +0200] "GET /ticket2/opencms/en/buy/?column=section&edid=21A86BB8-64D8-CBA2-3B98-AF717437C3CC&page=1&sortorder=asc HTTP/1.1" 200 71107
148.251.244.137 - - [13/Apr/2020:00:05:20 +0200] "GET /ticket2/opencms/dk/buy/?page=6&comcatid=A17713B6-D984-201A-4143-ED4DB5ED5C2E&catid=D8B345C9-F7A5-E620-4B43-C34EB0D6885B&eventid=2267EA87-D2F6-4054-8862-B0693FC7F1CB HTTP/1.1" 200 78859
103.131.71.22 - - [13/Apr/2020:00:05:21 +0200] "GET /ticket2/opencms/robots.txt HTTP/1.1" 200 773
46.229.168.144 - - [13/Apr/2020:00:05:22 +0200] "GET /ticket2/opencms/fi/buy/?column=price&edid=0812742F-8B41-850C-7814-070681F8DAC0&page=1&sortorder=desc HTTP/1.1" 200 72097
46.229.168.136 - - [13/Apr/2020:00:05:22 +0200] "GET /ticket2/opencms/no/buy/?column=price&edid=52827494-239B-83D7-4791-E7789689FAB8&page=1&sortorder=asc HTTP/1.1" 200 72540
148.251.244.137 - - [13/Apr/2020:00:05:22 +0200] "GET /ticket2/opencms/dk/buy/?page=6&comcatid=A17713B6-D984-201A-4143-ED4DB5ED5C2E&catid=D8B345C9-F7A5-E620-4B43-C34EB0D6885B&eventid=5FF016E6-EE6E-EC4B-33C6-3CE328714E1F HTTP/1.1" 200 80460
103.131.71.22 - - [13/Apr/2020:00:05:23 +0200] "GET /ticket2/opencms/system/modules/com.gridnine.opencms.ticketbrokerage.site/resources/pics/bank_3_swedbank.png HTTP/1.1" 200 5740
148.251.244.137 - - [13/Apr/2020:00:05:24 +0200] "GET /ticket2/opencms/dk/buy/?page=6&comcatid=A17713B6-D984-201A-4143-ED4DB5ED5C2E&catid=D8B345C9-F7A5-E620-4B43-C34EB0D6885B&eventid=78296403-093D-5D8F-011A-DB87D87C6529 HTTP/1.1" 200 79643
46.229.168.144 - - [13/Apr/2020:00:05:25 +0200] "GET /ticket2/opencms/en/buy/?column=section&edid=30DFF5A6-5801-42E1-F124-0EA64463049D&page=1&sortorder=desc HTTP/1.1" 200 71152
148.251.244.137 - - [13/Apr/2020:00:05:26 +0200] "GET /ticket2/opencms/dk/buy/?page=6&comcatid=A17713B6-D984-201A-4143-ED4DB5ED5C2E&catid=D8B345C9-F7A5-E620-4B43-C34EB0D6885B&eventid=78C3F1E5-57D5-CC4D-BCB3-A455C72D9505 HTTP/1.1" 200 81287
178.63.34.189 - - [13/Apr/2020:00:05:27 +0200] "GET /ticket2/opencms/dk/buy/?page=1&edid=161E5A25-1408-264C-F180-34EA90174B0C&sortorder=asc&column=section HTTP/1.1" 200 71468
148.251.244.137 - - [13/Apr/2020:00:05:28 +0200] "GET /ticket2/opencms/dk/buy/?page=6&comcatid=A17713B6-D984-201A-4143-ED4DB5ED5C2E&catid=D8B345C9-F7A5-E620-4B43-C34EB0D6885B&eventid=79608D61-AAF5-D175-02C0-7A0FB72F565C HTTP/1.1" 200 82852
148.251.244.137 - - [13/Apr/2020:00:05:30 +0200] "GET /ticket2/opencms/dk/buy/?page=6&comcatid=A17713B6-D984-201A-4143-ED4DB5ED5C2E&catid=D8B345C9-F7A5-E620-4B43-C34EB0D6885B&eventid=7C5A7BA8-D519-1CFD-C238-670704EE7DF9 HTTP/1.1" 200 79649
5.9.158.195 - - [13/Apr/2020:00:05:30 +0200] "GET /ticket2/opencms/no/buy/?page=1&edid=5556BA40-54E1-CC2D-85F8-AEC34D9EFF95&sortorder=asc&column=section HTTP/1.1" 200 70973
46.229.168.141 - - [13/Apr/2020:00:05:32 +0200] "GET /ticket2/opencms/en/buy/?column=price&edid=B153A555-66C9-5299-4C66-C692523C0F97&page=1&sortorder=desc HTTP/1.1" 200 69265
148.251.244.137 - - [13/Apr/2020:00:05:32 +0200] "GET /ticket2/opencms/dk/buy/?page=6&comcatid=A17713B6-D984-201A-4143-ED4DB5ED5C2E&catid=D8B345C9-F7A5-E620-4B43-C34EB0D6885Bl HTTP/1.1" 200 237639
148.251.244.137 - - [13/Apr/2020:00:05:34 +0200] "GET /ticket2/opencms/dk/buy/?page=6&comcatid=A17713B6-D984-201A-4143-ED4DB5ED5C2E&catid=E961462E-5AC2-64D6-5850-A310C9DEAA06 HTTP/1.1" 200 75817
148.251.244.137 - - [13/Apr/2020:00:05:36 +0200] "GET /ticket2/opencms/dk/buy/?page=6&comcatid=A17713B6-D984-201A-4143-ED4DB5ED5C2E&catid=E961462E-5AC2-64D6-5850-A310C9DEAA06&eventid=57023CCB-58BE-26F3-C8A2-784F6F3B5B13 HTTP/1.1" 200 75817
148.251.244.137 - - [13/Apr/2020:00:05:38 +0200] "GET /ticket2/opencms/dk/buy/?page=6&comcatid=A17713B6-D984-201A-4143-ED4DB5ED5C2E&catid=E961462E-5AC2-64D6-5850-A310C9DEAA06&eventid=A534C90C-779A-3F19-42FE-4FA090ACB537 HTTP/1.1" 200 75817
148.251.244.137 - - [13/Apr/2020:00:05:40 +0200] "GET /ticket2/opencms/dk/buy/?page=6&comcatid=A17713B6-D984-201A-4143-ED4DB5ED5C2E&catid=E961462E-5AC2-64D6-5850-A310C9DEAA06&eventid=A54911A2-D80A-4B80-4A9E-A647F2DB49BD HTTP/1.1" 200 75817
148.251.244.137 - - [13/Apr/2020:00:05:41 +0200] "GET /ticket2/opencms/dk/buy/?page=6&comcatid=A17713B6-D984-201A-4143-ED4DB5ED5C2E&catid=F03B8ADD-988E-AE6A-8DBA-AF502C691C60 HTTP/1.1" 200 75820
148.251.244.137 - - [13/Apr/2020:00:05:43 +0200] "GET /ticket2/opencms/dk/buy/?page=6&comcatid=A17713B6-D984-201A-4143-ED4DB5ED5C2E&catid=FF8D7FE7-4B09-7305-01C7-2D47F7913EB8&eventid=84F834E7-DFE1-DA74-8D48-33CC6033D25B HTTP/1.1" 200 75810
5.9.158.195 - - [13/Apr/2020:00:05:44 +0200] "GET /ticket2/opencms/no/buy/?page=1&edid=556D8185-2C7D-1D55-B8E3-986EC0CA0CD9&sortorder=desc&column=price HTTP/1.1" 200 71689
46.229.168.162 - - [13/Apr/2020:00:05:45 +0200] "GET /ticket2/opencms/nl/buy/?column=row&edid=B7CD03F3-78D0-257F-84AD-A4BE61864779&page=1&sortorder=desc HTTP/1.1" 200 71520
46.229.168.148 - - [13/Apr/2020:00:05:45 +0200] "GET /ticket2/opencms/sv/buy/?edid=1DFA0E22-C962-FF1B-3BAF-2883C20EA7B5&page=1 HTTP/1.1" 200 71341
148.251.244.137 - - [13/Apr/2020:00:05:46 +0200] "GET /ticket2/opencms/dk/buy/?page=6&comcatid=A17713B6-D984-201A-4143-ED4DB5ED5C2E&catid=FF8D7FE7-4B09-7305-01C7-2D47F7913EB8&eventid=B1C6907E-9182-1393-7B40-D96C162456B5 HTTP/1.1" 200 75810
178.63.34.189 - - [13/Apr/2020:00:05:48 +0200] "GET /ticket2/opencms/dk/buy/?page=1&edid=161E5A25-1408-264C-F180-34EA90174B0C&sortorder=desc&column=price HTTP/1.1" 200 71467
148.251.244.137 - - [13/Apr/2020:00:05:48 +0200] "GET /ticket2/opencms/dk/buy/?page=6&comcatid=B41CCF2B-5558-7AEE-3602-09BBDE417D65&catid=36DC4BE2-91A2-6146-2BE9-47B6F3C44EDB HTTP/1.1" 200 67317
148.251.244.137 - - [13/Apr/2020:00:05:51 +0200] "GET /ticket2/opencms/dk/buy/?page=6&comcatid=B41CCF2B-5558-7AEE-3602-09BBDE417D65&catid=36DC4BE2-91A2-6146-2BE9-47B6F3C44EDB&eventid=004A3608-BA08-CF55-C79D-63CD9B0F471C HTTP/1.1" 200 67317
148.251.244.137 - - [13/Apr/2020:00:05:52 +0200] "GET /ticket2/opencms/dk/buy/?page=6&comcatid=B41CCF2B-5558-7AEE-3602-09BBDE417D65&catid=36DC4BE2-91A2-6146-2BE9-47B6F3C44EDB&eventid=2BE2E3A6-07A0-26DB-CA91-118BE9FEEE68 HTTP/1.1" 200 67317
46.229.168.152 - - [13/Apr/2020:00:05:54 +0200] "GET /ticket2/opencms/nl/buy/?edid=0850EF12-72B3-BA05-5606-C4E1027BA7A0&page=1 HTTP/1.1" 200 70598
46.229.168.161 - - [13/Apr/2020:00:05:54 +0200] "GET /ticket2/opencms/en/buy/?column=price&edid=B5211789-0D4D-2458-1D03-C15B64A16571&page=1&sortorder=desc HTTP/1.1" 200 70876
148.251.244.137 - - [13/Apr/2020:00:05:54 +0200] "GET /ticket2/opencms/dk/buy/?page=6&comcatid=B41CCF2B-5558-7AEE-3602-09BBDE417D65&catid=36DC4BE2-91A2-6146-2BE9-47B6F3C44EDB&eventid=55D417BB-5412-3704-4054-63BFE95E046C HTTP/1.1" 200 67317
148.251.244.137 - - [13/Apr/2020:00:05:57 +0200] "GET /ticket2/opencms/dk/buy/?page=6&comcatid=B41CCF2B-5558-7AEE-3602-09BBDE417D65&catid=BF886BAE-FC84-8CB3-A193-6DFA251F7985 HTTP/1.1" 200 67325
46.229.168.129 - - [13/Apr/2020:00:05:58 +0200] "GET /ticket2/opencms/en/buy/?column=section&edid=2705CEF5-32FC-A534-8161-F914D9EB717F&page=1&sortorder=desc HTTP/1.1" 200 71643
148.251.244.137 - - [13/Apr/2020:00:05:59 +0200] "GET /ticket2/opencms/dk/buy/?page=6&comcatid=B41CCF2B-5558-7AEE-3602-09BBDE417D65&catid=E03F2203-3943-A0F0-A47D-D9E7CDA79C6B HTTP/1.1" 200 67339
46.229.168.145 - - [13/Apr/2020:00:06:01 +0200] "GET /ticket2/opencms/sv/buy/?column=section&edid=6587E031-CD4E-B8B4-B3A2-D9F6EF603166&page=1&sortorder=desc HTTP/1.1" 200 70920
54.36.150.38 - - [13/Apr/2020:00:06:02 +0200] "GET /ticket2/opencms/sv/venue/?venueid=8A17268F-190C-08C5-2317-BAB591EDC85C HTTP/1.1" 200 65516
46.229.168.132 - - [13/Apr/2020:00:06:03 +0200] "GET /ticket2/opencms/no/buy/?column=row&edid=F78F8D58-450A-3DED-724B-2DB8F4D66F18&page=1&sortorder=asc HTTP/1.1" 200 71201
67.225.220.120 - - [13/Apr/2020:00:06:03 +0200] "GET /ticket2/opencms/en/buy/?page=1&edid=EE632555-6082-7BDB-C3A6-CC4420D9FB41 HTTP/1.1" 200 69213
178.63.34.189 - - [13/Apr/2020:00:06:07 +0200] "GET /ticket2/opencms/dk/buy/?page=1&edid=161E5A25-1408-264C-F180-34EA90174B0C&sortorder=desc&column=row HTTP/1.1" 200 71467
5.9.158.195 - - [13/Apr/2020:00:06:10 +0200] "GET /ticket2/opencms/no/buy/?page=1&edid=556D8185-2C7D-1D55-B8E3-986EC0CA0CD9&sortorder=desc&column=row HTTP/1.1" 200 71689
46.229.168.131 - - [13/Apr/2020:00:06:13 +0200] "GET /ticket2/opencms/fi/login/ HTTP/1.1" 200 68719
5.9.158.195 - - [13/Apr/2020:00:06:22 +0200] "GET /ticket2/opencms/no/buy/?page=1&edid=556D8185-2C7D-1D55-B8E3-986EC0CA0CD9&sortorder=desc&column=section HTTP/1.1" 200 71689
46.229.168.137 - - [13/Apr/2020:00:06:23 +0200] "GET /ticket2/opencms/fi/buy/?column=price&edid=8D609A09-968B-809C-B291-0AEC7810E029&page=1&sortorder=desc HTTP/1.1" 200 72723
178.63.34.189 - - [13/Apr/2020:00:06:28 +0200] "GET /ticket2/opencms/dk/buy/?page=1&edid=161E5A25-1408-264C-F180-34EA90174B0C&sortorder=desc&column=section HTTP/1.1" 200 71467
46.229.168.144 - - [13/Apr/2020:00:06:31 +0200] "GET /ticket2/opencms/sv/buy/?column=price&edid=0B99F264-DDE8-4DC8-6523-EAB707062740&page=1&sortorder=desc HTTP/1.1" 200 69474
46.229.168.146 - - [13/Apr/2020:00:06:33 +0200] "GET /ticket2/opencms/fi/buy/?column=row&edid=AB50204C-215A-4600-59BC-2DA2AB6F3782&page=1&sortorder=desc HTTP/1.1" 200 72511
46.229.168.153 - - [13/Apr/2020:00:06:35 +0200] "GET /ticket2/opencms/en/buy/?column=row&edid=4AF707F4-9108-7CBE-07DC-A15F5B43F7E0&page=1&sortorder=desc HTTP/1.1" 200 69221
148.251.244.137 - - [13/Apr/2020:00:06:36 +0200] "GET /ticket2/opencms/dk/buy/?comcatid=0A6B8208-FDA4-E929-9D72-5312FD481B76&catid=1DB7F66B-473B-B427-F752-358FEEFE8EC0 HTTP/1.1" 200 69356
46.229.168.139 - - [13/Apr/2020:00:06:39 +0200] "GET /ticket2/opencms/robots.txt HTTP/1.1" 200 773
46.229.168.135 - - [13/Apr/2020:00:06:41 +0200] "GET /ticket2/opencms/dk/buy/?column=price&edid=930DA63B-B6EB-C65F-6A39-F4240571C002&page=1&sortorder=asc HTTP/1.1" 200 72064
46.229.168.163 - - [13/Apr/2020:00:06:42 +0200] "GET /ticket2/opencms/fi/buy/?column=price&edid=69E94548-BA2A-A7B0-2E68-692DBBE997E5&page=1&sortorder=desc HTTP/1.1" 200 72715
46.229.168.161 - - [13/Apr/2020:00:06:43 +0200] "GET /ticket2/opencms/fi/buy/?column=row&edid=A4B939B9-02F3-15DE-1828-4B6AE5FDD036&page=1&sortorder=asc HTTP/1.1" 200 72516
46.229.168.143 - - [13/Apr/2020:00:06:44 +0200] "GET /ticket2/opencms/sv/buy/?column=section&edid=1E335627-D7FD-734F-B689-58C4BF9CE161&page=1&sortorder=desc HTTP/1.1" 200 71139
178.63.34.189 - - [13/Apr/2020:00:06:46 +0200] "GET /ticket2/opencms/dk/buy/?page=1&edid=16269375-05F2-A234-6407-558C6F99A45A&sortorder=desc&column=price HTTP/1.1" 200 72520
46.229.168.147 - - [13/Apr/2020:00:06:46 +0200] "GET /ticket2/opencms/en/help/ HTTP/1.1" 200 66146
5.9.158.195 - - [13/Apr/2020:00:06:48 +0200] "GET /ticket2/opencms/no/buy/?page=1&edid=57E251AE-FC4B-7281-E6A3-A78FAA4C7878&sortorder=asc&column=price HTTP/1.1" 200 69826
54.36.148.149 - - [13/Apr/2020:00:06:51 +0200] "GET /ticket2/opencms/sv/buy/?page=1&edid=926BFD29-18E3-952E-0BD4-BEAEB20DA20D HTTP/1.1" 200 72663
46.229.168.137 - - [13/Apr/2020:00:07:02 +0200] "GET /ticket2/opencms/no/buy/?column=row&edid=774A7EEA-D1B2-9FDE-0959-EF9630E0C317&page=1&sortorder=asc HTTP/1.1" 200 71263
5.9.158.195 - - [13/Apr/2020:00:07:03 +0200] "GET /ticket2/opencms/no/buy/?page=1&edid=57E251AE-FC4B-7281-E6A3-A78FAA4C7878&sortorder=asc&column=row HTTP/1.1" 200 69826
46.229.168.135 - - [13/Apr/2020:00:07:07 +0200] "GET /ticket2/opencms/fi/buy/?column=price&edid=B9927E9D-FCD6-90B0-3423-28EF9B3256EA&page=1&sortorder=desc HTTP/1.1" 200 72054
178.63.34.189 - - [13/Apr/2020:00:07:07 +0200] "GET /ticket2/opencms/dk/buy/?page=1&edid=16369CCA-ABCA-D47D-C742-1DF8E113C18F&sortorder=desc&column=price HTTP/1.1" 200 71173
46.229.168.144 - - [13/Apr/2020:00:07:07 +0200] "GET /ticket2/opencms/dk/buy/?column=price&edid=81DE99B8-B539-4A70-A5E8-8FEF57F1405C&page=1&sortorder=asc HTTP/1.1" 200 70997
46.229.168.146 - - [13/Apr/2020:00:07:11 +0200] "GET /ticket2/opencms/en/buy/?column=price&edid=9855A2C3-650C-23D8-F314-126B4A227928&page=1&sortorder=asc HTTP/1.1" 200 69264
148.251.244.137 - - [13/Apr/2020:00:07:15 +0200] "GET /ticket2/opencms/dk/buy/?page=1&edid=006E120C-1F68-6798-35A5-383FC21FCE8C&sortorder=asc&column=row HTTP/1.1" 200 71914
46.229.168.131 - - [13/Apr/2020:00:07:15 +0200] "GET /ticket2/opencms/no/buy/?catid=FCA7FF95-260A-464B-B6FF-A820FCE7DFEF&comcatid=0A6B8208-FDA4-E929-9D72-5312FD481B76&page=6 HTTP/1.1" 200 69496
46.229.168.130 - - [13/Apr/2020:00:07:17 +0200] "GET /ticket2/opencms/robots.txt HTTP/1.1" 200 773
46.229.168.139 - - [13/Apr/2020:00:07:17 +0200] "GET /ticket2/opencms/en/buy/?column=row&edid=18488A9E-E11B-2408-DE72-225E61B56F42&page=1&sortorder=asc HTTP/1.1" 200 71315
46.229.168.132 - - [13/Apr/2020:00:07:21 +0200] "GET /ticket2/opencms/en/buy/?column=price&edid=AA52C9A2-BBC2-04B4-6B59-35DEE0587899&page=1&sortorder=asc HTTP/1.1" 200 69224
46.229.168.131 - - [13/Apr/2020:00:07:23 +0200] "GET /ticket2/opencms/en/buy/?column=section&edid=372E2EFE-457C-DF4D-FC89-808FA8424DAF&page=1&sortorder=asc HTTP/1.1" 200 71320
178.63.34.189 - - [13/Apr/2020:00:07:25 +0200] "GET /ticket2/opencms/dk/buy/?page=1&edid=16369CCA-ABCA-D47D-C742-1DF8E113C18F&sortorder=desc&column=row HTTP/1.1" 200 71173
46.229.168.146 - - [13/Apr/2020:00:07:25 +0200] "GET /ticket2/opencms/sv/sell/?edid=6ABA4765-C049-91AE-C20A-276AC18EED3D HTTP/1.1" 302 -
157.55.39.9 - - [13/Apr/2020:00:07:26 +0200] "GET /ticket2/opencms/fi/urheilu/jalkapallo/bundesliga/hoffenheim/ HTTP/1.1" 200 67467
5.9.158.195 - - [13/Apr/2020:00:07:26 +0200] "GET /ticket2/opencms/no/buy/?page=1&edid=57E251AE-FC4B-7281-E6A3-A78FAA4C7878&sortorder=asc&column=section HTTP/1.1" 200 69826
67.225.220.120 - - [13/Apr/2020:00:07:28 +0200] "GET /ticket2/opencms/en/buy/?page=1&edid=BD6EF8A5-80EE-2A0A-B771-821A51089189 HTTP/1.1" 200 69216
46.229.168.162 - - [13/Apr/2020:00:07:34 +0200] "GET /ticket2/opencms/en/sell/?edid=E23076CF-797A-DDF3-B755-D14D780E5E8E HTTP/1.1" 302 -
46.229.168.152 - - [13/Apr/2020:00:07:34 +0200] "GET /ticket2/opencms/fi/buy/?edid=EA1E6ECE-423D-F005-AB70-0EA4DE8B6848&page=1 HTTP/1.1" 200 73809
216.245.221.82 - - [13/Apr/2020:00:07:40 +0200] "HEAD /ticket2/opencms/ HTTP/1.1" 302 -
5.9.158.195 - - [13/Apr/2020:00:07:41 +0200] "GET /ticket2/opencms/no/buy/?page=1&edid=58535046-72BE-3CE1-BB9E-910DEDB611D2&sortorder=asc&column=price HTTP/1.1" 200 71882
46.229.168.132 - - [13/Apr/2020:00:07:41 +0200] "GET /ticket2/opencms/fi/buy/?column=price&edid=1883B848-C2AA-E4F0-1F07-3E2222F1A59D&page=1&sortorder=asc HTTP/1.1" 200 70633
178.63.34.189 - - [13/Apr/2020:00:07:46 +0200] "GET /ticket2/opencms/dk/buy/?page=1&edid=16369CCA-ABCA-D47D-C742-1DF8E113C18F&sortorder=desc&column=section HTTP/1.1" 200 71173
54.36.150.184 - - [13/Apr/2020:00:07:46 +0200] "GET /ticket2/opencms/fi/venue/?venueid=7ECDA6E6-A656-10FC-73E8-F0105E917177 HTTP/1.1" 200 66541
46.229.168.142 - - [13/Apr/2020:00:07:49 +0200] "GET /ticket2/opencms/no/buy/?column=section&edid=41B0AD3F-D5B6-C8C5-9D9D-00306E5C1BE4&page=1&sortorder=desc HTTP/1.1" 200 82636
46.229.168.153 - - [13/Apr/2020:00:07:50 +0200] "GET /ticket2/opencms/sv/buy/?column=row&edid=71063979-8EC0-A41A-F00E-124A141F7124&page=1&sortorder=asc HTTP/1.1" 200 71369
46.229.168.138 - - [13/Apr/2020:00:07:52 +0200] "GET /ticket2/opencms/en/buy/?column=price&edid=10FB1C4A-BD03-D935-D381-D59A9F05AA1D&page=1&sortorder=asc HTTP/1.1" 200 71554
148.251.244.137 - - [13/Apr/2020:00:07:54 +0200] "GET /ticket2/opencms/dk/buy/?page=1&edid=006E120C-1F68-6798-35A5-383FC21FCE8C&sortorder=asc&column=section HTTP/1.1" 200 71914
46.229.168.152 - - [13/Apr/2020:00:07:58 +0200] "GET /ticket2/opencms/fi/buy/?column=price&edid=354F36F0-56C8-519D-5CCE-B171FF597541&page=1&sortorder=asc HTTP/1.1" 200 72039
46.229.168.132 - - [13/Apr/2020:00:08:02 +0200] "GET /ticket2/opencms/no/buy/?edid=023AD109-F894-EFD4-D5CA-0D6D561D2D6F&page=1 HTTP/1.1" 200 72134
54.36.150.170 - - [13/Apr/2020:00:08:03 +0200] "GET /ticket2/opencms/fi/buy/?page=1&edid=2914C550-D3F1-A20A-6045-D3CEBDFE5D88 HTTP/1.1" 200 72019
178.63.34.189 - - [13/Apr/2020:00:08:03 +0200] "GET /ticket2/opencms/dk/buy/?page=1&edid=16380694-7D25-9BBB-F08A-D56FFE2F2B4C HTTP/1.1" 200 71177
5.9.158.195 - - [13/Apr/2020:00:08:04 +0200] "GET /ticket2/opencms/no/buy/?page=1&edid=58535046-72BE-3CE1-BB9E-910DEDB611D2&sortorder=asc&column=row HTTP/1.1" 200 71882
46.229.168.154 - - [13/Apr/2020:00:08:10 +0200] "GET /ticket2/opencms/nl/buy/?column=row&edid=B724A323-646B-4B91-68FB-E31621BA2EF7&page=1&sortorder=desc HTTP/1.1" 200 68338
46.229.168.131 - - [13/Apr/2020:00:08:11 +0200] "GET /ticket2/opencms/ru/buy/?edid=D371ACB6-91F7-1544-360B-53D15191D9F7&page=1 HTTP/1.1" 200 72627
46.229.168.142 - - [13/Apr/2020:00:08:14 +0200] "GET /ticket2/opencms/no/buy/?column=section&edid=41B0AD3F-D5B6-C8C5-9D9D-00306E5C1BE4&page=1&sortorder=desc HTTP/1.1" 200 82636
46.229.168.153 - - [13/Apr/2020:00:08:20 +0200] "GET /ticket2/opencms/dk/buy/?column=section&edid=DC15B801-FC41-85D8-B33F-8FF1EFE0758A&page=1&sortorder=asc HTTP/1.1" 200 72060
5.9.158.195 - - [13/Apr/2020:00:08:22 +0200] "GET /ticket2/opencms/no/buy/?page=1&edid=58535046-72BE-3CE1-BB9E-910DEDB611D2&sortorder=asc&column=section HTTP/1.1" 200 71882
178.63.34.189 - - [13/Apr/2020:00:08:25 +0200] "GET /ticket2/opencms/dk/buy/?page=1&edid=1641B98B-A297-1D9C-65B8-EC5F1450DCFE HTTP/1.1" 200 71186
46.229.168.139 - - [13/Apr/2020:00:08:25 +0200] "GET /ticket2/opencms/fi/buy/?column=row&edid=F3A6023D-F8D4-B558-EED3-42F5CB61B4B4&page=1&sortorder=asc HTTP/1.1" 200 73372
46.229.168.131 - - [13/Apr/2020:00:08:28 +0200] "GET /ticket2/opencms/no/buy/?column=section&edid=71063979-8EC0-A41A-F00E-124A141F7124&page=1&sortorder=asc HTTP/1.1" 200 71691
46.229.168.153 - - [13/Apr/2020:00:08:35 +0200] "GET /ticket2/opencms/en/buy/?column=row&edid=6B2EA6CD-7553-8F73-30CB-5A807E0727F2&page=1&sortorder=desc HTTP/1.1" 200 71967
46.229.168.145 - - [13/Apr/2020:00:08:40 +0200] "GET /ticket2/opencms/fi/buy/?edid=98DC6CAD-77AD-4620-6783-1D5582C34842&page=1 HTTP/1.1" 200 70628
178.63.34.189 - - [13/Apr/2020:00:08:43 +0200] "GET /ticket2/opencms/dk/buy/?page=1&edid=1D16690E-29B1-A5C0-6F37-F627AE404F8F&sortorder=desc&column=price HTTP/1.1" 200 71646
46.229.168.130 - - [13/Apr/2020:00:08:49 +0200] "GET /ticket2/opencms/ru/buy/?column=price&edid=8B2FCF6C-8D1F-84BF-9D31-AF31288B9A8B&page=1&sortorder=asc HTTP/1.1" 200 72165
46.229.168.153 - - [13/Apr/2020:00:08:50 +0200] "GET /ticket2/opencms/sv/buy/?column=section&edid=C65F64BD-C047-D4A2-68AC-ED982236616D&page=1&sortorder=asc HTTP/1.1" 200 71767
67.225.220.120 - - [13/Apr/2020:00:08:51 +0200] "GET /ticket2/opencms/en/buy/?page=1&edid=1E1C5946-F8C3-C657-AAD9-AD882D8A36FB HTTP/1.1" 200 69216
216.245.221.82 - - [13/Apr/2020:00:08:52 +0200] "HEAD /ticket2/opencms/en/ HTTP/1.1" 200 -
46.229.168.153 - - [13/Apr/2020:00:08:52 +0200] "GET /ticket2/opencms/en/sell/?edid=112B8EBB-2603-9B36-8924-2995808A83B2 HTTP/1.1" 302 -
46.229.168.139 - - [13/Apr/2020:00:08:53 +0200] "GET /ticket2/opencms/robots.txt HTTP/1.1" 200 773
46.229.168.162 - - [13/Apr/2020:00:08:54 +0200] "GET /ticket2/opencms/en/buy/?column=row&edid=384F3237-D2B6-BEF2-34F0-9A31FA51988F&page=1&sortorder=asc HTTP/1.1" 200 71973
46.229.168.148 - - [13/Apr/2020:00:08:55 +0200] "GET /ticket2/opencms/en/buy/?edid=594D1460-F338-C3DC-268B-862093EA57FF&page=1 HTTP/1.1" 200 69226
46.229.168.135 - - [13/Apr/2020:00:08:55 +0200] "GET /ticket2/opencms/fi/buy/?column=price&edid=0ED1EF7C-0A26-4874-75D0-5C707B461913&page=1&sortorder=asc HTTP/1.1" 200 72921
46.229.168.131 - - [13/Apr/2020:00:08:56 +0200] "GET /ticket2/opencms/sv/buy/?column=row&edid=B76473E8-F4A0-C28B-5AB3-EECAE6A50846&page=1&sortorder=desc HTTP/1.1" 200 71141
46.229.168.139 - - [13/Apr/2020:00:08:57 +0200] "GET /ticket2/opencms/sv/sell/?edid=6440E7CC-E56C-CD13-BB09-A84D83EDDD53 HTTP/1.1" 302 -
178.63.34.189 - - [13/Apr/2020:00:09:03 +0200] "GET /ticket2/opencms/dk/buy/?page=1&edid=1D16690E-29B1-A5C0-6F37-F627AE404F8F&sortorder=desc&column=row HTTP/1.1" 200 71646
46.229.168.131 - - [13/Apr/2020:00:09:04 +0200] "GET /ticket2/opencms/no/buy/?edid=B3A1A135-6C5D-DD4C-09F0-4E5D0C58EA60&page=1 HTTP/1.1" 200 71664
