192.99.4.168 - - [13/Apr/2020:08:02:04 +0200] "GET /ticket2/opencms/en/buy/?page=1&edid=09A90364-D1AA-5EE7-C5DA-9F857331E906&sortorder=asc&column=price HTTP/1.1" 200 71107
46.229.168.146 - - [13/Apr/2020:08:02:07 +0200] "GET /ticket2/opencms/no/buy/?column=price&edid=D6B51F92-7F42-35FF-B701-6773C358DBC4&page=1&sortorder=asc HTTP/1.1" 200 72395
114.119.167.17 - - [13/Apr/2020:08:02:11 +0200] "GET /ticket2/opencms/no/buy/?page=1&edid=D671AA4B-F4FE-4377-0CEE-00CC26515A20&sortorder=desc&column=price HTTP/1.1" 200 69823
46.229.168.144 - - [13/Apr/2020:08:02:11 +0200] "GET /ticket2/opencms/fi/buy/?column=section&edid=66C209AA-BB52-2AF5-35F3-336E85585A75&page=1&sortorder=asc HTTP/1.1" 200 72058
192.99.15.199 - - [13/Apr/2020:08:02:11 +0200] "GET /ticket2/opencms/sv/login/?edid=7545A501-A74F-FCD9-6047-6417398923F8 HTTP/1.1" 200 67543
46.229.168.144 - - [13/Apr/2020:08:02:25 +0200] "GET /ticket2/opencms/fi/buy/?column=section&edid=66C209AA-BB52-2AF5-35F3-336E85585A75&page=1&sortorder=asc HTTP/1.1" 200 72058
69.30.198.186 - - [13/Apr/2020:08:02:25 +0200] "GET /ticket2/opencms/dk/buy/?page=1&edid=0440E7FE-F37B-6EE4-07A2-33D243F5E6BC&sortorder=desc&column=price HTTP/1.1" 200 71396
46.229.168.129 - - [13/Apr/2020:08:02:25 +0200] "GET /ticket2/opencms/en/login/?url=%25252Fen%25252Fsell%25252F HTTP/1.1" 200 67300
192.99.37.116 - - [13/Apr/2020:08:02:29 +0200] "GET /ticket2/opencms/fi/buy/?page=1&edid=CB6B67ED-718B-F4D1-295A-F40142E220E6&sortorder=asc&column=row HTTP/1.1" 200 70615
46.229.168.138 - - [13/Apr/2020:08:02:32 +0200] "GET /ticket2/opencms/sv/buy/?column=row&edid=09E39E18-DB9D-9181-82D5-02F92B498E01&page=1&sortorder=desc HTTP/1.1" 200 72497
198.204.244.90 - - [13/Apr/2020:08:02:35 +0200] "GET /ticket2/opencms/dk/buy/?page=1&edid=F971B504-A38E-CC54-3E94-36FD288179DE&sortorder=desc&column=row HTTP/1.1" 200 69314
46.229.168.152 - - [13/Apr/2020:08:02:35 +0200] "GET /ticket2/opencms/nl/about/press/ HTTP/1.1" 200 65955
46.229.168.163 - - [13/Apr/2020:08:02:36 +0200] "GET /ticket2/opencms/sv/buy/?edid=737F88F7-7F18-93CC-306A-5F33631B3F9F&page=1 HTTP/1.1" 200 70907
46.229.168.129 - - [13/Apr/2020:08:02:39 +0200] "GET /ticket2/opencms/en/buy/?column=row&edid=ED81349D-86B2-C0F6-EF58-DEEDD0455CAC&page=1&sortorder=asc HTTP/1.1" 200 69248
54.36.150.23 - - [13/Apr/2020:08:02:40 +0200] "GET /ticket2/opencms/sv/buy/?page=1&edid=E44A15FB-9AD3-7006-177C-42D8EEC79FD4 HTTP/1.1" 200 69462
46.229.168.163 - - [13/Apr/2020:08:02:41 +0200] "GET /ticket2/opencms/sv/buy/?edid=737F88F7-7F18-93CC-306A-5F33631B3F9F&page=1 HTTP/1.1" 200 70907
54.36.149.26 - - [13/Apr/2020:08:02:43 +0200] "GET /ticket2/opencms/sv/buy/?page=1&edid=78F7BA2E-FEFA-77F1-62CF-8EDCD3806611 HTTP/1.1" 200 71081
46.229.168.149 - - [13/Apr/2020:08:02:45 +0200] "GET /ticket2/opencms/sv/buy/?column=price&edid=9FDDAE6E-2099-CA20-8A5D-FB81C4E4FF2C&page=1&sortorder=desc HTTP/1.1" 200 71559
46.229.168.146 - - [13/Apr/2020:08:02:46 +0200] "GET /ticket2/opencms/no/buy/?column=price&edid=D6B51F92-7F42-35FF-B701-6773C358DBC4&page=1&sortorder=asc HTTP/1.1" 200 72395
114.119.166.207 - - [13/Apr/2020:08:02:46 +0200] "GET /ticket2/opencms/tb/opencms/sv/buy/?page=1&edid=7EA5BFF7-1142-9446-3D81-81AC915B0603 HTTP/1.1" 404 -
192.99.15.199 - - [13/Apr/2020:08:02:47 +0200] "GET /ticket2/opencms/sv/login/?edid=7753EA52-7985-00A7-A9DB-D81E6156C674 HTTP/1.1" 200 67543
46.229.168.154 - - [13/Apr/2020:08:02:47 +0200] "GET /ticket2/opencms/robots.txt HTTP/1.1" 200 773
46.229.168.138 - - [13/Apr/2020:08:02:51 +0200] "GET /ticket2/opencms/dk/buy/?column=price&edid=5D700640-E13B-1534-DC36-11A7DB2850E1&page=1&sortorder=desc HTTP/1.1" 200 72060
46.229.168.150 - - [13/Apr/2020:08:02:55 +0200] "GET /ticket2/opencms/fi/buy/?column=section&edid=396DAA54-A8C7-72F9-2DCB-28AD37165658&page=1&sortorder=desc HTTP/1.1" 200 72712
46.229.168.146 - - [13/Apr/2020:08:03:00 +0200] "GET /ticket2/opencms/sv/buy/?column=price&edid=E54A3979-F7E0-7FC8-2BFD-B8614708F1D4&page=1&sortorder=desc HTTP/1.1" 200 69486
46.229.168.161 - - [13/Apr/2020:08:03:04 +0200] "GET /ticket2/opencms/en/buy/?column=price&edid=2575916B-6579-ECDB-CD33-6F8E4E970260&page=1&sortorder=asc HTTP/1.1" 200 69244
198.204.244.90 - - [13/Apr/2020:08:03:06 +0200] "GET /ticket2/opencms/dk/buy/?page=1&edid=F971B504-A38E-CC54-3E94-36FD288179DE&sortorder=desc&column=section HTTP/1.1" 200 69314
46.229.168.154 - - [13/Apr/2020:08:03:06 +0200] "GET /ticket2/opencms/robots.txt HTTP/1.1" 200 773
46.229.168.152 - - [13/Apr/2020:08:03:08 +0200] "GET /ticket2/opencms/en/buy/?column=section&edid=A0A75B5B-3D51-D743-BA1B-F39519FFC67E&page=1&sortorder=asc HTTP/1.1" 200 71526
192.99.4.168 - - [13/Apr/2020:08:03:09 +0200] "GET /ticket2/opencms/en/buy/?page=1&edid=09A90364-D1AA-5EE7-C5DA-9F857331E906&sortorder=asc&column=row HTTP/1.1" 200 71107
67.225.220.120 - - [13/Apr/2020:08:03:12 +0200] "GET /ticket2/opencms/sv/buy/?page=1&edid=5C822312-AD78-519B-498C-5A897678D6CE HTTP/1.1" 200 71306
46.229.168.138 - - [13/Apr/2020:08:03:14 +0200] "GET /ticket2/opencms/dk/buy/?column=price&edid=5D700640-E13B-1534-DC36-11A7DB2850E1&page=1&sortorder=desc HTTP/1.1" 200 72060
46.229.168.150 - - [13/Apr/2020:08:03:15 +0200] "GET /ticket2/opencms/fi/buy/?column=section&edid=396DAA54-A8C7-72F9-2DCB-28AD37165658&page=1&sortorder=desc HTTP/1.1" 200 72712
192.99.37.116 - - [13/Apr/2020:08:03:15 +0200] "GET /ticket2/opencms/fi/buy/?page=1&edid=CC33A6F6-C64B-FC65-C420-F12FE93D0E9E&sortorder=asc&column=price HTTP/1.1" 200 72501
46.229.168.154 - - [13/Apr/2020:08:03:19 +0200] "GET /ticket2/opencms/sv/buy/?column=section&edid=A4230EED-6955-A0A5-2163-71DF53AB16EC&page=1&sortorder=desc HTTP/1.1" 200 71366
192.99.15.199 - - [13/Apr/2020:08:03:19 +0200] "GET /ticket2/opencms/sv/login/?edid=7921910F-74F6-EA36-BF50-52319F322FAA HTTP/1.1" 200 67543
46.229.168.153 - - [13/Apr/2020:08:03:20 +0200] "GET /ticket2/opencms/en/buy/?edid=10AAD649-5E5E-EE36-2E17-DDA964C1719C&page=1 HTTP/1.1" 200 70609
198.204.244.90 - - [13/Apr/2020:08:03:21 +0200] "GET /ticket2/opencms/dk/buy/?page=1&edid=F98A7298-B6AE-74CA-1979-60ECE40631DA&sortorder=desc&column=price HTTP/1.1" 200 69337
69.30.198.186 - - [13/Apr/2020:08:03:26 +0200] "GET /ticket2/opencms/dk/buy/?page=1&edid=0440E7FE-F37B-6EE4-07A2-33D243F5E6BC&sortorder=desc&column=row HTTP/1.1" 200 71396
46.229.168.143 - - [13/Apr/2020:08:03:30 +0200] "GET /ticket2/opencms/fi/buy/?column=section&edid=679592A4-F209-DF56-5774-383426253C85&page=1&sortorder=asc HTTP/1.1" 200 72037
46.229.168.145 - - [13/Apr/2020:08:03:33 +0200] "GET /ticket2/opencms/sv/buy/?column=section&edid=3F81A579-C5D8-A8AE-791F-F6F1E7AD279B&page=1&sortorder=asc HTTP/1.1" 200 71377
192.99.5.228 - - [13/Apr/2020:08:03:34 +0200] "GET /ticket2/opencms/dk/buy/?page=1&edid=0154E95E-0A44-1BF2-0329-4E27FA15E52D HTTP/1.1" 200 69289
46.229.168.142 - - [13/Apr/2020:08:03:35 +0200] "GET /ticket2/opencms/dk/buy/?edid=4D0AE9B7-3FC7-8828-8150-08AA80E3B754&page=1 HTTP/1.1" 200 70698
198.204.244.90 - - [13/Apr/2020:08:03:39 +0200] "GET /ticket2/opencms/dk/buy/?page=1&edid=F98A7298-B6AE-74CA-1979-60ECE40631DA&sortorder=desc&column=row HTTP/1.1" 200 69337
46.229.168.142 - - [13/Apr/2020:08:03:40 +0200] "GET /ticket2/opencms/dk/buy/?edid=4D0AE9B7-3FC7-8828-8150-08AA80E3B754&page=1 HTTP/1.1" 200 70698
46.229.168.143 - - [13/Apr/2020:08:03:48 +0200] "GET /ticket2/opencms/sv/buy/?column=price&edid=C0041A02-725B-3012-77A5-FEBF23601EFD&page=1&sortorder=asc HTTP/1.1" 200 71346
192.99.15.199 - - [13/Apr/2020:08:03:52 +0200] "GET /ticket2/opencms/sv/login/?edid=79F0DF9A-E59A-A8F7-04A7-97B5561CB701 HTTP/1.1" 200 67543
46.229.168.148 - - [13/Apr/2020:08:03:53 +0200] "GET /ticket2/opencms/en/buy/?column=price&edid=813B0545-20A1-788F-99C1-8F2B03516D33&page=1&sortorder=asc HTTP/1.1" 200 71123
192.99.37.116 - - [13/Apr/2020:08:03:55 +0200] "GET /ticket2/opencms/fi/buy/?page=1&edid=CC33A6F6-C64B-FC65-C420-F12FE93D0E9E&sortorder=asc&column=row HTTP/1.1" 200 72501
198.204.244.90 - - [13/Apr/2020:08:03:58 +0200] "GET /ticket2/opencms/dk/buy/?page=1&edid=F98A7298-B6AE-74CA-1979-60ECE40631DA&sortorder=desc&column=section HTTP/1.1" 200 69337
46.229.168.145 - - [13/Apr/2020:08:04:00 +0200] "GET /ticket2/opencms/no/buy/?column=row&edid=A917185F-FCCF-F49F-FDB1-2FF147298D69&page=1&sortorder=desc HTTP/1.1" 200 71691
216.245.221.82 - - [13/Apr/2020:08:04:01 +0200] "HEAD /ticket2/opencms/ HTTP/1.1" 302 -
192.99.4.168 - - [13/Apr/2020:08:04:05 +0200] "GET /ticket2/opencms/en/buy/?page=1&edid=09A90364-D1AA-5EE7-C5DA-9F857331E906&sortorder=asc&column=section HTTP/1.1" 200 71107
46.229.168.148 - - [13/Apr/2020:08:04:09 +0200] "GET /ticket2/opencms/fi/sell/?edid=D5D92891-B389-AB4D-D0C3-85E1E758B18E HTTP/1.1" 302 -
46.229.168.145 - - [13/Apr/2020:08:04:12 +0200] "GET /ticket2/opencms/sv/buy/?column=section&edid=3F81A579-C5D8-A8AE-791F-F6F1E7AD279B&page=1&sortorder=asc HTTP/1.1" 200 71377
67.225.220.120 - - [13/Apr/2020:08:04:13 +0200] "GET /ticket2/opencms/en/buy/?page=1&edid=DA205E04-65EE-7F78-067D-CBCBD424C79F HTTP/1.1" 200 71526
192.99.5.228 - - [13/Apr/2020:08:04:20 +0200] "GET /ticket2/opencms/dk/buy/?page=1&edid=03208385-D01E-F3E2-867D-8006D926BFD1&sortorder=desc&column=row HTTP/1.1" 200 71644
198.204.244.90 - - [13/Apr/2020:08:04:22 +0200] "GET /ticket2/opencms/dk/buy/?page=1&edid=F9B4485F-57C3-0B03-3CB2-E38D7FA6CDBB&sortorder=asc&column=price HTTP/1.1" 200 70975
46.229.168.141 - - [13/Apr/2020:08:04:31 +0200] "GET /ticket2/opencms/ru/buy/?edid=EBF0F3D2-0899-5044-6E4B-7CEB8830B7C7&page=1 HTTP/1.1" 200 72336
46.229.168.153 - - [13/Apr/2020:08:04:31 +0200] "GET /ticket2/opencms/sv/buy/?catid=0A6C99D2-F5BD-7A18-9A5F-5668827042E0&comcatid=A17713B6-D984-201A-4143-ED4DB5ED5C2E HTTP/1.1" 200 132566
46.229.168.143 - - [13/Apr/2020:08:04:46 +0200] "GET /ticket2/opencms/no/buy/?column=price&edid=DA205E04-65EE-7F78-067D-CBCBD424C79F&page=1&sortorder=desc HTTP/1.1" 200 72120
192.99.37.116 - - [13/Apr/2020:08:04:50 +0200] "GET /ticket2/opencms/fi/buy/?page=1&edid=CC33A6F6-C64B-FC65-C420-F12FE93D0E9E&sortorder=asc&column=section HTTP/1.1" 200 72501
192.99.15.199 - - [13/Apr/2020:08:04:50 +0200] "GET /ticket2/opencms/sv/login/?edid=7DF77E99-8194-C3D0-5A00-8A12D492E581 HTTP/1.1" 200 67543
69.30.198.186 - - [13/Apr/2020:08:04:52 +0200] "GET /ticket2/opencms/dk/buy/?page=1&edid=0446E86D-0BEB-3747-9DC2-0FE931BD9631 HTTP/1.1" 200 70741
46.229.168.145 - - [13/Apr/2020:08:04:56 +0200] "GET /ticket2/opencms/nl/buy/?edid=504DCAFD-590A-5865-0E7B-51575F78C6D6&page=1 HTTP/1.1" 200 70561
46.229.168.137 - - [13/Apr/2020:08:04:59 +0200] "GET /ticket2/opencms/sv/buy/?column=price&edid=5D700640-E13B-1534-DC36-11A7DB2850E1&page=1&sortorder=desc HTTP/1.1" 200 72218
46.229.168.146 - - [13/Apr/2020:08:04:59 +0200] "GET /ticket2/opencms/fi/sell/?edid=A5425041-15AD-37BB-552C-D8E28A45D934 HTTP/1.1" 302 -
192.99.4.168 - - [13/Apr/2020:08:05:01 +0200] "GET /ticket2/opencms/en/buy/?page=1&edid=09E39E18-DB9D-9181-82D5-02F92B498E01&sortorder=asc&column=price HTTP/1.1" 200 72245
46.229.168.145 - - [13/Apr/2020:08:05:08 +0200] "GET /ticket2/opencms/fi/buy/?column=price&edid=EF4CA50E-B036-DD4B-A26E-1BFB83ACBD71&page=1&sortorder=asc HTTP/1.1" 200 72920
198.204.244.90 - - [13/Apr/2020:08:05:14 +0200] "GET /ticket2/opencms/dk/buy/?page=1&edid=F9B4485F-57C3-0B03-3CB2-E38D7FA6CDBB&sortorder=asc&column=row HTTP/1.1" 200 70975
46.229.168.161 - - [13/Apr/2020:08:05:21 +0200] "GET /ticket2/opencms/dk/buy/?edid=2C5B4BC7-7B7C-230E-CA97-0EFE5DF51234&page=1 HTTP/1.1" 200 69291
46.229.168.147 - - [13/Apr/2020:08:05:24 +0200] "GET /ticket2/opencms/fi/buy/?edid=D672F7D1-01D6-F6D2-87C7-737510695195&page=1 HTTP/1.1" 200 72483
192.99.15.199 - - [13/Apr/2020:08:05:24 +0200] "GET /ticket2/opencms/sv/login/?edid=7DFA9706-6B2A-B4CC-5A39-A5C330CC4190 HTTP/1.1" 200 67543
47.54.35.136 - - [13/Apr/2020:08:05:24 +0200] "GET /ticket2/opencms/en/buy/?page=1&edid=4965447F-9F6F-8CE6-6AA9-F5F15C25F8B7&sortorder=asc&column=row HTTP/1.1" 200 70643
46.229.168.139 - - [13/Apr/2020:08:05:29 +0200] "GET /ticket2/opencms/sv/buy/?column=row&edid=A936426D-A274-DEB6-C7D0-B6B0CE244BB6&page=1&sortorder=desc HTTP/1.1" 200 70638
46.229.168.130 - - [13/Apr/2020:08:05:30 +0200] "GET /ticket2/opencms/sv/buy/?edid=F6D147B4-BFC6-B900-6B95-5425172052C5&page=1 HTTP/1.1" 200 70856
46.229.168.141 - - [13/Apr/2020:08:05:36 +0200] "GET /ticket2/opencms/en/sell/?edid=5570BE8B-F706-8367-B456-1833A283D402 HTTP/1.1" 302 -
47.54.35.136 - - [13/Apr/2020:08:05:40 +0200] "GET /ticket2/opencms/en/buy/?page=1&edid=4965447F-9F6F-8CE6-6AA9-F5F15C25F8B7&sortorder=asc&column=section HTTP/1.1" 200 70643
54.36.150.59 - - [13/Apr/2020:08:05:41 +0200] "GET /ticket2/opencms/dk/buy/?page=1&edid=98B5152B-D0CA-636B-A921-B33BCB03C7DC HTTP/1.1" 200 71129
46.229.168.163 - - [13/Apr/2020:08:05:45 +0200] "GET /ticket2/opencms/dk/buy/?column=row&edid=385F4CA2-91C7-3B11-884B-1460E89060BE&page=1&sortorder=desc HTTP/1.1" 200 69328
46.229.168.145 - - [13/Apr/2020:08:05:47 +0200] "GET /ticket2/opencms/no/buy/?column=row&edid=9FB7859D-DDE8-10E7-3804-37A1874573F9&page=1&sortorder=asc HTTP/1.1" 200 71247
46.229.168.132 - - [13/Apr/2020:08:05:49 +0200] "GET /ticket2/opencms/nl/buy/?column=section&edid=0F161A11-2642-F333-3FC6-13CFF89303D2&page=1&sortorder=asc HTTP/1.1" 200 69727
69.30.198.186 - - [13/Apr/2020:08:05:51 +0200] "GET /ticket2/opencms/dk/buy/?page=1&edid=0446E86D-0BEB-3747-9DC2-0FE931BD9631&sortorder=asc&column=price HTTP/1.1" 200 70777
192.99.37.116 - - [13/Apr/2020:08:05:54 +0200] "GET /ticket2/opencms/fi/buy/?page=1&edid=CC406F24-F0D4-1A0D-7C4A-0C89C209E0B9&sortorder=asc&column=price HTTP/1.1" 200 70647
198.204.244.90 - - [13/Apr/2020:08:05:58 +0200] "GET /ticket2/opencms/dk/buy/?page=1&edid=F9B4485F-57C3-0B03-3CB2-E38D7FA6CDBB&sortorder=asc&column=section HTTP/1.1" 200 70975
192.99.15.199 - - [13/Apr/2020:08:06:00 +0200] "GET /ticket2/opencms/sv/login/?edid=80F09B1E-DC1C-9CB6-D434-EBABD5638BB6 HTTP/1.1" 200 67543
47.54.35.136 - - [13/Apr/2020:08:06:01 +0200] "GET /ticket2/opencms/en/buy/?page=1&edid=498207D5-8BE5-9D2E-9FF0-3383CEB347D8&sortorder=asc&column=price HTTP/1.1" 200 71084
46.229.168.134 - - [13/Apr/2020:08:06:03 +0200] "GET /ticket2/opencms/en/buy/?column=price&edid=2AF69BD4-F184-D39C-9003-BFC19DC4F8FB&page=1&sortorder=desc HTTP/1.1" 200 69273
46.229.168.140 - - [13/Apr/2020:08:06:07 +0200] "GET /ticket2/opencms/dk/buy/?edid=39947EE1-5244-7BF5-DC67-7D9149B9EB15&page=1 HTTP/1.1" 200 71612
46.229.168.142 - - [13/Apr/2020:08:06:07 +0200] "GET /ticket2/opencms/fi/sell/?edid=C11CE0A1-BCBD-A7C4-C22E-164F1C641833 HTTP/1.1" 302 -
192.99.5.228 - - [13/Apr/2020:08:06:08 +0200] "GET /ticket2/opencms/dk/buy/?page=1&edid=039E573D-CFC8-6916-76E2-12A531789055&sortorder=asc&column=row HTTP/1.1" 200 71405
46.229.168.151 - - [13/Apr/2020:08:06:09 +0200] "GET /ticket2/opencms/en/buy/?column=row&edid=A5C39397-601B-AAD4-E491-7B5A86FC9F67&page=1&sortorder=desc HTTP/1.1" 200 70648
5.9.71.213 - - [13/Apr/2020:08:06:12 +0200] "GET /ticket2/opencms/dk/buy/?page=1&edid=52E9C51D-192F-C954-8F05-403EF150A75E&sortorder=desc&column=section HTTP/1.1" 200 71709
5.9.71.213 - - [13/Apr/2020:08:06:15 +0200] "GET /ticket2/opencms/dk/buy/?page=1&edid=5419EEB9-7CF3-F00C-1255-FC5A4AAC90B0&sortorder=desc&column=section HTTP/1.1" 200 71642
46.229.168.136 - - [13/Apr/2020:08:06:18 +0200] "GET /ticket2/opencms/fi/buy/?column=price&edid=1570A5A8-9F59-7B85-D5CB-DF1B005C18AF&page=1&sortorder=asc HTTP/1.1" 200 73835
46.229.168.129 - - [13/Apr/2020:08:06:18 +0200] "GET /ticket2/opencms/dk/buy/?edid=E3FD658B-5465-70E1-D919-E510680C4B1C&page=1 HTTP/1.1" 200 71608
198.204.244.90 - - [13/Apr/2020:08:06:21 +0200] "GET /ticket2/opencms/dk/buy/?page=1&edid=F9C28169-9DB0-FD34-41D7-E143F8F4A5B7&sortorder=asc&column=section HTTP/1.1" 200 70729
47.54.35.136 - - [13/Apr/2020:08:06:24 +0200] "GET /ticket2/opencms/en/buy/?page=1&edid=498207D5-8BE5-9D2E-9FF0-3383CEB347D8&sortorder=asc&column=row HTTP/1.1" 200 71084
67.225.220.120 - - [13/Apr/2020:08:06:28 +0200] "GET /ticket2/opencms/en/buy/?page=1&edid=A4B258AC-1606-5FD3-B2FB-841EDDE64B47 HTTP/1.1" 200 70607
67.225.220.120 - - [13/Apr/2020:08:06:28 +0200] "GET /ticket2/opencms/en/buy/?page=1&edid=A63B1890-86E1-9F60-54D7-09AEE785F38E HTTP/1.1" 200 71535
46.229.168.154 - - [13/Apr/2020:08:06:31 +0200] "GET /ticket2/opencms/nl/buy/?column=price&edid=D7193451-9A3A-74F4-A8C7-6E587A08462E&page=1&sortorder=desc HTTP/1.1" 200 70246
46.229.168.130 - - [13/Apr/2020:08:06:33 +0200] "GET /ticket2/opencms/sv/buy/?column=price&edid=DF7FDCF1-CC85-5FC0-0D90-B64E90E425F7&page=1&sortorder=desc HTTP/1.1" 200 82312
47.54.35.136 - - [13/Apr/2020:08:06:38 +0200] "GET /ticket2/opencms/en/buy/?page=1&edid=498207D5-8BE5-9D2E-9FF0-3383CEB347D8&sortorder=asc&column=section HTTP/1.1" 200 71084
192.99.15.199 - - [13/Apr/2020:08:06:38 +0200] "GET /ticket2/opencms/sv/login/?edid=824820CC-CEE0-C33E-47FE-80B69B5E3BC0 HTTP/1.1" 200 67543
198.204.244.90 - - [13/Apr/2020:08:06:40 +0200] "GET /ticket2/opencms/dk/buy/?page=1&edid=F9C28169-9DB0-FD34-41D7-E143F8F4A5B7&sortorder=desc&column=row HTTP/1.1" 200 70728
46.229.168.142 - - [13/Apr/2020:08:06:41 +0200] "GET /ticket2/opencms/sv/buy/?column=section&edid=93A8E489-AE58-726C-E39F-173A5C4AC3E8&page=1&sortorder=asc HTTP/1.1" 200 69516
46.229.168.135 - - [13/Apr/2020:08:06:42 +0200] "GET /ticket2/opencms/en/buy/?column=row&edid=58B05E92-0C34-F60E-3064-4FAE534AF308&page=1&sortorder=desc HTTP/1.1" 200 69254
46.229.168.154 - - [13/Apr/2020:08:06:45 +0200] "GET /ticket2/opencms/en/buy/?column=section&edid=9FDDAE6E-2099-CA20-8A5D-FB81C4E4FF2C&page=1&sortorder=asc HTTP/1.1" 200 71313
46.229.168.151 - - [13/Apr/2020:08:06:45 +0200] "GET /ticket2/opencms/en/sell/?edid=58EAE724-1596-B77F-AEFE-52B8A95E302A HTTP/1.1" 302 -
46.229.168.147 - - [13/Apr/2020:08:06:46 +0200] "GET /ticket2/opencms/nl/buy/?column=section&edid=335FAC78-A5D0-0517-0A8F-2E8AC480B3BE&page=1&sortorder=asc HTTP/1.1" 200 69720
5.9.71.213 - - [13/Apr/2020:08:06:48 +0200] "GET /ticket2/opencms/dk/buy/?page=1&edid=54ED7F3E-87E9-B49D-0FE3-F4BDCE94BCDC&sortorder=desc&column=section HTTP/1.1" 200 70730
69.30.198.186 - - [13/Apr/2020:08:06:50 +0200] "GET /ticket2/opencms/dk/buy/?page=1&edid=0446E86D-0BEB-3747-9DC2-0FE931BD9631&sortorder=asc&column=row HTTP/1.1" 200 70777
192.99.37.116 - - [13/Apr/2020:08:06:50 +0200] "GET /ticket2/opencms/fi/buy/?page=1&edid=CC406F24-F0D4-1A0D-7C4A-0C89C209E0B9&sortorder=asc&column=row HTTP/1.1" 200 70647
46.229.168.151 - - [13/Apr/2020:08:06:52 +0200] "GET /ticket2/opencms/en/buy/?edid=813B0545-20A1-788F-99C1-8F2B03516D33&page=1 HTTP/1.1" 200 71087
5.9.71.213 - - [13/Apr/2020:08:06:58 +0200] "GET /ticket2/opencms/dk/buy/?page=1&edid=596C9962-08B1-F451-67A0-7F710776E88D&sortorder=desc&column=section HTTP/1.1" 200 69346
46.229.168.130 - - [13/Apr/2020:08:06:58 +0200] "GET /ticket2/opencms/sv/buy/?column=price&edid=DF7FDCF1-CC85-5FC0-0D90-B64E90E425F7&page=1&sortorder=desc HTTP/1.1" 200 82312
46.229.168.142 - - [13/Apr/2020:08:07:00 +0200] "GET /ticket2/opencms/nl/buy/?edid=3F81A579-C5D8-A8AE-791F-F6F1E7AD279B&page=1 HTTP/1.1" 200 70191
198.204.244.90 - - [13/Apr/2020:08:07:01 +0200] "GET /ticket2/opencms/dk/buy/?page=1&edid=FBAFC8C9-2F07-B1EF-CF64-939CD8CFFE64&sortorder=asc&column=price HTTP/1.1" 200 72539
46.229.168.161 - - [13/Apr/2020:08:07:02 +0200] "GET /ticket2/opencms/sv/buy/?column=section&edid=AB50204C-215A-4600-59BC-2DA2AB6F3782&page=1&sortorder=asc HTTP/1.1" 200 71347
47.54.35.136 - - [13/Apr/2020:08:07:07 +0200] "GET /ticket2/opencms/en/buy/?page=1&edid=49AED064-B86D-465C-FC24-B9E6E7276FC8&sortorder=asc&column=price HTTP/1.1" 200 71974
46.229.168.142 - - [13/Apr/2020:08:07:08 +0200] "GET /ticket2/opencms/fi/buy/?column=price&edid=DA092D51-9FFC-84BE-97A0-4DF0E8B1E89B&page=1&sortorder=desc HTTP/1.1" 200 73022
192.99.15.199 - - [13/Apr/2020:08:07:09 +0200] "GET /ticket2/opencms/sv/login/?edid=8273D7DB-9E15-41C7-63BD-862F12528A78 HTTP/1.1" 200 67543
46.229.168.145 - - [13/Apr/2020:08:07:17 +0200] "GET /ticket2/opencms/en/buy/?column=row&edid=8A35DA3C-1B64-C141-2948-F6ECF20D5CB1&page=1&sortorder=asc HTTP/1.1" 200 70645
67.225.220.120 - - [13/Apr/2020:08:07:19 +0200] "GET /ticket2/opencms/en/buy/?page=1&edid=BFC8ECC1-2107-AC46-D638-419C26368D40 HTTP/1.1" 200 71575
198.204.244.90 - - [13/Apr/2020:08:07:19 +0200] "GET /ticket2/opencms/dk/buy/?page=1&edid=FBAFC8C9-2F07-B1EF-CF64-939CD8CFFE64&sortorder=asc&column=row HTTP/1.1" 200 72539
192.99.5.228 - - [13/Apr/2020:08:07:22 +0200] "GET /ticket2/opencms/dk/buy/?page=1&edid=039E573D-CFC8-6916-76E2-12A531789055&sortorder=asc&column=section HTTP/1.1" 200 71405
46.229.168.137 - - [13/Apr/2020:08:07:24 +0200] "GET /ticket2/opencms/sv/buy/?column=section&edid=5A4C510F-9E60-2432-DA6F-424C1D4896E8&page=1&sortorder=asc HTTP/1.1" 200 69500
46.229.168.133 - - [13/Apr/2020:08:07:27 +0200] "GET /ticket2/opencms/dk/buy/?edid=06541B01-9413-917E-91B4-20FD84AFFCAC&page=1 HTTP/1.1" 200 70752
5.9.71.213 - - [13/Apr/2020:08:07:28 +0200] "GET /ticket2/opencms/dk/buy/?page=1&edid=59881ED4-3CCD-4767-277F-ABAE3B204DE3&sortorder=asc&column=price HTTP/1.1" 200 70988
46.229.168.154 - - [13/Apr/2020:08:07:38 +0200] "GET /ticket2/opencms/dk/buy/?edid=7BE80F00-2774-9750-D835-26047A5CC0BC&page=1 HTTP/1.1" 200 69296
198.204.244.90 - - [13/Apr/2020:08:07:40 +0200] "GET /ticket2/opencms/dk/buy/?page=1&edid=FCDEE0D5-8A78-E67A-3598-6D8F08248119&sortorder=desc&column=price HTTP/1.1" 200 71394
192.99.15.199 - - [13/Apr/2020:08:07:40 +0200] "GET /ticket2/opencms/sv/login/?edid=82B136E6-285D-2514-CC84-CAC01A08B609 HTTP/1.1" 200 67543
69.30.198.186 - - [13/Apr/2020:08:07:43 +0200] "GET /ticket2/opencms/dk/buy/?page=1&edid=0446E86D-0BEB-3747-9DC2-0FE931BD9631&sortorder=asc&column=section HTTP/1.1" 200 70777
192.99.37.116 - - [13/Apr/2020:08:07:45 +0200] "GET /ticket2/opencms/fi/buy/?page=1&edid=CC406F24-F0D4-1A0D-7C4A-0C89C209E0B9&sortorder=asc&column=section HTTP/1.1" 200 70647
46.229.168.129 - - [13/Apr/2020:08:08:02 +0200] "GET /ticket2/opencms/fi/buy/?column=section&edid=60B3CAFF-CEDA-8B02-D601-9C788B6A3E8A&page=1&sortorder=asc HTTP/1.1" 200 72053
216.245.221.82 - - [13/Apr/2020:08:08:02 +0200] "HEAD /ticket2/opencms/en/ HTTP/1.1" 200 -
46.229.168.150 - - [13/Apr/2020:08:08:07 +0200] "GET /ticket2/opencms/fi/buy/?edid=8C9FFD62-1801-D529-A3AE-EDFEA6DD7120&page=1 HTTP/1.1" 200 72486
54.36.148.62 - - [13/Apr/2020:08:08:08 +0200] "GET /ticket2/opencms/fi/venue/?venueid=00240B1E-8538-03A9-D9EC-46848A34DA12 HTTP/1.1" 200 66469
173.208.130.202 - - [13/Apr/2020:08:08:11 +0200] "GET /ticket2/opencms/robots.txt HTTP/1.1" 200 773
5.9.71.213 - - [13/Apr/2020:08:08:11 +0200] "GET /ticket2/opencms/dk/buy/?page=1&edid=59BCB73D-8EFE-145C-3694-3C89547AA350&sortorder=desc&column=price HTTP/1.1" 200 71911
192.99.15.199 - - [13/Apr/2020:08:08:13 +0200] "GET /ticket2/opencms/sv/login/?edid=834142AB-3163-DB9B-0B08-B99C16F02C56 HTTP/1.1" 200 67543
5.9.71.213 - - [13/Apr/2020:08:08:13 +0200] "GET /ticket2/opencms/dk/buy/?page=1&edid=59BCB73D-8EFE-145C-3694-3C89547AA350&sortorder=desc&column=row HTTP/1.1" 200 71911
46.229.168.140 - - [13/Apr/2020:08:08:14 +0200] "GET /ticket2/opencms/fi/buy/?column=section&edid=A5C4D37D-02EF-88DC-EDDC-EB65FAC9F41D&page=1&sortorder=desc HTTP/1.1" 200 72516
69.30.198.186 - - [13/Apr/2020:08:08:15 +0200] "GET /ticket2/opencms/dk/buy/?page=1&edid=0446E86D-0BEB-3747-9DC2-0FE931BD9631&sortorder=desc&column=price HTTP/1.1" 200 70776
198.204.244.90 - - [13/Apr/2020:08:08:19 +0200] "GET /ticket2/opencms/dk/buy/?page=1&edid=FCDEE0D5-8A78-E67A-3598-6D8F08248119&sortorder=desc&column=row HTTP/1.1" 200 71394
46.229.168.163 - - [13/Apr/2020:08:08:19 +0200] "GET /ticket2/opencms/sv/sell/?edid=6ABCD234-4885-A69D-AD95-9F398F32282B HTTP/1.1" 302 -
5.9.71.213 - - [13/Apr/2020:08:08:50 +0200] "GET /ticket2/opencms/dk/buy/?page=1&edid=59BCB73D-8EFE-145C-3694-3C89547AA350&sortorder=desc&column=section HTTP/1.1" 200 71911
46.229.168.134 - - [13/Apr/2020:08:08:51 +0200] "GET /ticket2/opencms/nl/buy/?column=row&edid=BFF341E7-1CE6-7822-F687-FA8E7D8310D2&page=1&sortorder=desc HTTP/1.1" 200 70206
46.229.168.130 - - [13/Apr/2020:08:08:54 +0200] "GET /ticket2/opencms/nl/buy/?column=section&edid=CD1115D3-BE54-2063-75D0-2971502660D4&page=1&sortorder=desc HTTP/1.1" 200 70596
46.229.168.162 - - [13/Apr/2020:08:09:16 +0200] "GET /ticket2/opencms/sv/buy/?edid=4A17BBC2-262A-6387-78E3-BFD77AB91FC3&page=1 HTTP/1.1" 200 70906
192.99.4.168 - - [13/Apr/2020:08:09:16 +0200] "GET /ticket2/opencms/en/buy/?page=1&edid=0AB3DF35-C143-1804-D7B0-4D3E0C806A26&sortorder=asc&column=price HTTP/1.1" 200 71317
46.229.168.162 - - [13/Apr/2020:08:09:20 +0200] "GET /ticket2/opencms/no/buy/?column=row&edid=624FA28A-754C-672C-6881-3EF4F87AC664&page=1&sortorder=desc HTTP/1.1" 200 71211
192.99.37.116 - - [13/Apr/2020:08:09:24 +0200] "GET /ticket2/opencms/fi/buy/?page=1&edid=CE8D2635-363F-FFA2-384B-F700B16305C5&sortorder=asc&column=price HTTP/1.1" 200 71779
178.154.200.175 - - [13/Apr/2020:08:09:26 +0200] "GET /ticket2/opencms/fi/urheilu/jalkapallo/serie_a/juventus/ HTTP/1.1" 200 71378
67.225.220.120 - - [13/Apr/2020:08:09:30 +0200] "GET /ticket2/opencms/en/buy/?page=1&edid=09B756CA-6975-6B23-36EC-46D44034B07E HTTP/1.1" 200 71570
192.99.15.199 - - [13/Apr/2020:08:09:31 +0200] "GET /ticket2/opencms/sv/login/?edid=846929C4-FDD7-0473-C7C0-A9B2AA08A260 HTTP/1.1" 200 67543
5.9.71.213 - - [13/Apr/2020:08:09:32 +0200] "GET /ticket2/opencms/dk/buy/?page=1&edid=5A199E76-C4FC-8F64-3C45-54BD1FC99C87&sortorder=asc&column=price HTTP/1.1" 200 70732
192.99.5.228 - - [13/Apr/2020:08:09:37 +0200] "GET /ticket2/opencms/dk/buy/?page=1&edid=039E573D-CFC8-6916-76E2-12A531789055&sortorder=desc&column=price HTTP/1.1" 200 71404
69.30.198.186 - - [13/Apr/2020:08:09:39 +0200] "GET /ticket2/opencms/dk/buy/?page=1&edid=0446E86D-0BEB-3747-9DC2-0FE931BD9631&sortorder=desc&column=row HTTP/1.1" 200 70776
114.119.165.35 - - [13/Apr/2020:08:09:43 +0200] "GET /ticket2/opencms/no/buy/?page=1&edid=09BCEBCD-087A-9ADA-95C7-1647396B134E&sortorder=asc&column=row HTTP/1.1" 200 71461
198.204.244.90 - - [13/Apr/2020:08:09:47 +0200] "GET /ticket2/opencms/dk/buy/?page=1&edid=FD9F7521-FAF6-CC18-E57A-C791478603D9&sortorder=desc&column=price HTTP/1.1" 200 69310
46.229.168.154 - - [13/Apr/2020:08:09:56 +0200] "GET /ticket2/opencms/en/buy/?column=row&edid=5CBC14C1-474D-D86C-8041-55CDA0763411&page=1&sortorder=asc HTTP/1.1" 200 69229
66.249.79.147 - - [13/Apr/2020:08:09:56 +0200] "GET /ticket2/opencms/fi/venue/?venueid=2186334F-407B-9BEF-03F0-A6F35003840C HTTP/1.1" 200 66426
46.229.168.162 - - [13/Apr/2020:08:09:59 +0200] "GET /ticket2/opencms/no/buy/?column=row&edid=624FA28A-754C-672C-6881-3EF4F87AC664&page=1&sortorder=desc HTTP/1.1" 200 71211
216.244.66.238 - - [13/Apr/2020:08:10:03 +0200] "GET /ticket2/opencms/robots.txt HTTP/1.1" 200 773
46.229.168.152 - - [13/Apr/2020:08:10:03 +0200] "GET /ticket2/opencms/en/buy/?column=section&edid=5F5C3C79-AB0C-DE40-C11B-7D9D102A404A&page=1&sortorder=desc HTTP/1.1" 200 69258
46.229.168.163 - - [13/Apr/2020:08:10:04 +0200] "GET /ticket2/opencms/sv/buy/?column=row&edid=D8973BFC-852F-6DBE-A92C-516362F37F3B&page=1&sortorder=asc HTTP/1.1" 200 69484
46.229.168.153 - - [13/Apr/2020:08:10:06 +0200] "GET /ticket2/opencms/fi/buy/?column=price&edid=9A69C26B-D767-96B2-1BE8-FB9B1C38C21B&page=1&sortorder=asc HTTP/1.1" 200 72308
173.208.130.202 - - [13/Apr/2020:08:10:10 +0200] "GET /ticket2/opencms/dk/buy/?page=1&edid=099FDC21-9563-60C3-D538-CF137C642027&sortorder=asc&column=section HTTP/1.1" 200 69301
192.99.4.168 - - [13/Apr/2020:08:10:12 +0200] "GET /ticket2/opencms/en/buy/?page=1&edid=0AB3DF35-C143-1804-D7B0-4D3E0C806A26&sortorder=asc&column=row HTTP/1.1" 200 71317
54.36.149.90 - - [13/Apr/2020:08:10:12 +0200] "GET /ticket2/opencms/sv/buy/?page=6&comcatid=0A6B8208-FDA4-E929-9D72-5312FD481B76 HTTP/1.1" 200 69108
5.9.71.213 - - [13/Apr/2020:08:10:19 +0200] "GET /ticket2/opencms/dk/buy/?page=1&edid=5A53D059-2717-7212-ED4E-000015E5862F&sortorder=desc&column=price HTTP/1.1" 200 71709
192.99.37.116 - - [13/Apr/2020:08:10:20 +0200] "GET /ticket2/opencms/fi/buy/?page=1&edid=CE8D2635-363F-FFA2-384B-F700B16305C5&sortorder=asc&column=row HTTP/1.1" 200 71779
192.99.15.199 - - [13/Apr/2020:08:10:20 +0200] "GET /ticket2/opencms/sv/login/?edid=87924899-C834-C93B-A613-7A89D34B2768 HTTP/1.1" 200 67543
46.229.168.154 - - [13/Apr/2020:08:10:22 +0200] "GET /ticket2/opencms/fi/buy/?column=row&edid=1C58C470-D3F9-186C-B32F-4F4A4C479079&page=1&sortorder=asc HTTP/1.1" 200 73277
66.249.79.89 - - [13/Apr/2020:08:10:22 +0200] "GET /ticket2/opencms/set_aff_cookie.jsp?partner=CB5C1FDF-20CB-5842-DF85-F71A926EC804&url=%2Fen%2Fbuy%2Findex.html%3Fpage%3D1%26edid%3DF9848465-BCEF-16F2-151C-E77261BB7A1C%26hlv%3D5d39d0ed-4194-4001-af32-67760a010004%23v_1753217641 HTTP/1.1" 200 226
46.229.168.141 - - [13/Apr/2020:08:10:23 +0200] "GET /ticket2/opencms/no/buy/?column=section&edid=7DFA9706-6B2A-B4CC-5A39-A5C330CC4190&page=1&sortorder=asc HTTP/1.1" 200 71690
46.229.168.162 - - [13/Apr/2020:08:10:26 +0200] "GET /ticket2/opencms/sv/buy/?edid=D61D354B-F215-E04D-E63F-DA7A292BF693&page=1 HTTP/1.1" 200 71523
216.245.221.82 - - [13/Apr/2020:08:10:30 +0200] "HEAD /ticket2/opencms/ HTTP/1.1" 302 -
46.229.168.135 - - [13/Apr/2020:08:10:35 +0200] "GET /ticket2/opencms/no/buy/?column=section&edid=6B2EA6CD-7553-8F73-30CB-5A807E0727F2&page=1&sortorder=desc HTTP/1.1" 200 72535
69.30.198.186 - - [13/Apr/2020:08:10:36 +0200] "GET /ticket2/opencms/dk/buy/?page=1&edid=0446E86D-0BEB-3747-9DC2-0FE931BD9631&sortorder=desc&column=section HTTP/1.1" 200 70776
46.229.168.152 - - [13/Apr/2020:08:10:39 +0200] "GET /ticket2/opencms/en/buy/?column=section&edid=5F5C3C79-AB0C-DE40-C11B-7D9D102A404A&page=1&sortorder=desc HTTP/1.1" 200 69258
46.229.168.161 - - [13/Apr/2020:08:10:40 +0200] "GET /ticket2/opencms/no/buy/?column=section&edid=73E3472E-75F3-D9FA-7EEA-B15267C09460&page=1&sortorder=asc HTTP/1.1" 200 71674
46.229.168.163 - - [13/Apr/2020:08:10:42 +0200] "GET /ticket2/opencms/sv/buy/?column=row&edid=D8973BFC-852F-6DBE-A92C-516362F37F3B&page=1&sortorder=asc HTTP/1.1" 200 69484
198.204.244.90 - - [13/Apr/2020:08:10:43 +0200] "GET /ticket2/opencms/dk/buy/?page=1&edid=FD9F7521-FAF6-CC18-E57A-C791478603D9&sortorder=desc&column=section HTTP/1.1" 200 69310
46.229.168.153 - - [13/Apr/2020:08:10:50 +0200] "GET /ticket2/opencms/fi/buy/?column=price&edid=9A69C26B-D767-96B2-1BE8-FB9B1C38C21B&page=1&sortorder=asc HTTP/1.1" 200 72308
192.99.37.116 - - [13/Apr/2020:08:10:51 +0200] "GET /ticket2/opencms/fi/buy/?page=1&edid=CE8D2635-363F-FFA2-384B-F700B16305C5&sortorder=asc&column=section HTTP/1.1" 200 71779
192.99.5.228 - - [13/Apr/2020:08:10:58 +0200] "GET /ticket2/opencms/dk/buy/?page=1&edid=0423F886-7646-C776-7223-998CA06B03B8 HTTP/1.1" 200 69312
5.9.71.213 - - [13/Apr/2020:08:10:59 +0200] "GET /ticket2/opencms/dk/buy/?page=1&edid=5A53D059-2717-7212-ED4E-000015E5862F&sortorder=desc&column=row HTTP/1.1" 200 71709
173.208.130.202 - - [13/Apr/2020:08:11:06 +0200] "GET /ticket2/opencms/dk/buy/?page=1&edid=099FDC21-9563-60C3-D538-CF137C642027&sortorder=desc&column=price HTTP/1.1" 200 69300
46.229.168.141 - - [13/Apr/2020:08:11:07 +0200] "GET /ticket2/opencms/no/buy/?column=section&edid=7DFA9706-6B2A-B4CC-5A39-A5C330CC4190&page=1&sortorder=asc HTTP/1.1" 200 71690
46.229.168.147 - - [13/Apr/2020:08:11:07 +0200] "GET /ticket2/opencms/sv/venue/?countryid=C0984F56-34B3-2410-35BD-6A54606EFEFB HTTP/1.1" 200 94846
46.229.168.162 - - [13/Apr/2020:08:11:08 +0200] "GET /ticket2/opencms/sv/buy/?edid=D61D354B-F215-E04D-E63F-DA7A292BF693&page=1 HTTP/1.1" 200 71523
192.99.15.199 - - [13/Apr/2020:08:11:13 +0200] "GET /ticket2/opencms/sv/login/?edid=8ABC9B5C-8205-5074-5868-5C5E5D741195 HTTP/1.1" 200 67543
67.225.220.120 - - [13/Apr/2020:08:11:13 +0200] "GET /ticket2/opencms/sv/buy/?page=1&edid=BC1E5412-9D56-1C5F-4E48-5A2B4649D9E8 HTTP/1.1" 200 71535
198.204.244.90 - - [13/Apr/2020:08:11:15 +0200] "GET /ticket2/opencms/dk/buy/?page=1&edid=FE0D347F-B790-DD75-F37F-11E0E35595D4&sortorder=desc&column=price HTTP/1.1" 200 69307
46.229.168.154 - - [13/Apr/2020:08:11:21 +0200] "GET /ticket2/opencms/fi/buy/?column=row&edid=1C58C470-D3F9-186C-B32F-4F4A4C479079&page=1&sortorder=asc HTTP/1.1" 200 73277
46.229.168.134 - - [13/Apr/2020:08:11:22 +0200] "GET /ticket2/opencms/sv/buy/?column=section&edid=0A3542C4-2C38-210A-C335-CD494E25E6D2&page=1&sortorder=asc HTTP/1.1" 200 71397
46.229.168.147 - - [13/Apr/2020:08:11:23 +0200] "GET /ticket2/opencms/no/buy/?column=section&edid=D2F9046D-F61D-A0A1-F5E5-D5A3394BD6FD&page=1&sortorder=asc HTTP/1.1" 200 69819
46.229.168.152 - - [13/Apr/2020:08:11:23 +0200] "GET /ticket2/opencms/robots.txt HTTP/1.1" 200 773
46.229.168.143 - - [13/Apr/2020:08:11:32 +0200] "GET /ticket2/opencms/en/buy/?column=section&edid=8A35DA3C-1B64-C141-2948-F6ECF20D5CB1&page=1&sortorder=asc HTTP/1.1" 200 70645
46.229.168.148 - - [13/Apr/2020:08:11:33 +0200] "GET /ticket2/opencms/en/buy/?catid=CB847559-7ECA-CC50-D7D2-064AF0C06FB1&comcatid=0A6B8208-FDA4-E929-9D72-5312FD481B76 HTTP/1.1" 200 69204
173.208.130.202 - - [13/Apr/2020:08:11:38 +0200] "GET /ticket2/opencms/dk/buy/?page=1&edid=099FDC21-9563-60C3-D538-CF137C642027&sortorder=desc&column=section HTTP/1.1" 200 69300
46.229.168.152 - - [13/Apr/2020:08:11:38 +0200] "GET /ticket2/opencms/robots.txt HTTP/1.1" 200 773
69.30.198.186 - - [13/Apr/2020:08:11:41 +0200] "GET /ticket2/opencms/dk/buy/?page=1&edid=04527632-FEC3-6C78-8534-280A29C47364&sortorder=asc&column=price HTTP/1.1" 200 71172
192.99.4.168 - - [13/Apr/2020:08:11:45 +0200] "GET /ticket2/opencms/en/buy/?page=1&edid=0AB3DF35-C143-1804-D7B0-4D3E0C806A26&sortorder=asc&column=section HTTP/1.1" 200 71317
46.229.168.161 - - [13/Apr/2020:08:11:45 +0200] "GET /ticket2/opencms/fi/buy/?catid=53E7B32E-5CAA-6CE7-D6AA-FFC41D70EE01&comcatid=0A6B8208-FDA4-E929-9D72-5312FD481B76 HTTP/1.1" 200 70636
46.229.168.147 - - [13/Apr/2020:08:11:46 +0200] "GET /ticket2/opencms/en/sell/?edid=083412B6-9EF2-E01A-24FB-4AAAB2DEF1B1 HTTP/1.1" 302 -
5.9.71.213 - - [13/Apr/2020:08:11:47 +0200] "GET /ticket2/opencms/dk/buy/?page=1&edid=5B2E6B5B-74E9-CD30-D689-B625FF457737 HTTP/1.1" 200 69286
46.229.168.152 - - [13/Apr/2020:08:11:48 +0200] "GET /ticket2/opencms/no/buy/?column=price&edid=774A7EEA-D1B2-9FDE-0959-EF9630E0C317&page=1&sortorder=asc HTTP/1.1" 200 71263
46.229.168.139 - - [13/Apr/2020:08:11:53 +0200] "GET /ticket2/opencms/fi/buy/?column=price&edid=3540D81C-F6FC-6D24-C66B-CA5ECF06522B&page=1&sortorder=desc HTTP/1.1" 200 73026
114.119.164.18 - - [13/Apr/2020:08:11:55 +0200] "GET /ticket2/opencms/fi/buy/?page=1&edid=14401888-B36E-4BB6-0F28-21D471EFEDFE&sortorder=asc&column=section HTTP/1.1" 200 73807
192.99.15.199 - - [13/Apr/2020:08:11:55 +0200] "GET /ticket2/opencms/sv/login/?edid=8BA86FA9-C734-4E24-6C8F-AD29372A2A6B HTTP/1.1" 200 67543
192.99.37.116 - - [13/Apr/2020:08:12:02 +0200] "GET /ticket2/opencms/fi/buy/?page=1&edid=D5F77514-6365-CD51-9AFB-D0DD3E873E69&sortorder=asc&column=price HTTP/1.1" 200 72724
198.204.244.90 - - [13/Apr/2020:08:12:08 +0200] "GET /ticket2/opencms/dk/buy/?page=1&edid=FE0D347F-B790-DD75-F37F-11E0E35595D4&sortorder=desc&column=row HTTP/1.1" 200 69307
46.229.168.152 - - [13/Apr/2020:08:12:08 +0200] "GET /ticket2/opencms/sites/ticketbrokerage/nl/handbook_buyer/ HTTP/1.1" 404 -
173.208.130.202 - - [13/Apr/2020:08:12:25 +0200] "GET /ticket2/opencms/dk/buy/?page=1&edid=0A0433F4-F687-A1E5-59C6-9848148A91CB&sortorder=desc&column=section HTTP/1.1" 200 70730
5.9.71.213 - - [13/Apr/2020:08:12:27 +0200] "GET /ticket2/opencms/dk/buy/?page=1&edid=5B2E6B5B-74E9-CD30-D689-B625FF457737&sortorder=asc&column=price HTTP/1.1" 200 69322
46.229.168.139 - - [13/Apr/2020:08:12:32 +0200] "GET /ticket2/opencms/sv/buy/?column=section&edid=997D1A24-03AF-7EA1-343A-6B028BBCA519&page=1&sortorder=asc HTTP/1.1" 200 71808
69.30.198.186 - - [13/Apr/2020:08:12:33 +0200] "GET /ticket2/opencms/dk/buy/?page=1&edid=04527632-FEC3-6C78-8534-280A29C47364&sortorder=asc&column=row HTTP/1.1" 200 71172
198.204.244.90 - - [13/Apr/2020:08:12:34 +0200] "GET /ticket2/opencms/dk/buy/?page=1&edid=FE9A8ACB-C8DC-2145-7856-06F77AC0FB07&sortorder=desc&column=price HTTP/1.1" 200 70994
54.36.149.71 - - [13/Apr/2020:08:12:41 +0200] "GET /ticket2/opencms/fi/buy/?page=1&edid=206ED6C7-3CE7-5CA0-4BB3-B7330F14E50F HTTP/1.1" 200 74996
67.225.220.120 - - [13/Apr/2020:08:12:45 +0200] "GET /ticket2/opencms/en/buy/?page=1&edid=D4257B4D-221F-23FE-F1F6-6C524759B22C HTTP/1.1" 200 71137
192.99.15.199 - - [13/Apr/2020:08:12:45 +0200] "GET /ticket2/opencms/sv/login/?edid=8D5586FF-EAD9-2CFD-9039-829903E8DAE9 HTTP/1.1" 200 67543
46.229.168.148 - - [13/Apr/2020:08:12:47 +0200] "GET /ticket2/opencms/en/buy/?edid=C9287498-6E1F-DBF4-4549-10442CEAA9F5&page=1 HTTP/1.1" 200 73150
5.9.71.213 - - [13/Apr/2020:08:12:53 +0200] "GET /ticket2/opencms/dk/buy/?page=1&edid=5B2E6B5B-74E9-CD30-D689-B625FF457737&sortorder=asc&column=row HTTP/1.1" 200 69322
192.99.37.116 - - [13/Apr/2020:08:12:56 +0200] "GET /ticket2/opencms/fi/buy/?page=1&edid=D5F77514-6365-CD51-9AFB-D0DD3E873E69&sortorder=asc&column=row HTTP/1.1" 200 72724
46.229.168.150 - - [13/Apr/2020:08:12:57 +0200] "GET /ticket2/opencms/sv/buy/?column=section&edid=05C0128A-02F8-C30A-2654-0B16EDFDCD9B&page=1&sortorder=asc HTTP/1.1" 200 71368
54.36.148.94 - - [13/Apr/2020:08:12:57 +0200] "GET /ticket2/opencms/en/buy/?page=1&edid=D1EF0F6B-A1D9-3144-2C8D-BD026F6FEB3F HTTP/1.1" 200 72403
46.229.168.143 - - [13/Apr/2020:08:13:04 +0200] "GET /ticket2/opencms/nl/buy/?edid=2D6008FC-74D0-B42D-D394-6581AA02F839&page=1 HTTP/1.1" 200 71016
192.99.5.228 - - [13/Apr/2020:08:13:05 +0200] "GET /ticket2/opencms/dk/buy/?page=1&edid=0423F886-7646-C776-7223-998CA06B03B8&sortorder=asc&column=price HTTP/1.1" 200 69348
46.229.168.141 - - [13/Apr/2020:08:13:14 +0200] "GET /ticket2/opencms/en/buy/?column=price&edid=8F20E4A2-9446-8C15-E6D6-191BA8C6686F&page=1&sortorder=desc HTTP/1.1" 200 69243
46.229.168.131 - - [13/Apr/2020:08:13:16 +0200] "GET /ticket2/opencms/no/buy/?eventid=E905DA2C-5D8D-BA69-DE15-192CCE2B6813&page=10 HTTP/1.1" 200 67172
46.229.168.142 - - [13/Apr/2020:08:13:20 +0200] "GET /ticket2/opencms/nl/buy/?column=section&edid=C03521F2-41EE-6C48-45C4-DE14E2CF6CA2&page=1&sortorder=desc HTTP/1.1" 200 71317
198.204.244.90 - - [13/Apr/2020:08:13:21 +0200] "GET /ticket2/opencms/dk/buy/?page=1&edid=FE9A8ACB-C8DC-2145-7856-06F77AC0FB07&sortorder=desc&column=row HTTP/1.1" 200 70994
192.99.4.168 - - [13/Apr/2020:08:13:22 +0200] "GET /ticket2/opencms/en/buy/?page=1&edid=0ADDE807-1F64-7C42-2B95-2EDB1EF373D1&sortorder=asc&column=section HTTP/1.1" 200 69252
46.229.168.130 - - [13/Apr/2020:08:13:25 +0200] "GET /ticket2/opencms/fi/buy/?column=row&edid=083412B6-9EF2-E01A-24FB-4AAAB2DEF1B1&page=1&sortorder=asc HTTP/1.1" 200 70632
173.208.130.202 - - [13/Apr/2020:08:13:27 +0200] "GET /ticket2/opencms/dk/buy/?page=1&edid=0B1DFE74-E96C-992F-F64C-5709A1D86A1D&sortorder=desc&column=section HTTP/1.1" 200 70778
192.99.15.199 - - [13/Apr/2020:08:13:27 +0200] "GET /ticket2/opencms/sv/login/?edid=8DDE8B67-2000-FC13-BC50-206499AE7292 HTTP/1.1" 200 67543
66.249.79.89 - - [13/Apr/2020:08:13:28 +0200] "GET /ticket2/opencms/sv/venue/?countryid=D9C90621-DB02-1B5C-863E-8CD5BDDB79A3 HTTP/1.1" 200 95305
173.208.130.202 - - [13/Apr/2020:08:13:30 +0200] "GET /ticket2/opencms/dk/buy/?page=1&edid=0B99F264-DDE8-4DC8-6523-EAB707062740&sortorder=asc&column=price HTTP/1.1" 200 69304
46.229.168.148 - - [13/Apr/2020:08:13:32 +0200] "GET /ticket2/opencms/en/buy/?edid=C9287498-6E1F-DBF4-4549-10442CEAA9F5&page=1 HTTP/1.1" 200 73150
46.229.168.143 - - [13/Apr/2020:08:13:33 +0200] "GET /ticket2/opencms/nl/buy/?edid=2D6008FC-74D0-B42D-D394-6581AA02F839&page=1 HTTP/1.1" 200 71016
198.204.244.90 - - [13/Apr/2020:08:13:33 +0200] "GET /ticket2/opencms/dk/buy/?page=6&comcatid=A17713B6-D984-201A-4143-ED4DB5ED5C2E&catid=7EF04817-972D-18B1-F941-DE800D088075&eventid=0273BB03-23F4-FF1F-8ED5-09150C503D8D HTTP/1.1" 200 76709
69.30.198.186 - - [13/Apr/2020:08:13:36 +0200] "GET /ticket2/opencms/dk/buy/?page=1&edid=04527632-FEC3-6C78-8534-280A29C47364&sortorder=asc&column=section HTTP/1.1" 200 71172
54.36.150.149 - - [13/Apr/2020:08:13:37 +0200] "GET /ticket2/opencms/sv/buy/?page=1&edid=5A3CFCAF-8CA9-0919-4BBF-3A04C1DC2C7B HTTP/1.1" 200 70786
46.229.168.140 - - [13/Apr/2020:08:13:38 +0200] "GET /ticket2/opencms/nl/buy/?column=row&edid=64BD559B-614F-083E-80BA-E7DAF6245135&page=1&sortorder=desc HTTP/1.1" 200 70222
5.9.71.213 - - [13/Apr/2020:08:13:39 +0200] "GET /ticket2/opencms/dk/buy/?page=1&edid=5B2E6B5B-74E9-CD30-D689-B625FF457737&sortorder=asc&column=section HTTP/1.1" 200 69322
192.99.37.116 - - [13/Apr/2020:08:13:59 +0200] "GET /ticket2/opencms/fi/buy/?page=1&edid=D5F77514-6365-CD51-9AFB-D0DD3E873E69&sortorder=asc&column=section HTTP/1.1" 200 72724
46.229.168.147 - - [13/Apr/2020:08:14:00 +0200] "GET /ticket2/opencms/sv/buy/?column=section&edid=139817EF-970B-30CF-DFF4-4A24563A5DA4&page=1&sortorder=desc HTTP/1.1" 200 69465
46.229.168.145 - - [13/Apr/2020:08:14:05 +0200] "GET /ticket2/opencms/ru/buy/?edid=11EC6129-2F99-7195-7BFE-4C3510BAD9C9&page=1 HTTP/1.1" 200 71870
46.229.168.130 - - [13/Apr/2020:08:14:06 +0200] "GET /ticket2/opencms/fi/buy/?column=row&edid=083412B6-9EF2-E01A-24FB-4AAAB2DEF1B1&page=1&sortorder=asc HTTP/1.1" 200 70632
46.229.168.130 - - [13/Apr/2020:08:14:08 +0200] "GET /ticket2/opencms/no/buy/?column=section&edid=9B5FF650-6073-5E8D-792C-56A70F14541A&page=1&sortorder=asc HTTP/1.1" 200 71730
46.229.168.139 - - [13/Apr/2020:08:14:13 +0200] "GET /ticket2/opencms/en/buy/?column=row&edid=9263EAC5-5427-208C-7E6A-45CCA8FF03D4&page=1&sortorder=desc HTTP/1.1" 200 69262
198.204.244.90 - - [13/Apr/2020:08:14:13 +0200] "GET /ticket2/opencms/dk/buy/?page=6&comcatid=A17713B6-D984-201A-4143-ED4DB5ED5C2E&catid=7EF04817-972D-18B1-F941-DE800D088075&eventid=19FE0ECF-0C15-9916-F4F4-CFCB91C42B1A HTTP/1.1" 200 76709
66.249.79.85 - - [13/Apr/2020:08:14:13 +0200] "GET /ticket2/opencms/sv/venue/?countryid=C4D16A7F-3F94-CF6E-7376-231BD32DC9BF HTTP/1.1" 200 94846
192.99.15.199 - - [13/Apr/2020:08:14:15 +0200] "GET /ticket2/opencms/sv/login/?edid=8FAAAF51-435F-0366-FD72-F6E5965C17B8 HTTP/1.1" 200 67543
173.208.130.202 - - [13/Apr/2020:08:14:19 +0200] "GET /ticket2/opencms/dk/buy/?page=1&edid=0B99F264-DDE8-4DC8-6523-EAB707062740&sortorder=asc&column=row HTTP/1.1" 200 69304
46.229.168.148 - - [13/Apr/2020:08:14:38 +0200] "GET /ticket2/opencms/fi/buy/?column=section&edid=71063979-8EC0-A41A-F00E-124A141F7124&page=1&sortorder=desc HTTP/1.1" 200 72519
69.30.198.186 - - [13/Apr/2020:08:14:42 +0200] "GET /ticket2/opencms/dk/buy/?page=1&edid=04527632-FEC3-6C78-8534-280A29C47364&sortorder=desc&column=price HTTP/1.1" 200 71171
192.99.4.168 - - [13/Apr/2020:08:14:44 +0200] "GET /ticket2/opencms/en/buy/?page=1&edid=0B1DFE74-E96C-992F-F64C-5709A1D86A1D&sortorder=asc&column=price HTTP/1.1" 200 70692
207.46.13.182 - - [13/Apr/2020:08:14:44 +0200] "GET /ticket2/opencms/sv/sport/hockeybiljetter/nhl/montreal-canadiens/ HTTP/1.1" 200 67876
114.119.161.181 - - [13/Apr/2020:08:14:55 +0200] "GET /ticket2/opencms/no/buy/?page=1&edid=081EE01A-3277-D451-A064-8BE12CA4E327 HTTP/1.1" 200 71182
46.229.168.161 - - [13/Apr/2020:08:14:59 +0200] "GET /ticket2/opencms/ru/buy/?column=row&edid=21B00938-DE33-735F-AEF6-E79DC0D1781F&page=1&sortorder=asc HTTP/1.1" 200 70259
46.229.168.130 - - [13/Apr/2020:08:14:59 +0200] "GET /ticket2/opencms/no/buy/?column=section&edid=9B5FF650-6073-5E8D-792C-56A70F14541A&page=1&sortorder=asc HTTP/1.1" 200 71730
198.204.244.90 - - [13/Apr/2020:08:15:09 +0200] "GET /ticket2/opencms/dk/buy/?page=6&comcatid=A17713B6-D984-201A-4143-ED4DB5ED5C2E&catid=7EF04817-972D-18B1-F941-DE800D088075&eventid=1C6FE071-A7CF-3CA2-9402-E797C29F5F3B HTTP/1.1" 200 76709
46.229.168.129 - - [13/Apr/2020:08:15:18 +0200] "GET /ticket2/opencms/en/buy/?edid=206ED6C7-3CE7-5CA0-4BB3-B7330F14E50F&page=1 HTTP/1.1" 200 73572
173.208.130.202 - - [13/Apr/2020:08:15:21 +0200] "GET /ticket2/opencms/dk/buy/?page=1&edid=0B99F264-DDE8-4DC8-6523-EAB707062740&sortorder=asc&column=section HTTP/1.1" 200 69304
192.99.5.228 - - [13/Apr/2020:08:15:23 +0200] "GET /ticket2/opencms/dk/buy/?page=1&edid=0423F886-7646-C776-7223-998CA06B03B8&sortorder=asc&column=row HTTP/1.1" 200 69348
46.229.168.152 - - [13/Apr/2020:08:15:34 +0200] "GET /ticket2/opencms/en/buy/?column=section&edid=5D74E73C-0E56-C1EE-B9A0-852ACD0BE0AB&page=1&sortorder=desc HTTP/1.1" 200 71318
216.245.221.82 - - [13/Apr/2020:08:15:34 +0200] "HEAD /ticket2/opencms/ HTTP/1.1" 302 -
192.99.15.199 - - [13/Apr/2020:08:15:34 +0200] "GET /ticket2/opencms/sv/login/?edid=9494FC4F-F552-A105-03DC-9240AF0DDC45 HTTP/1.1" 200 67543
67.225.220.120 - - [13/Apr/2020:08:15:37 +0200] "GET /ticket2/opencms/sv/buy/?page=1&edid=650FDD1F-5A1C-AEA4-D5C4-D336D1D7E3C6 HTTP/1.1" 200 71539
192.99.37.116 - - [13/Apr/2020:08:15:47 +0200] "GET /ticket2/opencms/fi/buy/?page=1&edid=D6E70B72-39E0-1850-AB2F-AE94BBCCC29C&sortorder=asc&column=row HTTP/1.1" 200 72094
173.208.130.202 - - [13/Apr/2020:08:15:48 +0200] "GET /ticket2/opencms/dk/buy/?page=1&edid=0B99F264-DDE8-4DC8-6523-EAB707062740&sortorder=desc&column=price HTTP/1.1" 200 69303
46.229.168.161 - - [13/Apr/2020:08:15:54 +0200] "GET /ticket2/opencms/ru/buy/?column=row&edid=21B00938-DE33-735F-AEF6-E79DC0D1781F&page=1&sortorder=asc HTTP/1.1" 200 70259
46.229.168.153 - - [13/Apr/2020:08:15:58 +0200] "GET /ticket2/opencms/fi/buy/?column=price&edid=CFB00141-297E-C048-020A-09E02D385501&page=1&sortorder=asc HTTP/1.1" 200 73368
46.229.168.137 - - [13/Apr/2020:08:15:58 +0200] "GET /ticket2/opencms/sv/buy/?catid=5A89E483-58AD-080E-F363-E16CE738916A&comcatid=A17713B6-D984-201A-4143-ED4DB5ED5C2E&eventid=9EBA816E-ACE8-8A8A-80D8-FCF53CF6A4DB&page=6 HTTP/1.1" 200 75890
198.204.244.90 - - [13/Apr/2020:08:15:58 +0200] "GET /ticket2/opencms/dk/buy/?page=6&comcatid=A17713B6-D984-201A-4143-ED4DB5ED5C2E&catid=7EF04817-972D-18B1-F941-DE800D088075&eventid=4F13C835-C906-BA10-C5F1-39D36509B413 HTTP/1.1" 200 76709
46.229.168.153 - - [13/Apr/2020:08:16:01 +0200] "GET /ticket2/opencms/fi/buy/?edid=D5299377-114D-E85A-E06B-1E0425900906&page=1 HTTP/1.1" 200 72506
46.229.168.129 - - [13/Apr/2020:08:16:05 +0200] "GET /ticket2/opencms/en/buy/?edid=206ED6C7-3CE7-5CA0-4BB3-B7330F14E50F&page=1 HTTP/1.1" 200 73572
69.30.198.186 - - [13/Apr/2020:08:16:09 +0200] "GET /ticket2/opencms/dk/buy/?page=1&edid=04527632-FEC3-6C78-8534-280A29C47364&sortorder=desc&column=row HTTP/1.1" 200 71171
66.249.79.85 - - [13/Apr/2020:08:16:11 +0200] "GET /ticket2/opencms/sv/sport/fotbollsbiljetter/premier_league/manchester_city/ HTTP/1.1" 200 72912
46.229.168.152 - - [13/Apr/2020:08:16:14 +0200] "GET /ticket2/opencms/en/buy/?column=section&edid=5D74E73C-0E56-C1EE-B9A0-852ACD0BE0AB&page=1&sortorder=desc HTTP/1.1" 200 71318
192.99.4.168 - - [13/Apr/2020:08:16:21 +0200] "GET /ticket2/opencms/en/buy/?page=1&edid=0B1DFE74-E96C-992F-F64C-5709A1D86A1D&sortorder=asc&column=row HTTP/1.1" 200 70692
46.229.168.163 - - [13/Apr/2020:08:16:26 +0200] "GET /ticket2/opencms/en/buy/?column=section&edid=7252A51A-97AC-D81E-2DC0-946206EF80FD&page=1&sortorder=desc HTTP/1.1" 200 71343
46.229.168.153 - - [13/Apr/2020:08:16:28 +0200] "GET /ticket2/opencms/fi/buy/?column=price&edid=CFB00141-297E-C048-020A-09E02D385501&page=1&sortorder=asc HTTP/1.1" 200 73368
173.208.130.202 - - [13/Apr/2020:08:16:33 +0200] "GET /ticket2/opencms/dk/buy/?page=1&edid=0B99F264-DDE8-4DC8-6523-EAB707062740&sortorder=desc&column=section HTTP/1.1" 200 69303
192.99.15.199 - - [13/Apr/2020:08:16:33 +0200] "GET /ticket2/opencms/sv/login/?edid=9526AF0D-0D8C-34BF-A3E7-A80C1F296237 HTTP/1.1" 200 67543
67.225.220.120 - - [13/Apr/2020:08:16:33 +0200] "GET /ticket2/opencms/en/buy/?page=1&edid=7AC6ABB3-09AC-6373-722A-4325330B2FBA HTTP/1.1" 200 71082
67.225.220.120 - - [13/Apr/2020:08:16:40 +0200] "GET /ticket2/opencms/en/buy/?page=1&edid=B82C7457-23A7-971E-3494-C851AC146F1A HTTP/1.1" 200 69196
46.229.168.142 - - [13/Apr/2020:08:16:40 +0200] "GET /ticket2/opencms/sv/sport/fotbollsbiljetter/premier_league/fulham/ HTTP/1.1" 404 -
46.229.168.153 - - [13/Apr/2020:08:16:42 +0200] "GET /ticket2/opencms/fi/buy/?edid=D5299377-114D-E85A-E06B-1E0425900906&page=1 HTTP/1.1" 200 72506
198.204.244.90 - - [13/Apr/2020:08:16:42 +0200] "GET /ticket2/opencms/dk/buy/?page=6&comcatid=A17713B6-D984-201A-4143-ED4DB5ED5C2E&catid=7EF04817-972D-18B1-F941-DE800D088075&eventid=9608B88D-4751-0A24-32DD-71608FAA71C6 HTTP/1.1" 200 76709
192.99.37.116 - - [13/Apr/2020:08:16:44 +0200] "GET /ticket2/opencms/fi/buy/?page=1&edid=D6E70B72-39E0-1850-AB2F-AE94BBCCC29C&sortorder=asc&column=section HTTP/1.1" 200 72094
46.229.168.143 - - [13/Apr/2020:08:16:44 +0200] "GET /ticket2/opencms/nl/buy/?edid=7FC0EEA1-6F3F-9563-B3A7-BDCC9E769DFD&page=1 HTTP/1.1" 200 71485
46.229.168.153 - - [13/Apr/2020:08:16:48 +0200] "GET /ticket2/opencms/en/buy/?column=row&edid=C090741C-82C7-FDC9-B620-4CE3ECA981A8&page=1&sortorder=asc HTTP/1.1" 200 71149
114.119.162.152 - - [13/Apr/2020:08:16:58 +0200] "GET /ticket2/opencms/fi/buy/?page=1&edid=1C58C470-D3F9-186C-B32F-4F4A4C479079 HTTP/1.1" 200 73241
192.99.5.228 - - [13/Apr/2020:08:17:00 +0200] "GET /ticket2/opencms/dk/buy/?page=1&edid=0423F886-7646-C776-7223-998CA06B03B8&sortorder=asc&column=section HTTP/1.1" 200 69348
46.229.168.163 - - [13/Apr/2020:08:17:05 +0200] "GET /ticket2/opencms/en/buy/?column=section&edid=7252A51A-97AC-D81E-2DC0-946206EF80FD&page=1&sortorder=desc HTTP/1.1" 200 71343
46.229.168.137 - - [13/Apr/2020:08:17:07 +0200] "GET /ticket2/opencms/en/buy/?column=price&edid=56F7A79F-ED6D-503D-46E5-CD44AF89319D&page=1&sortorder=asc HTTP/1.1" 200 71970
69.30.198.186 - - [13/Apr/2020:08:17:08 +0200] "GET /ticket2/opencms/dk/buy/?page=1&edid=04549661-051F-62B6-4F9A-02C4053C75AA&sortorder=asc&column=price HTTP/1.1" 200 69320
54.36.148.75 - - [13/Apr/2020:08:17:08 +0200] "GET /ticket2/opencms/sv/faq/ HTTP/1.1" 200 69799
46.229.168.162 - - [13/Apr/2020:08:17:12 +0200] "GET /ticket2/opencms/sv/buy/?column=price&edid=82F19FA2-FA7A-0459-E232-50321BC9E2B5&page=1&sortorder=desc HTTP/1.1" 200 69509
173.208.130.202 - - [13/Apr/2020:08:17:13 +0200] "GET /ticket2/opencms/dk/buy/?page=1&edid=0CBE0C4B-CAFA-A010-EA66-542E1AA0C527&sortorder=desc&column=row HTTP/1.1" 200 71189
