192.99.15.199 - - [13/Apr/2020:08:28:15 +0200] "GET /ticket2/opencms/sv/login/?edid=AFC32FFD-1720-90C6-B617-5D601DF0900B HTTP/1.1" 200 67543
192.99.37.116 - - [13/Apr/2020:08:28:18 +0200] "GET /ticket2/opencms/fi/buy/?page=1&edid=DDC7599B-D07F-381D-5227-9E1873654D32&sortorder=asc&column=section HTTP/1.1" 200 70656
46.229.168.134 - - [13/Apr/2020:08:28:21 +0200] "GET /ticket2/opencms/sv/buy/?edid=9B9311EB-B4D2-9499-BE79-EAD276FCD2D7&page=1 HTTP/1.1" 200 73783
46.229.168.145 - - [13/Apr/2020:08:28:27 +0200] "GET /ticket2/opencms/fi/buy/?column=price&edid=D1432DC5-8C12-57F3-7E74-A2642DC12ED3&page=1&sortorder=asc HTTP/1.1" 200 73370
95.216.20.54 - - [13/Apr/2020:08:28:27 +0200] "GET /ticket2/opencms/fi/login/?edid=4651B641-1BF4-5B93-B666-F19E86CE32C8 HTTP/1.1" 200 68719
69.30.198.186 - - [13/Apr/2020:08:28:31 +0200] "GET /ticket2/opencms/dk/buy/?page=1&edid=0454CC59-46BC-A971-7716-2C07137D3EE2&sortorder=desc&column=section HTTP/1.1" 200 69286
46.229.168.144 - - [13/Apr/2020:08:28:35 +0200] "GET /ticket2/opencms/fi/buy/?column=row&edid=FCDEE0D5-8A78-E67A-3598-6D8F08248119&page=1&sortorder=desc HTTP/1.1" 200 72721
95.216.20.54 - - [13/Apr/2020:08:28:35 +0200] "GET /ticket2/opencms/fi/login/?edid=46D76B29-FAEB-68DD-CFAD-97926EF88CBB HTTP/1.1" 200 68719
46.229.168.144 - - [13/Apr/2020:08:28:36 +0200] "GET /ticket2/opencms/fi/buy/?column=price&edid=A4B258AC-1606-5FD3-B2FB-841EDDE64B47&page=1&sortorder=desc HTTP/1.1" 200 72047
46.229.168.151 - - [13/Apr/2020:08:28:43 +0200] "GET /ticket2/opencms/sv/buy/?edid=A1B541ED-E844-879B-8E30-DCE11620E20A&page=1 HTTP/1.1" 200 71572
46.229.168.151 - - [13/Apr/2020:08:28:43 +0200] "GET /ticket2/opencms/no/sport/fotballsbilletter/serie_a/ HTTP/1.1" 200 71850
95.216.20.54 - - [13/Apr/2020:08:28:43 +0200] "GET /ticket2/opencms/fi/login/?edid=4B8DF2AC-42E6-6C5D-F1CE-0DA3D8253356 HTTP/1.1" 200 68719
5.9.71.213 - - [13/Apr/2020:08:28:44 +0200] "GET /ticket2/opencms/dk/buy/?page=1&edid=615C56F3-C0DF-3EAA-3F5D-6B586A7FBFB9 HTTP/1.1" 200 70694
46.229.168.136 - - [13/Apr/2020:08:28:45 +0200] "GET /ticket2/opencms/en/buy/?edid=5D493DC0-3521-1F48-FB59-88048F0708BF&page=1 HTTP/1.1" 200 70840
46.229.168.151 - - [13/Apr/2020:08:28:45 +0200] "GET /ticket2/opencms/fi/sell/?edid=FE2D26DA-283C-AC2E-AF07-359BD019A1DD HTTP/1.1" 302 -
54.36.149.58 - - [13/Apr/2020:08:28:47 +0200] "GET /ticket2/opencms/ru/buy/?page=1&edid=8D125337-1EBE-A81A-53BF-30167193D5A6 HTTP/1.1" 200 70195
192.99.5.228 - - [13/Apr/2020:08:28:49 +0200] "GET /ticket2/opencms/dk/buy/?page=1&edid=0B1DFE74-E96C-992F-F64C-5709A1D86A1D&sortorder=asc&column=section HTTP/1.1" 200 70779
46.229.168.135 - - [13/Apr/2020:08:28:53 +0200] "GET /ticket2/opencms/sv/buy/?column=price&edid=4D0AE9B7-3FC7-8828-8150-08AA80E3B754&page=1&sortorder=asc HTTP/1.1" 200 70893
192.99.15.199 - - [13/Apr/2020:08:28:53 +0200] "GET /ticket2/opencms/sv/login/?edid=B2E5BFF4-A3CD-3EDE-214C-30C8A05EA888 HTTP/1.1" 200 67543
95.216.20.54 - - [13/Apr/2020:08:28:53 +0200] "GET /ticket2/opencms/fi/login/?edid=4C433C59-5FE9-0C43-7DAC-788A4C3689C5 HTTP/1.1" 200 68719
208.110.93.78 - - [13/Apr/2020:08:28:59 +0200] "GET /ticket2/opencms/no/buy/?page=1&edid=B48DB9DE-88DE-8188-5DC7-3BEC81F3F53F&sortorder=desc&column=price HTTP/1.1" 200 69821
54.36.150.34 - - [13/Apr/2020:08:28:59 +0200] "GET /ticket2/opencms/sv/venue/?venueid=A3B71C1B-E926-B112-21C1-4B4246731BD7 HTTP/1.1" 200 65485
46.229.168.134 - - [13/Apr/2020:08:29:02 +0200] "GET /ticket2/opencms/sv/buy/?edid=9B9311EB-B4D2-9499-BE79-EAD276FCD2D7&page=1 HTTP/1.1" 200 73783
46.229.168.148 - - [13/Apr/2020:08:29:06 +0200] "GET /ticket2/opencms/fi/buy/?column=section&edid=45DCB967-7B5E-F4FD-A010-9BC9A67F7CD6&page=1&sortorder=desc HTTP/1.1" 200 70659
46.229.168.129 - - [13/Apr/2020:08:29:11 +0200] "GET /ticket2/opencms/no/buy/?column=price&edid=FFB17C01-ED75-27AF-8C5A-B4FCC8F6A8DC&page=1&sortorder=asc HTTP/1.1" 200 71694
95.216.20.54 - - [13/Apr/2020:08:29:11 +0200] "GET /ticket2/opencms/fi/login/?edid=4D2F445E-41F2-D1B5-FB0F-62C7C9AFC907 HTTP/1.1" 200 68719
157.55.39.92 - - [13/Apr/2020:08:29:12 +0200] "GET /ticket2/opencms/dk/sport/fodboldbilletter/premier-league/arsenal/ HTTP/1.1" 200 71242
192.99.37.116 - - [13/Apr/2020:08:29:13 +0200] "GET /ticket2/opencms/fi/buy/?page=1&edid=DED8B8D3-5A2A-3FF7-3F3B-8C7FAC67E2E1&sortorder=asc&column=price HTTP/1.1" 200 72082
46.229.168.148 - - [13/Apr/2020:08:29:14 +0200] "GET /ticket2/opencms/sv/buy/?column=section&edid=F8F46E23-7D11-DB64-2DCC-CFF43B2094D4&page=1&sortorder=asc HTTP/1.1" 200 69485
5.9.71.213 - - [13/Apr/2020:08:29:15 +0200] "GET /ticket2/opencms/dk/buy/?page=1&edid=6391B8D2-4805-E3DF-858D-572DEDE95203&sortorder=desc&column=price HTTP/1.1" 200 71708
46.229.168.150 - - [13/Apr/2020:08:29:15 +0200] "GET /ticket2/opencms/nl/buy/?column=price&edid=38B35C60-3642-D9FF-D23B-B799877F4C81&page=1&sortorder=desc HTTP/1.1" 200 68345
46.229.168.148 - - [13/Apr/2020:08:29:17 +0200] "GET /ticket2/opencms/fi/buy/?column=price&edid=6CE73640-861F-E63B-F569-7CD77E2D3806&page=1&sortorder=asc HTTP/1.1" 200 72039
46.229.168.140 - - [13/Apr/2020:08:29:23 +0200] "GET /ticket2/opencms/nl/buy/?column=price&edid=8667701E-28DF-A59A-CCDA-A7512E6BD694&page=1&sortorder=asc HTTP/1.1" 200 70418
95.216.20.54 - - [13/Apr/2020:08:29:23 +0200] "GET /ticket2/opencms/fi/login/?edid=4D9E9B53-D6C2-EBD3-ECBD-EC61B335C986 HTTP/1.1" 200 68719
46.229.168.161 - - [13/Apr/2020:08:29:24 +0200] "GET /ticket2/opencms/sv/buy/?column=price&edid=EB9B2650-FD8D-90CB-E889-0D0B52112AB1&page=1&sortorder=desc HTTP/1.1" 200 71351
46.229.168.153 - - [13/Apr/2020:08:29:26 +0200] "GET /ticket2/opencms/sv/buy/?column=section&edid=6746D547-58E0-E059-5EA6-B180F3DC37DC&page=1&sortorder=desc HTTP/1.1" 200 71557
199.58.86.209 - - [13/Apr/2020:08:29:26 +0200] "GET /ticket2/opencms/ HTTP/1.1" 302 -
46.229.168.150 - - [13/Apr/2020:08:29:26 +0200] "GET /ticket2/opencms/dk/sell/?edid=3930902F-44C9-0DA4-854E-41262D5A61CF HTTP/1.1" 302 -
114.119.165.42 - - [13/Apr/2020:08:29:27 +0200] "GET /ticket2/opencms/dk/buy/?page=1&edid=BCCE5493-7F07-107D-7782-B1E85DBB415D&sortorder=desc&column=section HTTP/1.1" 200 69313
192.99.15.199 - - [13/Apr/2020:08:29:27 +0200] "GET /ticket2/opencms/sv/login/?edid=B3A1A135-6C5D-DD4C-09F0-4E5D0C58EA60 HTTP/1.1" 200 67543
192.99.4.168 - - [13/Apr/2020:08:29:28 +0200] "GET /ticket2/opencms/en/buy/?page=1&edid=0E658288-02D3-BB03-7C93-2B756063BA20&sortorder=asc&column=price HTTP/1.1" 200 71823
69.30.198.186 - - [13/Apr/2020:08:29:34 +0200] "GET /ticket2/opencms/dk/buy/?page=1&edid=047105FD-DE17-D5F7-7E4F-6CC4D02795CE&sortorder=asc&column=price HTTP/1.1" 200 70760
208.110.93.78 - - [13/Apr/2020:08:29:38 +0200] "GET /ticket2/opencms/no/buy/?page=1&edid=B48DB9DE-88DE-8188-5DC7-3BEC81F3F53F&sortorder=desc&column=row HTTP/1.1" 200 69821
95.216.20.54 - - [13/Apr/2020:08:29:38 +0200] "GET /ticket2/opencms/fi/login/?edid=511DBE77-4302-11AC-20DF-EC763D451874 HTTP/1.1" 200 68719
46.229.168.154 - - [13/Apr/2020:08:29:42 +0200] "GET /ticket2/opencms/sv/buy/?column=section&edid=9AF124C6-5B34-2B8A-552A-D414DC7130F3&page=1&sortorder=desc HTTP/1.1" 200 71855
46.229.168.139 - - [13/Apr/2020:08:29:53 +0200] "GET /ticket2/opencms/sv/buy/?column=price&edid=4224939F-C5ED-BCC9-2F5E-1F887689BD23&page=1&sortorder=desc HTTP/1.1" 200 70898
46.229.168.132 - - [13/Apr/2020:08:29:55 +0200] "GET /ticket2/opencms/en/buy/?column=section&edid=080DEC25-34C8-7AA7-E30D-904E332D4A16&page=1&sortorder=desc HTTP/1.1" 200 71156
5.9.71.213 - - [13/Apr/2020:08:29:56 +0200] "GET /ticket2/opencms/dk/buy/?page=1&edid=6391B8D2-4805-E3DF-858D-572DEDE95203&sortorder=desc&column=row HTTP/1.1" 200 71708
208.110.93.78 - - [13/Apr/2020:08:30:03 +0200] "GET /ticket2/opencms/no/buy/?page=1&edid=B4A753EA-BEA7-684D-3418-F6676D743299 HTTP/1.1" 200 69781
95.216.20.54 - - [13/Apr/2020:08:30:03 +0200] "GET /ticket2/opencms/fi/login/?edid=5BED4F96-461F-3406-5552-6C548F77CB08 HTTP/1.1" 200 68719
46.229.168.148 - - [13/Apr/2020:08:30:03 +0200] "GET /ticket2/opencms/robots.txt HTTP/1.1" 200 773
192.99.37.116 - - [13/Apr/2020:08:30:04 +0200] "GET /ticket2/opencms/fi/buy/?page=1&edid=DED8B8D3-5A2A-3FF7-3F3B-8C7FAC67E2E1&sortorder=asc&column=section HTTP/1.1" 200 72082
46.229.168.148 - - [13/Apr/2020:08:30:04 +0200] "GET /ticket2/opencms/nl/sell/?edid=82C986F9-0D6E-C921-C10B-10465651AE1E HTTP/1.1" 302 -
77.75.79.11 - - [13/Apr/2020:08:30:04 +0200] "GET /ticket2/opencms/robots.txt HTTP/1.1" 200 773
192.99.5.228 - - [13/Apr/2020:08:30:06 +0200] "GET /ticket2/opencms/dk/buy/?page=1&edid=0B99F264-DDE8-4DC8-6523-EAB707062740&sortorder=asc&column=price HTTP/1.1" 200 69304
46.229.168.131 - - [13/Apr/2020:08:30:06 +0200] "GET /ticket2/opencms/en/venue/?countryid=EFCDD4BE-2B2E-DD3B-EFFB-83BD42354573 HTTP/1.1" 200 103997
46.229.168.148 - - [13/Apr/2020:08:30:17 +0200] "GET /ticket2/opencms/sv/buy/?column=section&edid=CE19E882-E576-3254-1961-57D7F61D3D2A&page=1&sortorder=desc HTTP/1.1" 200 71560
46.229.168.148 - - [13/Apr/2020:08:30:17 +0200] "GET /ticket2/opencms/robots.txt HTTP/1.1" 200 773
67.225.220.120 - - [13/Apr/2020:08:30:21 +0200] "GET /ticket2/opencms/en/buy/?page=1&edid=D371ACB6-91F7-1544-360B-53D15191D9F7 HTTP/1.1" 200 71576
46.229.168.131 - - [13/Apr/2020:08:30:31 +0200] "GET /ticket2/opencms/dk/sport/fodboldbilletter/bundesliga/frankfurt/ HTTP/1.1" 200 67982
46.229.168.143 - - [13/Apr/2020:08:30:31 +0200] "GET /ticket2/opencms/fi/venue/?venueid=E5062924-B4F3-0DE7-D5ED-74F1F93777E1 HTTP/1.1" 200 66424
192.99.15.199 - - [13/Apr/2020:08:30:31 +0200] "GET /ticket2/opencms/sv/login/?edid=B48DB9DE-88DE-8188-5DC7-3BEC81F3F53F HTTP/1.1" 200 67543
5.9.71.213 - - [13/Apr/2020:08:30:33 +0200] "GET /ticket2/opencms/dk/buy/?page=1&edid=6391B8D2-4805-E3DF-858D-572DEDE95203&sortorder=desc&column=section HTTP/1.1" 200 71708
95.216.20.54 - - [13/Apr/2020:08:30:33 +0200] "GET /ticket2/opencms/fi/login/?edid=5C822312-AD78-519B-498C-5A897678D6CE HTTP/1.1" 200 68719
46.229.168.152 - - [13/Apr/2020:08:30:34 +0200] "GET /ticket2/opencms/no/buy/?column=row&edid=7A7AA818-DDC7-0640-E83C-722520D16871&page=1&sortorder=asc HTTP/1.1" 200 72541
54.36.150.21 - - [13/Apr/2020:08:30:44 +0200] "GET /ticket2/opencms/en/buy/?page=1&edid=3CDF5C47-F119-044A-E023-A8203DA7A174 HTTP/1.1" 200 70660
46.229.168.133 - - [13/Apr/2020:08:30:46 +0200] "GET /ticket2/opencms/fi/buy/?edid=74AB5A47-FA53-0B09-3D6B-CA67984DC604&page=1 HTTP/1.1" 200 72044
46.229.168.131 - - [13/Apr/2020:08:30:46 +0200] "GET /ticket2/opencms/dk/sport/fodboldbilletter/bundesliga/frankfurt/ HTTP/1.1" 200 67982
208.110.93.78 - - [13/Apr/2020:08:30:52 +0200] "GET /ticket2/opencms/no/buy/?page=1&edid=BDDFBF35-0F0A-49B3-1920-5128ECC26FED&sortorder=asc&column=price HTTP/1.1" 200 69836
67.225.220.120 - - [13/Apr/2020:08:30:56 +0200] "GET /ticket2/opencms/en/buy/?page=1&edid=8AE5D156-FC63-438F-34F8-237E20433F6C HTTP/1.1" 200 69235
69.30.198.186 - - [13/Apr/2020:08:31:00 +0200] "GET /ticket2/opencms/dk/buy/?page=1&edid=047105FD-DE17-D5F7-7E4F-6CC4D02795CE&sortorder=asc&column=row HTTP/1.1" 200 70760
192.99.4.168 - - [13/Apr/2020:08:31:04 +0200] "GET /ticket2/opencms/en/buy/?page=1&edid=0E658288-02D3-BB03-7C93-2B756063BA20&sortorder=asc&column=row HTTP/1.1" 200 71823
46.229.168.138 - - [13/Apr/2020:08:31:10 +0200] "GET /ticket2/opencms/sv/buy/?column=price&edid=D210E338-439A-D82B-80DD-B03F52201487&page=1&sortorder=desc HTTP/1.1" 200 69497
114.119.160.32 - - [13/Apr/2020:08:31:25 +0200] "GET /ticket2/opencms/no/buy/?page=1&edid=24A282BA-CC6E-1C13-AE23-912C708E8D54&sortorder=asc&column=section HTTP/1.1" 200 71914
5.9.71.213 - - [13/Apr/2020:08:31:29 +0200] "GET /ticket2/opencms/dk/buy/?page=1&edid=64EC0E5E-9E76-53F9-5F64-908EF95AA18F&sortorder=desc&column=row HTTP/1.1" 200 70735
46.229.168.145 - - [13/Apr/2020:08:31:31 +0200] "GET /ticket2/opencms/nl/buy/?column=row&edid=32E81482-FD8F-2561-8A36-7326B8FDF5FD&page=1&sortorder=desc HTTP/1.1" 200 71516
95.216.20.54 - - [13/Apr/2020:08:31:31 +0200] "GET /ticket2/opencms/fi/login/?edid=5F93E8E8-0A3C-E7C6-799E-7FAC313A5B3D HTTP/1.1" 200 68719
192.99.37.116 - - [13/Apr/2020:08:31:36 +0200] "GET /ticket2/opencms/fi/buy/?page=1&edid=DEE44496-B556-FDDA-3CED-164195E286E3&sortorder=desc&column=section HTTP/1.1" 200 73813
77.75.79.11 - - [13/Apr/2020:08:31:36 +0200] "GET /ticket2/opencms/nl/sport/ijshockeytickets/nhl/ HTTP/1.1" 200 64924
46.229.168.139 - - [13/Apr/2020:08:31:43 +0200] "GET /ticket2/opencms/sv/buy/?column=row&edid=A1D2C259-DC72-E258-6E1C-38A00CB49F74&page=1&sortorder=asc HTTP/1.1" 200 71587
54.36.148.46 - - [13/Apr/2020:08:31:43 +0200] "GET /ticket2/opencms/en/buy/?page=1&edid=5F5C3C79-AB0C-DE40-C11B-7D9D102A404A HTTP/1.1" 200 69223
46.229.168.161 - - [13/Apr/2020:08:31:45 +0200] "GET /ticket2/opencms/fi/buy/?column=section&edid=99E4E057-784A-91C1-7B12-45802B1F86CF&page=1&sortorder=desc HTTP/1.1" 200 70629
216.245.221.82 - - [13/Apr/2020:08:31:45 +0200] "HEAD /ticket2/opencms/ HTTP/1.1" 302 -
77.75.79.11 - - [13/Apr/2020:08:31:51 +0200] "GET /ticket2/opencms/nl/sport/voetbal-tickets/premier_league/liverpool/ HTTP/1.1" 200 68598
46.229.168.139 - - [13/Apr/2020:08:31:55 +0200] "GET /ticket2/opencms/no/buy/?column=row&edid=7E6C3EC9-7A3A-9E1F-E273-739B803C073C&page=1&sortorder=desc HTTP/1.1" 200 75475
207.180.245.134 - - [13/Apr/2020:08:31:55 +0200] "GET /ticket2/opencms/robots.txt HTTP/1.1" 200 773
192.99.15.199 - - [13/Apr/2020:08:31:55 +0200] "GET /ticket2/opencms/sv/login/?edid=B83ACA88-10E7-A3DE-E7F1-8B3630A5B734 HTTP/1.1" 200 67543
46.229.168.154 - - [13/Apr/2020:08:31:59 +0200] "GET /ticket2/opencms/fi/buy/?edid=265739E8-98B0-BF90-E2FA-F880C59D272B&page=1 HTTP/1.1" 200 70578
46.229.168.137 - - [13/Apr/2020:08:32:04 +0200] "GET /ticket2/opencms/sv/buy/?column=row&edid=5150A447-F05C-5984-7453-5C2BFFCE460D&page=1&sortorder=desc HTTP/1.1" 200 69482
40.77.167.131 - - [13/Apr/2020:08:32:04 +0200] "GET /ticket2/opencms/system/galleries/pics/musicals/west_end/mamma_mia_head.gif HTTP/1.1" 200 31314
46.229.168.163 - - [13/Apr/2020:08:32:10 +0200] "GET /ticket2/opencms/en/buy/?column=row&edid=149E4898-886E-801A-DF9C-A6639D44D86F&page=1&sortorder=asc HTTP/1.1" 200 71153
77.75.79.11 - - [13/Apr/2020:08:32:10 +0200] "GET /ticket2/opencms/sv/buy_safety/ HTTP/1.1" 200 67631
67.225.220.120 - - [13/Apr/2020:08:32:21 +0200] "GET /ticket2/opencms/en/buy/?page=1&edid=55EEFA62-67EA-E95F-8964-BB35CEC0BB89 HTTP/1.1" 200 69212
46.229.168.162 - - [13/Apr/2020:08:32:31 +0200] "GET /ticket2/opencms/en/buy/?column=price&edid=C8E5B5BA-0B51-B98E-737F-2DD864F6D95E&page=1&sortorder=desc HTTP/1.1" 200 71314
192.99.5.228 - - [13/Apr/2020:08:32:36 +0200] "GET /ticket2/opencms/dk/buy/?page=1&edid=0B99F264-DDE8-4DC8-6523-EAB707062740&sortorder=asc&column=section HTTP/1.1" 200 69304
95.216.20.54 - - [13/Apr/2020:08:32:36 +0200] "GET /ticket2/opencms/fi/login/?edid=627BF5EC-6240-2A46-0193-C651C9FF6656 HTTP/1.1" 200 68719
69.30.198.186 - - [13/Apr/2020:08:32:39 +0200] "GET /ticket2/opencms/dk/buy/?page=1&edid=047105FD-DE17-D5F7-7E4F-6CC4D02795CE&sortorder=asc&column=section HTTP/1.1" 200 70760
46.229.168.133 - - [13/Apr/2020:08:32:39 +0200] "GET /ticket2/opencms/robots.txt HTTP/1.1" 200 773
46.229.168.145 - - [13/Apr/2020:08:32:44 +0200] "GET /ticket2/opencms/nl/buy/?column=row&edid=32E81482-FD8F-2561-8A36-7326B8FDF5FD&page=1&sortorder=desc HTTP/1.1" 200 71516
46.229.168.139 - - [13/Apr/2020:08:32:50 +0200] "GET /ticket2/opencms/no/buy/?column=row&edid=7E6C3EC9-7A3A-9E1F-E273-739B803C073C&page=1&sortorder=desc HTTP/1.1" 200 75475
5.9.71.213 - - [13/Apr/2020:08:32:54 +0200] "GET /ticket2/opencms/dk/buy/?page=1&edid=671CE644-9201-9B8A-7204-3D3D5A9B0840 HTTP/1.1" 200 69306
46.229.168.139 - - [13/Apr/2020:08:33:05 +0200] "GET /ticket2/opencms/sv/buy/?column=row&edid=A1D2C259-DC72-E258-6E1C-38A00CB49F74&page=1&sortorder=asc HTTP/1.1" 200 71587
46.229.168.133 - - [13/Apr/2020:08:33:05 +0200] "GET /ticket2/opencms/robots.txt HTTP/1.1" 200 773
208.110.93.78 - - [13/Apr/2020:08:33:11 +0200] "GET /ticket2/opencms/no/buy/?page=1&edid=C1962406-C365-6510-2AD4-8B86FC7DBDDB&sortorder=desc&column=price HTTP/1.1" 200 69820
66.249.79.171 - - [13/Apr/2020:08:33:12 +0200] "GET /ticket2/opencms/sv/buy/?page=6&comcatid=A17713B6-D984-201A-4143-ED4DB5ED5C2E&catid=BE041FBE-C1A7-918C-EB61-99ED02D12F5B HTTP/1.1" 200 75887
46.229.168.161 - - [13/Apr/2020:08:33:15 +0200] "GET /ticket2/opencms/fi/buy/?column=section&edid=99E4E057-784A-91C1-7B12-45802B1F86CF&page=1&sortorder=desc HTTP/1.1" 200 70629
5.9.71.213 - - [13/Apr/2020:08:33:17 +0200] "GET /ticket2/opencms/dk/buy/?page=1&edid=68B8B09E-560A-8A10-6FF6-600A9E2434A4 HTTP/1.1" 200 70722
54.36.148.229 - - [13/Apr/2020:08:33:18 +0200] "GET /ticket2/opencms/sv/sport/fotbollsbiljetter/serie_a/atalanta/ HTTP/1.1" 200 67394
192.99.37.116 - - [13/Apr/2020:08:33:22 +0200] "GET /ticket2/opencms/fi/buy/?page=1&edid=DF0E45C7-237E-03AB-4ED3-CC8D84C0E2C6&sortorder=asc&column=row HTTP/1.1" 200 73371
207.180.245.134 - - [13/Apr/2020:08:33:22 +0200] "GET /ticket2/opencms/robots.txt HTTP/1.0" 200 773
192.99.4.168 - - [13/Apr/2020:08:33:23 +0200] "GET /ticket2/opencms/en/buy/?page=1&edid=0E658288-02D3-BB03-7C93-2B756063BA20&sortorder=asc&column=section HTTP/1.1" 200 71823
46.229.168.137 - - [13/Apr/2020:08:33:23 +0200] "GET /ticket2/opencms/sv/buy/?column=row&edid=5150A447-F05C-5984-7453-5C2BFFCE460D&page=1&sortorder=desc HTTP/1.1" 200 69482
46.229.168.163 - - [13/Apr/2020:08:33:28 +0200] "GET /ticket2/opencms/en/buy/?column=row&edid=149E4898-886E-801A-DF9C-A6639D44D86F&page=1&sortorder=asc HTTP/1.1" 200 71153
46.229.168.153 - - [13/Apr/2020:08:33:28 +0200] "GET /ticket2/opencms/nl/login/?url=%25252Fnl%25252Fsell%25252F HTTP/1.1" 200 66495
192.99.15.199 - - [13/Apr/2020:08:33:28 +0200] "GET /ticket2/opencms/sv/login/?edid=B84EA943-9FA7-5E8F-B7C1-165A42AE3743 HTTP/1.1" 200 67543
199.58.86.209 - - [13/Apr/2020:08:33:35 +0200] "GET /ticket2/opencms/en/ HTTP/1.1" 200 71871
67.225.220.120 - - [13/Apr/2020:08:33:38 +0200] "GET /ticket2/opencms/sv/buy/?page=1&edid=511DBE77-4302-11AC-20DF-EC763D451874 HTTP/1.1" 200 71310
46.229.168.142 - - [13/Apr/2020:08:33:44 +0200] "GET /ticket2/opencms/fi/buy/?column=section&edid=65DE09A5-CD2E-4A41-80F5-C70B8B080A91&page=1&sortorder=desc HTTP/1.1" 200 70639
47.54.35.136 - - [13/Apr/2020:08:33:49 +0200] "GET /ticket2/opencms/en/buy/?page=1&edid=5EACAE7F-3F8F-8931-8C87-D9FB6D5E9E34&sortorder=asc&column=row HTTP/1.1" 200 69263
95.216.20.54 - - [13/Apr/2020:08:33:49 +0200] "GET /ticket2/opencms/fi/login/?edid=64440914-4E90-FA96-F683-7E671AB5B4CA HTTP/1.1" 200 68719
47.54.35.136 - - [13/Apr/2020:08:33:51 +0200] "GET /ticket2/opencms/en/buy/?page=1&edid=5EACAE7F-3F8F-8931-8C87-D9FB6D5E9E34&sortorder=asc&column=price HTTP/1.1" 200 69263
54.36.150.112 - - [13/Apr/2020:08:33:51 +0200] "GET /ticket2/opencms/sites/ticketbrokerage/sv/sport/fotbollsbiljetter/premier_league/fulham/ HTTP/1.1" 404 -
46.229.168.162 - - [13/Apr/2020:08:33:54 +0200] "GET /ticket2/opencms/en/buy/?column=price&edid=C8E5B5BA-0B51-B98E-737F-2DD864F6D95E&page=1&sortorder=desc HTTP/1.1" 200 71314
46.229.168.154 - - [13/Apr/2020:08:33:55 +0200] "GET /ticket2/opencms/fi/buy/?edid=265739E8-98B0-BF90-E2FA-F880C59D272B&page=1 HTTP/1.1" 200 70578
54.36.148.173 - - [13/Apr/2020:08:33:56 +0200] "GET /ticket2/opencms/sv/buy/?page=1&edid=4DC1BF97-3AC0-DE88-AC1F-05197510B7E9 HTTP/1.1" 200 71736
46.229.168.153 - - [13/Apr/2020:08:33:58 +0200] "GET /ticket2/opencms/dk/buy/?column=row&edid=97BBEAE3-84A6-961D-E0ED-041396994F7B&page=1&sortorder=asc HTTP/1.1" 200 71609
69.30.198.186 - - [13/Apr/2020:08:34:01 +0200] "GET /ticket2/opencms/dk/buy/?page=1&edid=047105FD-DE17-D5F7-7E4F-6CC4D02795CE&sortorder=desc&column=price HTTP/1.1" 200 70759
46.229.168.144 - - [13/Apr/2020:08:34:02 +0200] "GET /ticket2/opencms/sv/buy/?column=row&edid=04B7A43F-4145-4709-C003-EEEDE827D091&page=1&sortorder=desc HTTP/1.1" 200 71137
46.229.168.153 - - [13/Apr/2020:08:34:02 +0200] "GET /ticket2/opencms/nl/login/?url=%25252Fnl%25252Fsell%25252F HTTP/1.1" 200 66495
46.229.168.144 - - [13/Apr/2020:08:34:03 +0200] "GET /ticket2/opencms/nl/buy/?column=row&edid=265739E8-98B0-BF90-E2FA-F880C59D272B&page=1&sortorder=desc HTTP/1.1" 200 68299
46.229.168.152 - - [13/Apr/2020:08:34:03 +0200] "GET /ticket2/opencms/en/buy/?column=price&edid=A5C39397-601B-AAD4-E491-7B5A86FC9F67&page=1&sortorder=desc HTTP/1.1" 200 70648
173.208.130.202 - - [13/Apr/2020:08:34:08 +0200] "GET /ticket2/opencms/dk/buy/?page=1&edid=21AF03A2-2F1D-66D0-BFA2-40F5742741D8&sortorder=desc&column=section HTTP/1.1" 200 70733
67.225.220.120 - - [13/Apr/2020:08:34:14 +0200] "GET /ticket2/opencms/en/buy/?page=1&edid=FE0D347F-B790-DD75-F37F-11E0E35595D4 HTTP/1.1" 200 69206
5.9.71.213 - - [13/Apr/2020:08:34:24 +0200] "GET /ticket2/opencms/dk/buy/?page=1&edid=69ECA637-B1BC-8843-E3B6-6D2C7F410569&sortorder=asc&column=price HTTP/1.1" 200 71908
208.110.93.78 - - [13/Apr/2020:08:34:28 +0200] "GET /ticket2/opencms/no/buy/?page=1&edid=C1962406-C365-6510-2AD4-8B86FC7DBDDB&sortorder=desc&column=section HTTP/1.1" 200 69820
46.229.168.142 - - [13/Apr/2020:08:34:29 +0200] "GET /ticket2/opencms/fi/buy/?column=section&edid=65DE09A5-CD2E-4A41-80F5-C70B8B080A91&page=1&sortorder=desc HTTP/1.1" 200 70639
192.99.15.199 - - [13/Apr/2020:08:34:29 +0200] "GET /ticket2/opencms/sv/login/?edid=B86A01F6-CD99-BBB7-5D71-0530D5327838 HTTP/1.1" 200 67543
173.208.130.202 - - [13/Apr/2020:08:34:29 +0200] "GET /ticket2/opencms/dk/buy/?page=1&edid=21B00938-DE33-735F-AEF6-E79DC0D1781F&sortorder=asc&column=price HTTP/1.1" 200 69340
192.99.37.116 - - [13/Apr/2020:08:34:30 +0200] "GET /ticket2/opencms/fi/buy/?page=1&edid=DF0E45C7-237E-03AB-4ED3-CC8D84C0E2C6&sortorder=asc&column=section HTTP/1.1" 200 73371
192.99.5.228 - - [13/Apr/2020:08:34:31 +0200] "GET /ticket2/opencms/dk/buy/?page=1&edid=0C3824AA-A8DC-8601-308D-FCE0BC3A1BA7&sortorder=desc&column=row HTTP/1.1" 200 71198
47.54.35.136 - - [13/Apr/2020:08:34:32 +0200] "GET /ticket2/opencms/en/buy/?page=1&edid=5EACAE7F-3F8F-8931-8C87-D9FB6D5E9E34&sortorder=asc&column=section HTTP/1.1" 200 69263
5.9.71.213 - - [13/Apr/2020:08:34:33 +0200] "GET /ticket2/opencms/dk/buy/?page=1&edid=69E94548-BA2A-A7B0-2E68-692DBBE997E5 HTTP/1.1" 200 71371
114.119.167.151 - - [13/Apr/2020:08:34:34 +0200] "GET /ticket2/opencms/dk/buy/?page=6&comcatid=97ECA65A-72DA-F9AF-9DBB-245D3CFED1BE&catid=4C4DADF0-07CC-9B24-D2D9-940EF378BE99 HTTP/1.1" 200 70248
46.229.168.130 - - [13/Apr/2020:08:34:35 +0200] "GET /ticket2/opencms/no/buy/?edid=258C096E-CB88-FAB5-BED7-1612D258C46A&page=1 HTTP/1.1" 200 71866
95.216.20.54 - - [13/Apr/2020:08:34:35 +0200] "GET /ticket2/opencms/fi/login/?edid=85C1463C-C6EC-8FA2-656A-0E74E524F5AE HTTP/1.1" 200 68719
46.229.168.130 - - [13/Apr/2020:08:34:35 +0200] "GET /ticket2/opencms/sv/sell/?edid=89426793-268A-C03E-4926-A9BF00570688 HTTP/1.1" 302 -
69.30.198.186 - - [13/Apr/2020:08:34:35 +0200] "GET /ticket2/opencms/dk/buy/?page=1&edid=047105FD-DE17-D5F7-7E4F-6CC4D02795CE&sortorder=desc&column=row HTTP/1.1" 200 70759
46.229.168.130 - - [13/Apr/2020:08:34:39 +0200] "GET /ticket2/opencms/no/buy/?edid=258C096E-CB88-FAB5-BED7-1612D258C46A&page=1 HTTP/1.1" 200 71866
54.36.148.142 - - [13/Apr/2020:08:34:39 +0200] "GET /ticket2/opencms/dk/venue/?venueid=D3139A8D-6B53-89E5-64EC-7E77C0A47043 HTTP/1.1" 200 65199
67.225.220.120 - - [13/Apr/2020:08:34:40 +0200] "GET /ticket2/opencms/en/buy/?page=1&edid=65DE09A5-CD2E-4A41-80F5-C70B8B080A91 HTTP/1.1" 200 69216
67.225.220.120 - - [13/Apr/2020:08:34:40 +0200] "GET /ticket2/opencms/sv/buy/?page=1&edid=BD7F7FC5-0DF5-7ACB-57B0-E3B92454A7B0 HTTP/1.1" 200 71545
46.229.168.153 - - [13/Apr/2020:08:34:41 +0200] "GET /ticket2/opencms/dk/buy/?column=row&edid=97BBEAE3-84A6-961D-E0ED-041396994F7B&page=1&sortorder=asc HTTP/1.1" 200 71609
207.46.13.182 - - [13/Apr/2020:08:34:41 +0200] "GET /ticket2/opencms/ HTTP/1.1" 302 -
46.229.168.144 - - [13/Apr/2020:08:34:41 +0200] "GET /ticket2/opencms/sv/buy/?column=row&edid=04B7A43F-4145-4709-C003-EEEDE827D091&page=1&sortorder=desc HTTP/1.1" 200 71137
157.55.39.36 - - [13/Apr/2020:08:34:41 +0200] "GET /ticket2/opencms/robots.txt HTTP/1.1" 200 773
46.229.168.144 - - [13/Apr/2020:08:34:42 +0200] "GET /ticket2/opencms/nl/buy/?column=row&edid=265739E8-98B0-BF90-E2FA-F880C59D272B&page=1&sortorder=desc HTTP/1.1" 200 68299
46.229.168.152 - - [13/Apr/2020:08:34:43 +0200] "GET /ticket2/opencms/en/buy/?column=price&edid=A5C39397-601B-AAD4-E491-7B5A86FC9F67&page=1&sortorder=desc HTTP/1.1" 200 70648
192.99.4.168 - - [13/Apr/2020:08:34:47 +0200] "GET /ticket2/opencms/en/buy/?page=1&edid=0EB0D4A4-8EE5-6BAA-5854-F5AFE62D3ABB&sortorder=asc&column=price HTTP/1.1" 200 72445
5.9.71.213 - - [13/Apr/2020:08:35:08 +0200] "GET /ticket2/opencms/dk/buy/?page=1&edid=69ECA637-B1BC-8843-E3B6-6D2C7F410569&sortorder=asc&column=row HTTP/1.1" 200 71908
46.229.168.135 - - [13/Apr/2020:08:35:08 +0200] "GET /ticket2/opencms/nl/buy/?column=price&edid=83B7F88A-EA39-5C0D-D54C-4ED18D035B7A&page=1&sortorder=asc HTTP/1.1" 200 68318
66.249.79.89 - - [13/Apr/2020:08:35:08 +0200] "GET /ticket2/opencms/sv/venue/?countryid=DBAF1CDD-BB02-B386-3F1A-E606C2F733BC HTTP/1.1" 200 96618
46.229.168.153 - - [13/Apr/2020:08:35:09 +0200] "GET /ticket2/opencms/sv/buy/?column=price&edid=4ED70F5A-DA60-6234-CAB8-5BA98C0AB622&page=1&sortorder=asc HTTP/1.1" 200 69477
192.99.15.199 - - [13/Apr/2020:08:35:09 +0200] "GET /ticket2/opencms/sv/login/?edid=B98D516C-CC78-1E81-3AAE-6D20BC505A80 HTTP/1.1" 200 67543
46.229.168.145 - - [13/Apr/2020:08:35:09 +0200] "GET /ticket2/opencms/sv/buy/?column=price&edid=3DD93626-388E-B658-D6F1-23C401A796FB&page=1&sortorder=asc HTTP/1.1" 200 72660
95.216.20.54 - - [13/Apr/2020:08:35:09 +0200] "GET /ticket2/opencms/fi/login/?edid=85DC3B34-6EA3-546F-88A4-2D429B77C714 HTTP/1.1" 200 68719
173.208.130.202 - - [13/Apr/2020:08:35:11 +0200] "GET /ticket2/opencms/dk/buy/?page=1&edid=21B00938-DE33-735F-AEF6-E79DC0D1781F&sortorder=asc&column=row HTTP/1.1" 200 69340
192.99.37.116 - - [13/Apr/2020:08:35:15 +0200] "GET /ticket2/opencms/fi/buy/?page=1&edid=DF93CC1C-5D16-1499-FD92-D43F9BD2F302&sortorder=asc&column=price HTTP/1.1" 200 72764
5.9.71.213 - - [13/Apr/2020:08:35:19 +0200] "GET /ticket2/opencms/dk/buy/?page=1&edid=6A7CCC37-5F63-D2E0-8750-C9D98381AE77 HTTP/1.1" 200 69297
157.55.39.92 - - [13/Apr/2020:08:35:19 +0200] "GET /ticket2/opencms/sv/sport/fotbollsbiljetter/serie_a/genoa/ HTTP/1.1" 200 67213
46.229.168.132 - - [13/Apr/2020:08:35:20 +0200] "GET /ticket2/opencms/ru/buy/?column=row&edid=A63B1890-86E1-9F60-54D7-09AEE785F38E&page=1&sortorder=desc HTTP/1.1" 200 72625
46.229.168.136 - - [13/Apr/2020:08:35:21 +0200] "GET /ticket2/opencms/sv/buy/?column=section&edid=DA092D51-9FFC-84BE-97A0-4DF0E8B1E89B&page=1&sortorder=desc HTTP/1.1" 200 71850
192.99.5.228 - - [13/Apr/2020:08:35:21 +0200] "GET /ticket2/opencms/dk/buy/?page=1&edid=0D4DB71A-4664-D34E-661B-2C2F571A6F09&sortorder=asc&column=price HTTP/1.1" 200 70979
173.208.130.202 - - [13/Apr/2020:08:35:21 +0200] "GET /ticket2/opencms/dk/buy/?page=1&edid=21B00938-DE33-735F-AEF6-E79DC0D1781F&sortorder=asc&column=section HTTP/1.1" 200 69340
208.110.93.78 - - [13/Apr/2020:08:35:22 +0200] "GET /ticket2/opencms/no/buy/?page=1&edid=C26A8380-482D-554A-67BA-0EC562670447&sortorder=asc&column=price HTTP/1.1" 200 69829
46.229.168.131 - - [13/Apr/2020:08:35:24 +0200] "GET /ticket2/opencms/fi/buy/?column=price&edid=61A4236D-8A4F-347D-2797-7565CB47221F&page=1&sortorder=asc HTTP/1.1" 200 72298
95.216.20.54 - - [13/Apr/2020:08:35:24 +0200] "GET /ticket2/opencms/fi/login/?edid=87924899-C834-C93B-A613-7A89D34B2768 HTTP/1.1" 200 68719
46.229.168.131 - - [13/Apr/2020:08:35:40 +0200] "GET /ticket2/opencms/fi/buy/?column=price&edid=61A4236D-8A4F-347D-2797-7565CB47221F&page=1&sortorder=asc HTTP/1.1" 200 72298
46.229.168.144 - - [13/Apr/2020:08:35:47 +0200] "GET /ticket2/opencms/sv/buy/?column=row&edid=D8086CE4-ACF7-AAFD-046B-ED06E1A079AF&page=1&sortorder=asc HTTP/1.1" 200 71586
66.249.79.147 - - [13/Apr/2020:08:35:47 +0200] "GET /ticket2/opencms/fi/venue/?venueid=627689FB-7CBA-64B6-7657-6F6CD9393A37 HTTP/1.1" 200 66439
46.229.168.152 - - [13/Apr/2020:08:35:48 +0200] "GET /ticket2/opencms/no/buy/?edid=C0E71D3B-DC0E-DD9D-0716-7AD40A999541&page=1 HTTP/1.1" 200 71633
173.208.130.202 - - [13/Apr/2020:08:35:48 +0200] "GET /ticket2/opencms/dk/buy/?page=1&edid=21B00938-DE33-735F-AEF6-E79DC0D1781F&sortorder=desc&column=price HTTP/1.1" 200 69339
46.229.168.145 - - [13/Apr/2020:08:35:49 +0200] "GET /ticket2/opencms/sv/buy/?column=price&edid=3DD93626-388E-B658-D6F1-23C401A796FB&page=1&sortorder=asc HTTP/1.1" 200 72660
95.216.20.54 - - [13/Apr/2020:08:35:49 +0200] "GET /ticket2/opencms/fi/login/?edid=88A9DB29-DA7F-5892-01EC-B646B52763FF HTTP/1.1" 200 68719
192.99.37.116 - - [13/Apr/2020:08:35:49 +0200] "GET /ticket2/opencms/fi/buy/?page=1&edid=DF93CC1C-5D16-1499-FD92-D43F9BD2F302&sortorder=asc&column=row HTTP/1.1" 200 72764
46.229.168.138 - - [13/Apr/2020:08:35:49 +0200] "GET /ticket2/opencms/sv/konsertbiljetter/robyn/ HTTP/1.1" 200 66810
192.99.4.168 - - [13/Apr/2020:08:35:52 +0200] "GET /ticket2/opencms/en/buy/?page=1&edid=0EB0D4A4-8EE5-6BAA-5854-F5AFE62D3ABB&sortorder=asc&column=row HTTP/1.1" 200 72445
192.99.15.199 - - [13/Apr/2020:08:35:52 +0200] "GET /ticket2/opencms/sv/login/?edid=BDEB9EF3-3BF1-B07B-8A1C-C78F2EDCBC2D HTTP/1.1" 200 67543
69.30.198.186 - - [13/Apr/2020:08:35:53 +0200] "GET /ticket2/opencms/dk/buy/?page=1&edid=047105FD-DE17-D5F7-7E4F-6CC4D02795CE&sortorder=desc&column=section HTTP/1.1" 200 70759
46.229.168.130 - - [13/Apr/2020:08:35:57 +0200] "GET /ticket2/opencms/nl/buy/?column=row&edid=91851CE1-DEEA-F6FA-15A7-E92688F40B77&page=1&sortorder=asc HTTP/1.1" 200 71522
46.229.168.142 - - [13/Apr/2020:08:35:58 +0200] "GET /ticket2/opencms/fi/sell/?edid=28C66934-8816-E693-E8DA-B35164D8DE57 HTTP/1.1" 302 -
208.110.93.78 - - [13/Apr/2020:08:36:00 +0200] "GET /ticket2/opencms/no/buy/?page=1&edid=C26A8380-482D-554A-67BA-0EC562670447&sortorder=asc&column=section HTTP/1.1" 200 69829
95.216.20.54 - - [13/Apr/2020:08:36:00 +0200] "GET /ticket2/opencms/fi/login/?edid=8A4A718B-F47F-7F60-721A-7893320E945C HTTP/1.1" 200 68719
46.229.168.152 - - [13/Apr/2020:08:36:01 +0200] "GET /ticket2/opencms/en/buy/?column=price&edid=AE700341-92EF-84D8-A172-59721F36A768&page=1&sortorder=desc HTTP/1.1" 200 69247
208.110.93.78 - - [13/Apr/2020:08:36:02 +0200] "GET /ticket2/opencms/no/buy/?page=1&edid=C26A8380-482D-554A-67BA-0EC562670447&sortorder=asc&column=row HTTP/1.1" 200 69829
46.229.168.143 - - [13/Apr/2020:08:36:12 +0200] "GET /ticket2/opencms/fi/sell/?edid=19D66BA5-648A-C46A-DE8D-5430B81B6BBB HTTP/1.1" 302 -
46.229.168.151 - - [13/Apr/2020:08:36:17 +0200] "GET /ticket2/opencms/sv/buy/?column=section&edid=91EE4559-DA3C-557C-CB2D-1A87F0460019&page=1&sortorder=asc HTTP/1.1" 200 71096
46.229.168.145 - - [13/Apr/2020:08:36:17 +0200] "GET /ticket2/opencms/sv/sport/hockeybiljetter/nhl/TampaBay_Lightning/ HTTP/1.1" 200 68123
95.216.20.54 - - [13/Apr/2020:08:36:17 +0200] "GET /ticket2/opencms/fi/login/?edid=8C9FFD62-1801-D529-A3AE-EDFEA6DD7120 HTTP/1.1" 200 68719
208.110.93.78 - - [13/Apr/2020:08:36:22 +0200] "GET /ticket2/opencms/no/buy/?page=1&edid=C26A8380-482D-554A-67BA-0EC562670447&sortorder=desc&column=price HTTP/1.1" 200 69828
46.229.168.130 - - [13/Apr/2020:08:36:27 +0200] "GET /ticket2/opencms/no/buy/?column=section&edid=B76473E8-F4A0-C28B-5AB3-EECAE6A50846&page=1&sortorder=desc HTTP/1.1" 200 71464
69.30.198.186 - - [13/Apr/2020:08:36:28 +0200] "GET /ticket2/opencms/dk/buy/?page=1&edid=0477FD06-96DA-B114-0215-1A5B86788F96 HTTP/1.1" 200 71181
46.229.168.138 - - [13/Apr/2020:08:36:30 +0200] "GET /ticket2/opencms/fi/buy/?column=row&edid=F3A6023D-F8D4-B558-EED3-42F5CB61B4B4&page=1&sortorder=desc HTTP/1.1" 200 73371
173.208.130.202 - - [13/Apr/2020:08:36:31 +0200] "GET /ticket2/opencms/dk/buy/?page=1&edid=3150A50C-406C-2280-37B6-F35D6C5A214C&sortorder=desc&column=section HTTP/1.1" 200 71436
192.99.15.199 - - [13/Apr/2020:08:36:33 +0200] "GET /ticket2/opencms/sv/login/?edid=CEA5A2C6-1232-CC98-D878-1CA7BFA99E8A HTTP/1.1" 200 67543
95.216.20.54 - - [13/Apr/2020:08:36:33 +0200] "GET /ticket2/opencms/fi/login/?edid=8D0B917F-1714-CEE9-8306-2BA97791725F HTTP/1.1" 200 68719
46.229.168.152 - - [13/Apr/2020:08:36:35 +0200] "GET /ticket2/opencms/fi/buy/?column=row&edid=024C1745-A6E3-2C43-3C92-9BC8C83C13FC&page=1&sortorder=asc HTTP/1.1" 200 72050
192.99.37.116 - - [13/Apr/2020:08:36:37 +0200] "GET /ticket2/opencms/fi/buy/?page=1&edid=DF93CC1C-5D16-1499-FD92-D43F9BD2F302&sortorder=asc&column=section HTTP/1.1" 200 72764
46.229.168.147 - - [13/Apr/2020:08:36:38 +0200] "GET /ticket2/opencms/en/buy/?column=row&edid=3E2F6837-CCFC-9284-0235-725D2AA31D66&page=1&sortorder=asc HTTP/1.1" 200 71323
46.229.168.138 - - [13/Apr/2020:08:36:40 +0200] "GET /ticket2/opencms/nl/buy/?edid=DEB9D183-E9D1-B6AD-28F4-03F3EA049231&page=1 HTTP/1.1" 200 68286
46.229.168.129 - - [13/Apr/2020:08:36:41 +0200] "GET /ticket2/opencms/dk/buy/?column=row&edid=33F56A09-80B7-AAA0-3CD6-4B4F5E173409&page=1&sortorder=desc HTTP/1.1" 200 71221
67.225.220.120 - - [13/Apr/2020:08:36:46 +0200] "GET /ticket2/opencms/en/buy/?page=1&edid=2C374FAE-36BA-DB93-1E49-DFF2E010224D HTTP/1.1" 200 69219
46.229.168.140 - - [13/Apr/2020:08:36:51 +0200] "GET /ticket2/opencms/sv/buy/?column=row&edid=1FD00E9B-3A03-E379-9B08-FF7D16F1A6A6&page=1&sortorder=asc HTTP/1.1" 200 71405
46.229.168.133 - - [13/Apr/2020:08:36:51 +0200] "GET /ticket2/opencms/ HTTP/1.1" 302 -
95.216.20.54 - - [13/Apr/2020:08:36:51 +0200] "GET /ticket2/opencms/fi/login/?edid=8E57ADB5-FD60-6D77-3B65-4D1A45F76D57 HTTP/1.1" 200 68719
173.208.130.202 - - [13/Apr/2020:08:37:07 +0200] "GET /ticket2/opencms/dk/buy/?page=1&edid=8CFCBB0D-D3F2-BB7C-A30E-9F59EC4569D4&sortorder=asc&column=section HTTP/1.1" 200 69314
46.229.168.139 - - [13/Apr/2020:08:37:10 +0200] "GET /ticket2/opencms/nl/buy/?edid=44C48A0E-0A68-7D3F-8873-815B24226A4B&page=1 HTTP/1.1" 200 68263
46.229.168.151 - - [13/Apr/2020:08:37:10 +0200] "GET /ticket2/opencms/en/sell/?edid=0C964CA7-3C45-535D-15FE-520A14005C78 HTTP/1.1" 302 -
192.99.5.228 - - [13/Apr/2020:08:37:11 +0200] "GET /ticket2/opencms/dk/buy/?page=1&edid=0E64AEEE-C256-384A-95C3-A01C20EF3A5D&sortorder=desc&column=price HTTP/1.1" 200 71162
46.229.168.150 - - [13/Apr/2020:08:37:11 +0200] "GET /ticket2/opencms/no/sell/?edid=3322B475-5769-AB66-F68E-D03472D26906 HTTP/1.1" 302 -
95.216.20.54 - - [13/Apr/2020:08:37:11 +0200] "GET /ticket2/opencms/fi/login/?edid=8F2DF92B-33CA-7628-E6A6-296B4336596E HTTP/1.1" 200 68719
192.99.15.199 - - [13/Apr/2020:08:37:11 +0200] "GET /ticket2/opencms/sv/login/?edid=CFB00141-297E-C048-020A-09E02D385501 HTTP/1.1" 200 67543
208.110.93.78 - - [13/Apr/2020:08:37:13 +0200] "GET /ticket2/opencms/no/buy/?page=1&edid=C26A8380-482D-554A-67BA-0EC562670447&sortorder=desc&column=row HTTP/1.1" 200 69828
173.208.130.202 - - [13/Apr/2020:08:37:15 +0200] "GET /ticket2/opencms/dk/buy/?page=1&edid=8CFCBB0D-D3F2-BB7C-A30E-9F59EC4569D4&sortorder=desc&column=row HTTP/1.1" 200 69313
208.110.93.78 - - [13/Apr/2020:08:37:16 +0200] "GET /ticket2/opencms/no/buy/?page=1&edid=C26A8380-482D-554A-67BA-0EC562670447&sortorder=desc&column=section HTTP/1.1" 200 69828
69.30.198.186 - - [13/Apr/2020:08:37:18 +0200] "GET /ticket2/opencms/dk/buy/?page=1&edid=0477FD06-96DA-B114-0215-1A5B86788F96&sortorder=asc&column=price HTTP/1.1" 200 71217
46.229.168.151 - - [13/Apr/2020:08:37:18 +0200] "GET /ticket2/opencms/sv/login/?url=%25252Fsv%25252Fsell%25252F HTTP/1.1" 200 67543
46.229.168.140 - - [13/Apr/2020:08:37:20 +0200] "GET /ticket2/opencms/nl/buy/?edid=0BBD1918-205C-0140-CCFC-EC796EAE162A&page=1 HTTP/1.1" 200 71455
95.216.20.54 - - [13/Apr/2020:08:37:20 +0200] "GET /ticket2/opencms/fi/login/?edid=8F2EA82F-1C6C-9036-0988-DD6F416ABA0F HTTP/1.1" 200 68719
46.229.168.152 - - [13/Apr/2020:08:37:34 +0200] "GET /ticket2/opencms/nl/buy/?edid=E4909145-00FF-6001-90F1-1FF62B4EBAA6&page=1 HTTP/1.1" 200 69679
114.119.160.32 - - [13/Apr/2020:08:37:34 +0200] "GET /ticket2/opencms/fi/search.html?searchQuery=Dallas%2BStars HTTP/1.1" 200 86429
208.110.93.78 - - [13/Apr/2020:08:37:38 +0200] "GET /ticket2/opencms/no/buy/?page=1&edid=C2C96D4A-A8C3-D5FC-2638-E050ECF38B9E HTTP/1.1" 200 71139
173.208.130.202 - - [13/Apr/2020:08:37:47 +0200] "GET /ticket2/opencms/dk/buy/?page=1&edid=8CFCBB0D-D3F2-BB7C-A30E-9F59EC4569D4&sortorder=desc&column=section HTTP/1.1" 200 69313
95.216.20.54 - - [13/Apr/2020:08:37:47 +0200] "GET /ticket2/opencms/fi/login/?edid=901D9A4F-321D-5CA8-6E1F-1A6F2E210960 HTTP/1.1" 200 68719
46.229.168.149 - - [13/Apr/2020:08:37:49 +0200] "GET /ticket2/opencms/no/buy/?edid=4DA8BB7E-7B6D-2F44-7E06-8B92C40FFE63&page=1 HTTP/1.1" 200 69792
46.229.168.162 - - [13/Apr/2020:08:37:51 +0200] "GET /ticket2/opencms/en/buy/?column=price&edid=D8973BFC-852F-6DBE-A92C-516362F37F3B&page=1&sortorder=asc HTTP/1.1" 200 69247
192.99.37.116 - - [13/Apr/2020:08:37:52 +0200] "GET /ticket2/opencms/fi/buy/?page=1&edid=DFA8226D-664D-86EA-6CA6-3048A4D1FA69&sortorder=desc&column=price HTTP/1.1" 200 72286
208.110.93.78 - - [13/Apr/2020:08:37:54 +0200] "GET /ticket2/opencms/no/buy/?page=1&edid=C2C96D4A-A8C3-D5FC-2638-E050ECF38B9E&sortorder=asc&column=price HTTP/1.1" 200 71175
47.54.35.136 - - [13/Apr/2020:08:37:55 +0200] "GET /ticket2/opencms/en/buy/?page=1&edid=61F708E5-249B-D69C-5776-D45514C81E1B&sortorder=asc&column=price HTTP/1.1" 200 69269
192.99.15.199 - - [13/Apr/2020:08:37:58 +0200] "GET /ticket2/opencms/sv/login/?edid=D06E40AA-5917-7CC6-8395-10069BB33EB3 HTTP/1.1" 200 67543
54.36.148.155 - - [13/Apr/2020:08:37:58 +0200] "GET /ticket2/opencms/sv/buy/?page=1&edid=DB1BAA94-7AB4-95B2-8A74-90E6FA06EE12 HTTP/1.1" 200 71308
95.216.20.54 - - [13/Apr/2020:08:38:15 +0200] "GET /ticket2/opencms/fi/login/?edid=916F2EF4-6FE1-7E81-87CE-194E3C0EB782 HTTP/1.1" 200 68719
173.208.130.202 - - [13/Apr/2020:08:38:21 +0200] "GET /ticket2/opencms/dk/buy/?page=1&edid=8EE24D2F-4BF0-A103-6944-36103BCA6278&sortorder=desc&column=price HTTP/1.1" 200 70779
69.30.198.186 - - [13/Apr/2020:08:38:30 +0200] "GET /ticket2/opencms/dk/buy/?page=1&edid=0477FD06-96DA-B114-0215-1A5B86788F96&sortorder=asc&column=row HTTP/1.1" 200 71217
46.229.168.152 - - [13/Apr/2020:08:38:31 +0200] "GET /ticket2/opencms/sv/buy/?column=row&edid=0B99F264-DDE8-4DC8-6523-EAB707062740&page=1&sortorder=desc HTTP/1.1" 200 69474
54.36.148.178 - - [13/Apr/2020:08:38:34 +0200] "GET /ticket2/opencms/fi/buy/?page=1&edid=486D240B-741B-AD1C-C1B6-F6332EBF1210 HTTP/1.1" 200 70596
47.54.35.136 - - [13/Apr/2020:08:38:44 +0200] "GET /ticket2/opencms/en/buy/?page=1&edid=61F708E5-249B-D69C-5776-D45514C81E1B&sortorder=asc&column=row HTTP/1.1" 200 69269
208.110.93.78 - - [13/Apr/2020:08:38:47 +0200] "GET /ticket2/opencms/no/buy/?page=1&edid=C2C96D4A-A8C3-D5FC-2638-E050ECF38B9E&sortorder=asc&column=row HTTP/1.1" 200 71175
95.216.20.54 - - [13/Apr/2020:08:38:47 +0200] "GET /ticket2/opencms/fi/login/?edid=926F727C-C5D2-34B9-5459-6E7B041674A9 HTTP/1.1" 200 68719
192.99.15.199 - - [13/Apr/2020:08:38:47 +0200] "GET /ticket2/opencms/sv/login/?edid=D0888ED0-F1ED-2044-4AA9-3CC8E2345F16 HTTP/1.1" 200 67543
46.229.168.137 - - [13/Apr/2020:08:38:49 +0200] "GET /ticket2/opencms/nl/buy/?column=price&edid=7EB7BD2E-35BC-AFEE-4299-6D56D0CD8BF2&page=1&sortorder=desc HTTP/1.1" 200 71330
46.229.168.150 - - [13/Apr/2020:08:38:49 +0200] "GET /ticket2/opencms/no/buy/?column=row&edid=7D0648F8-3AD0-8F78-E994-E700AC212971&page=1&sortorder=asc HTTP/1.1" 200 71469
46.229.168.133 - - [13/Apr/2020:08:38:57 +0200] "GET /ticket2/opencms/no/buy/?column=section&edid=A8974CD8-4E6D-0BDD-D285-3496CA18553C&page=1&sortorder=asc HTTP/1.1" 200 71678
192.99.5.228 - - [13/Apr/2020:08:39:04 +0200] "GET /ticket2/opencms/dk/buy/?page=1&edid=0E64AEEE-C256-384A-95C3-A01C20EF3A5D&sortorder=desc&column=row HTTP/1.1" 200 71162
157.55.39.92 - - [13/Apr/2020:08:39:09 +0200] "GET /ticket2/opencms/no/buy/?page=1&edid=76AFE58B-129B-67CE-0C8E-AD77FA862251 HTTP/1.1" 200 72503
207.46.13.182 - - [13/Apr/2020:08:39:12 +0200] "GET /ticket2/opencms/en/ HTTP/1.1" 200 71871
208.110.93.78 - - [13/Apr/2020:08:39:12 +0200] "GET /ticket2/opencms/no/buy/?page=1&edid=C3441F4B-9BE6-0302-46AF-3438A0A89825 HTTP/1.1" 200 69796
46.229.168.131 - - [13/Apr/2020:08:39:14 +0200] "GET /ticket2/opencms/sv/buy/?column=price&edid=0AB20BDC-9FF9-D7F9-B52D-D99550E68013&page=1&sortorder=desc HTTP/1.1" 200 71583
192.99.4.168 - - [13/Apr/2020:08:39:19 +0200] "GET /ticket2/opencms/en/buy/?page=1&edid=0EB0D4A4-8EE5-6BAA-5854-F5AFE62D3ABB&sortorder=asc&column=section HTTP/1.1" 200 72445
192.99.37.116 - - [13/Apr/2020:08:39:19 +0200] "GET /ticket2/opencms/fi/buy/?page=1&edid=E105CC99-C590-CA5D-D12C-4CC2C60C2228&sortorder=asc&column=price HTTP/1.1" 200 70667
173.208.130.202 - - [13/Apr/2020:08:39:26 +0200] "GET /ticket2/opencms/dk/buy/?page=1&edid=8EE24D2F-4BF0-A103-6944-36103BCA6278&sortorder=desc&column=section HTTP/1.1" 200 70779
95.216.20.54 - - [13/Apr/2020:08:39:26 +0200] "GET /ticket2/opencms/fi/login/?edid=959C78A0-FD4F-927B-91FE-B14712A9B8D2 HTTP/1.1" 200 68719
46.229.168.135 - - [13/Apr/2020:08:39:35 +0200] "GET /ticket2/opencms/sv/buy/?column=row&edid=C8508A21-C249-5F28-315D-1243D9273718&page=1&sortorder=desc HTTP/1.1" 200 69492
46.229.168.137 - - [13/Apr/2020:08:39:38 +0200] "GET /ticket2/opencms/nl/buy/?column=price&edid=7EB7BD2E-35BC-AFEE-4299-6D56D0CD8BF2&page=1&sortorder=desc HTTP/1.1" 200 71330
47.54.35.136 - - [13/Apr/2020:08:39:44 +0200] "GET /ticket2/opencms/en/buy/?page=1&edid=61F708E5-249B-D69C-5776-D45514C81E1B&sortorder=asc&column=section HTTP/1.1" 200 69269
69.30.198.186 - - [13/Apr/2020:08:39:50 +0200] "GET /ticket2/opencms/dk/buy/?page=1&edid=0477FD06-96DA-B114-0215-1A5B86788F96&sortorder=asc&column=section HTTP/1.1" 200 71217
95.216.20.54 - - [13/Apr/2020:08:39:50 +0200] "GET /ticket2/opencms/fi/login/?edid=95E4E2A2-4247-D538-792A-CB077C5BE454 HTTP/1.1" 200 68719
46.229.168.131 - - [13/Apr/2020:08:39:51 +0200] "GET /ticket2/opencms/dk/buy/?catid=DA31441B-C568-3C77-D08C-698809032494&comcatid=97ECA65A-72DA-F9AF-9DBB-245D3CFED1BE&page=6 HTTP/1.1" 200 70247
46.229.168.150 - - [13/Apr/2020:08:39:52 +0200] "GET /ticket2/opencms/no/buy/?column=row&edid=7D0648F8-3AD0-8F78-E994-E700AC212971&page=1&sortorder=asc HTTP/1.1" 200 71469
46.229.168.138 - - [13/Apr/2020:08:39:52 +0200] "GET /ticket2/opencms/nl/buy/?eventid=6762C018-7033-6B27-286C-F3EA400ED4E7&page=10&venueid=F2BA6C13-5265-3692-0B46-6A113BAF55BC HTTP/1.1" 200 67328
208.110.93.78 - - [13/Apr/2020:08:40:01 +0200] "GET /ticket2/opencms/no/buy/?page=1&edid=C3441F4B-9BE6-0302-46AF-3438A0A89825&sortorder=asc&column=price HTTP/1.1" 200 69832
173.208.130.202 - - [13/Apr/2020:08:40:09 +0200] "GET /ticket2/opencms/dk/buy/?page=1&edid=92D7B757-A51C-01B4-DEF0-576B5ED68075&sortorder=desc&column=price HTTP/1.1" 200 69316
46.229.168.163 - - [13/Apr/2020:08:40:10 +0200] "GET /ticket2/opencms/fi/buy/?column=price&edid=385F4CA2-91C7-3B11-884B-1460E89060BE&page=1&sortorder=asc HTTP/1.1" 200 70651
192.99.15.199 - - [13/Apr/2020:08:40:10 +0200] "GET /ticket2/opencms/sv/login/?edid=D0F26606-9A2B-7F9B-761A-AD94A62F6874 HTTP/1.1" 200 67543
67.225.220.120 - - [13/Apr/2020:08:40:15 +0200] "GET /ticket2/opencms/en/buy/?page=1&edid=A5D6403A-2192-A066-0B24-46AA66CD4EA5 HTTP/1.1" 200 69209
67.225.220.120 - - [13/Apr/2020:08:40:23 +0200] "GET /ticket2/opencms/en/buy/?page=1&edid=B45E1AD2-1369-CFCC-BA36-8169D6C56034 HTTP/1.1" 200 71611
46.229.168.144 - - [13/Apr/2020:08:40:25 +0200] "GET /ticket2/opencms/no/buy/?edid=1C58C470-D3F9-186C-B32F-4F4A4C479079&page=1 HTTP/1.1" 200 72428
95.216.20.54 - - [13/Apr/2020:08:40:31 +0200] "GET /ticket2/opencms/fi/login/?edid=963219A7-E7A4-B62C-96E6-73E898823459 HTTP/1.1" 200 68719
46.229.168.134 - - [13/Apr/2020:08:40:32 +0200] "GET /ticket2/opencms/sv/buy/?column=price&edid=0AB20BDC-9FF9-D7F9-B52D-D99550E68013&page=1&sortorder=desc HTTP/1.1" 200 71583
46.229.168.163 - - [13/Apr/2020:08:40:33 +0200] "GET /ticket2/opencms/fi/buy/?column=price&edid=385F4CA2-91C7-3B11-884B-1460E89060BE&page=1&sortorder=asc HTTP/1.1" 200 70651
69.30.198.186 - - [13/Apr/2020:08:40:39 +0200] "GET /ticket2/opencms/dk/buy/?page=1&edid=0477FD06-96DA-B114-0215-1A5B86788F96&sortorder=desc&column=price HTTP/1.1" 200 71216
192.99.5.228 - - [13/Apr/2020:08:40:40 +0200] "GET /ticket2/opencms/dk/buy/?page=1&edid=0E64AEEE-C256-384A-95C3-A01C20EF3A5D&sortorder=desc&column=section HTTP/1.1" 200 71162
46.229.168.153 - - [13/Apr/2020:08:40:40 +0200] "GET /ticket2/opencms/sv/search.html HTTP/1.1" 200 84270
173.208.130.202 - - [13/Apr/2020:08:40:41 +0200] "GET /ticket2/opencms/dk/buy/?page=1&edid=92D7B757-A51C-01B4-DEF0-576B5ED68075&sortorder=desc&column=row HTTP/1.1" 200 69316
192.99.37.116 - - [13/Apr/2020:08:40:41 +0200] "GET /ticket2/opencms/fi/buy/?page=1&edid=E105CC99-C590-CA5D-D12C-4CC2C60C2228&sortorder=asc&column=row HTTP/1.1" 200 70667
47.54.35.136 - - [13/Apr/2020:08:40:49 +0200] "GET /ticket2/opencms/en/buy/?page=1&edid=6622D482-9366-79F2-615D-5ED4BBEA7CC7&sortorder=asc&column=price HTTP/1.1" 200 71159
46.229.168.144 - - [13/Apr/2020:08:40:53 +0200] "GET /ticket2/opencms/no/buy/?edid=1C58C470-D3F9-186C-B32F-4F4A4C479079&page=1 HTTP/1.1" 200 72428
46.229.168.134 - - [13/Apr/2020:08:40:53 +0200] "GET /ticket2/opencms/sv/buy/?column=price&edid=0AB20BDC-9FF9-D7F9-B52D-D99550E68013&page=1&sortorder=desc HTTP/1.1" 200 71583
95.216.20.54 - - [13/Apr/2020:08:40:53 +0200] "GET /ticket2/opencms/fi/login/?edid=96AC909E-5B9B-2325-5C76-5EFEF9923C58 HTTP/1.1" 200 68719
46.229.168.147 - - [13/Apr/2020:08:40:55 +0200] "GET /ticket2/opencms/no/buy/?column=section&edid=DC15B801-FC41-85D8-B33F-8FF1EFE0758A&page=1&sortorder=desc HTTP/1.1" 200 72539
5.9.71.213 - - [13/Apr/2020:08:41:03 +0200] "GET /ticket2/opencms/dk/buy/?page=1&edid=724247B2-796B-C977-0062-C004D5C1A4FC HTTP/1.1" 200 70938
46.229.168.143 - - [13/Apr/2020:08:41:03 +0200] "GET /ticket2/opencms/sv/buy/?column=price&edid=D7193451-9A3A-74F4-A8C7-6E587A08462E&page=1&sortorder=desc HTTP/1.1" 200 71396
46.229.168.161 - - [13/Apr/2020:08:41:11 +0200] "GET /ticket2/opencms/no/buy/?column=section&edid=825E5C18-412D-0521-A055-EBA334202EC0&page=1&sortorder=desc HTTP/1.1" 200 71446
208.110.93.78 - - [13/Apr/2020:08:41:12 +0200] "GET /ticket2/opencms/no/buy/?page=1&edid=C3441F4B-9BE6-0302-46AF-3438A0A89825&sortorder=asc&column=row HTTP/1.1" 200 69832
47.54.35.136 - - [13/Apr/2020:08:41:12 +0200] "GET /ticket2/opencms/en/buy/?page=1&edid=66421F7F-588E-5C63-F6C6-DAD22E369929&sortorder=asc&column=price HTTP/1.1" 200 70696
46.229.168.161 - - [13/Apr/2020:08:41:13 +0200] "GET /ticket2/opencms/no/buy/?column=section&edid=825E5C18-412D-0521-A055-EBA334202EC0&page=1&sortorder=desc HTTP/1.1" 200 71446
192.99.15.199 - - [13/Apr/2020:08:41:13 +0200] "GET /ticket2/opencms/sv/login/?edid=D20C1282-CCD6-3831-ADEE-DAFE3665F1E7 HTTP/1.1" 200 67543
46.229.168.147 - - [13/Apr/2020:08:41:28 +0200] "GET /ticket2/opencms/fi/buy/?column=row&edid=4A6D0EFC-9A2C-BA7B-0FCC-E77691D25C34&page=1&sortorder=asc HTTP/1.1" 200 72545
208.110.93.78 - - [13/Apr/2020:08:41:30 +0200] "GET /ticket2/opencms/no/buy/?page=1&edid=C3441F4B-9BE6-0302-46AF-3438A0A89825&sortorder=asc&column=section HTTP/1.1" 200 69832
173.208.130.202 - - [13/Apr/2020:08:41:30 +0200] "GET /ticket2/opencms/dk/buy/?page=1&edid=990537F6-0505-9757-D901-B5E3E564ED8C&sortorder=asc&column=row HTTP/1.1" 200 71219
95.216.20.54 - - [13/Apr/2020:08:41:32 +0200] "GET /ticket2/opencms/fi/login/?edid=9A349FA8-C8F9-3DE1-AD45-86AAEECD4F79 HTTP/1.1" 200 68719
46.229.168.153 - - [13/Apr/2020:08:41:32 +0200] "GET /ticket2/opencms/nl/buy/?column=price&edid=C0E71D3B-DC0E-DD9D-0716-7AD40A999541&page=1&sortorder=asc HTTP/1.1" 200 70172
46.229.168.143 - - [13/Apr/2020:08:41:34 +0200] "GET /ticket2/opencms/sv/buy/?column=price&edid=D7193451-9A3A-74F4-A8C7-6E587A08462E&page=1&sortorder=desc HTTP/1.1" 200 71396
54.36.148.184 - - [13/Apr/2020:08:41:35 +0200] "GET /ticket2/opencms/fi/venue/?venueid=C5834F34-3BBB-2A93-0E8E-D95E38C86A64 HTTP/1.1" 200 66483
99.203.56.226 - - [13/Apr/2020:08:41:37 +0200] "GET /ticket2/opencms/set_aff_cookie.jsp?partner=CB5C1FDF-20CB-5842-DF85-F71A926EC804&url=%2Fen%2Fbuy%2Findex.html%3Fpage%3D1%26edid%3D9BF626A2-EF2F-BFD7-1B53-34BFAE4B155A%26hlv%3D5d139da8-b450-4cf8-a335-02d50a010004%23v_1206277156 HTTP/1.1" 200 226
5.9.71.213 - - [13/Apr/2020:08:41:40 +0200] "GET /ticket2/opencms/dk/buy/?page=1&edid=7252A51A-97AC-D81E-2DC0-946206EF80FD HTTP/1.1" 200 71396
192.99.37.116 - - [13/Apr/2020:08:41:40 +0200] "GET /ticket2/opencms/fi/buy/?page=1&edid=E105CC99-C590-CA5D-D12C-4CC2C60C2228&sortorder=asc&column=section HTTP/1.1" 200 70667
69.30.198.186 - - [13/Apr/2020:08:41:50 +0200] "GET /ticket2/opencms/dk/buy/?page=1&edid=0477FD06-96DA-B114-0215-1A5B86788F96&sortorder=desc&column=row HTTP/1.1" 200 71216
46.229.168.153 - - [13/Apr/2020:08:41:51 +0200] "GET /ticket2/opencms/fi/buy/?column=section&edid=5693F4A3-DF3A-7DE7-893C-20EBEBDA7A22&page=1&sortorder=asc HTTP/1.1" 200 70647
95.216.20.54 - - [13/Apr/2020:08:41:51 +0200] "GET /ticket2/opencms/fi/login/?edid=9A519B52-57C0-3D7D-0745-09A3763A01B1 HTTP/1.1" 200 68719
46.229.168.137 - - [13/Apr/2020:08:41:51 +0200] "GET /ticket2/opencms/fi/search.html?searchQuery=San%2BJose HTTP/1.1" 200 86440
46.229.168.149 - - [13/Apr/2020:08:41:52 +0200] "GET /ticket2/opencms/sv/buy/?column=price&edid=1876C975-2219-B424-5832-564A46DA440A&page=1&sortorder=desc HTTP/1.1" 200 71805
192.99.5.228 - - [13/Apr/2020:08:41:56 +0200] "GET /ticket2/opencms/dk/buy/?page=1&edid=0EB0D4A4-8EE5-6BAA-5854-F5AFE62D3ABB&sortorder=desc&column=price HTTP/1.1" 200 72532
192.99.15.199 - - [13/Apr/2020:08:41:56 +0200] "GET /ticket2/opencms/sv/login/?edid=D43BFFD3-0461-0CBA-4DE5-DD2922B6A5EE HTTP/1.1" 200 67543
46.229.168.162 - - [13/Apr/2020:08:42:00 +0200] "GET /ticket2/opencms/nl/buy/?column=section&edid=755165F9-F3B4-BD59-B480-9B7496F46E12&page=1&sortorder=desc HTTP/1.1" 200 71316
5.9.71.213 - - [13/Apr/2020:08:42:01 +0200] "GET /ticket2/opencms/dk/buy/?page=1&edid=72BBEF2E-3C1D-620B-FDA3-39E4087FDFE0&sortorder=asc&column=row HTTP/1.1" 200 69312
46.229.168.153 - - [13/Apr/2020:08:42:02 +0200] "GET /ticket2/opencms/no/buy/?column=row&edid=32761879-506B-0718-462F-1A1F8B946759&page=1&sortorder=desc HTTP/1.1" 200 72185
