67.225.220.120 - - [13/Apr/2020:04:24:32 +0200] "GET /ticket2/opencms/en/buy/?page=1&edid=BFC8ECC1-2107-AC46-D638-419C26368D40 HTTP/1.1" 200 71575
46.229.168.142 - - [13/Apr/2020:04:24:38 +0200] "GET /ticket2/opencms/no/buy/?column=row&edid=D97810FA-0BC7-9E6C-0345-CBB875AED7DB&page=1&sortorder=desc HTTP/1.1" 200 69829
46.229.168.154 - - [13/Apr/2020:04:24:39 +0200] "GET /ticket2/opencms/no/buy/?column=section&edid=4740B27D-75C3-7A20-24AD-2F4570E850C2&page=1&sortorder=desc HTTP/1.1" 200 72087
46.229.168.154 - - [13/Apr/2020:04:24:46 +0200] "GET /ticket2/opencms/sv/buy/?column=price&edid=023AD109-F894-EFD4-D5CA-0D6D561D2D6F&page=1&sortorder=asc HTTP/1.1" 200 71849
46.229.168.133 - - [13/Apr/2020:04:24:48 +0200] "GET /ticket2/opencms/sv/buy/?column=row&edid=69ECA637-B1BC-8843-E3B6-6D2C7F410569&page=1&sortorder=asc HTTP/1.1" 200 72068
66.249.79.79 - - [13/Apr/2020:04:24:48 +0200] "GET /ticket2/opencms/robots.txt HTTP/1.1" 200 773
46.229.168.147 - - [13/Apr/2020:04:24:49 +0200] "GET /ticket2/opencms/sv/buy/?catid=D08E96E8-A514-9E09-4E22-63713911E0B8&comcatid=A17713B6-D984-201A-4143-ED4DB5ED5C2E&eventid=121DAAE3-090B-56E7-E96D-94ED485637F9&page=6 HTTP/1.1" 200 77262
46.229.168.145 - - [13/Apr/2020:04:24:55 +0200] "GET /ticket2/opencms/sv/buy/?column=price&edid=05E1AFBD-7E4F-01F4-F420-44A0239A6A60&page=1&sortorder=asc HTTP/1.1" 200 70895
114.119.163.240 - - [13/Apr/2020:04:24:57 +0200] "GET /ticket2/opencms/ru/buy/?page=1&edid=2A86C23D-0CE2-C481-2D6B-228BE88993AD&sortorder=asc&column=row HTTP/1.1" 200 73477
46.229.168.139 - - [13/Apr/2020:04:24:59 +0200] "GET /ticket2/opencms/sv/venue/?venueid=14E449A0-9512-05BC-589E-29AD437C30EF HTTP/1.1" 200 65462
114.119.164.162 - - [13/Apr/2020:04:25:02 +0200] "GET /ticket2/opencms/dk/?comcatid=0A6B8208-FDA4-E929-9D72-5312FD481B76 HTTP/1.1" 200 71866
54.36.150.89 - - [13/Apr/2020:04:25:04 +0200] "GET /ticket2/opencms/ru/buy/?page=1&edid=50EEEE9D-1067-0876-D2D4-455F95B84A02 HTTP/1.1" 200 71683
46.229.168.130 - - [13/Apr/2020:04:25:05 +0200] "GET /ticket2/opencms/en/buy/?column=section&edid=67274A6A-EF2F-BED4-EBFE-1879E59118C9&page=1&sortorder=desc HTTP/1.1" 200 69257
46.229.168.132 - - [13/Apr/2020:04:25:05 +0200] "GET /ticket2/opencms/fi/sell/?edid=AF37BFAD-6D02-A253-4372-038F6B4EF62F HTTP/1.1" 302 -
67.225.220.120 - - [13/Apr/2020:04:25:06 +0200] "GET /ticket2/opencms/en/buy/?page=1&edid=C56F217E-670F-9980-499A-7106D9A704AA HTTP/1.1" 200 70849
67.225.220.120 - - [13/Apr/2020:04:25:11 +0200] "GET /ticket2/opencms/sv/buy/?page=1&edid=BC1E5412-9D56-1C5F-4E48-5A2B4649D9E8 HTTP/1.1" 200 71535
46.229.168.151 - - [13/Apr/2020:04:25:12 +0200] "GET /ticket2/opencms/sv/buy/?column=section&edid=7A7AA818-DDC7-0640-E83C-722520D16871&page=1&sortorder=asc HTTP/1.1" 200 72219
46.229.168.137 - - [13/Apr/2020:04:25:14 +0200] "GET /ticket2/opencms/fi/buy/?column=section&edid=38471BC2-DC35-5637-FC07-B139F30174B0&page=1&sortorder=desc HTTP/1.1" 200 72984
46.229.168.152 - - [13/Apr/2020:04:25:17 +0200] "GET /ticket2/opencms/en/buy/?column=price&edid=61F708E5-249B-D69C-5776-D45514C81E1B&page=1&sortorder=desc HTTP/1.1" 200 69268
46.229.168.135 - - [13/Apr/2020:04:25:18 +0200] "GET /ticket2/opencms/sv/buy/?column=price&edid=4DA8BB7E-7B6D-2F44-7E06-8B92C40FFE63&page=1&sortorder=asc HTTP/1.1" 200 69484
111.202.100.85 - - [13/Apr/2020:04:25:19 +0200] "GET /ticket2/opencms/sv/ HTTP/1.1" 200 72017
46.229.168.152 - - [13/Apr/2020:04:25:20 +0200] "GET /ticket2/opencms/sv/sport/fotbollsbiljetter/serie_a/sampdoria/ HTTP/1.1" 200 67789
46.229.168.135 - - [13/Apr/2020:04:25:20 +0200] "GET /ticket2/opencms/en/buy/?column=row&edid=E469B9C9-243B-1B75-04D1-50A5987FFFC3&page=1&sortorder=asc HTTP/1.1" 200 72446
46.229.168.154 - - [13/Apr/2020:04:25:30 +0200] "GET /ticket2/opencms/sv/buy/?column=price&edid=023AD109-F894-EFD4-D5CA-0D6D561D2D6F&page=1&sortorder=asc HTTP/1.1" 200 71849
46.229.168.140 - - [13/Apr/2020:04:25:30 +0200] "GET /ticket2/opencms/sv/sport/hockeybiljetter/nhl/Colorado-Avalanche/ HTTP/1.1" 200 67983
67.225.220.120 - - [13/Apr/2020:04:25:38 +0200] "GET /ticket2/opencms/en/buy/?page=1&edid=69D2DD02-D621-FB86-F500-CC13D121EA62 HTTP/1.1" 200 69237
114.119.163.240 - - [13/Apr/2020:04:25:42 +0200] "GET /ticket2/opencms/sv/buy/?page=1&edid=8F20E4A2-9446-8C15-E6D6-191BA8C6686F&sortorder=desc&column=section HTTP/1.1" 200 69480
46.229.168.161 - - [13/Apr/2020:04:25:45 +0200] "GET /ticket2/opencms/nl/buy/?column=price&edid=8D9FF508-11BB-9C58-205E-370857C0D906&page=1&sortorder=desc HTTP/1.1" 200 69958
46.229.168.137 - - [13/Apr/2020:04:25:47 +0200] "GET /ticket2/opencms/sv/buy/?edid=9B5FF650-6073-5E8D-792C-56A70F14541A&page=1 HTTP/1.1" 200 71370
46.229.168.138 - - [13/Apr/2020:04:25:48 +0200] "GET /ticket2/opencms/sv/buy/?edid=7129CBF6-201C-EACF-0C4B-85B145E5B96A&page=1 HTTP/1.1" 200 72184
46.229.168.146 - - [13/Apr/2020:04:25:52 +0200] "GET /ticket2/opencms/nl/buy/?column=row&edid=B9E5BD6D-3ABF-56B5-87B7-9A11338BB2EF&page=1&sortorder=desc HTTP/1.1" 200 70205
46.229.168.163 - - [13/Apr/2020:04:25:53 +0200] "GET /ticket2/opencms/sv/buy/?edid=5693F4A3-DF3A-7DE7-893C-20EBEBDA7A22&page=1 HTTP/1.1" 200 69460
46.229.168.161 - - [13/Apr/2020:04:25:59 +0200] "GET /ticket2/opencms/fi/buy/?column=price&edid=B7EAADD9-1A3B-8EEE-7ACC-BD1F75097E89&page=1&sortorder=desc HTTP/1.1" 200 72525
46.229.168.129 - - [13/Apr/2020:04:26:01 +0200] "GET /ticket2/opencms/en/buy/?column=section&edid=897211BD-6892-D833-1096-CE6140C23AFB&page=1&sortorder=desc HTTP/1.1" 200 70670
46.229.168.136 - - [13/Apr/2020:04:26:03 +0200] "GET /ticket2/opencms/sv/buy/?edid=0341AF20-4F3F-63CA-C1A9-8C1AA13C52B1&page=1 HTTP/1.1" 200 72655
46.229.168.163 - - [13/Apr/2020:04:26:09 +0200] "GET /ticket2/opencms/sv/buy/?column=row&edid=CA586440-2614-3334-BC2E-BE71BA9F9152&page=1&sortorder=desc HTTP/1.1" 200 69500
72.14.199.152 - - [13/Apr/2020:04:26:09 +0200] "GET /ticket2/opencms/sv/sport/fotbollsbiljetter/uefa-champions-league/bayern_munchen/ HTTP/1.1" 200 66696
46.229.168.142 - - [13/Apr/2020:04:26:11 +0200] "GET /ticket2/opencms/no/sport/ishockey/nhl/vancouver-canucks/ HTTP/1.1" 200 68111
46.229.168.146 - - [13/Apr/2020:04:26:15 +0200] "GET /ticket2/opencms/fi/buy/?edid=EB9B2650-FD8D-90CB-E889-0D0B52112AB1&page=1 HTTP/1.1" 200 72484
46.229.168.145 - - [13/Apr/2020:04:26:18 +0200] "GET /ticket2/opencms/sv/buy/?column=section&edid=49AED064-B86D-465C-FC24-B9E6E7276FC8&page=1&sortorder=desc HTTP/1.1" 200 72219
46.229.168.162 - - [13/Apr/2020:04:26:20 +0200] "GET /ticket2/opencms/nl/buy/?column=price&edid=3D63CCAF-3F90-AC37-40FF-8478AE9C951E&page=1&sortorder=asc HTTP/1.1" 200 69717
46.229.168.163 - - [13/Apr/2020:04:26:24 +0200] "GET /ticket2/opencms/nl/buy/?column=row&edid=BCCE5493-7F07-107D-7782-B1E85DBB415D&page=1&sortorder=desc HTTP/1.1" 200 68321
46.229.168.139 - - [13/Apr/2020:04:26:24 +0200] "GET /ticket2/opencms/ru/buy/?column=row&edid=21A86BB8-64D8-CBA2-3B98-AF717437C3CC&page=1&sortorder=desc HTTP/1.1" 200 72136
46.229.168.149 - - [13/Apr/2020:04:26:28 +0200] "GET /ticket2/opencms/no/buy/?column=section&edid=C03521F2-41EE-6C48-45C4-DE14E2CF6CA2&page=1&sortorder=desc HTTP/1.1" 200 72808
46.229.168.148 - - [13/Apr/2020:04:26:32 +0200] "GET /ticket2/opencms/fi/buy/?column=section&edid=F65DD1A0-A0E9-09FB-3F5D-33F639C42265&page=1&sortorder=asc HTTP/1.1" 200 73811
46.229.168.152 - - [13/Apr/2020:04:26:34 +0200] "GET /ticket2/opencms/nl/buy/?column=section&edid=DBAD06DD-B5E6-0770-1537-688D55437E6D&page=1&sortorder=desc HTTP/1.1" 200 68344
46.229.168.140 - - [13/Apr/2020:04:26:38 +0200] "GET /ticket2/opencms/nl/buy/?catid=3A56B1C2-6FFB-C8D1-B229-B3914D5FF8DF&comcatid=0A6B8208-FDA4-E929-9D72-5312FD481B76 HTTP/1.1" 200 68378
46.229.168.129 - - [13/Apr/2020:04:26:40 +0200] "GET /ticket2/opencms/sv/buy/?column=row&edid=770A3EE6-BF74-E38D-C873-11B5411E184E&page=1&sortorder=asc HTTP/1.1" 200 69485
46.229.168.152 - - [13/Apr/2020:04:26:44 +0200] "GET /ticket2/opencms/fi/buy/?column=row&edid=A7D95905-7BDA-50BA-8772-CC73300FE2E6&page=1&sortorder=asc HTTP/1.1" 200 72085
46.229.168.152 - - [13/Apr/2020:04:26:52 +0200] "GET /ticket2/opencms/dk/buy/?column=price&edid=2C223FC3-44F4-8846-CCA3-0CD3173CFC72&page=1&sortorder=asc HTTP/1.1" 200 71643
46.229.168.162 - - [13/Apr/2020:04:26:57 +0200] "GET /ticket2/opencms/en/buy/?column=row&edid=024C1745-A6E3-2C43-3C92-9BC8C83C13FC&page=1&sortorder=asc HTTP/1.1" 200 70645
46.229.168.163 - - [13/Apr/2020:04:26:59 +0200] "GET /ticket2/opencms/en/buy/?catid=53E7B32E-5CAA-6CE7-D6AA-FFC41D70EE01&comcatid=0A6B8208-FDA4-E929-9D72-5312FD481B76 HTTP/1.1" 200 69206
46.229.168.130 - - [13/Apr/2020:04:27:05 +0200] "GET /ticket2/opencms/sv/buy/?column=row&edid=97688022-64E2-C322-BF2D-348E11C2E2E3&page=1&sortorder=asc HTTP/1.1" 200 72693
46.229.168.140 - - [13/Apr/2020:04:27:10 +0200] "GET /ticket2/opencms/fi/buy/?edid=1118CA9D-86D0-FF33-6F80-5DE6EAD42BE8&page=1 HTTP/1.1" 200 72484
66.249.79.75 - - [13/Apr/2020:04:27:10 +0200] "GET /ticket2/opencms/sv/buy/?page=1&edid=53002DE5-C670-ECFE-D5BC-AAAC0D901716 HTTP/1.1" 200 69439
46.229.168.153 - - [13/Apr/2020:04:27:11 +0200] "GET /ticket2/opencms/sv/buy/?edid=5150A447-F05C-5984-7453-5C2BFFCE460D&page=1 HTTP/1.1" 200 69447
46.229.168.143 - - [13/Apr/2020:04:27:13 +0200] "GET /ticket2/opencms/fi/buy/?column=row&edid=FC59A96A-7A0E-DF19-BFE3-D29B9978A152&page=1&sortorder=desc HTTP/1.1" 200 72518
46.229.168.129 - - [13/Apr/2020:04:27:17 +0200] "GET /ticket2/opencms/en/buy/?column=row&edid=01B80356-F2DC-4720-BD13-C1BC8A639828&page=1&sortorder=asc HTTP/1.1" 200 71633
46.229.168.130 - - [13/Apr/2020:04:27:29 +0200] "GET /ticket2/opencms/robots.txt HTTP/1.1" 200 773
46.229.168.138 - - [13/Apr/2020:04:27:36 +0200] "GET /ticket2/opencms/sv/buy/?column=price&edid=4A55A354-41C0-5A73-F976-7E7AA65D054F&page=1&sortorder=asc HTTP/1.1" 200 70927
46.229.168.144 - - [13/Apr/2020:04:27:44 +0200] "GET /ticket2/opencms/no/buy/?column=row&edid=137C96C9-C65D-C937-99B2-0464EAF1DB76&page=1&sortorder=asc HTTP/1.1" 200 69812
46.229.168.145 - - [13/Apr/2020:04:27:45 +0200] "GET /ticket2/opencms/nl/buy/?column=row&edid=2BBB0074-5728-8761-8DC5-1774663C47F8&page=1&sortorder=desc HTTP/1.1" 200 71049
46.229.168.141 - - [13/Apr/2020:04:27:48 +0200] "GET /ticket2/opencms/en/buy/?column=row&edid=E19F6380-8030-6AD8-8710-C3F6BEB23E30&page=1&sortorder=asc HTTP/1.1" 200 71627
67.225.220.120 - - [13/Apr/2020:04:27:49 +0200] "GET /ticket2/opencms/en/buy/?page=1&edid=DE0A9995-56A6-04E8-985B-0AA01BAE89DA HTTP/1.1" 200 71530
46.229.168.147 - - [13/Apr/2020:04:27:49 +0200] "GET /ticket2/opencms/sv/buy/?column=row&edid=9F204847-C811-936E-4B8D-981865300B46&page=1&sortorder=asc HTTP/1.1" 200 71346
46.229.168.151 - - [13/Apr/2020:04:27:54 +0200] "GET /ticket2/opencms/dk/buy/?edid=0D0ADBCB-6EBA-B656-73A6-7D7B7FC3C3FA&page=1 HTTP/1.1" 200 69272
46.229.168.148 - - [13/Apr/2020:04:27:56 +0200] "GET /ticket2/opencms/ru/buy/?catid=4C4DADF0-07CC-9B24-D2D9-940EF378BE99&comcatid=97ECA65A-72DA-F9AF-9DBB-245D3CFED1BE&page=6 HTTP/1.1" 200 71218
46.229.168.140 - - [13/Apr/2020:04:28:03 +0200] "GET /ticket2/opencms/dk/buy/?column=section&edid=411CF077-8416-B09B-2921-C517AE71239C&page=1&sortorder=asc HTTP/1.1" 200 71194
66.249.79.89 - - [13/Apr/2020:04:28:11 +0200] "GET /ticket2/opencms/en/venue/?countryid=180EAAAB-918A-9F1E-ED78-EB81C803FB9F HTTP/1.1" 200 94598
46.229.168.141 - - [13/Apr/2020:04:28:12 +0200] "GET /ticket2/opencms/nl/buy/?column=price&edid=21B00938-DE33-735F-AEF6-E79DC0D1781F&page=1&sortorder=asc HTTP/1.1" 200 68348
46.229.168.146 - - [13/Apr/2020:04:28:16 +0200] "GET /ticket2/opencms/sv/buy/?edid=4A52AE7E-7100-6431-DB0E-8297619F37A7&page=1 HTTP/1.1" 200 69458
46.229.168.154 - - [13/Apr/2020:04:28:24 +0200] "GET /ticket2/opencms/robots.txt HTTP/1.1" 200 773
46.229.168.150 - - [13/Apr/2020:04:28:24 +0200] "GET /ticket2/opencms/fi/buy/?column=row&edid=D9F4EA68-CBF1-EC4F-D3CC-583BE0D28E99&page=1&sortorder=desc HTTP/1.1" 200 70637
46.229.168.148 - - [13/Apr/2020:04:28:26 +0200] "GET /ticket2/opencms/en/buy/?column=row&edid=C5A1A03B-96D4-6596-0A10-BBFFF2557083&page=1&sortorder=desc HTTP/1.1" 200 72418
46.229.168.145 - - [13/Apr/2020:04:28:35 +0200] "GET /ticket2/opencms/ru/buy/?column=price&edid=ED81349D-86B2-C0F6-EF58-DEEDD0455CAC&page=1&sortorder=desc HTTP/1.1" 200 70232
46.229.168.143 - - [13/Apr/2020:04:28:38 +0200] "GET /ticket2/opencms/sv/search.html?searchQuery=Brescia&submit HTTP/1.1" 200 85398
46.229.168.154 - - [13/Apr/2020:04:28:45 +0200] "GET /ticket2/opencms/ru/buy/?column=price&edid=6A066321-8561-A11B-AAA6-D4F9A8D6BE39&page=1&sortorder=asc HTTP/1.1" 200 71638
72.14.199.148 - - [13/Apr/2020:04:28:45 +0200] "GET /ticket2/opencms/system/modules/com.gridnine.opencms.ticketbrokerage.site/resources/css/jquery.fancybox.css HTTP/1.1" 200 4939
46.229.168.132 - - [13/Apr/2020:04:28:46 +0200] "GET /ticket2/opencms/fi/buy/?edid=F3A6023D-F8D4-B558-EED3-42F5CB61B4B4&page=1 HTTP/1.1" 200 73336
46.229.168.132 - - [13/Apr/2020:04:28:54 +0200] "GET /ticket2/opencms/fi/buy/?column=row&edid=D16DA74F-82BD-078A-CF3E-3033D52E5AD2&page=1&sortorder=desc HTTP/1.1" 200 73029
46.229.168.130 - - [13/Apr/2020:04:28:59 +0200] "GET /ticket2/opencms/nl/buy/?edid=CD97B46D-31B3-D365-9D7B-CFA9CBECBD48&page=1 HTTP/1.1" 200 68273
114.119.167.17 - - [13/Apr/2020:04:29:10 +0200] "GET /ticket2/opencms/sv/buy/?page=1&edid=813B0545-20A1-788F-99C1-8F2B03516D33&sortorder=desc&column=row HTTP/1.1" 200 71368
46.229.168.130 - - [13/Apr/2020:04:29:15 +0200] "GET /ticket2/opencms/fi/buy/?column=section&edid=7299D7C8-4B31-7044-9874-03CCEE394EC0&page=1&sortorder=desc HTTP/1.1" 200 72304
46.229.168.133 - - [13/Apr/2020:04:29:19 +0200] "GET /ticket2/opencms/fi/buy/?edid=82F19FA2-FA7A-0459-E232-50321BC9E2B5&page=1 HTTP/1.1" 200 70625
46.229.168.142 - - [13/Apr/2020:04:29:21 +0200] "GET /ticket2/opencms/fi/buy/?column=row&edid=062734B6-3E80-F28F-3C03-7A19F0533EF1&page=1&sortorder=desc HTTP/1.1" 200 73020
46.229.168.162 - - [13/Apr/2020:04:29:28 +0200] "GET /ticket2/opencms/no/buy/?column=price&edid=AB50204C-215A-4600-59BC-2DA2AB6F3782&page=1&sortorder=asc HTTP/1.1" 200 71670
46.229.168.152 - - [13/Apr/2020:04:29:33 +0200] "GET /ticket2/opencms/no/buy/?edid=C601E922-6CF2-8C03-3687-E9E1DBD1FC31&page=1 HTTP/1.1" 200 71415
66.249.79.165 - - [13/Apr/2020:04:29:34 +0200] "GET /ticket2/opencms/nl/sell/?edid=69E94548-BA2A-A7B0-2E68-692DBBE997E5 HTTP/1.1" 302 -
35.228.94.129 - - [13/Apr/2020:04:29:35 +0200] "GET /ticket2/opencms/en/sport/football-tickets/serie_a/ HTTP/1.1" 200 72891
46.229.168.137 - - [13/Apr/2020:04:29:50 +0200] "GET /ticket2/opencms/fi/buy/?edid=3CC669F6-0C63-5743-F1E5-8F5E9C2AB45D&page=1 HTTP/1.1" 200 72013
54.36.149.72 - - [13/Apr/2020:04:29:53 +0200] "GET /ticket2/opencms/en/venue/?venueid=16474DED-C73B-9225-4DF6-CFFA47228848 HTTP/1.1" 200 65183
46.229.168.138 - - [13/Apr/2020:04:29:54 +0200] "GET /ticket2/opencms/no/buy/?column=price&edid=EA94D3D4-FFFA-F63F-1970-2CE5FF8D4442&page=1&sortorder=asc HTTP/1.1" 200 72121
67.225.220.120 - - [13/Apr/2020:04:29:56 +0200] "GET /ticket2/opencms/en/buy/?page=1&edid=7E6C3EC9-7A3A-9E1F-E273-739B803C073C HTTP/1.1" 200 74869
46.229.168.154 - - [13/Apr/2020:04:29:59 +0200] "GET /ticket2/opencms/nl/buy/?edid=1F39103F-E1B7-7C87-61F2-F032664DD922&page=1 HTTP/1.1" 200 71458
46.229.168.145 - - [13/Apr/2020:04:30:00 +0200] "GET /ticket2/opencms/sv/buy/?column=price&edid=4A1E541D-A2F7-F553-9244-C365DA9D6313&page=1&sortorder=desc HTTP/1.1" 200 71552
46.229.168.135 - - [13/Apr/2020:04:30:01 +0200] "GET /ticket2/opencms/en/buy/?column=price&edid=B801EBB3-0D7A-1D46-716A-CBC1332789A4&page=1&sortorder=desc HTTP/1.1" 200 72415
46.229.168.138 - - [13/Apr/2020:04:30:04 +0200] "GET /ticket2/opencms/dk/sell/?edid=56EB48DE-C920-96AE-7A9D-852BD8A1A365 HTTP/1.1" 302 -
46.229.168.138 - - [13/Apr/2020:04:30:05 +0200] "GET /ticket2/opencms/sv/buy/?eventid=44A1774B-7690-4041-831D-F16B9B8104AB&page=10&venueid=FF995A14-40EA-8EEB-6CB2-5F20B0A58DD9 HTTP/1.1" 200 68584
46.229.168.154 - - [13/Apr/2020:04:30:06 +0200] "GET /ticket2/opencms/fi/login/?url=%25252Ffi%25252Fsell%25252F HTTP/1.1" 200 68719
46.229.168.135 - - [13/Apr/2020:04:30:11 +0200] "GET /ticket2/opencms/en/buy/?edid=897211BD-6892-D833-1096-CE6140C23AFB&page=1 HTTP/1.1" 200 70635
46.229.168.129 - - [13/Apr/2020:04:30:13 +0200] "GET /ticket2/opencms/sv/buy/?column=row&edid=E8FE2A15-0338-AD03-E820-3464EC7EA1F7&page=1&sortorder=desc HTTP/1.1" 200 71554
114.119.160.32 - - [13/Apr/2020:04:30:15 +0200] "GET /ticket2/opencms/fi/buy/?page=1&edid=A5C4D37D-02EF-88DC-EDDC-EB65FAC9F41D HTTP/1.1" 200 72481
46.229.168.137 - - [13/Apr/2020:04:30:16 +0200] "GET /ticket2/opencms/sv/buy/?column=price&edid=883D5D36-7669-3BE5-E7C2-7115E038218A&page=1&sortorder=desc HTTP/1.1" 200 69493
46.229.168.141 - - [13/Apr/2020:04:30:32 +0200] "GET /ticket2/opencms/no/buy/?column=row&edid=384F3237-D2B6-BEF2-34F0-9A31FA51988F&page=1&sortorder=desc HTTP/1.1" 200 72540
67.225.220.120 - - [13/Apr/2020:04:30:36 +0200] "GET /ticket2/opencms/en/buy/?page=1&edid=C8508A21-C249-5F28-315D-1243D9273718 HTTP/1.1" 200 69220
46.229.168.138 - - [13/Apr/2020:04:30:36 +0200] "GET /ticket2/opencms/no/musikal/ HTTP/1.1" 200 70256
46.229.168.141 - - [13/Apr/2020:04:30:38 +0200] "GET /ticket2/opencms/en/buy/?column=price&edid=B4C738A5-76B3-7898-6428-65EDFE327DB4&page=1&sortorder=desc HTTP/1.1" 200 69242
46.229.168.152 - - [13/Apr/2020:04:30:40 +0200] "GET /ticket2/opencms/dk/buy/?edid=E9BA45F4-F721-E144-69B4-FC664078EBBF&page=1 HTTP/1.1" 200 70933
46.229.168.134 - - [13/Apr/2020:04:30:50 +0200] "GET /ticket2/opencms/sv/buy/?catid=8B6802AF-1ADE-4BE1-A1F7-7671190CFB4F&comcatid=97ECA65A-72DA-F9AF-9DBB-245D3CFED1BE&page=6 HTTP/1.1" 200 70434
46.229.168.142 - - [13/Apr/2020:04:30:58 +0200] "GET /ticket2/opencms/dk/buy/?column=row&edid=4DC1BF97-3AC0-DE88-AC1F-05197510B7E9&page=1&sortorder=desc HTTP/1.1" 200 71613
46.229.168.143 - - [13/Apr/2020:04:31:11 +0200] "GET /ticket2/opencms/sv/buy/?column=section&edid=96631622-BA02-0E24-E1A0-9F44A4397FEB&page=1&sortorder=desc HTTP/1.1" 200 70920
46.229.168.149 - - [13/Apr/2020:04:31:11 +0200] "GET /ticket2/opencms/sv/buy/?edid=0AC91052-66F1-98AF-E562-D5B9EF6D6780&page=1 HTTP/1.1" 200 84044
46.229.168.141 - - [13/Apr/2020:04:31:13 +0200] "GET /ticket2/opencms/nl/buy/?column=row&edid=E37D9788-59C6-DADE-FC63-F7F06CE589EF&page=1&sortorder=desc HTTP/1.1" 200 70395
46.229.168.133 - - [13/Apr/2020:04:31:18 +0200] "GET /ticket2/opencms/sv/buy/?edid=A03F1957-350A-1089-EA00-674F0819B10C&page=1 HTTP/1.1" 200 69403
66.249.68.17 - - [13/Apr/2020:04:31:23 +0200] "GET /ticket2/opencms/nl/standard/ HTTP/1.1" 200 77722
46.229.168.144 - - [13/Apr/2020:04:31:28 +0200] "GET /ticket2/opencms/fi/buy/?column=section&edid=4D2A2724-7797-6EBF-BAB8-69176E21CA79&page=1&sortorder=asc HTTP/1.1" 200 72285
46.229.168.153 - - [13/Apr/2020:04:31:39 +0200] "GET /ticket2/opencms/en/buy/?edid=490618CE-2093-9232-6EFE-E2FDF84D0DEE&page=1 HTTP/1.1" 200 69228
46.229.168.134 - - [13/Apr/2020:04:31:40 +0200] "GET /ticket2/opencms/fi/buy/?edid=0F83FD2D-DF0D-CF92-8048-49F08118BC88&page=1 HTTP/1.1" 200 72708
67.225.220.120 - - [13/Apr/2020:04:31:57 +0200] "GET /ticket2/opencms/en/buy/?page=1&edid=7AC6ABB3-09AC-6373-722A-4325330B2FBA HTTP/1.1" 200 71082
46.229.168.145 - - [13/Apr/2020:04:31:58 +0200] "GET /ticket2/opencms/no/buy/?column=price&edid=3B89D76C-67F5-76DB-9E70-49A536639AFD&page=1&sortorder=asc HTTP/1.1" 200 71912
46.229.168.136 - - [13/Apr/2020:04:32:01 +0200] "GET /ticket2/opencms/dk/buy/?column=section&edid=6B2EA6CD-7553-8F73-30CB-5A807E0727F2&page=1&sortorder=asc HTTP/1.1" 200 72056
46.229.168.144 - - [13/Apr/2020:04:32:01 +0200] "GET /ticket2/opencms/nl/buy/?catid=24AC1CA6-1C09-0BE5-C04A-9DCCDB15D5E9&comcatid=A17713B6-D984-201A-4143-ED4DB5ED5C2E&page=6 HTTP/1.1" 200 74891
46.229.168.149 - - [13/Apr/2020:04:32:02 +0200] "GET /ticket2/opencms/sv/buy/?edid=0AC91052-66F1-98AF-E562-D5B9EF6D6780&page=1 HTTP/1.1" 200 84044
66.249.79.165 - - [13/Apr/2020:04:32:02 +0200] "GET /ticket2/opencms/nl/login/?url=/nl/sell/ HTTP/1.1" 200 66495
114.119.163.240 - - [13/Apr/2020:04:32:02 +0200] "GET /ticket2/opencms/no/buy/?page=1&edid=6440E7CC-E56C-CD13-BB09-A84D83EDDD53&sortorder=asc&column=row HTTP/1.1" 200 71886
54.36.150.82 - - [13/Apr/2020:04:32:38 +0200] "GET /ticket2/opencms/en/buy/?page=1&edid=E469B9C9-243B-1B75-04D1-50A5987FFFC3 HTTP/1.1" 200 72410
46.229.168.141 - - [13/Apr/2020:04:32:41 +0200] "GET /ticket2/opencms/sv/buy/?column=section&edid=21864DD1-06B6-914E-55C3-EE8A66B7F27C&page=1&sortorder=desc HTTP/1.1" 200 71139
46.229.168.145 - - [13/Apr/2020:04:33:13 +0200] "GET /ticket2/opencms/no/buy/?column=price&edid=BE03888E-E90D-CC07-BCD5-31549D7667B8&page=1&sortorder=desc HTTP/1.1" 200 72979
46.229.168.146 - - [13/Apr/2020:04:33:13 +0200] "GET /ticket2/opencms/sv/login/?url=%25252Fsv%25252Fsell%25252F HTTP/1.1" 200 67543
66.249.79.168 - - [13/Apr/2020:04:33:15 +0200] "GET /ticket2/opencms/system/modules/com.gridnine.opencms.ticketbrokerage.site/resources/js/calendar-setup.js HTTP/1.1" 200 4923
46.229.168.144 - - [13/Apr/2020:04:33:17 +0200] "GET /ticket2/opencms/nl/buy/?edid=0ADDE807-1F64-7C42-2B95-2EDB1EF373D1&page=1 HTTP/1.1" 200 68290
67.225.220.120 - - [13/Apr/2020:04:33:21 +0200] "GET /ticket2/opencms/en/buy/?page=1&edid=03592C63-9128-79FD-E5DD-BFEDFD9A8F6F HTTP/1.1" 200 70607
46.229.168.161 - - [13/Apr/2020:04:33:22 +0200] "GET /ticket2/opencms/sv/buy/?column=section&edid=FEB0AE03-524C-E008-EBA7-30228D100851&page=1&sortorder=desc HTTP/1.1" 200 72654
46.229.168.161 - - [13/Apr/2020:04:33:54 +0200] "GET /ticket2/opencms/sv/buy/?column=price&edid=B8094046-440E-3BA7-6CDD-31E2BE5BE81A&page=1&sortorder=desc HTTP/1.1" 200 69477
46.229.168.144 - - [13/Apr/2020:04:34:01 +0200] "GET /ticket2/opencms/nl/buy/?edid=0ADDE807-1F64-7C42-2B95-2EDB1EF373D1&page=1 HTTP/1.1" 200 68290
114.119.162.79 - - [13/Apr/2020:04:34:06 +0200] "GET /ticket2/opencms/fi/buy/?page=1&edid=F079AC7E-D221-F1E2-410C-375B35987091&sortorder=asc&column=price HTTP/1.1" 200 70652
46.229.168.146 - - [13/Apr/2020:04:34:15 +0200] "GET /ticket2/opencms/sv/login/?url=%25252Fsv%25252Fsell%25252F HTTP/1.1" 200 67543
157.55.39.12 - - [13/Apr/2020:04:34:15 +0200] "GET /ticket2/opencms/dk/venue/?venueid=2B29C6EC-89D0-6E9C-BAE4-2D03D28807C6 HTTP/1.1" 200 65262
46.229.168.143 - - [13/Apr/2020:04:34:20 +0200] "GET /ticket2/opencms/no/buy/?column=section&edid=C10D9635-5494-FEA9-6350-024287F4715F&page=1&sortorder=desc HTTP/1.1" 200 71909
46.229.168.145 - - [13/Apr/2020:04:34:31 +0200] "GET /ticket2/opencms/no/buy/?column=price&edid=BE03888E-E90D-CC07-BCD5-31549D7667B8&page=1&sortorder=desc HTTP/1.1" 200 72979
46.229.168.161 - - [13/Apr/2020:04:34:46 +0200] "GET /ticket2/opencms/sv/buy/?column=price&edid=B8094046-440E-3BA7-6CDD-31E2BE5BE81A&page=1&sortorder=desc HTTP/1.1" 200 69477
46.229.168.142 - - [13/Apr/2020:04:34:46 +0200] "GET /ticket2/opencms/en/sell/?edid=821554DD-EC9D-9EFA-6B0E-4F35AE0315B0 HTTP/1.1" 302 -
46.229.168.149 - - [13/Apr/2020:04:34:47 +0200] "GET /ticket2/opencms/no/buy/?column=price&edid=1DFA0E22-C962-FF1B-3BAF-2883C20EA7B5&page=1&sortorder=desc HTTP/1.1" 200 71697
46.229.168.147 - - [13/Apr/2020:04:34:47 +0200] "GET /ticket2/opencms/fi/buy/?catid=8B6802AF-1ADE-4BE1-A1F7-7671190CFB4F&comcatid=97ECA65A-72DA-F9AF-9DBB-245D3CFED1BE&page=6 HTTP/1.1" 200 71561
46.229.168.161 - - [13/Apr/2020:04:34:56 +0200] "GET /ticket2/opencms/sv/buy/?column=section&edid=FEB0AE03-524C-E008-EBA7-30228D100851&page=1&sortorder=desc HTTP/1.1" 200 72654
46.229.168.145 - - [13/Apr/2020:04:34:56 +0200] "GET /ticket2/opencms/sv/login/?url=%25252Fsv%25252Fsell%25252F HTTP/1.1" 200 67543
46.229.168.135 - - [13/Apr/2020:04:34:56 +0200] "GET /ticket2/opencms/nl/buy/?catid=0A6C99D2-F5BD-7A18-9A5F-5668827042E0&comcatid=A17713B6-D984-201A-4143-ED4DB5ED5C2E&eventid=6F6C209F-41CD-D584-D276-D5324683B59C&page=6 HTTP/1.1" 200 80206
46.229.168.143 - - [13/Apr/2020:04:35:00 +0200] "GET /ticket2/opencms/no/buy/?column=section&edid=C10D9635-5494-FEA9-6350-024287F4715F&page=1&sortorder=desc HTTP/1.1" 200 71909
67.225.220.120 - - [13/Apr/2020:04:35:09 +0200] "GET /ticket2/opencms/en/buy/?page=1&edid=674A96E1-4B9C-1EEC-4D35-A637DDEAF802 HTTP/1.1" 200 71604
46.229.168.137 - - [13/Apr/2020:04:35:10 +0200] "GET /ticket2/opencms/nl/buy/?edid=448E97AD-A675-26E8-5DB2-B1923040DF7D&page=1 HTTP/1.1" 200 70189
114.119.160.32 - - [13/Apr/2020:04:35:24 +0200] "GET /ticket2/opencms/en/buy/?page=1&edid=D3E1B28E-6A3D-3557-357A-CA0BCEE22D43 HTTP/1.1" 200 69208
46.229.168.142 - - [13/Apr/2020:04:35:24 +0200] "GET /ticket2/opencms/en/sell/?edid=821554DD-EC9D-9EFA-6B0E-4F35AE0315B0 HTTP/1.1" 302 -
46.229.168.149 - - [13/Apr/2020:04:35:26 +0200] "GET /ticket2/opencms/fi/buy/?column=row&edid=2E56A8B0-155D-976C-348E-93E1C4B4957D&page=1&sortorder=desc HTTP/1.1" 200 70635
46.229.168.147 - - [13/Apr/2020:04:35:26 +0200] "GET /ticket2/opencms/fi/buy/?catid=8B6802AF-1ADE-4BE1-A1F7-7671190CFB4F&comcatid=97ECA65A-72DA-F9AF-9DBB-245D3CFED1BE&page=6 HTTP/1.1" 200 71561
46.229.168.145 - - [13/Apr/2020:04:35:26 +0200] "GET /ticket2/opencms/sv/login/?url=%25252Fsv%25252Fsell%25252F HTTP/1.1" 200 67543
46.229.168.135 - - [13/Apr/2020:04:35:27 +0200] "GET /ticket2/opencms/nl/buy/?catid=0A6C99D2-F5BD-7A18-9A5F-5668827042E0&comcatid=A17713B6-D984-201A-4143-ED4DB5ED5C2E&eventid=6F6C209F-41CD-D584-D276-D5324683B59C&page=6 HTTP/1.1" 200 80206
46.229.168.149 - - [13/Apr/2020:04:35:28 +0200] "GET /ticket2/opencms/no/buy/?column=price&edid=1DFA0E22-C962-FF1B-3BAF-2883C20EA7B5&page=1&sortorder=desc HTTP/1.1" 200 71697
46.229.168.149 - - [13/Apr/2020:04:35:41 +0200] "GET /ticket2/opencms/fi/buy/?column=row&edid=2E56A8B0-155D-976C-348E-93E1C4B4957D&page=1&sortorder=desc HTTP/1.1" 200 70635
46.229.168.137 - - [13/Apr/2020:04:35:52 +0200] "GET /ticket2/opencms/nl/buy/?edid=448E97AD-A675-26E8-5DB2-B1923040DF7D&page=1 HTTP/1.1" 200 70189
46.229.168.143 - - [13/Apr/2020:04:35:52 +0200] "GET /ticket2/opencms/en/login/?url=%25252Fen%25252Fsell%25252F HTTP/1.1" 200 67300
46.229.168.134 - - [13/Apr/2020:04:36:03 +0200] "GET /ticket2/opencms/sv/buy/?column=row&edid=9C073CFC-6935-5922-ABDE-E3035523D5D3&page=1&sortorder=asc HTTP/1.1" 200 70882
46.229.168.162 - - [13/Apr/2020:04:36:19 +0200] "GET /ticket2/opencms/sv/buy/?column=section&edid=4BE59970-EC47-0861-6205-BA251FD6ECF0&page=1&sortorder=desc HTTP/1.1" 200 72658
46.229.168.141 - - [13/Apr/2020:04:36:31 +0200] "GET /ticket2/opencms/no/buy/?column=section&edid=AA12CDE5-3092-9A32-2B0B-96B83608047C&page=1&sortorder=desc HTTP/1.1" 200 72392
66.249.79.85 - - [13/Apr/2020:04:36:32 +0200] "GET /ticket2/opencms/sv/konsertbiljetter/rammstein/ HTTP/1.1" 200 66526
46.229.168.151 - - [13/Apr/2020:04:36:42 +0200] "GET /ticket2/opencms/en/buy/?column=price&edid=0F17BCAD-3084-AC58-8EE9-146E1CEBAC51&page=1&sortorder=desc HTTP/1.1" 200 71108
46.229.168.145 - - [13/Apr/2020:04:36:42 +0200] "GET /ticket2/opencms/nl/buy/?catid=21C3854B-901E-11F9-7B7D-6838CC6AFAA4&comcatid=A17713B6-D984-201A-4143-ED4DB5ED5C2E&eventid=D0B62F92-773A-01D8-AF39-BADE4098B080&page=6 HTTP/1.1" 200 80342
46.229.168.132 - - [13/Apr/2020:04:36:48 +0200] "GET /ticket2/opencms/no/buy/?edid=EA94D3D4-FFFA-F63F-1970-2CE5FF8D4442&page=1 HTTP/1.1" 200 72085
46.229.168.133 - - [13/Apr/2020:04:37:08 +0200] "GET /ticket2/opencms/en/buy/?column=section&edid=BC81A9B9-DAA0-AAD8-65DE-038B140B862E&page=1&sortorder=asc HTTP/1.1" 200 71110
46.229.168.144 - - [13/Apr/2020:04:37:09 +0200] "GET /ticket2/opencms/en/buy/?column=row&edid=575DEBEF-D2BA-ADFD-CABD-F28043A54D4D&page=1&sortorder=desc HTTP/1.1" 200 71105
46.229.168.132 - - [13/Apr/2020:04:37:17 +0200] "GET /ticket2/opencms/robots.txt HTTP/1.1" 200 773
46.229.168.132 - - [13/Apr/2020:04:37:22 +0200] "GET /ticket2/opencms/no/buy/?edid=EA94D3D4-FFFA-F63F-1970-2CE5FF8D4442&page=1 HTTP/1.1" 200 72085
46.229.168.133 - - [13/Apr/2020:04:37:24 +0200] "GET /ticket2/opencms/dk/sport/fodboldbilletter/serie-a/ac-milan/ HTTP/1.1" 200 70762
54.36.149.78 - - [13/Apr/2020:04:37:30 +0200] "GET /ticket2/opencms/sv/sport/fotbollsbiljetter/english-championship/ HTTP/1.1" 200 66583
46.229.168.141 - - [13/Apr/2020:04:37:31 +0200] "GET /ticket2/opencms/no/buy/?column=section&edid=AA12CDE5-3092-9A32-2B0B-96B83608047C&page=1&sortorder=desc HTTP/1.1" 200 72392
46.229.168.132 - - [13/Apr/2020:04:37:31 +0200] "GET /ticket2/opencms/robots.txt HTTP/1.1" 200 773
67.225.220.120 - - [13/Apr/2020:04:37:32 +0200] "GET /ticket2/opencms/en/buy/?page=1&edid=AA98F677-D021-59B7-E72A-DFC2DEA2070E HTTP/1.1" 200 71530
114.119.160.103 - - [13/Apr/2020:04:37:38 +0200] "GET /ticket2/opencms/no/buy/?page=1&edid=B9927E9D-FCD6-90B0-3423-28EF9B3256EA&sortorder=desc&column=section HTTP/1.1" 200 71218
46.229.168.149 - - [13/Apr/2020:04:37:39 +0200] "GET /ticket2/opencms/sv/buy/?column=price&edid=AA8ACCF2-6F11-0649-AAE7-BD2964B0B78F&page=1&sortorder=desc HTTP/1.1" 200 71567
46.229.168.133 - - [13/Apr/2020:04:37:40 +0200] "GET /ticket2/opencms/en/buy/?column=section&edid=BC81A9B9-DAA0-AAD8-65DE-038B140B862E&page=1&sortorder=asc HTTP/1.1" 200 71110
46.229.168.144 - - [13/Apr/2020:04:37:41 +0200] "GET /ticket2/opencms/en/buy/?column=row&edid=575DEBEF-D2BA-ADFD-CABD-F28043A54D4D&page=1&sortorder=desc HTTP/1.1" 200 71105
46.229.168.137 - - [13/Apr/2020:04:37:46 +0200] "GET /ticket2/opencms/ru/buy/?column=section&edid=1C8120DD-47D6-1EED-A45B-D7BF1573D158&page=1&sortorder=desc HTTP/1.1" 200 70209
46.229.168.151 - - [13/Apr/2020:04:37:53 +0200] "GET /ticket2/opencms/en/buy/?column=price&edid=0F17BCAD-3084-AC58-8EE9-146E1CEBAC51&page=1&sortorder=desc HTTP/1.1" 200 71108
216.244.66.238 - - [13/Apr/2020:04:37:53 +0200] "GET /ticket2/opencms/sv/buy/?page=1&edid=926F727C-C5D2-34B9-5459-6E7B041674A9 HTTP/1.1" 200 71107
46.229.168.136 - - [13/Apr/2020:04:38:03 +0200] "GET /ticket2/opencms/fi/buy/?edid=56F7A79F-ED6D-503D-46E5-CD44AF89319D&page=1 HTTP/1.1" 200 73331
66.249.79.85 - - [13/Apr/2020:04:38:03 +0200] "GET /ticket2/opencms/sv/venue/?countryid=D9E13DB9-8338-AA2E-D2F0-97CDF9CA1F76 HTTP/1.1" 200 94846
67.225.220.120 - - [13/Apr/2020:04:38:06 +0200] "GET /ticket2/opencms/en/buy/?page=1&edid=54BF7B38-1191-4855-07DB-8DE87C08BACB HTTP/1.1" 200 71135
67.225.220.120 - - [13/Apr/2020:04:38:08 +0200] "GET /ticket2/opencms/en/buy/?page=1&edid=9761E1FD-698D-925B-75F2-8957E68FD205 HTTP/1.1" 200 69245
114.119.160.103 - - [13/Apr/2020:04:38:10 +0200] "GET /ticket2/opencms/fi/buy/?page=1&edid=DE0A9995-56A6-04E8-985B-0AA01BAE89DA&sortorder=asc&column=section HTTP/1.1" 200 72982
46.229.168.137 - - [13/Apr/2020:04:38:10 +0200] "GET /ticket2/opencms/no/buy/?edid=874D99C7-3DDA-AA32-0A78-CF9AB6A7DB66&page=1 HTTP/1.1" 200 71176
46.229.168.135 - - [13/Apr/2020:04:38:12 +0200] "GET /ticket2/opencms/no/buy/?catid=D414C6A5-7A03-3389-42A8-D7B7FE32BB37&comcatid=97ECA65A-72DA-F9AF-9DBB-245D3CFED1BE&page=6 HTTP/1.1" 200 70769
46.229.168.137 - - [13/Apr/2020:04:38:18 +0200] "GET /ticket2/opencms/no/buy/?edid=874D99C7-3DDA-AA32-0A78-CF9AB6A7DB66&page=1 HTTP/1.1" 200 71176
46.229.168.138 - - [13/Apr/2020:04:38:21 +0200] "GET /ticket2/opencms/sv/buy/?edid=E5717319-73D8-DE0E-B7AA-AA889F763447&page=1 HTTP/1.1" 200 71377
46.229.168.133 - - [13/Apr/2020:04:38:29 +0200] "GET /ticket2/opencms/dk/sport/fodboldbilletter/serie-a/ac-milan/ HTTP/1.1" 200 70762
66.249.79.71 - - [13/Apr/2020:04:38:29 +0200] "GET /ticket2/opencms/fi/venue/?venueid=D60D6CCF-C522-9251-DD37-F7D629607D55 HTTP/1.1" 200 66457
46.229.168.137 - - [13/Apr/2020:04:38:30 +0200] "GET /ticket2/opencms/ru/buy/?column=section&edid=1C8120DD-47D6-1EED-A45B-D7BF1573D158&page=1&sortorder=desc HTTP/1.1" 200 70209
66.249.79.73 - - [13/Apr/2020:04:38:35 +0200] "GET /ticket2/opencms/system/modules/com.gridnine.opencms.ticketbrokerage.site/resources/js/stickyfill.min.js HTTP/1.1" 200 5672
46.229.168.135 - - [13/Apr/2020:04:38:44 +0200] "GET /ticket2/opencms/en/buy/?column=price&edid=AED07394-C49C-5931-D2FB-64023659E932&page=1&sortorder=desc HTTP/1.1" 200 71101
46.229.168.140 - - [13/Apr/2020:04:38:45 +0200] "GET /ticket2/opencms/nl/buy/?column=row&edid=A1D2C259-DC72-E258-6E1C-38A00CB49F74&page=1&sortorder=asc HTTP/1.1" 200 70434
46.229.168.163 - - [13/Apr/2020:04:38:46 +0200] "GET /ticket2/opencms/en/buy/?eventid=8089A138-5EE7-E43F-C342-AAB9352CA1D1&page=10 HTTP/1.1" 200 69666
54.36.149.21 - - [13/Apr/2020:04:38:46 +0200] "GET /ticket2/opencms/sv/venue/?venueid=CA49AB1D-436E-22F2-9DD7-D243FFB8DE30 HTTP/1.1" 200 65476
46.229.168.145 - - [13/Apr/2020:04:38:52 +0200] "GET /ticket2/opencms/fi/buy/?column=section&edid=30DFF5A6-5801-42E1-F124-0EA64463049D&page=1&sortorder=desc HTTP/1.1" 200 72551
46.229.168.132 - - [13/Apr/2020:04:38:56 +0200] "GET /ticket2/opencms/fi/buy/?column=row&edid=C03521F2-41EE-6C48-45C4-DE14E2CF6CA2&page=1&sortorder=asc HTTP/1.1" 200 73661
67.225.220.120 - - [13/Apr/2020:04:39:00 +0200] "GET /ticket2/opencms/en/buy/?page=1&edid=D371ACB6-91F7-1544-360B-53D15191D9F7 HTTP/1.1" 200 71576
46.229.168.147 - - [13/Apr/2020:04:39:00 +0200] "GET /ticket2/opencms/dk/venue/?countryid=9F976644-D811-1E5C-8CA5-C3CE6B3B71EB HTTP/1.1" 200 94618
46.229.168.151 - - [13/Apr/2020:04:39:02 +0200] "GET /ticket2/opencms/sv/venue/?countryid=CEE00D6A-FB56-5500-E375-BA915009094D HTTP/1.1" 200 94846
67.225.220.120 - - [13/Apr/2020:04:39:04 +0200] "GET /ticket2/opencms/en/buy/?page=1&edid=9EA63819-F5C6-0A09-AF16-0D985EE0DC58 HTTP/1.1" 200 70856
46.229.168.148 - - [13/Apr/2020:04:39:06 +0200] "GET /ticket2/opencms/nl/buy/?column=price&edid=D280A599-2D4A-0E12-6081-4777391BE566&page=1&sortorder=asc HTTP/1.1" 200 70385
46.229.168.146 - - [13/Apr/2020:04:39:08 +0200] "GET /ticket2/opencms/sv/buy/?column=section&edid=8C2B67E4-8153-3736-E092-0CE2785F030B&page=1&sortorder=asc HTTP/1.1" 200 71376
46.229.168.139 - - [13/Apr/2020:04:39:12 +0200] "GET /ticket2/opencms/sv/buy/?column=price&edid=FCBD6E3D-863A-5B3A-5EE9-2A6644C9666A&page=1&sortorder=desc HTTP/1.1" 200 70882
46.229.168.145 - - [13/Apr/2020:04:39:13 +0200] "GET /ticket2/opencms/sv/buy/?column=row&edid=1641B98B-A297-1D9C-65B8-EC5F1450DCFE&page=1&sortorder=asc HTTP/1.1" 200 71378
46.229.168.149 - - [13/Apr/2020:04:39:18 +0200] "GET /ticket2/opencms/no/buy/?eventid=5DA5DC18-0429-6963-A61D-B44FBFE19212&page=10 HTTP/1.1" 200 67170
46.229.168.149 - - [13/Apr/2020:04:39:23 +0200] "GET /ticket2/opencms/nl/buy/?edid=A7F1A7EE-4449-7331-753F-36F9CB2473E4&page=1 HTTP/1.1" 200 71011
46.229.168.140 - - [13/Apr/2020:04:39:28 +0200] "GET /ticket2/opencms/no/buy/?column=row&edid=AEEDBD7A-961C-0FB9-092F-CBFB7B36B978&page=1&sortorder=desc HTTP/1.1" 200 69806
46.229.168.147 - - [13/Apr/2020:04:39:30 +0200] "GET /ticket2/opencms/en/buy/?catid=08F27F2A-1872-A39F-A97C-63093E77B18A&comcatid=A17713B6-D984-201A-4143-ED4DB5ED5C2E&page=6 HTTP/1.1" 200 75664
46.229.168.133 - - [13/Apr/2020:04:39:30 +0200] "GET /ticket2/opencms/fi/buy/?eventid=1C0FC89D-D539-28E4-3F58-11BCE29E4CA8&page=10&venueid=A0215E07-B078-8AA5-6DA4-5B2EADC61CED HTTP/1.1" 200 71836
46.229.168.133 - - [13/Apr/2020:04:39:32 +0200] "GET /ticket2/opencms/robots.txt HTTP/1.1" 200 773
46.229.168.144 - - [13/Apr/2020:04:39:42 +0200] "GET /ticket2/opencms/sv/buy/?column=section&edid=A5C4D37D-02EF-88DC-EDDC-EB65FAC9F41D&page=1&sortorder=asc HTTP/1.1" 200 71349
46.229.168.148 - - [13/Apr/2020:04:40:00 +0200] "GET /ticket2/opencms/nl/buy/?edid=63DEF0F5-392B-69D7-5B97-DE249A0B3B8B&page=1 HTTP/1.1" 200 68263
46.229.168.145 - - [13/Apr/2020:04:40:04 +0200] "GET /ticket2/opencms/nl/buy/?column=row&edid=62771AC5-B6A4-CA99-7698-E23F6FB31315&page=1&sortorder=desc HTTP/1.1" 200 68327
46.229.168.163 - - [13/Apr/2020:04:40:08 +0200] "GET /ticket2/opencms/en/buy/?edid=9BF622D0-346F-7329-11E1-DA3663315EAC&page=1 HTTP/1.1" 200 69188
46.229.168.146 - - [13/Apr/2020:04:40:10 +0200] "GET /ticket2/opencms/no/buy/?column=price&edid=65BE1F33-A165-9C84-EF7C-3B3111EA042A&page=1&sortorder=asc HTTP/1.1" 200 69828
46.229.168.132 - - [13/Apr/2020:04:40:13 +0200] "GET /ticket2/opencms/nl/buy/?column=section&edid=51C8DADA-3389-0DD8-E4E9-A827BBFED126&page=1&sortorder=asc HTTP/1.1" 200 70410
46.229.168.132 - - [13/Apr/2020:04:40:13 +0200] "GET /ticket2/opencms/no/buy/?edid=813B0545-20A1-788F-99C1-8F2B03516D33&page=1 HTTP/1.1" 200 71655
46.229.168.154 - - [13/Apr/2020:04:40:37 +0200] "GET /ticket2/opencms/sv/buy/?catid=D414C6A5-7A03-3389-42A8-D7B7FE32BB37&comcatid=97ECA65A-72DA-F9AF-9DBB-245D3CFED1BE HTTP/1.1" 200 70640
46.229.168.149 - - [13/Apr/2020:04:40:48 +0200] "GET /ticket2/opencms/sv/buy/?column=section&edid=2B4EA6F6-5935-93A8-F337-D339F4A676AD&page=1&sortorder=desc HTTP/1.1" 200 72691
46.229.168.138 - - [13/Apr/2020:04:40:54 +0200] "GET /ticket2/opencms/no/buy/?edid=347094AB-E088-27A3-B788-AFF5D8BA2F99&page=1 HTTP/1.1" 200 69790
46.229.168.141 - - [13/Apr/2020:04:41:09 +0200] "GET /ticket2/opencms/no/buy/?edid=68259A3C-CF4C-844C-9035-35AC0CB3C672&page=1 HTTP/1.1" 200 73441
54.36.148.255 - - [13/Apr/2020:04:41:13 +0200] "GET /ticket2/opencms/ru/buy/?page=1&edid=411CF077-8416-B09B-2921-C517AE71239C HTTP/1.1" 200 72098
46.229.168.141 - - [13/Apr/2020:04:41:31 +0200] "GET /ticket2/opencms/no/buy/?edid=68259A3C-CF4C-844C-9035-35AC0CB3C672&page=1 HTTP/1.1" 200 73441
46.229.168.149 - - [13/Apr/2020:04:41:47 +0200] "GET /ticket2/opencms/en/buy/?column=row&edid=068DCA06-79F3-7135-4E7E-55E4900338C2&page=1&sortorder=desc HTTP/1.1" 200 69242
46.229.168.153 - - [13/Apr/2020:04:42:08 +0200] "GET /ticket2/opencms/ru/buy/?column=section&edid=3F230B6C-1156-63A7-CD56-84FFF19FC0D1&page=1&sortorder=desc HTTP/1.1" 200 72176
46.229.168.152 - - [13/Apr/2020:04:42:10 +0200] "GET /ticket2/opencms/dk/buy/?edid=5E394636-BF24-8546-4F48-C95E49B131BE&page=1 HTTP/1.1" 200 71385
46.229.168.152 - - [13/Apr/2020:04:42:47 +0200] "GET /ticket2/opencms/fi/buy/?edid=4D5A6B7D-0DD5-3376-6674-50F62F149FE4&page=1 HTTP/1.1" 200 72481
46.229.168.162 - - [13/Apr/2020:04:42:49 +0200] "GET /ticket2/opencms/no/buy/?edid=7B3AC7D7-1526-4F6F-CBCE-129EE69ABE1E&page=1 HTTP/1.1" 200 72503
67.225.220.120 - - [13/Apr/2020:04:43:04 +0200] "GET /ticket2/opencms/sv/buy/?page=1&edid=EE24B254-1FB8-6601-5783-BFE404E37C0C HTTP/1.1" 200 85806
213.180.203.102 - - [13/Apr/2020:04:43:19 +0200] "GET /ticket2/opencms/ru/sport/football/bundesliga/ HTTP/1.1" 200 73591
46.229.168.143 - - [13/Apr/2020:04:43:19 +0200] "GET /ticket2/opencms/no/sport/fotballsbilletter/serie_a/carpi/ HTTP/1.1" 200 66720
46.229.168.152 - - [13/Apr/2020:04:43:31 +0200] "GET /ticket2/opencms/dk/buy/?edid=5E394636-BF24-8546-4F48-C95E49B131BE&page=1 HTTP/1.1" 200 71385
46.229.168.130 - - [13/Apr/2020:04:43:32 +0200] "GET /ticket2/opencms/sv/buy/?column=row&edid=F0D5F29E-1462-8C5E-5D34-E19B8A4EADAE&page=1&sortorder=asc HTTP/1.1" 200 70834
46.229.168.153 - - [13/Apr/2020:04:43:35 +0200] "GET /ticket2/opencms/ru/buy/?column=section&edid=3F230B6C-1156-63A7-CD56-84FFF19FC0D1&page=1&sortorder=desc HTTP/1.1" 200 72176
54.36.148.228 - - [13/Apr/2020:04:43:48 +0200] "GET /ticket2/opencms/en/buy/?page=1&edid=09BCEBCD-087A-9ADA-95C7-1647396B134E HTTP/1.1" 200 70845
46.229.168.139 - - [13/Apr/2020:04:44:03 +0200] "GET /ticket2/opencms/sv/buy/?column=price&edid=5419EEB9-7CF3-F00C-1255-FC5A4AAC90B0&page=1&sortorder=desc HTTP/1.1" 200 71797
46.229.168.152 - - [13/Apr/2020:04:44:05 +0200] "GET /ticket2/opencms/fi/buy/?edid=4D5A6B7D-0DD5-3376-6674-50F62F149FE4&page=1 HTTP/1.1" 200 72481
46.229.168.162 - - [13/Apr/2020:04:44:07 +0200] "GET /ticket2/opencms/no/buy/?edid=7B3AC7D7-1526-4F6F-CBCE-129EE69ABE1E&page=1 HTTP/1.1" 200 72503
67.225.220.120 - - [13/Apr/2020:04:44:10 +0200] "GET /ticket2/opencms/sv/buy/?page=1&edid=BD7F7FC5-0DF5-7ACB-57B0-E3B92454A7B0 HTTP/1.1" 200 71545
46.229.168.143 - - [13/Apr/2020:04:44:10 +0200] "GET /ticket2/opencms/no/sport/fotballsbilletter/serie_a/carpi/ HTTP/1.1" 200 66720
46.229.168.162 - - [13/Apr/2020:04:44:12 +0200] "GET /ticket2/opencms/fi/login/ HTTP/1.1" 200 68719
54.36.150.33 - - [13/Apr/2020:04:44:36 +0200] "GET /ticket2/opencms/ru/buy/?page=1&edid=B76473E8-F4A0-C28B-5AB3-EECAE6A50846 HTTP/1.1" 200 71946
46.229.168.139 - - [13/Apr/2020:04:44:36 +0200] "GET /ticket2/opencms/sv/buy/?column=price&edid=5419EEB9-7CF3-F00C-1255-FC5A4AAC90B0&page=1&sortorder=desc HTTP/1.1" 200 71797
46.229.168.130 - - [13/Apr/2020:04:44:41 +0200] "GET /ticket2/opencms/sv/buy/?column=row&edid=F0D5F29E-1462-8C5E-5D34-E19B8A4EADAE&page=1&sortorder=asc HTTP/1.1" 200 70834
114.119.167.17 - - [13/Apr/2020:04:44:42 +0200] "GET /ticket2/opencms/ru/buy/?page=1&edid=17687D32-5E2D-8573-6D52-BE9A2F51FA8D HTTP/1.1" 200 70174
46.229.168.143 - - [13/Apr/2020:04:44:43 +0200] "GET /ticket2/opencms/fi/buy/?column=section&edid=A60952DA-299F-820E-67E8-C4650D264DE5&page=1&sortorder=desc HTTP/1.1" 200 74334
178.154.200.175 - - [13/Apr/2020:04:44:43 +0200] "GET /ticket2/opencms/fi/urheilu/jalkapallo/ligue_1/nice/ HTTP/1.1" 200 67994
213.180.203.102 - - [13/Apr/2020:04:44:43 +0200] "GET /ticket2/opencms/system/modules/com.gridnine.opencms.ticketbrokerage.site/resources/js/common-ajax.js HTTP/1.1" 200 20175
178.154.200.175 - - [13/Apr/2020:04:44:43 +0200] "GET /ticket2/opencms/system/modules/com.gridnine.opencms.ticketbrokerage.site/resources/js/calendar-setup.js HTTP/1.1" 200 4923
114.119.163.208 - - [13/Apr/2020:04:44:43 +0200] "GET /ticket2/opencms/no/buy/?page=1&edid=BD7F7FC5-0DF5-7ACB-57B0-E3B92454A7B0&sortorder=desc&column=section HTTP/1.1" 200 71919
46.229.168.147 - - [13/Apr/2020:04:44:44 +0200] "GET /ticket2/opencms/en/buy/?column=price&edid=F0BB4202-2944-A849-AD75-EF4C542F402F&page=1&sortorder=asc HTTP/1.1" 200 70646
67.225.220.120 - - [13/Apr/2020:04:44:47 +0200] "GET /ticket2/opencms/en/buy/?page=1&edid=FE0D347F-B790-DD75-F37F-11E0E35595D4 HTTP/1.1" 200 69206
46.229.168.162 - - [13/Apr/2020:04:44:47 +0200] "GET /ticket2/opencms/fi/login/ HTTP/1.1" 200 68719
46.229.168.142 - - [13/Apr/2020:04:44:48 +0200] "GET /ticket2/opencms/no/buy/?column=section&edid=BDACF8A9-BAB3-8280-514A-8268B08E2DCD&page=1&sortorder=asc HTTP/1.1" 200 71668
67.225.220.120 - - [13/Apr/2020:04:44:48 +0200] "GET /ticket2/opencms/en/buy/?page=1&edid=67B3819E-C203-F7C9-1C5C-2A1AF592C733 HTTP/1.1" 200 69201
46.229.168.147 - - [13/Apr/2020:04:44:49 +0200] "GET /ticket2/opencms/en/buy/?column=price&edid=F0BB4202-2944-A849-AD75-EF4C542F402F&page=1&sortorder=asc HTTP/1.1" 200 70646
46.229.168.144 - - [13/Apr/2020:04:44:50 +0200] "GET /ticket2/opencms/en/buy/?edid=D16DA74F-82BD-078A-CF3E-3033D52E5AD2&page=1 HTTP/1.1" 200 71596
46.229.168.140 - - [13/Apr/2020:04:44:55 +0200] "GET /ticket2/opencms/no/buy/?column=price&edid=8AD96918-4845-F025-BEBF-8271DEECF8F7&page=1&sortorder=desc HTTP/1.1" 200 71214
46.229.168.163 - - [13/Apr/2020:04:44:55 +0200] "GET /ticket2/opencms/sv/buy/?column=price&edid=874D99C7-3DDA-AA32-0A78-CF9AB6A7DB66&page=1&sortorder=asc HTTP/1.1" 200 70889
46.229.168.153 - - [13/Apr/2020:04:45:05 +0200] "GET /ticket2/opencms/nl/sell/?edid=3930902F-44C9-0DA4-854E-41262D5A61CF HTTP/1.1" 302 -
66.249.79.171 - - [13/Apr/2020:04:45:08 +0200] "GET /ticket2/opencms/sv/buy/?page=6&comcatid=66708183-7480-3365-06BF-DBF60280AB45 HTTP/1.1" 200 67257
46.229.168.136 - - [13/Apr/2020:04:45:15 +0200] "GET /ticket2/opencms/sv/sport/hockeybiljetter/nhl/florida-panthers/ HTTP/1.1" 200 67628
178.154.200.175 - - [13/Apr/2020:04:45:15 +0200] "GET /ticket2/opencms/system/modules/com.gridnine.opencms.ticketbrokerage.site/resources/js/jquery/jquery.js HTTP/1.1" 200 93868
46.229.168.142 - - [13/Apr/2020:04:45:15 +0200] "GET /ticket2/opencms/no/buy/?column=section&edid=BDACF8A9-BAB3-8280-514A-8268B08E2DCD&page=1&sortorder=asc HTTP/1.1" 200 71668
178.154.200.175 - - [13/Apr/2020:04:45:15 +0200] "GET /ticket2/opencms/system/modules/com.gridnine.opencms.ticketbrokerage.site/resources/js/calendar.js HTTP/1.1" 200 49229
46.229.168.144 - - [13/Apr/2020:04:45:15 +0200] "GET /ticket2/opencms/en/buy/?edid=D16DA74F-82BD-078A-CF3E-3033D52E5AD2&page=1 HTTP/1.1" 200 71596
213.180.203.102 - - [13/Apr/2020:04:45:16 +0200] "GET /ticket2/opencms/system/modules/com.gridnine.opencms.ticketbrokerage.site/resources/js/stickyfill.min.js HTTP/1.1" 200 5672
46.229.168.140 - - [13/Apr/2020:04:45:20 +0200] "GET /ticket2/opencms/no/buy/?column=price&edid=8AD96918-4845-F025-BEBF-8271DEECF8F7&page=1&sortorder=desc HTTP/1.1" 200 71214
46.229.168.163 - - [13/Apr/2020:04:45:21 +0200] "GET /ticket2/opencms/sv/buy/?column=price&edid=874D99C7-3DDA-AA32-0A78-CF9AB6A7DB66&page=1&sortorder=asc HTTP/1.1" 200 70889
46.229.168.130 - - [13/Apr/2020:04:45:22 +0200] "GET /ticket2/opencms/no/buy/?column=row&edid=49AED064-B86D-465C-FC24-B9E6E7276FC8&page=1&sortorder=asc HTTP/1.1" 200 72542
178.154.200.175 - - [13/Apr/2020:04:45:22 +0200] "GET /ticket2/opencms/system/modules/com.gridnine.opencms.ticketbrokerage.site/resources/css/ticketbrokerage.css HTTP/1.1" 200 39285
213.180.203.102 - - [13/Apr/2020:04:45:22 +0200] "GET /ticket2/opencms/system/modules/com.gridnine.opencms.ticketbrokerage.site/resources/js/calendar-en.js HTTP/1.1" 200 3338
178.154.200.175 - - [13/Apr/2020:04:45:22 +0200] "GET /ticket2/opencms/system/modules/com.gridnine.opencms.ticketbrokerage.site/resources/css/jquery.fancybox.css HTTP/1.1" 200 4939
46.229.168.132 - - [13/Apr/2020:04:45:22 +0200] "GET /ticket2/opencms/no/buy/?column=price&edid=D16DA74F-82BD-078A-CF3E-3033D52E5AD2&page=1&sortorder=desc HTTP/1.1" 200 72180
46.229.168.142 - - [13/Apr/2020:04:45:27 +0200] "GET /ticket2/opencms/dk/buy/?column=price&edid=D75E23E2-3BF9-8794-031B-AF07751CB0C8&page=1&sortorder=desc HTTP/1.1" 200 72528
114.119.167.17 - - [13/Apr/2020:04:45:28 +0200] "GET /ticket2/opencms/no/buy/?page=1&edid=BDEBDFC7-284E-9E6E-D1BB-65EBB5818C8B&sortorder=desc&column=price HTTP/1.1" 200 71460
46.229.168.138 - - [13/Apr/2020:04:45:33 +0200] "GET /ticket2/opencms/no/buy/?edid=CD8C65AB-F506-0A9E-001A-2A1B6DBD3092&page=1 HTTP/1.1" 200 72142
67.225.220.120 - - [13/Apr/2020:04:45:34 +0200] "GET /ticket2/opencms/en/buy/?page=1&edid=8AE5D156-FC63-438F-34F8-237E20433F6C HTTP/1.1" 200 69235
67.225.220.120 - - [13/Apr/2020:04:45:34 +0200] "GET /ticket2/opencms/en/buy/?page=1&edid=50741BB5-AC41-8EDF-DDAB-6A055F5C5052 HTTP/1.1" 200 71584
46.229.168.152 - - [13/Apr/2020:04:45:34 +0200] "GET /ticket2/opencms/en/buy/?column=price&edid=DF722EB1-DBD7-8B49-AC85-9522FC35CC44&page=1&sortorder=asc HTTP/1.1" 200 71121
178.154.200.175 - - [13/Apr/2020:04:45:36 +0200] "GET /ticket2/opencms/fi/buying_tickets/ HTTP/1.1" 200 68569
46.229.168.133 - - [13/Apr/2020:04:45:38 +0200] "GET /ticket2/opencms/sv/buy/?column=price&edid=9D28F9B9-6904-1ABE-2B7B-B5AAE0BDC058&page=1&sortorder=desc HTTP/1.1" 200 72081
46.229.168.132 - - [13/Apr/2020:04:45:41 +0200] "GET /ticket2/opencms/no/buy/?column=price&edid=D16DA74F-82BD-078A-CF3E-3033D52E5AD2&page=1&sortorder=desc HTTP/1.1" 200 72180
54.36.148.27 - - [13/Apr/2020:04:45:49 +0200] "GET /ticket2/opencms/dk/venue/?venueid=EB7553A5-57B5-8BDF-93F0-35BE2BD45349 HTTP/1.1" 200 65235
46.229.168.152 - - [13/Apr/2020:04:45:54 +0200] "GET /ticket2/opencms/en/buy/?column=price&edid=DF722EB1-DBD7-8B49-AC85-9522FC35CC44&page=1&sortorder=asc HTTP/1.1" 200 71121
46.229.168.130 - - [13/Apr/2020:04:45:55 +0200] "GET /ticket2/opencms/sv/buy/?column=price&edid=EEBEB1B7-124E-0978-2C17-3654DF15A113&page=1&sortorder=desc HTTP/1.1" 200 71116
46.229.168.142 - - [13/Apr/2020:04:45:58 +0200] "GET /ticket2/opencms/dk/buy/?column=section&edid=6DCAB90D-3A3D-2AD8-B841-FCB9C117FC7B&page=1&sortorder=asc HTTP/1.1" 200 71408
46.229.168.133 - - [13/Apr/2020:04:46:00 +0200] "GET /ticket2/opencms/sv/buy/?column=price&edid=9D28F9B9-6904-1ABE-2B7B-B5AAE0BDC058&page=1&sortorder=desc HTTP/1.1" 200 72081
46.229.168.162 - - [13/Apr/2020:04:46:01 +0200] "GET /ticket2/opencms/sv/buy/?column=section&edid=B6212AD0-3917-4B87-D77E-0A47DAD0A500&page=1&sortorder=asc HTTP/1.1" 200 69465
46.229.168.131 - - [13/Apr/2020:04:46:03 +0200] "GET /ticket2/opencms/en/login/?url=%25252Fen%25252Fsell%25252F HTTP/1.1" 200 67300
46.229.168.143 - - [13/Apr/2020:04:46:04 +0200] "GET /ticket2/opencms/fi/buy/?column=section&edid=A60952DA-299F-820E-67E8-C4650D264DE5&page=1&sortorder=desc HTTP/1.1" 200 74334
46.229.168.161 - - [13/Apr/2020:04:46:05 +0200] "GET /ticket2/opencms/sv/buy/?column=row&edid=6FCA7C97-0DDE-F0C5-370E-597E0259B177&page=1&sortorder=asc HTTP/1.1" 200 72217
46.229.168.134 - - [13/Apr/2020:04:46:07 +0200] "GET /ticket2/opencms/sv/login/?url=%25252Fsv%25252Fsell%25252F HTTP/1.1" 200 67543
67.225.220.120 - - [13/Apr/2020:04:46:09 +0200] "GET /ticket2/opencms/sv/buy/?page=1&edid=0477FD06-96DA-B114-0215-1A5B86788F96 HTTP/1.1" 200 71337
46.229.168.162 - - [13/Apr/2020:04:46:14 +0200] "GET /ticket2/opencms/sv/buy/?catid=0A6C99D2-F5BD-7A18-9A5F-5668827042E0&comcatid=A17713B6-D984-201A-4143-ED4DB5ED5C2E&eventid=AF9FA49A-6673-4DB3-CFBA-78E9C1C516AC&page=6 HTTP/1.1" 200 81195
46.229.168.153 - - [13/Apr/2020:04:46:36 +0200] "GET /ticket2/opencms/en/buy/?column=price&edid=22067566-643A-AA4F-0095-4F8E05FA13EC&page=1&sortorder=desc HTTP/1.1" 200 72448
46.229.168.150 - - [13/Apr/2020:04:46:40 +0200] "GET /ticket2/opencms/fi/buy/?column=section&edid=1B4B2DAC-1EF9-0CB4-F9AB-13380E309401&page=1&sortorder=desc HTTP/1.1" 200 72549
66.249.79.89 - - [13/Apr/2020:04:47:08 +0200] "GET /ticket2/opencms/en/venue/?countryid=EF3F1C0A-ABF4-7226-18E0-4339A3934525 HTTP/1.1" 200 94598
46.229.168.131 - - [13/Apr/2020:04:47:13 +0200] "GET /ticket2/opencms/en/buy/?column=section&edid=9C91C697-B406-6838-E8EE-67CCBD777A69&page=1&sortorder=desc HTTP/1.1" 200 71569
46.229.168.142 - - [13/Apr/2020:04:47:14 +0200] "GET /ticket2/opencms/no/buy/?column=price&edid=6A6056BA-19AF-AC1A-2F7F-9B4602A4B6A3&page=1&sortorder=desc HTTP/1.1" 200 73013
114.119.163.240 - - [13/Apr/2020:04:47:18 +0200] "GET /ticket2/opencms/sv/buy/?page=1&edid=0154E95E-0A44-1BF2-0329-4E27FA15E52D&sortorder=desc&column=section HTTP/1.1" 200 69495
67.225.220.120 - - [13/Apr/2020:04:47:24 +0200] "GET /ticket2/opencms/sv/buy/?page=1&edid=448E97AD-A675-26E8-5DB2-B1923040DF7D HTTP/1.1" 200 71339
67.225.220.120 - - [13/Apr/2020:04:47:27 +0200] "GET /ticket2/opencms/en/buy/?page=1&edid=FFA889B6-9240-4F46-70D3-4493AA2A2E30 HTTP/1.1" 200 69218
67.225.220.120 - - [13/Apr/2020:04:47:28 +0200] "GET /ticket2/opencms/en/buy/?page=1&edid=65DE09A5-CD2E-4A41-80F5-C70B8B080A91 HTTP/1.1" 200 69216
114.119.162.214 - - [13/Apr/2020:04:47:33 +0200] "GET /ticket2/opencms/dk/buy/?page=1&edid=59D3380F-782C-B2BC-F538-368054435CF5&sortorder=desc&column=price HTTP/1.1" 200 69325
