46.229.168.139 - - [13/Apr/2020:07:30:39 +0200] "GET /ticket2/opencms/nl/buy/?column=price&edid=24A282BA-CC6E-1C13-AE23-912C708E8D54&page=1&sortorder=desc HTTP/1.1" 200 70421
178.151.245.174 - - [13/Apr/2020:07:30:39 +0200] "GET /ticket2/opencms/sv/venue/?venueid=D1B15D6A-DFE3-C6C9-6105-566E2A2AD03F HTTP/1.1" 200 65523
5.9.71.213 - - [13/Apr/2020:07:30:41 +0200] "GET /ticket2/opencms/dk/buy/?page=1&edid=4018F88A-4AA6-E738-1F44-74C10A1CA3AA&sortorder=desc&column=price HTTP/1.1" 200 70453
178.151.245.174 - - [13/Apr/2020:07:30:42 +0200] "GET /ticket2/opencms/sv/venue/?venueid=D6F2B52F-C215-0A5B-8206-F685BCC6BD43 HTTP/1.1" 200 65504
192.99.37.116 - - [13/Apr/2020:07:30:50 +0200] "GET /ticket2/opencms/fi/buy/?page=1&edid=AB846FE3-D252-0F8D-9888-1616F9907D4C&sortorder=desc&column=row HTTP/1.1" 200 70635
178.151.245.174 - - [13/Apr/2020:07:30:50 +0200] "GET /ticket2/opencms/sv/venue/?venueid=D744A0E6-974D-7D9B-E6CA-EB969D419414 HTTP/1.1" 200 65462
46.229.168.138 - - [13/Apr/2020:07:30:52 +0200] "GET /ticket2/opencms/sv/buy/?column=section&edid=336107FE-A480-FFB9-CEBB-733E82F740BB&page=1&sortorder=desc HTTP/1.1" 200 72122
178.151.245.174 - - [13/Apr/2020:07:30:55 +0200] "GET /ticket2/opencms/sv/venue/?venueid=D84BB896-7CA1-237F-E1E2-1FC8BB6303AD HTTP/1.1" 200 65461
5.9.71.213 - - [13/Apr/2020:07:30:56 +0200] "GET /ticket2/opencms/dk/buy/?page=1&edid=4018F88A-4AA6-E738-1F44-74C10A1CA3AA&sortorder=desc&column=section HTTP/1.1" 200 70453
173.208.157.186 - - [13/Apr/2020:07:30:58 +0200] "GET /ticket2/opencms/fi/buy/?page=1&edid=5B2E6B5B-74E9-CD30-D689-B625FF457737&sortorder=asc&column=price HTTP/1.1" 200 70644
178.151.245.174 - - [13/Apr/2020:07:30:58 +0200] "GET /ticket2/opencms/sv/venue/?venueid=D8748AFA-5CFF-8E2A-FC7D-F16F92ED4536 HTTP/1.1" 200 65458
114.119.164.161 - - [13/Apr/2020:07:31:01 +0200] "GET /ticket2/opencms/dk/buy/?page=1&edid=BD7F7FC5-0DF5-7ACB-57B0-E3B92454A7B0&sortorder=asc&column=section HTTP/1.1" 200 71440
67.225.220.120 - - [13/Apr/2020:07:31:01 +0200] "GET /ticket2/opencms/sv/buy/?page=1&edid=7252A51A-97AC-D81E-2DC0-946206EF80FD HTTP/1.1" 200 71537
178.151.245.174 - - [13/Apr/2020:07:31:02 +0200] "GET /ticket2/opencms/sv/venue/?venueid=D88B1A2D-D4CE-4096-CB58-413C35009F84 HTTP/1.1" 200 65482
46.229.168.132 - - [13/Apr/2020:07:31:03 +0200] "GET /ticket2/opencms/nl/buy/?column=section&edid=41B0AD3F-D5B6-C8C5-9D9D-00306E5C1BE4&page=1&sortorder=asc HTTP/1.1" 200 81089
46.229.168.144 - - [13/Apr/2020:07:31:05 +0200] "GET /ticket2/opencms/nl/buy/?edid=BDACF8A9-BAB3-8280-514A-8268B08E2DCD&page=1 HTTP/1.1" 200 70139
178.151.245.174 - - [13/Apr/2020:07:31:07 +0200] "GET /ticket2/opencms/sv/venue/?venueid=DABDC4D6-A186-DAE6-C644-5DB9CB011EEC HTTP/1.1" 200 65539
46.229.168.144 - - [13/Apr/2020:07:31:07 +0200] "GET /ticket2/opencms/sv/buy/?column=price&edid=17691BA0-3B62-7E67-D3D1-B182892E58DB&page=1&sortorder=asc HTTP/1.1" 200 72688
178.151.245.174 - - [13/Apr/2020:07:31:10 +0200] "GET /ticket2/opencms/sv/venue/?venueid=DD1C51CF-8829-9FCD-25F4-AC82F4E66D67 HTTP/1.1" 200 65450
46.229.168.146 - - [13/Apr/2020:07:31:10 +0200] "GET /ticket2/opencms/sv/buy/?column=row&edid=0318FBA9-8FFF-BC30-E67D-5568E5F27D3B&page=1&sortorder=asc HTTP/1.1" 200 71373
173.208.157.186 - - [13/Apr/2020:07:31:15 +0200] "GET /ticket2/opencms/fi/buy/?page=1&edid=5B2E6B5B-74E9-CD30-D689-B625FF457737&sortorder=asc&column=row HTTP/1.1" 200 70644
5.9.71.213 - - [13/Apr/2020:07:31:19 +0200] "GET /ticket2/opencms/dk/buy/?page=1&edid=40B479D3-21EE-894D-F38D-1B68A6108A49&sortorder=desc&column=price HTTP/1.1" 200 72059
178.151.245.174 - - [13/Apr/2020:07:31:19 +0200] "GET /ticket2/opencms/sv/venue/?venueid=E03968A5-AE05-E1E5-3D28-6DE0A936F6E0 HTTP/1.1" 200 65464
192.99.4.168 - - [13/Apr/2020:07:31:21 +0200] "GET /ticket2/opencms/en/buy/?page=1&edid=07EA412C-3486-2D43-F1B9-FDEC67DDE38E&sortorder=asc&column=row HTTP/1.1" 200 70906
46.229.168.133 - - [13/Apr/2020:07:31:27 +0200] "GET /ticket2/opencms/fi/buy/?column=section&edid=89426793-268A-C03E-4926-A9BF00570688&page=1&sortorder=desc HTTP/1.1" 200 72568
5.9.71.213 - - [13/Apr/2020:07:31:30 +0200] "GET /ticket2/opencms/dk/buy/?page=1&edid=40B479D3-21EE-894D-F38D-1B68A6108A49&sortorder=desc&column=row HTTP/1.1" 200 72059
178.154.200.175 - - [13/Apr/2020:07:31:30 +0200] "GET /ticket2/opencms/fi/urheilu/jalkapallo/la-liga/hercules/ HTTP/1.1" 200 66440
178.151.245.174 - - [13/Apr/2020:07:31:30 +0200] "GET /ticket2/opencms/sv/venue/?venueid=E07BF873-3E24-4ED0-36DB-A40D162DA6BE HTTP/1.1" 200 65541
46.229.168.138 - - [13/Apr/2020:07:31:31 +0200] "GET /ticket2/opencms/sv/buy/?column=section&edid=336107FE-A480-FFB9-CEBB-733E82F740BB&page=1&sortorder=desc HTTP/1.1" 200 72122
173.208.157.186 - - [13/Apr/2020:07:31:35 +0200] "GET /ticket2/opencms/fi/buy/?page=1&edid=5B2E6B5B-74E9-CD30-D689-B625FF457737&sortorder=asc&column=section HTTP/1.1" 200 70644
178.151.245.174 - - [13/Apr/2020:07:31:35 +0200] "GET /ticket2/opencms/sv/venue/?venueid=E0AACC64-AFF5-5004-2F13-64A84D0E8D40 HTTP/1.1" 200 65519
46.229.168.143 - - [13/Apr/2020:07:31:37 +0200] "GET /ticket2/opencms/fi/buy/?column=section&edid=8273D7DB-9E15-41C7-63BD-862F12528A78&page=1&sortorder=asc HTTP/1.1" 200 71787
192.99.37.116 - - [13/Apr/2020:07:31:46 +0200] "GET /ticket2/opencms/fi/buy/?page=1&edid=AB846FE3-D252-0F8D-9888-1616F9907D4C&sortorder=desc&column=section HTTP/1.1" 200 70635
178.151.245.174 - - [13/Apr/2020:07:31:46 +0200] "GET /ticket2/opencms/sv/venue/?venueid=E15FBAA2-C0CD-9858-4523-F6A4C3FE1D03 HTTP/1.1" 200 65512
46.229.168.142 - - [13/Apr/2020:07:31:49 +0200] "GET /ticket2/opencms/en/buy/?column=price&edid=D1FDD4D5-0EA0-7CA6-7618-EEE5879D2D21&page=1&sortorder=desc HTTP/1.1" 200 71170
178.151.245.174 - - [13/Apr/2020:07:31:50 +0200] "GET /ticket2/opencms/sv/venue/?venueid=E1A95987-A971-1F0D-D591-61D0CF30E07F HTTP/1.1" 200 65476
173.208.157.186 - - [13/Apr/2020:07:31:59 +0200] "GET /ticket2/opencms/fi/buy/?page=1&edid=5B2E6B5B-74E9-CD30-D689-B625FF457737&sortorder=desc&column=price HTTP/1.1" 200 70643
46.229.168.148 - - [13/Apr/2020:07:32:01 +0200] "GET /ticket2/opencms/sv/buy/?column=price&edid=14DC85A8-0F78-E63B-3823-C6D5EDB81837&page=1&sortorder=asc HTTP/1.1" 200 71581
5.9.71.213 - - [13/Apr/2020:07:32:04 +0200] "GET /ticket2/opencms/dk/buy/?page=1&edid=40B479D3-21EE-894D-F38D-1B68A6108A49&sortorder=desc&column=section HTTP/1.1" 200 72059
46.229.168.132 - - [13/Apr/2020:07:32:05 +0200] "GET /ticket2/opencms/fi/buy/?edid=963219A7-E7A4-B62C-96E6-73E898823459&page=1 HTTP/1.1" 200 73332
46.229.168.140 - - [13/Apr/2020:07:32:10 +0200] "GET /ticket2/opencms/fi/buy/?edid=65DE09A5-CD2E-4A41-80F5-C70B8B080A91&page=1 HTTP/1.1" 200 70604
46.229.168.147 - - [13/Apr/2020:07:32:12 +0200] "GET /ticket2/opencms/sv/buy/?column=price&edid=336107FE-A480-FFB9-CEBB-733E82F740BB&page=1&sortorder=asc HTTP/1.1" 200 72123
173.208.157.186 - - [13/Apr/2020:07:32:13 +0200] "GET /ticket2/opencms/fi/buy/?page=1&edid=5B2E6B5B-74E9-CD30-D689-B625FF457737&sortorder=desc&column=row HTTP/1.1" 200 70643
192.99.4.168 - - [13/Apr/2020:07:32:16 +0200] "GET /ticket2/opencms/en/buy/?page=1&edid=07EA412C-3486-2D43-F1B9-FDEC67DDE38E&sortorder=asc&column=section HTTP/1.1" 200 70906
46.229.168.143 - - [13/Apr/2020:07:32:16 +0200] "GET /ticket2/opencms/robots.txt HTTP/1.1" 200 773
46.229.168.154 - - [13/Apr/2020:07:32:16 +0200] "GET /ticket2/opencms/no/buy/?column=price&edid=4DA8BB7E-7B6D-2F44-7E06-8B92C40FFE63&page=1&sortorder=desc HTTP/1.1" 200 69827
46.229.168.149 - - [13/Apr/2020:07:32:24 +0200] "GET /ticket2/opencms/dk/sell/?edid=D14E786C-C869-8112-70DA-17875583047D HTTP/1.1" 302 -
46.229.168.140 - - [13/Apr/2020:07:32:24 +0200] "GET /ticket2/opencms/sv/about/ HTTP/1.1" 200 66983
67.225.220.120 - - [13/Apr/2020:07:32:24 +0200] "GET /ticket2/opencms/en/buy/?page=1&edid=A6BB718A-C4BD-3D5C-72E2-D776690BA6E7 HTTP/1.1" 200 69202
67.225.220.120 - - [13/Apr/2020:07:32:25 +0200] "GET /ticket2/opencms/en/buy/?page=1&edid=C0FFA6FD-32FA-9A10-CB6E-3A2F4E87A6FA HTTP/1.1" 200 70847
46.229.168.144 - - [13/Apr/2020:07:32:28 +0200] "GET /ticket2/opencms/no/buy/?column=section&edid=A18B7AA2-BC88-9685-D882-F3ACFA423D12&page=1&sortorder=asc HTTP/1.1" 200 69828
46.229.168.148 - - [13/Apr/2020:07:32:29 +0200] "GET /ticket2/opencms/sv/buy/?column=section&edid=53202693-7DA4-5446-E3D3-0719CDDBB705&page=1&sortorder=desc HTTP/1.1" 200 70936
46.229.168.161 - - [13/Apr/2020:07:32:29 +0200] "GET /ticket2/opencms/sites/ticketbrokerage/sv/buy/?eventid=EBC6DE40-4000-14CF-21EA-D5EE8E73DD33&page=10 HTTP/1.1" 404 -
173.208.157.186 - - [13/Apr/2020:07:32:30 +0200] "GET /ticket2/opencms/fi/buy/?page=1&edid=5B2E6B5B-74E9-CD30-D689-B625FF457737&sortorder=desc&column=section HTTP/1.1" 200 70643
46.229.168.137 - - [13/Apr/2020:07:32:30 +0200] "GET /ticket2/opencms/fi/buy/?column=price&edid=C0E71D3B-DC0E-DD9D-0716-7AD40A999541&page=1&sortorder=desc HTTP/1.1" 200 72510
46.229.168.141 - - [13/Apr/2020:07:32:31 +0200] "GET /ticket2/opencms/dk/sport/fodboldbilletter/serie-a/ac_roma/ HTTP/1.1" 200 69493
192.99.37.116 - - [13/Apr/2020:07:32:37 +0200] "GET /ticket2/opencms/fi/buy/?page=1&edid=AB9E7BF0-7DD3-2623-3B2D-74224FE2F71E HTTP/1.1" 200 72467
46.229.168.152 - - [13/Apr/2020:07:32:37 +0200] "GET /ticket2/opencms/en/buy/?edid=737F88F7-7F18-93CC-306A-5F33631B3F9F&page=1 HTTP/1.1" 200 70661
5.9.71.213 - - [13/Apr/2020:07:32:40 +0200] "GET /ticket2/opencms/dk/buy/?page=1&edid=40E2FD6D-437A-4AD5-F6CD-00CC2ED2CAEE&sortorder=asc&column=price HTTP/1.1" 200 69322
46.229.168.133 - - [13/Apr/2020:07:32:41 +0200] "GET /ticket2/opencms/sv/buy/?column=row&edid=3EE82812-88E0-47E5-57E4-6CB801A92703&page=1&sortorder=asc HTTP/1.1" 200 72688
46.229.168.142 - - [13/Apr/2020:07:32:50 +0200] "GET /ticket2/opencms/sv/buy/?column=row&edid=2A18043A-EF1D-E945-E75B-594AC2A6AAE6&page=1&sortorder=desc HTTP/1.1" 200 70889
5.9.71.213 - - [13/Apr/2020:07:32:50 +0200] "GET /ticket2/opencms/dk/buy/?page=1&edid=40E2FD6D-437A-4AD5-F6CD-00CC2ED2CAEE&sortorder=asc&column=row HTTP/1.1" 200 69322
114.119.162.139 - - [13/Apr/2020:07:32:50 +0200] "GET /ticket2/opencms/tb/opencms/en/archive/events/hv_71/ HTTP/1.1" 404 -
46.229.168.132 - - [13/Apr/2020:07:32:55 +0200] "GET /ticket2/opencms/en/buy/?edid=245192A6-8FDA-2EF7-FEA6-F7485A9315EF&page=1 HTTP/1.1" 200 70614
173.208.157.186 - - [13/Apr/2020:07:32:55 +0200] "GET /ticket2/opencms/fi/buy/?page=1&edid=5BFC1C1E-ACCB-EE58-DD34-E65D2A3DFD07 HTTP/1.1" 200 71990
69.30.198.186 - - [13/Apr/2020:07:32:58 +0200] "GET /ticket2/opencms/robots.txt HTTP/1.1" 200 773
46.229.168.148 - - [13/Apr/2020:07:32:58 +0200] "GET /ticket2/opencms/sv/sell/?edid=EA6DAAD2-200A-052A-B4F6-5898239F72D4 HTTP/1.1" 302 -
46.229.168.154 - - [13/Apr/2020:07:32:59 +0200] "GET /ticket2/opencms/nl/buy/?edid=D46F6BE8-BC8A-8DDC-1025-98720CF7125C&page=1 HTTP/1.1" 200 68294
46.229.168.132 - - [13/Apr/2020:07:33:01 +0200] "GET /ticket2/opencms/fi/buy/?column=section&edid=0F9CBCC9-4895-1878-4B6D-99BC3B1A1FA0&page=1&sortorder=desc HTTP/1.1" 200 70604
46.229.168.133 - - [13/Apr/2020:07:33:02 +0200] "GET /ticket2/opencms/no/buy/?edid=B93B0FFA-1133-B639-A688-B05549F4B695&page=1 HTTP/1.1" 200 69804
46.229.168.151 - - [13/Apr/2020:07:33:08 +0200] "GET /ticket2/opencms/sv/buy/?edid=74EFCA32-6815-FF4B-4089-5178E45F69AE&page=1 HTTP/1.1" 200 71302
46.229.168.150 - - [13/Apr/2020:07:33:08 +0200] "GET /ticket2/opencms/ru/buy/?column=section&edid=C24CFA32-4FD8-532F-2ACA-BEB9889EA4D1&page=1&sortorder=desc HTTP/1.1" 200 70245
192.99.37.116 - - [13/Apr/2020:07:33:10 +0200] "GET /ticket2/opencms/fi/buy/?page=1&edid=AC9B2055-12DA-9E20-67F9-15ACACD7CC8B&sortorder=desc&column=section HTTP/1.1" 200 72512
173.208.157.186 - - [13/Apr/2020:07:33:13 +0200] "GET /ticket2/opencms/fi/buy/?page=1&edid=5C0E0796-42C1-07D1-3A30-7285C6D833B0 HTTP/1.1" 200 72707
46.229.168.148 - - [13/Apr/2020:07:33:13 +0200] "GET /ticket2/opencms/robots.txt HTTP/1.1" 200 773
5.9.71.213 - - [13/Apr/2020:07:33:19 +0200] "GET /ticket2/opencms/dk/buy/?page=1&edid=40E2FD6D-437A-4AD5-F6CD-00CC2ED2CAEE&sortorder=asc&column=section HTTP/1.1" 200 69322
5.9.140.242 - - [13/Apr/2020:07:33:21 +0200] "GET /ticket2/opencms/dk/buy/?page=1&edid=6CE73640-861F-E63B-F569-7CD77E2D3806&sortorder=desc&column=price HTTP/1.1" 200 70720
46.229.168.147 - - [13/Apr/2020:07:33:24 +0200] "GET /ticket2/opencms/sv/buy/?column=price&edid=336107FE-A480-FFB9-CEBB-733E82F740BB&page=1&sortorder=asc HTTP/1.1" 200 72123
46.229.168.141 - - [13/Apr/2020:07:33:29 +0200] "GET /ticket2/opencms/dk/sport/fodboldbilletter/serie-a/ac_roma/ HTTP/1.1" 200 69493
173.208.157.186 - - [13/Apr/2020:07:33:30 +0200] "GET /ticket2/opencms/fi/buy/?page=1&edid=5C0E0796-42C1-07D1-3A30-7285C6D833B0&sortorder=asc&column=row HTTP/1.1" 200 72743
5.9.140.242 - - [13/Apr/2020:07:33:37 +0200] "GET /ticket2/opencms/dk/buy/?page=1&edid=6CE73640-861F-E63B-F569-7CD77E2D3806&sortorder=desc&column=section HTTP/1.1" 200 70720
46.229.168.154 - - [13/Apr/2020:07:33:41 +0200] "GET /ticket2/opencms/sv/buy/?column=row&edid=149E4898-886E-801A-DF9C-A6639D44D86F&page=1&sortorder=asc HTTP/1.1" 200 71379
46.229.168.150 - - [13/Apr/2020:07:33:43 +0200] "GET /ticket2/opencms/no/buy/?column=section&edid=53002DE5-C670-ECFE-D5BC-AAAC0D901716&page=1&sortorder=asc HTTP/1.1" 200 69819
46.229.168.137 - - [13/Apr/2020:07:33:43 +0200] "GET /ticket2/opencms/sv/buy/?column=row&edid=4F2CF2F7-766D-C068-1DF7-D79FFA6A3FFF&page=1&sortorder=asc HTTP/1.1" 200 71856
192.99.4.168 - - [13/Apr/2020:07:33:48 +0200] "GET /ticket2/opencms/en/buy/?page=1&edid=07F43CF2-2AE8-D1DB-0128-AE77107A7EF9&sortorder=asc&column=section HTTP/1.1" 200 70648
173.208.157.186 - - [13/Apr/2020:07:33:48 +0200] "GET /ticket2/opencms/fi/buy/?page=1&edid=5C0E0796-42C1-07D1-3A30-7285C6D833B0&sortorder=asc&column=section HTTP/1.1" 200 72743
216.245.221.82 - - [13/Apr/2020:07:33:52 +0200] "HEAD /ticket2/opencms/en/ HTTP/1.1" 200 -
46.229.168.143 - - [13/Apr/2020:07:33:53 +0200] "GET /ticket2/opencms/en/buy/?column=section&edid=F21380F7-75CF-8F6C-44E2-E3C7E626BAE7&page=1&sortorder=asc HTTP/1.1" 200 71316
69.30.198.186 - - [13/Apr/2020:07:34:01 +0200] "GET /ticket2/opencms/dk/buy/?page=1&edid=03C804C7-3023-B26D-DAB5-B64F2DE1F4E4&sortorder=desc&column=price HTTP/1.1" 200 71222
46.229.168.136 - - [13/Apr/2020:07:34:01 +0200] "GET /ticket2/opencms/sv/sport/fotbollsbiljetter/ligue_1/toulouse/ HTTP/1.1" 200 67151
5.9.71.213 - - [13/Apr/2020:07:34:01 +0200] "GET /ticket2/opencms/dk/buy/?page=1&edid=411CF077-8416-B09B-2921-C517AE71239C&sortorder=asc&column=price HTTP/1.1" 200 71194
173.208.157.186 - - [13/Apr/2020:07:34:08 +0200] "GET /ticket2/opencms/fi/buy/?page=1&edid=5D083840-1E35-771C-89E3-FB7788923EF6 HTTP/1.1" 200 70602
46.229.168.144 - - [13/Apr/2020:07:34:08 +0200] "GET /ticket2/opencms/sv/tickets/fulham/west_ham_united.html HTTP/1.1" 200 67357
46.229.168.146 - - [13/Apr/2020:07:34:16 +0200] "GET /ticket2/opencms/no/ HTTP/1.1" 200 72381
5.9.140.242 - - [13/Apr/2020:07:34:17 +0200] "GET /ticket2/opencms/dk/buy/?page=1&edid=6CEF362E-F9D8-1D5D-2C03-086BCC410091&sortorder=asc&column=price HTTP/1.1" 200 69309
5.9.71.213 - - [13/Apr/2020:07:34:32 +0200] "GET /ticket2/opencms/dk/buy/?page=1&edid=411CF077-8416-B09B-2921-C517AE71239C&sortorder=asc&column=row HTTP/1.1" 200 71194
46.229.168.138 - - [13/Apr/2020:07:34:32 +0200] "GET /ticket2/opencms/sv/buy/?column=price&edid=09BCEBCD-087A-9ADA-95C7-1647396B134E&page=1&sortorder=asc HTTP/1.1" 200 71138
46.229.168.133 - - [13/Apr/2020:07:34:40 +0200] "GET /ticket2/opencms/dk/buy/?edid=ED19B7D1-B5DA-3ABE-5361-B89ADEA7979D&page=1 HTTP/1.1" 200 69302
67.225.220.120 - - [13/Apr/2020:07:34:49 +0200] "GET /ticket2/opencms/en/buy/?page=1&edid=D7034D7E-B33E-22C0-30B0-254A4071E831 HTTP/1.1" 200 69244
173.208.157.186 - - [13/Apr/2020:07:35:02 +0200] "GET /ticket2/opencms/fi/buy/?page=1&edid=5D083840-1E35-771C-89E3-FB7788923EF6&sortorder=asc&column=price HTTP/1.1" 200 70638
5.9.71.213 - - [13/Apr/2020:07:35:06 +0200] "GET /ticket2/opencms/dk/buy/?page=1&edid=411CF077-8416-B09B-2921-C517AE71239C&sortorder=asc&column=section HTTP/1.1" 200 71194
46.229.168.146 - - [13/Apr/2020:07:35:10 +0200] "GET /ticket2/opencms/no/ HTTP/1.1" 200 72381
5.9.140.242 - - [13/Apr/2020:07:35:19 +0200] "GET /ticket2/opencms/dk/buy/?page=1&edid=6CEF362E-F9D8-1D5D-2C03-086BCC410091&sortorder=asc&column=row HTTP/1.1" 200 69309
46.229.168.154 - - [13/Apr/2020:07:35:38 +0200] "GET /ticket2/opencms/en/buy/?column=section&edid=98E8229D-7404-5D43-E325-78CFEC7028D1&page=1&sortorder=asc HTTP/1.1" 200 70642
46.229.168.153 - - [13/Apr/2020:07:35:40 +0200] "GET /ticket2/opencms/no/buy/?column=row&edid=74EFCA32-6815-FF4B-4089-5178E45F69AE&page=1&sortorder=desc HTTP/1.1" 200 71658
46.229.168.136 - - [13/Apr/2020:07:35:43 +0200] "GET /ticket2/opencms/sv/buy/?column=row&edid=77C804D3-5389-20BB-FE82-30898E8F1185&page=1&sortorder=desc HTTP/1.1" 200 85844
46.229.168.142 - - [13/Apr/2020:07:35:48 +0200] "GET /ticket2/opencms/dk/buy/?edid=F0BB4202-2944-A849-AD75-EF4C542F402F&page=1 HTTP/1.1" 200 70697
46.229.168.151 - - [13/Apr/2020:07:35:50 +0200] "GET /ticket2/opencms/fi/urheilu/jalkapallo/premier_league/manchester_united/ HTTP/1.1" 200 70939
69.30.198.186 - - [13/Apr/2020:07:35:59 +0200] "GET /ticket2/opencms/dk/buy/?page=1&edid=03EB0448-3F21-4B1F-03B8-3EF7D56A932E&sortorder=desc&column=price HTTP/1.1" 200 69309
46.229.168.151 - - [13/Apr/2020:07:35:59 +0200] "GET /ticket2/opencms/fi/urheilu/jalkapallo/premier_league/manchester_united/ HTTP/1.1" 200 70939
192.99.4.168 - - [13/Apr/2020:07:36:06 +0200] "GET /ticket2/opencms/en/buy/?page=1&edid=080C0D89-261D-1FF8-B889-1C2D9FC6F1AD&sortorder=asc&column=price HTTP/1.1" 200 71323
173.208.157.186 - - [13/Apr/2020:07:36:16 +0200] "GET /ticket2/opencms/fi/buy/?page=1&edid=5D083840-1E35-771C-89E3-FB7788923EF6&sortorder=asc&column=row HTTP/1.1" 200 70638
114.119.163.240 - - [13/Apr/2020:07:36:17 +0200] "GET /ticket2/opencms/fi/buy/?page=1&edid=DE0A9995-56A6-04E8-985B-0AA01BAE89DA&sortorder=desc&column=row HTTP/1.1" 200 72981
199.16.157.181 - - [13/Apr/2020:07:36:17 +0200] "GET /ticket2/opencms/robots.txt HTTP/1.1" 200 773
199.16.157.181 - - [13/Apr/2020:07:36:17 +0200] "GET /ticket2/opencms/ HTTP/1.1" 302 -
46.229.168.153 - - [13/Apr/2020:07:36:25 +0200] "GET /ticket2/opencms/no/buy/?column=row&edid=74EFCA32-6815-FF4B-4089-5178E45F69AE&page=1&sortorder=desc HTTP/1.1" 200 71658
5.9.71.213 - - [13/Apr/2020:07:36:38 +0200] "GET /ticket2/opencms/dk/buy/?page=1&edid=416AF55F-514F-2160-BC27-AA256BD3A8AE HTTP/1.1" 200 70634
46.229.168.136 - - [13/Apr/2020:07:36:43 +0200] "GET /ticket2/opencms/no/buy/?catid=8AA488FA-6797-D710-8108-3088D6948FC1&comcatid=A17713B6-D984-201A-4143-ED4DB5ED5C2E HTTP/1.1" 200 75836
67.225.220.120 - - [13/Apr/2020:07:36:45 +0200] "GET /ticket2/opencms/en/buy/?page=1&edid=BD31577E-89AE-21C8-EC43-EC092DF762EE HTTP/1.1" 200 71580
46.229.168.154 - - [13/Apr/2020:07:36:59 +0200] "GET /ticket2/opencms/en/buy/?column=section&edid=98E8229D-7404-5D43-E325-78CFEC7028D1&page=1&sortorder=asc HTTP/1.1" 200 70642
5.9.71.213 - - [13/Apr/2020:07:37:04 +0200] "GET /ticket2/opencms/dk/buy/?page=1&edid=4224939F-C5ED-BCC9-2F5E-1F887689BD23&sortorder=asc&column=price HTTP/1.1" 200 70740
5.9.140.242 - - [13/Apr/2020:07:37:05 +0200] "GET /ticket2/opencms/dk/buy/?page=1&edid=79FF727E-612E-3C04-A008-7FA1968B75C1&sortorder=desc&column=price HTTP/1.1" 200 72325
46.229.168.142 - - [13/Apr/2020:07:37:17 +0200] "GET /ticket2/opencms/dk/buy/?edid=F0BB4202-2944-A849-AD75-EF4C542F402F&page=1 HTTP/1.1" 200 70697
173.208.157.186 - - [13/Apr/2020:07:37:17 +0200] "GET /ticket2/opencms/fi/buy/?page=1&edid=5D083840-1E35-771C-89E3-FB7788923EF6&sortorder=asc&column=section HTTP/1.1" 200 70638
46.229.168.136 - - [13/Apr/2020:07:37:17 +0200] "GET /ticket2/opencms/sv/buy/?column=row&edid=77C804D3-5389-20BB-FE82-30898E8F1185&page=1&sortorder=desc HTTP/1.1" 200 85844
46.229.168.154 - - [13/Apr/2020:07:37:24 +0200] "GET /ticket2/opencms/sv/buy/?edid=3150A50C-406C-2280-37B6-F35D6C5A214C&page=1 HTTP/1.1" 200 71542
69.30.198.186 - - [13/Apr/2020:07:37:25 +0200] "GET /ticket2/opencms/dk/buy/?page=1&edid=03EB0448-3F21-4B1F-03B8-3EF7D56A932E&sortorder=desc&column=section HTTP/1.1" 200 69309
46.229.168.136 - - [13/Apr/2020:07:37:36 +0200] "GET /ticket2/opencms/no/buy/?catid=8AA488FA-6797-D710-8108-3088D6948FC1&comcatid=A17713B6-D984-201A-4143-ED4DB5ED5C2E HTTP/1.1" 200 75836
46.229.168.151 - - [13/Apr/2020:07:37:38 +0200] "GET /ticket2/opencms/fi/buy/?column=section&edid=3546F02F-8FB6-EEED-FE02-3600142F8208&page=1&sortorder=asc HTTP/1.1" 200 70622
5.9.71.213 - - [13/Apr/2020:07:37:43 +0200] "GET /ticket2/opencms/dk/buy/?page=1&edid=4224939F-C5ED-BCC9-2F5E-1F887689BD23&sortorder=asc&column=row HTTP/1.1" 200 70740
46.229.168.132 - - [13/Apr/2020:07:37:44 +0200] "GET /ticket2/opencms/en/buy/?column=section&edid=782016FF-6554-96DE-4A09-06440A1EA20B&page=1&sortorder=desc HTTP/1.1" 200 71618
46.229.168.132 - - [13/Apr/2020:07:37:47 +0200] "GET /ticket2/opencms/en/buy/?edid=0F17BCAD-3084-AC58-8EE9-146E1CEBAC51&page=1 HTTP/1.1" 200 71073
46.229.168.145 - - [13/Apr/2020:07:37:56 +0200] "GET /ticket2/opencms/fi/buy/?column=row&edid=E12F4022-1973-9A42-8144-79292D1B75BA&page=1&sortorder=asc HTTP/1.1" 200 72580
173.208.157.186 - - [13/Apr/2020:07:37:56 +0200] "GET /ticket2/opencms/fi/buy/?page=1&edid=5D083840-1E35-771C-89E3-FB7788923EF6&sortorder=desc&column=price HTTP/1.1" 200 70637
46.229.168.154 - - [13/Apr/2020:07:38:00 +0200] "GET /ticket2/opencms/sv/buy/?edid=3150A50C-406C-2280-37B6-F35D6C5A214C&page=1 HTTP/1.1" 200 71542
46.229.168.163 - - [13/Apr/2020:07:38:03 +0200] "GET /ticket2/opencms/no/buy/?column=price&edid=DEB9D183-E9D1-B6AD-28F4-03F3EA049231&page=1&sortorder=desc HTTP/1.1" 200 69828
192.99.15.199 - - [13/Apr/2020:07:38:04 +0200] "GET /ticket2/opencms/sv/buy/?page=1&edid=EDC6531C-1D87-59BE-8981-D6C9B8904194&sortorder=asc&column=price HTTP/1.1" 200 70946
46.229.168.151 - - [13/Apr/2020:07:38:12 +0200] "GET /ticket2/opencms/fi/buy/?column=section&edid=3546F02F-8FB6-EEED-FE02-3600142F8208&page=1&sortorder=asc HTTP/1.1" 200 70622
67.225.220.120 - - [13/Apr/2020:07:38:15 +0200] "GET /ticket2/opencms/sv/buy/?page=1&edid=7336D913-08E6-2684-3416-39DC03B1DB86 HTTP/1.1" 200 71344
46.229.168.154 - - [13/Apr/2020:07:38:16 +0200] "GET /ticket2/opencms/no/buy/?edid=5BED4F96-461F-3406-5552-6C548F77CB08&page=1 HTTP/1.1" 200 71657
46.229.168.133 - - [13/Apr/2020:07:38:16 +0200] "GET /ticket2/opencms/no/buy/?column=price&edid=059D0B9F-E09C-E206-AB1B-0C50CA0C4BFC&page=1&sortorder=asc HTTP/1.1" 200 69829
69.30.198.186 - - [13/Apr/2020:07:38:21 +0200] "GET /ticket2/opencms/dk/buy/?page=1&edid=03EB2BC5-E223-D5FC-A7DC-FE777A53B757&sortorder=asc&column=price HTTP/1.1" 200 69296
66.249.79.85 - - [13/Apr/2020:07:38:21 +0200] "GET /ticket2/opencms/sv/venue/?countryid=7955C1DA-0203-9687-2994-14739AEE539F HTTP/1.1" 200 94846
46.229.168.154 - - [13/Apr/2020:07:38:21 +0200] "GET /ticket2/opencms/no/buy/?edid=5BED4F96-461F-3406-5552-6C548F77CB08&page=1 HTTP/1.1" 200 71657
46.229.168.133 - - [13/Apr/2020:07:38:22 +0200] "GET /ticket2/opencms/no/buy/?column=price&edid=059D0B9F-E09C-E206-AB1B-0C50CA0C4BFC&page=1&sortorder=asc HTTP/1.1" 200 69829
173.208.157.186 - - [13/Apr/2020:07:38:23 +0200] "GET /ticket2/opencms/fi/buy/?page=1&edid=5D083840-1E35-771C-89E3-FB7788923EF6&sortorder=desc&column=row HTTP/1.1" 200 70637
46.229.168.146 - - [13/Apr/2020:07:38:30 +0200] "GET /ticket2/opencms/en/buy/?column=section&edid=A8974CD8-4E6D-0BDD-D285-3496CA18553C&page=1&sortorder=desc HTTP/1.1" 200 71107
5.9.71.213 - - [13/Apr/2020:07:38:35 +0200] "GET /ticket2/opencms/dk/buy/?page=1&edid=4224939F-C5ED-BCC9-2F5E-1F887689BD23&sortorder=asc&column=section HTTP/1.1" 200 70740
46.229.168.132 - - [13/Apr/2020:07:38:35 +0200] "GET /ticket2/opencms/en/buy/?column=section&edid=782016FF-6554-96DE-4A09-06440A1EA20B&page=1&sortorder=desc HTTP/1.1" 200 71618
46.229.168.132 - - [13/Apr/2020:07:38:35 +0200] "GET /ticket2/opencms/en/buy/?edid=0F17BCAD-3084-AC58-8EE9-146E1CEBAC51&page=1 HTTP/1.1" 200 71073
46.229.168.145 - - [13/Apr/2020:07:38:38 +0200] "GET /ticket2/opencms/fi/buy/?column=row&edid=E12F4022-1973-9A42-8144-79292D1B75BA&page=1&sortorder=asc HTTP/1.1" 200 72580
5.9.140.242 - - [13/Apr/2020:07:38:38 +0200] "GET /ticket2/opencms/dk/buy/?page=1&edid=79FF727E-612E-3C04-A008-7FA1968B75C1&sortorder=desc&column=section HTTP/1.1" 200 72325
173.208.157.186 - - [13/Apr/2020:07:38:39 +0200] "GET /ticket2/opencms/fi/buy/?page=1&edid=5D316A17-67AE-AB26-3845-7466FBF7E082 HTTP/1.1" 200 70579
46.229.168.137 - - [13/Apr/2020:07:38:39 +0200] "GET /ticket2/opencms/sv/buy/?column=row&edid=BFC8ECC1-2107-AC46-D638-419C26368D40&page=1&sortorder=asc HTTP/1.1" 200 71847
66.249.79.145 - - [13/Apr/2020:07:38:39 +0200] "GET /ticket2/opencms/fi/venue/?venueid=624AC056-160F-0167-065E-997275B2D428 HTTP/1.1" 200 66426
46.229.168.153 - - [13/Apr/2020:07:38:41 +0200] "GET /ticket2/opencms/ru/buy/?column=price&edid=DD99BFEC-4846-922C-64A2-1661CA2CB452&page=1&sortorder=desc HTTP/1.1" 200 72623
192.99.15.199 - - [13/Apr/2020:07:38:42 +0200] "GET /ticket2/opencms/sv/buy/?page=1&edid=EDC6531C-1D87-59BE-8981-D6C9B8904194&sortorder=asc&column=row HTTP/1.1" 200 70946
46.229.168.146 - - [13/Apr/2020:07:38:43 +0200] "GET /ticket2/opencms/en/buy/?column=section&edid=A8974CD8-4E6D-0BDD-D285-3496CA18553C&page=1&sortorder=desc HTTP/1.1" 200 71107
46.229.168.149 - - [13/Apr/2020:07:38:47 +0200] "GET /ticket2/opencms/no/buy/?column=section&edid=61E71578-689B-B247-38A0-8B93EBFFC4CC&page=1&sortorder=asc HTTP/1.1" 200 69826
5.9.71.213 - - [13/Apr/2020:07:38:54 +0200] "GET /ticket2/opencms/dk/buy/?page=1&edid=4299C753-69F7-9BE0-CB4F-E99ABD6188AD&sortorder=asc&column=price HTTP/1.1" 200 71250
46.229.168.146 - - [13/Apr/2020:07:38:54 +0200] "GET /ticket2/opencms/no/buy/?column=price&edid=A5425041-15AD-37BB-552C-D8E28A45D934&page=1&sortorder=desc HTTP/1.1" 200 72397
46.229.168.163 - - [13/Apr/2020:07:38:55 +0200] "GET /ticket2/opencms/no/buy/?column=price&edid=DEB9D183-E9D1-B6AD-28F4-03F3EA049231&page=1&sortorder=desc HTTP/1.1" 200 69828
46.229.168.148 - - [13/Apr/2020:07:38:56 +0200] "GET /ticket2/opencms/en/buy/?column=row&edid=9B6C7A6D-9617-9B22-4988-8D29FAC16B71&page=1&sortorder=asc HTTP/1.1" 200 71318
173.208.157.186 - - [13/Apr/2020:07:38:56 +0200] "GET /ticket2/opencms/fi/buy/?page=1&edid=5D083840-1E35-771C-89E3-FB7788923EF6&sortorder=desc&column=section HTTP/1.1" 200 70637
173.208.157.186 - - [13/Apr/2020:07:39:02 +0200] "GET /ticket2/opencms/fi/buy/?page=1&edid=5D316A17-67AE-AB26-3845-7466FBF7E082&sortorder=asc&column=price HTTP/1.1" 200 70615
46.229.168.146 - - [13/Apr/2020:07:39:02 +0200] "GET /ticket2/opencms/no/buy/?column=price&edid=A5425041-15AD-37BB-552C-D8E28A45D934&page=1&sortorder=desc HTTP/1.1" 200 72397
69.30.198.186 - - [13/Apr/2020:07:39:05 +0200] "GET /ticket2/opencms/dk/buy/?page=1&edid=03EB2BC5-E223-D5FC-A7DC-FE777A53B757&sortorder=asc&column=row HTTP/1.1" 200 69296
5.9.140.242 - - [13/Apr/2020:07:39:11 +0200] "GET /ticket2/opencms/dk/buy/?page=1&edid=7C856DBA-4F48-B4D9-82D1-DF373F59E83D&sortorder=desc&column=row HTTP/1.1" 200 69328
5.9.71.213 - - [13/Apr/2020:07:39:15 +0200] "GET /ticket2/opencms/dk/buy/?page=1&edid=4299C753-69F7-9BE0-CB4F-E99ABD6188AD&sortorder=asc&column=row HTTP/1.1" 200 71250
46.229.168.148 - - [13/Apr/2020:07:39:15 +0200] "GET /ticket2/opencms/en/buy/?column=row&edid=9B6C7A6D-9617-9B22-4988-8D29FAC16B71&page=1&sortorder=asc HTTP/1.1" 200 71318
46.229.168.148 - - [13/Apr/2020:07:39:17 +0200] "GET /ticket2/opencms/sv/buy/?edid=CA6EF36A-6385-DFBE-FFD1-54DF296DF33B&page=1 HTTP/1.1" 200 69446
54.36.148.62 - - [13/Apr/2020:07:39:19 +0200] "GET /ticket2/opencms/ru/buy/?page=1&edid=0E64AEEE-C256-384A-95C3-A01C20EF3A5D HTTP/1.1" 200 72069
67.225.220.120 - - [13/Apr/2020:07:39:19 +0200] "GET /ticket2/opencms/en/buy/?page=1&edid=4965447F-9F6F-8CE6-6AA9-F5F15C25F8B7 HTTP/1.1" 200 70607
67.225.220.120 - - [13/Apr/2020:07:39:21 +0200] "GET /ticket2/opencms/en/buy/?page=1&edid=B5E1DBCF-60C9-6B74-2BC5-D9DD921875AF HTTP/1.1" 200 69213
46.229.168.133 - - [13/Apr/2020:07:39:22 +0200] "GET /ticket2/opencms/sv/buy/?edid=0AB20BDC-9FF9-D7F9-B52D-D99550E68013&page=1 HTTP/1.1" 200 71548
173.208.157.186 - - [13/Apr/2020:07:39:23 +0200] "GET /ticket2/opencms/fi/buy/?page=1&edid=5D316A17-67AE-AB26-3845-7466FBF7E082&sortorder=asc&column=row HTTP/1.1" 200 70615
46.229.168.134 - - [13/Apr/2020:07:39:26 +0200] "GET /ticket2/opencms/en/faq/ HTTP/1.1" 200 67858
54.36.149.87 - - [13/Apr/2020:07:39:26 +0200] "GET /ticket2/opencms/dk/venue/?venueid=EF46960E-40F0-93E3-4C59-3165FC2C860D HTTP/1.1" 200 65240
114.119.166.207 - - [13/Apr/2020:07:39:33 +0200] "GET /ticket2/opencms/dk/buy/?page=1&edid=A4AA9FAF-A900-49DB-5496-82F65D60D290&sortorder=desc&column=section HTTP/1.1" 200 71700
192.99.37.116 - - [13/Apr/2020:07:39:35 +0200] "GET /ticket2/opencms/fi/buy/?page=1&edid=AFC32FFD-1720-90C6-B617-5D601DF0900B&sortorder=desc&column=section HTTP/1.1" 200 72715
46.229.168.135 - - [13/Apr/2020:07:39:35 +0200] "GET /ticket2/opencms/en/buy/?edid=10FB1C4A-BD03-D935-D381-D59A9F05AA1D&page=1 HTTP/1.1" 200 71518
69.30.198.186 - - [13/Apr/2020:07:39:42 +0200] "GET /ticket2/opencms/dk/buy/?page=1&edid=03EB2BC5-E223-D5FC-A7DC-FE777A53B757&sortorder=desc&column=section HTTP/1.1" 200 69295
192.99.15.199 - - [13/Apr/2020:07:39:44 +0200] "GET /ticket2/opencms/sv/buy/?page=1&edid=EDC6531C-1D87-59BE-8981-D6C9B8904194&sortorder=asc&column=section HTTP/1.1" 200 70946
46.229.168.137 - - [13/Apr/2020:07:39:48 +0200] "GET /ticket2/opencms/en/buy/?edid=548026E2-BF8F-C035-BA3B-7427C4B9DF73&page=1 HTTP/1.1" 200 71286
173.208.157.186 - - [13/Apr/2020:07:39:51 +0200] "GET /ticket2/opencms/fi/buy/?page=1&edid=5D316A17-67AE-AB26-3845-7466FBF7E082&sortorder=asc&column=section HTTP/1.1" 200 70615
46.229.168.145 - - [13/Apr/2020:07:39:51 +0200] "GET /ticket2/opencms/fi/buy/?column=section&edid=71496077-5B1C-FE48-E8D7-00D3EF8F08C6&page=1&sortorder=desc HTTP/1.1" 200 72063
54.36.150.102 - - [13/Apr/2020:07:39:54 +0200] "GET /ticket2/opencms/en/buy/?page=1&edid=ED19B7D1-B5DA-3ABE-5361-B89ADEA7979D HTTP/1.1" 200 69236
46.229.168.145 - - [13/Apr/2020:07:39:54 +0200] "GET /ticket2/opencms/ru/buy/?column=price&edid=A1D2C259-DC72-E258-6E1C-38A00CB49F74&page=1&sortorder=desc HTTP/1.1" 200 72387
5.9.71.213 - - [13/Apr/2020:07:39:56 +0200] "GET /ticket2/opencms/dk/buy/?page=1&edid=4299C753-69F7-9BE0-CB4F-E99ABD6188AD&sortorder=asc&column=section HTTP/1.1" 200 71250
5.9.140.242 - - [13/Apr/2020:07:39:58 +0200] "GET /ticket2/opencms/dk/buy/?page=1&edid=7C856DBA-4F48-B4D9-82D1-DF373F59E83D&sortorder=desc&column=section HTTP/1.1" 200 69328
67.225.220.120 - - [13/Apr/2020:07:39:58 +0200] "GET /ticket2/opencms/en/buy/?page=1&edid=CD8C65AB-F506-0A9E-001A-2A1B6DBD3092 HTTP/1.1" 200 71585
46.229.168.147 - - [13/Apr/2020:07:39:58 +0200] "GET /ticket2/opencms/sv/sport/fotbollsbiljetter/ligue_1/bordeaux/ HTTP/1.1" 200 66976
5.9.140.242 - - [13/Apr/2020:07:39:59 +0200] "GET /ticket2/opencms/dk/buy/?page=1&edid=8567C3FF-EEEB-6331-0D57-7F0C74A93B39&sortorder=desc&column=price HTTP/1.1" 200 69319
46.229.168.142 - - [13/Apr/2020:07:40:00 +0200] "GET /ticket2/opencms/sv/buy/?column=price&edid=1D16690E-29B1-A5C0-6F37-F627AE404F8F&page=1&sortorder=asc HTTP/1.1" 200 71802
54.36.150.155 - - [13/Apr/2020:07:40:00 +0200] "GET /ticket2/opencms/en/buy/?page=10&eventid=C8602219-A35D-BBF1-44FC-8B9C4AFC258E&venueid=66B7684A-34D7-B171-288C-D950D3063FA0 HTTP/1.1" 200 66548
192.99.4.168 - - [13/Apr/2020:07:40:02 +0200] "GET /ticket2/opencms/en/buy/?page=1&edid=080C0D89-261D-1FF8-B889-1C2D9FC6F1AD&sortorder=asc&column=row HTTP/1.1" 200 71323
46.229.168.154 - - [13/Apr/2020:07:40:05 +0200] "GET /ticket2/opencms/dk/buy/?edid=7DFA9706-6B2A-B4CC-5A39-A5C330CC4190&page=1 HTTP/1.1" 200 71177
192.99.37.116 - - [13/Apr/2020:07:40:06 +0200] "GET /ticket2/opencms/fi/buy/?page=1&edid=B01EB766-CA7D-1A19-0DC1-D3305DF28EF7&sortorder=desc&column=price HTTP/1.1" 200 72020
216.245.221.82 - - [13/Apr/2020:07:40:07 +0200] "HEAD /ticket2/opencms/ HTTP/1.1" 302 -
46.229.168.154 - - [13/Apr/2020:07:40:08 +0200] "GET /ticket2/opencms/en/buy/?column=row&edid=D293806E-6F8D-C252-7544-A92063032AEC&page=1&sortorder=asc HTTP/1.1" 200 71154
192.99.15.199 - - [13/Apr/2020:07:40:20 +0200] "GET /ticket2/opencms/sv/buy/?page=1&edid=EE860D54-CF1B-454A-E453-2B35F3E7123D&sortorder=asc&column=price HTTP/1.1" 200 70917
46.229.168.154 - - [13/Apr/2020:07:40:29 +0200] "GET /ticket2/opencms/nl/buy/?column=section&edid=523501E5-3030-71B1-ED39-97EA81BD353D&page=1&sortorder=desc HTTP/1.1" 200 70412
46.229.168.154 - - [13/Apr/2020:07:40:30 +0200] "GET /ticket2/opencms/en/buy/?catid=1DB7F66B-473B-B427-F752-358FEEFE8EC0&comcatid=0A6B8208-FDA4-E929-9D72-5312FD481B76 HTTP/1.1" 200 69205
173.208.157.186 - - [13/Apr/2020:07:40:34 +0200] "GET /ticket2/opencms/fi/buy/?page=1&edid=5F579D46-41AA-50D0-CB53-48A39589CA74&sortorder=desc&column=row HTTP/1.1" 200 73844
5.9.140.242 - - [13/Apr/2020:07:40:35 +0200] "GET /ticket2/opencms/dk/buy/?page=1&edid=8567C3FF-EEEB-6331-0D57-7F0C74A93B39&sortorder=desc&column=row HTTP/1.1" 200 69319
46.229.168.139 - - [13/Apr/2020:07:40:37 +0200] "GET /ticket2/opencms/sv/buy/?column=row&edid=DDC42BBE-1C44-916C-70B3-5C60597CD058&page=1&sortorder=desc HTTP/1.1" 200 71604
5.9.71.213 - - [13/Apr/2020:07:40:37 +0200] "GET /ticket2/opencms/dk/buy/?page=1&edid=437F7F57-119B-3C88-4AE1-DB313FC6EF55&sortorder=desc&column=row HTTP/1.1" 200 69317
5.9.140.242 - - [13/Apr/2020:07:40:37 +0200] "GET /ticket2/opencms/dk/buy/?page=1&edid=8567C3FF-EEEB-6331-0D57-7F0C74A93B39&sortorder=desc&column=section HTTP/1.1" 200 69319
173.208.157.186 - - [13/Apr/2020:07:40:39 +0200] "GET /ticket2/opencms/fi/buy/?page=1&edid=600E5724-46EB-08C5-B5E5-D7BD0E0C6B05&sortorder=asc&column=row HTTP/1.1" 200 73236
46.229.168.148 - - [13/Apr/2020:07:40:39 +0200] "GET /ticket2/opencms/dk/buy/?eventid=0E2FBBAA-9DFD-37E8-1D28-E85F522880D0&page=10 HTTP/1.1" 200 67852
46.229.168.129 - - [13/Apr/2020:07:40:39 +0200] "GET /ticket2/opencms/en/sell/?edid=7299D7C8-4B31-7044-9874-03CCEE394EC0 HTTP/1.1" 302 -
192.99.37.116 - - [13/Apr/2020:07:40:40 +0200] "GET /ticket2/opencms/fi/buy/?page=1&edid=B0B70E5A-B67E-70BD-7774-60314068D0D1&sortorder=desc&column=price HTTP/1.1" 200 72090
46.229.168.161 - - [13/Apr/2020:07:40:41 +0200] "GET /ticket2/opencms/no/buy/?column=price&edid=4651B641-1BF4-5B93-B666-F19E86CE32C8&page=1&sortorder=desc HTTP/1.1" 200 71668
69.30.198.186 - - [13/Apr/2020:07:40:41 +0200] "GET /ticket2/opencms/dk/buy/?page=1&edid=03EC46F0-51F3-6295-3396-D7C0922CACCB&sortorder=asc&column=row HTTP/1.1" 200 70733
46.229.168.134 - - [13/Apr/2020:07:40:41 +0200] "GET /ticket2/opencms/fi/venue/?venueid=58F56EF7-205A-178F-AAD2-A2EA74CB1D0E HTTP/1.1" 200 66439
46.229.168.148 - - [13/Apr/2020:07:40:45 +0200] "GET /ticket2/opencms/sv/buy/?edid=0812742F-8B41-850C-7814-070681F8DAC0&page=1 HTTP/1.1" 200 70903
46.229.168.139 - - [13/Apr/2020:07:40:48 +0200] "GET /ticket2/opencms/sv/buy/?edid=5BA4A0D4-C692-360A-A630-D79C576937E5&page=1 HTTP/1.1" 200 69447
46.229.168.161 - - [13/Apr/2020:07:41:01 +0200] "GET /ticket2/opencms/sv/buy/?column=section&edid=D7034D7E-B33E-22C0-30B0-254A4071E831&page=1&sortorder=desc HTTP/1.1" 200 69516
46.229.168.129 - - [13/Apr/2020:07:41:02 +0200] "GET /ticket2/opencms/no/buy/?edid=A1D2C259-DC72-E258-6E1C-38A00CB49F74&page=1 HTTP/1.1" 200 71890
46.229.168.131 - - [13/Apr/2020:07:41:04 +0200] "GET /ticket2/opencms/sv/buy/?column=row&edid=C5A1A03B-96D4-6596-0A10-BBFFF2557083&page=1&sortorder=desc HTTP/1.1" 200 72664
173.208.157.186 - - [13/Apr/2020:07:41:12 +0200] "GET /ticket2/opencms/fi/buy/?page=1&edid=600E5724-46EB-08C5-B5E5-D7BD0E0C6B05&sortorder=asc&column=section HTTP/1.1" 200 73236
5.9.140.242 - - [13/Apr/2020:07:41:14 +0200] "GET /ticket2/opencms/dk/buy/?page=1&edid=8AE5D156-FC63-438F-34F8-237E20433F6C&sortorder=desc&column=price HTTP/1.1" 200 69336
5.9.71.213 - - [13/Apr/2020:07:41:15 +0200] "GET /ticket2/opencms/dk/buy/?page=1&edid=437F7F57-119B-3C88-4AE1-DB313FC6EF55&sortorder=desc&column=section HTTP/1.1" 200 69317
46.229.168.136 - - [13/Apr/2020:07:41:18 +0200] "GET /ticket2/opencms/fi/buy/?column=row&edid=AE700341-92EF-84D8-A172-59721F36A768&page=1&sortorder=asc HTTP/1.1" 200 70636
46.229.168.146 - - [13/Apr/2020:07:41:20 +0200] "GET /ticket2/opencms/sv/buy/?column=section&edid=CD97B46D-31B3-D365-9D7B-CFA9CBECBD48&page=1&sortorder=asc HTTP/1.1" 200 69472
192.99.4.168 - - [13/Apr/2020:07:41:22 +0200] "GET /ticket2/opencms/en/buy/?page=1&edid=080C0D89-261D-1FF8-B889-1C2D9FC6F1AD&sortorder=asc&column=section HTTP/1.1" 200 71323
46.229.168.149 - - [13/Apr/2020:07:41:30 +0200] "GET /ticket2/opencms/en/sport/football-tickets/premier_league/liverpool/ HTTP/1.1" 200 71198
46.229.168.162 - - [13/Apr/2020:07:41:38 +0200] "GET /ticket2/opencms/no/buy/?column=price&edid=4ED70F5A-DA60-6234-CAB8-5BA98C0AB622&page=1&sortorder=desc HTTP/1.1" 200 69820
192.99.37.116 - - [13/Apr/2020:07:41:41 +0200] "GET /ticket2/opencms/fi/buy/?page=1&edid=B0B70E5A-B67E-70BD-7774-60314068D0D1&sortorder=desc&column=row HTTP/1.1" 200 72090
114.119.166.207 - - [13/Apr/2020:07:41:48 +0200] "GET /ticket2/opencms/sv/buy/?page=1&edid=6440E7CC-E56C-CD13-BB09-A84D83EDDD53&sortorder=asc&column=price HTTP/1.1" 200 71565
5.9.140.242 - - [13/Apr/2020:07:41:51 +0200] "GET /ticket2/opencms/dk/buy/?page=1&edid=8AE5D156-FC63-438F-34F8-237E20433F6C&sortorder=desc&column=row HTTP/1.1" 200 69336
173.208.157.186 - - [13/Apr/2020:07:41:53 +0200] "GET /ticket2/opencms/fi/buy/?page=1&edid=600E5724-46EB-08C5-B5E5-D7BD0E0C6B05&sortorder=desc&column=price HTTP/1.1" 200 73235
46.229.168.132 - - [13/Apr/2020:07:41:56 +0200] "GET /ticket2/opencms/dk/sport/fodboldbilletter/serie-a/inter/ HTTP/1.1" 200 69813
46.229.168.132 - - [13/Apr/2020:07:41:59 +0200] "GET /ticket2/opencms/no/buy/?column=section&edid=5559CAE7-D755-DF3F-82CF-F2C1574D6712&page=1&sortorder=asc HTTP/1.1" 200 69820
69.30.198.186 - - [13/Apr/2020:07:42:09 +0200] "GET /ticket2/opencms/dk/buy/?page=1&edid=03EC46F0-51F3-6295-3396-D7C0922CACCB&sortorder=asc&column=section HTTP/1.1" 200 70733
192.99.15.199 - - [13/Apr/2020:07:42:12 +0200] "GET /ticket2/opencms/sv/buy/?page=1&edid=EEBEB1B7-124E-0978-2C17-3654DF15A113&sortorder=asc&column=price HTTP/1.1" 200 71117
114.119.161.75 - - [13/Apr/2020:07:42:17 +0200] "GET /ticket2/opencms/no/buy/?page=1&edid=6746D547-58E0-E059-5EA6-B180F3DC37DC&sortorder=asc&column=section HTTP/1.1" 200 71882
5.9.140.242 - - [13/Apr/2020:07:42:19 +0200] "GET /ticket2/opencms/dk/buy/?page=1&edid=8AE5D156-FC63-438F-34F8-237E20433F6C&sortorder=desc&column=section HTTP/1.1" 200 69336
46.229.168.149 - - [13/Apr/2020:07:42:22 +0200] "GET /ticket2/opencms/en/sport/football-tickets/premier_league/liverpool/ HTTP/1.1" 200 71198
46.229.168.129 - - [13/Apr/2020:07:42:30 +0200] "GET /ticket2/opencms/sv/buy/?column=section&edid=EDC6531C-1D87-59BE-8981-D6C9B8904194&page=1&sortorder=desc HTTP/1.1" 200 70945
46.229.168.149 - - [13/Apr/2020:07:42:38 +0200] "GET /ticket2/opencms/ru/buy/?edid=2C223FC3-44F4-8846-CCA3-0CD3173CFC72&page=1 HTTP/1.1" 200 72581
173.208.157.186 - - [13/Apr/2020:07:42:49 +0200] "GET /ticket2/opencms/fi/buy/?page=1&edid=61C23625-4DC8-71C0-2E4C-7B57A56D449E&sortorder=desc&column=price HTTP/1.1" 200 71791
46.229.168.131 - - [13/Apr/2020:07:42:51 +0200] "GET /ticket2/opencms/en/buy/?column=price&edid=E5717319-73D8-DE0E-B7AA-AA889F763447&page=1&sortorder=desc HTTP/1.1" 200 71186
18.188.147.108 - - [13/Apr/2020:07:42:51 +0200] "GET /ticket2/opencms/.dev/.env HTTP/1.1" 404 -
192.99.4.168 - - [13/Apr/2020:07:42:55 +0200] "GET /ticket2/opencms/en/buy/?page=1&edid=0812742F-8B41-850C-7814-070681F8DAC0&sortorder=asc&column=row HTTP/1.1" 200 70693
46.229.168.129 - - [13/Apr/2020:07:43:07 +0200] "GET /ticket2/opencms/dk/buy/?edid=DF7FDCF1-CC85-5FC0-0D90-B64E90E425F7&page=1 HTTP/1.1" 200 82108
46.229.168.147 - - [13/Apr/2020:07:43:09 +0200] "GET /ticket2/opencms/sv/buy/?column=row&edid=3F81A579-C5D8-A8AE-791F-F6F1E7AD279B&page=1&sortorder=desc HTTP/1.1" 200 71376
46.229.168.138 - - [13/Apr/2020:07:43:17 +0200] "GET /ticket2/opencms/fi/buy/?column=price&edid=A6BE99B8-F765-5FEA-F3B0-908AFC365D77&page=1&sortorder=asc HTTP/1.1" 200 72919
157.55.39.1 - - [13/Apr/2020:07:43:17 +0200] "GET /ticket2/opencms/robots.txt HTTP/1.1" 200 773
5.9.140.242 - - [13/Apr/2020:07:43:20 +0200] "GET /ticket2/opencms/dk/buy/?page=1&edid=8B0DA89C-6395-E4EC-E13B-18842FA8AD15&sortorder=asc&column=row HTTP/1.1" 200 71406
216.244.66.196 - - [13/Apr/2020:07:43:48 +0200] "GET /ticket2/opencms/en/buy/?page=1&edid=5C822312-AD78-519B-498C-5A897678D6CE HTTP/1.1" 200 71049
40.77.167.51 - - [13/Apr/2020:07:43:48 +0200] "GET /ticket2/opencms/en/buying_tickets/ HTTP/1.1" 200 67031
173.208.157.186 - - [13/Apr/2020:07:43:56 +0200] "GET /ticket2/opencms/fi/buy/?page=1&edid=63198291-7B51-5C06-A4B8-F136F690F083&sortorder=desc&column=price HTTP/1.1" 200 73837
111.202.100.85 - - [13/Apr/2020:07:44:00 +0200] "GET /ticket2/opencms/dk/ HTTP/1.1" 200 71866
216.245.221.82 - - [13/Apr/2020:07:44:02 +0200] "HEAD /ticket2/opencms/en/ HTTP/1.1" 200 -
46.229.168.129 - - [13/Apr/2020:07:44:06 +0200] "GET /ticket2/opencms/dk/buy/?edid=DF7FDCF1-CC85-5FC0-0D90-B64E90E425F7&page=1 HTTP/1.1" 200 82108
216.245.221.82 - - [13/Apr/2020:07:44:06 +0200] "HEAD /ticket2/opencms/ HTTP/1.1" 302 -
192.99.15.199 - - [13/Apr/2020:07:44:14 +0200] "GET /ticket2/opencms/sv/buy/?page=1&edid=EEBEB1B7-124E-0978-2C17-3654DF15A113&sortorder=asc&column=row HTTP/1.1" 200 71117
46.229.168.147 - - [13/Apr/2020:07:44:18 +0200] "GET /ticket2/opencms/sv/buy/?column=row&edid=3F81A579-C5D8-A8AE-791F-F6F1E7AD279B&page=1&sortorder=desc HTTP/1.1" 200 71376
157.55.39.1 - - [13/Apr/2020:07:44:18 +0200] "GET /ticket2/opencms/robots.txt HTTP/1.1" 200 773
46.229.168.131 - - [13/Apr/2020:07:44:21 +0200] "GET /ticket2/opencms/en/buy/?column=price&edid=E5717319-73D8-DE0E-B7AA-AA889F763447&page=1&sortorder=desc HTTP/1.1" 200 71186
46.229.168.151 - - [13/Apr/2020:07:44:23 +0200] "GET /ticket2/opencms/dk/buy/?column=section&edid=B7653BD0-33A8-8039-42B6-78FA5A3DEC82&page=1&sortorder=asc HTTP/1.1" 200 71653
46.229.168.162 - - [13/Apr/2020:07:44:24 +0200] "GET /ticket2/opencms/no/buy/?column=price&edid=BD31577E-89AE-21C8-EC43-EC092DF762EE&page=1&sortorder=asc HTTP/1.1" 200 72173
173.208.157.186 - - [13/Apr/2020:07:44:38 +0200] "GET /ticket2/opencms/fi/buy/?page=1&edid=63198291-7B51-5C06-A4B8-F136F690F083&sortorder=desc&column=row HTTP/1.1" 200 73837
46.229.168.138 - - [13/Apr/2020:07:44:39 +0200] "GET /ticket2/opencms/fi/buy/?column=price&edid=A6BE99B8-F765-5FEA-F3B0-908AFC365D77&page=1&sortorder=asc HTTP/1.1" 200 72919
46.229.168.141 - - [13/Apr/2020:07:44:45 +0200] "GET /ticket2/opencms/en/buy/?column=price&edid=02AD6CF6-0346-F238-B4BF-C7DC48FB5E1F&page=1&sortorder=asc HTTP/1.1" 200 69245
46.229.168.149 - - [13/Apr/2020:07:44:45 +0200] "GET /ticket2/opencms/robots.txt HTTP/1.1" 200 773
5.9.140.242 - - [13/Apr/2020:07:44:49 +0200] "GET /ticket2/opencms/dk/buy/?page=1&edid=8B0DA89C-6395-E4EC-E13B-18842FA8AD15&sortorder=asc&column=section HTTP/1.1" 200 71406
46.229.168.151 - - [13/Apr/2020:07:44:56 +0200] "GET /ticket2/opencms/dk/buy/?column=section&edid=B7653BD0-33A8-8039-42B6-78FA5A3DEC82&page=1&sortorder=asc HTTP/1.1" 200 71653
46.229.168.162 - - [13/Apr/2020:07:44:57 +0200] "GET /ticket2/opencms/no/buy/?column=price&edid=BD31577E-89AE-21C8-EC43-EC092DF762EE&page=1&sortorder=asc HTTP/1.1" 200 72173
192.99.4.168 - - [13/Apr/2020:07:45:04 +0200] "GET /ticket2/opencms/en/buy/?page=1&edid=0874A86E-EC5A-2746-01C0-7A1F437ED7E1&sortorder=asc&column=price HTTP/1.1" 200 71821
46.229.168.149 - - [13/Apr/2020:07:45:04 +0200] "GET /ticket2/opencms/robots.txt HTTP/1.1" 200 773
69.30.198.186 - - [13/Apr/2020:07:45:11 +0200] "GET /ticket2/opencms/dk/buy/?page=1&edid=03EC46F0-51F3-6295-3396-D7C0922CACCB&sortorder=desc&column=row HTTP/1.1" 200 70732
46.229.168.134 - - [13/Apr/2020:07:45:11 +0200] "GET /ticket2/opencms/no/buy/?column=price&edid=68F6DF5F-225F-6870-1D3C-2C713E27C2C8&page=1&sortorder=asc HTTP/1.1" 200 69821
46.229.168.139 - - [13/Apr/2020:07:45:13 +0200] "GET /ticket2/opencms/nl/buy/?column=section&edid=1C58C470-D3F9-186C-B32F-4F4A4C479079&page=1&sortorder=desc HTTP/1.1" 200 70946
5.9.140.242 - - [13/Apr/2020:07:45:18 +0200] "GET /ticket2/opencms/dk/buy/?page=1&edid=8B2FCF6C-8D1F-84BF-9D31-AF31288B9A8B&sortorder=asc&column=section HTTP/1.1" 200 71217
114.119.162.214 - - [13/Apr/2020:07:45:22 +0200] "GET /ticket2/opencms/dk/buy/?page=1&edid=70206ABB-C0B8-14C4-759D-8724BD4F997B&sortorder=asc&column=price HTTP/1.1" 200 69324
46.229.168.140 - - [13/Apr/2020:07:45:22 +0200] "GET /ticket2/opencms/dk/buy/?catid=412DBCF4-025D-8ABC-7A40-D7C760E055FF&comcatid=0A6B8208-FDA4-E929-9D72-5312FD481B76 HTTP/1.1" 200 69356
46.229.168.146 - - [13/Apr/2020:07:45:24 +0200] "GET /ticket2/opencms/sv/buy/?edid=B6233164-B09D-2F93-ABBA-AC58AB9CD4E2&page=1 HTTP/1.1" 200 69439
46.229.168.161 - - [13/Apr/2020:07:45:26 +0200] "GET /ticket2/opencms/sv/buy/?column=row&edid=B6233164-B09D-2F93-ABBA-AC58AB9CD4E2&page=1&sortorder=desc HTTP/1.1" 200 69474
46.229.168.163 - - [13/Apr/2020:07:45:26 +0200] "GET /ticket2/opencms/sv/sport/fotbollsbiljetter/premier_league/birmingham/ HTTP/1.1" 200 65648
213.110.206.48 - - [13/Apr/2020:07:45:29 +0200] "GET / HTTP/1.0" 404 -
46.229.168.151 - - [13/Apr/2020:07:45:37 +0200] "GET /ticket2/opencms/en/buy/?column=section&edid=A2FF267A-5FC6-AA5D-3446-6D9BF83F1742&page=1&sortorder=asc HTTP/1.1" 200 71335
192.99.15.199 - - [13/Apr/2020:07:45:40 +0200] "GET /ticket2/opencms/sv/buy/?page=1&edid=EFE86C90-1F78-7ACD-9BE3-6153417E087A&sortorder=asc&column=price HTTP/1.1" 200 70895
95.91.15.108 - - [13/Apr/2020:07:45:41 +0200] "GET /ticket2/opencms/robots.txt HTTP/1.1" 200 773
46.229.168.163 - - [13/Apr/2020:07:45:42 +0200] "GET /ticket2/opencms/fi/urheilu/jalkapallo/la-liga/barcelona/ HTTP/1.1" 200 72034
67.225.220.120 - - [13/Apr/2020:07:45:44 +0200] "GET /ticket2/opencms/en/buy/?page=1&edid=3E844C64-2B32-A35E-237A-EDAC48338BDA HTTP/1.1" 200 71070
173.208.157.186 - - [13/Apr/2020:07:45:49 +0200] "GET /ticket2/opencms/fi/buy/?page=1&edid=63198291-7B51-5C06-A4B8-F136F690F083&sortorder=desc&column=section HTTP/1.1" 200 73837
46.229.168.141 - - [13/Apr/2020:07:45:51 +0200] "GET /ticket2/opencms/en/buy/?column=price&edid=02AD6CF6-0346-F238-B4BF-C7DC48FB5E1F&page=1&sortorder=asc HTTP/1.1" 200 69245
5.9.140.242 - - [13/Apr/2020:07:45:52 +0200] "GET /ticket2/opencms/dk/buy/?page=1&edid=8B685A36-BC77-1128-E7A0-2D75DB546DB5&sortorder=asc&column=price HTTP/1.1" 200 69324
173.208.157.186 - - [13/Apr/2020:07:45:53 +0200] "GET /ticket2/opencms/fi/buy/?page=1&edid=64784D6B-8B67-3AC8-EF42-17E02029D94B&sortorder=desc&column=row HTTP/1.1" 200 72512
40.77.167.51 - - [13/Apr/2020:07:45:53 +0200] "GET /ticket2/opencms/en/faq/ HTTP/1.1" 200 67858
46.229.168.134 - - [13/Apr/2020:07:46:00 +0200] "GET /ticket2/opencms/no/buy/?column=price&edid=68F6DF5F-225F-6870-1D3C-2C713E27C2C8&page=1&sortorder=asc HTTP/1.1" 200 69821
46.229.168.140 - - [13/Apr/2020:07:46:00 +0200] "GET /ticket2/opencms/dk/buy/?catid=412DBCF4-025D-8ABC-7A40-D7C760E055FF&comcatid=0A6B8208-FDA4-E929-9D72-5312FD481B76 HTTP/1.1" 200 69356
46.229.168.146 - - [13/Apr/2020:07:46:01 +0200] "GET /ticket2/opencms/sv/buy/?edid=B6233164-B09D-2F93-ABBA-AC58AB9CD4E2&page=1 HTTP/1.1" 200 69439
46.229.168.161 - - [13/Apr/2020:07:46:02 +0200] "GET /ticket2/opencms/sv/buy/?column=row&edid=B6233164-B09D-2F93-ABBA-AC58AB9CD4E2&page=1&sortorder=desc HTTP/1.1" 200 69474
95.91.15.108 - - [13/Apr/2020:07:46:03 +0200] "GET /ticket2/opencms/robots.txt HTTP/1.0" 200 773
46.229.168.163 - - [13/Apr/2020:07:46:03 +0200] "GET /ticket2/opencms/sv/sport/fotbollsbiljetter/premier_league/birmingham/ HTTP/1.1" 200 65648
46.229.168.154 - - [13/Apr/2020:07:46:05 +0200] "GET /ticket2/opencms/no/buy/?column=section&edid=ED81349D-86B2-C0F6-EF58-DEEDD0455CAC&page=1&sortorder=asc HTTP/1.1" 200 69829
5.9.140.242 - - [13/Apr/2020:07:46:11 +0200] "GET /ticket2/opencms/dk/buy/?page=1&edid=8B685A36-BC77-1128-E7A0-2D75DB546DB5&sortorder=asc&column=row HTTP/1.1" 200 69324
46.229.168.163 - - [13/Apr/2020:07:46:13 +0200] "GET /ticket2/opencms/fi/urheilu/jalkapallo/la-liga/barcelona/ HTTP/1.1" 200 72034
46.229.168.154 - - [13/Apr/2020:07:46:18 +0200] "GET /ticket2/opencms/no/buy/?column=section&edid=ED81349D-86B2-C0F6-EF58-DEEDD0455CAC&page=1&sortorder=asc HTTP/1.1" 200 69829
114.119.162.79 - - [13/Apr/2020:07:46:19 +0200] "GET /ticket2/opencms/no/buy/?page=1&edid=7336D913-08E6-2684-3416-39DC03B1DB86&sortorder=asc&column=section HTTP/1.1" 200 71701
46.229.168.151 - - [13/Apr/2020:07:46:20 +0200] "GET /ticket2/opencms/en/buy/?column=section&edid=A2FF267A-5FC6-AA5D-3446-6D9BF83F1742&page=1&sortorder=asc HTTP/1.1" 200 71335
192.99.4.168 - - [13/Apr/2020:07:46:21 +0200] "GET /ticket2/opencms/en/buy/?page=1&edid=0874A86E-EC5A-2746-01C0-7A1F437ED7E1&sortorder=asc&column=row HTTP/1.1" 200 71821
46.229.168.129 - - [13/Apr/2020:07:46:30 +0200] "GET /ticket2/opencms/sv/buy/?column=price&edid=396E73A1-46EC-AE78-6AE7-B586CDD32038&page=1&sortorder=desc HTTP/1.1" 200 69509
5.9.140.242 - - [13/Apr/2020:07:46:31 +0200] "GET /ticket2/opencms/dk/buy/?page=1&edid=8B685A36-BC77-1128-E7A0-2D75DB546DB5&sortorder=asc&column=section HTTP/1.1" 200 69324
192.99.15.199 - - [13/Apr/2020:07:46:32 +0200] "GET /ticket2/opencms/sv/buy/?page=1&edid=EFE86C90-1F78-7ACD-9BE3-6153417E087A&sortorder=asc&column=row HTTP/1.1" 200 70895
46.229.168.129 - - [13/Apr/2020:07:46:36 +0200] "GET /ticket2/opencms/sv/buy/?column=price&edid=396E73A1-46EC-AE78-6AE7-B586CDD32038&page=1&sortorder=desc HTTP/1.1" 200 69509
46.229.168.140 - - [13/Apr/2020:07:46:40 +0200] "GET /ticket2/opencms/no/buy/?column=price&edid=1F639E94-CF6E-403B-2FCC-FBB087375287&page=1&sortorder=asc HTTP/1.1" 200 72130
69.30.198.186 - - [13/Apr/2020:07:46:41 +0200] "GET /ticket2/opencms/dk/buy/?page=1&edid=0411B87F-B096-D989-0B20-FD8D8E5BD8EE&sortorder=desc&column=price HTTP/1.1" 200 69325
173.208.157.186 - - [13/Apr/2020:07:46:43 +0200] "GET /ticket2/opencms/fi/buy/?page=1&edid=649D46CC-01CF-83EF-27C5-336542CC7BE4&sortorder=asc&column=price HTTP/1.1" 200 72535
