46.229.168.131 - - [13/Apr/2020:07:46:47 +0200] "GET /ticket2/opencms/sv/buy/?eventid=44A1774B-7690-4041-831D-F16B9B8104AB&page=10&venueid=FF995A14-40EA-8EEB-6CB2-5F20B0A58DD9 HTTP/1.1" 200 68584
67.225.220.120 - - [13/Apr/2020:07:46:48 +0200] "GET /ticket2/opencms/en/buy/?page=1&edid=CAE92924-3FB7-0134-A118-0CF45131D58E HTTP/1.1" 200 69200
46.229.168.138 - - [13/Apr/2020:07:46:48 +0200] "GET /ticket2/opencms/robots.txt HTTP/1.1" 200 773
5.9.71.213 - - [13/Apr/2020:07:46:53 +0200] "GET /ticket2/opencms/dk/buy/?page=1&edid=4651B641-1BF4-5B93-B666-F19E86CE32C8&sortorder=asc&column=price HTTP/1.1" 200 71187
46.229.168.143 - - [13/Apr/2020:07:46:57 +0200] "GET /ticket2/opencms/en/buy/?column=section&edid=F1EF7B00-F995-D2E2-16D6-AB4F165F656E&page=1&sortorder=desc HTTP/1.1" 200 71148
173.208.157.186 - - [13/Apr/2020:07:46:59 +0200] "GET /ticket2/opencms/fi/buy/?page=1&edid=649D46CC-01CF-83EF-27C5-336542CC7BE4&sortorder=asc&column=row HTTP/1.1" 200 72535
46.229.168.139 - - [13/Apr/2020:07:47:00 +0200] "GET /ticket2/opencms/no/buy/?column=price&edid=B5487927-5D9E-47A1-7B61-6B84BE8D3FED&page=1&sortorder=asc HTTP/1.1" 200 72982
46.229.168.140 - - [13/Apr/2020:07:47:04 +0200] "GET /ticket2/opencms/no/buy/?column=price&edid=ED19B4A4-0607-6479-D5B9-048B1EA6100D&page=1&sortorder=asc HTTP/1.1" 200 73010
46.229.168.138 - - [13/Apr/2020:07:47:04 +0200] "GET /ticket2/opencms/robots.txt HTTP/1.1" 200 773
46.229.168.152 - - [13/Apr/2020:07:47:09 +0200] "GET /ticket2/opencms/sv/buy/?column=section&edid=EC21F052-00BC-07D6-2A31-7F40587DDAFC&page=1&sortorder=asc HTTP/1.1" 200 72215
67.225.220.120 - - [13/Apr/2020:07:47:10 +0200] "GET /ticket2/opencms/en/buy/?page=1&edid=B8736786-BDEB-839B-CA60-E0B1B63D3892 HTTP/1.1" 200 71530
67.225.220.120 - - [13/Apr/2020:07:47:16 +0200] "GET /ticket2/opencms/en/buy/?page=1&edid=F55FD46B-77AB-3FD2-8E77-5D8B9DF55395 HTTP/1.1" 200 71081
5.9.140.242 - - [13/Apr/2020:07:47:19 +0200] "GET /ticket2/opencms/dk/buy/?page=1&edid=8B8D03CA-348F-34ED-7DD6-21F5A2F370C9&sortorder=desc&column=row HTTP/1.1" 200 69324
46.229.168.142 - - [13/Apr/2020:07:47:19 +0200] "GET /ticket2/opencms/sv/buy/?catid=E03F2203-3943-A0F0-A47D-D9E7CDA79C6B&comcatid=B41CCF2B-5558-7AEE-3602-09BBDE417D65&page=6 HTTP/1.1" 200 67517
46.229.168.140 - - [13/Apr/2020:07:47:20 +0200] "GET /ticket2/opencms/no/buy/?column=price&edid=1F639E94-CF6E-403B-2FCC-FBB087375287&page=1&sortorder=asc HTTP/1.1" 200 72130
192.99.4.168 - - [13/Apr/2020:07:47:22 +0200] "GET /ticket2/opencms/en/buy/?page=1&edid=0874A86E-EC5A-2746-01C0-7A1F437ED7E1&sortorder=asc&column=section HTTP/1.1" 200 71821
46.229.168.136 - - [13/Apr/2020:07:47:26 +0200] "GET /ticket2/opencms/dk/buy/?column=row&edid=A8ABA988-C64C-A528-DCAB-CF2F52EE0C4E&page=1&sortorder=asc HTTP/1.1" 200 71613
5.9.71.213 - - [13/Apr/2020:07:47:33 +0200] "GET /ticket2/opencms/dk/buy/?page=1&edid=4651B641-1BF4-5B93-B666-F19E86CE32C8&sortorder=asc&column=section HTTP/1.1" 200 71187
46.229.168.140 - - [13/Apr/2020:07:47:37 +0200] "GET /ticket2/opencms/no/buy/?column=price&edid=ED19B4A4-0607-6479-D5B9-048B1EA6100D&page=1&sortorder=asc HTTP/1.1" 200 73010
46.229.168.137 - - [13/Apr/2020:07:47:39 +0200] "GET /ticket2/opencms/no/sell/?edid=F3EAB77E-5223-86F1-9947-9F306D6E6D43 HTTP/1.1" 302 -
216.245.221.82 - - [13/Apr/2020:07:47:39 +0200] "HEAD /ticket2/opencms/ HTTP/1.1" 302 -
46.229.168.163 - - [13/Apr/2020:07:47:39 +0200] "GET /ticket2/opencms/en/buy/?column=price&edid=7F2A9500-C316-2D20-DE9E-0CFC1602588E&page=1&sortorder=asc HTTP/1.1" 200 72410
46.229.168.152 - - [13/Apr/2020:07:47:40 +0200] "GET /ticket2/opencms/sv/buy/?column=section&edid=EC21F052-00BC-07D6-2A31-7F40587DDAFC&page=1&sortorder=asc HTTP/1.1" 200 72215
69.30.198.186 - - [13/Apr/2020:07:47:43 +0200] "GET /ticket2/opencms/dk/buy/?page=1&edid=0411B87F-B096-D989-0B20-FD8D8E5BD8EE&sortorder=desc&column=row HTTP/1.1" 200 69325
114.119.163.208 - - [13/Apr/2020:07:47:45 +0200] "GET /ticket2/opencms/dk/buy/?page=1&edid=52E9C51D-192F-C954-8F05-403EF150A75E&sortorder=desc&column=price HTTP/1.1" 200 71709
192.99.5.228 - - [13/Apr/2020:07:47:45 +0200] "GET /ticket2/opencms/robots.txt HTTP/1.1" 200 773
46.229.168.146 - - [13/Apr/2020:07:47:45 +0200] "GET /ticket2/opencms/no/sport/fotballsbilletter/bundesliga/Nurnberg/ HTTP/1.1" 200 66728
46.229.168.133 - - [13/Apr/2020:07:47:46 +0200] "GET /ticket2/opencms/no/buy/?catid=E92E6B1B-7CD1-74B1-312C-265A7D8125D0&comcatid=A17713B6-D984-201A-4143-ED4DB5ED5C2E HTTP/1.1" 200 75842
67.225.220.120 - - [13/Apr/2020:07:47:49 +0200] "GET /ticket2/opencms/en/buy/?page=1&edid=68B8B09E-560A-8A10-6FF6-600A9E2434A4 HTTP/1.1" 200 70635
173.208.157.186 - - [13/Apr/2020:07:47:50 +0200] "GET /ticket2/opencms/fi/buy/?page=1&edid=65E7106B-E648-8ADB-53BF-E2D7936DFB6B&sortorder=asc&column=price HTTP/1.1" 200 71784
46.229.168.135 - - [13/Apr/2020:07:47:50 +0200] "GET /ticket2/opencms/nl/buy/?catid=7EF04817-972D-18B1-F941-DE800D088075&comcatid=A17713B6-D984-201A-4143-ED4DB5ED5C2E&eventid=60DD1888-A212-4A9C-E256-57FE4F2AC5DC&page=6 HTTP/1.1" 200 75787
5.9.71.213 - - [13/Apr/2020:07:47:52 +0200] "GET /ticket2/opencms/dk/buy/?page=1&edid=4651B641-1BF4-5B93-B666-F19E86CE32C8&sortorder=desc&column=price HTTP/1.1" 200 71186
46.229.168.139 - - [13/Apr/2020:07:47:53 +0200] "GET /ticket2/opencms/en/buy/?column=price&edid=7B14CF76-71A6-C2E3-60CB-8C556CB920FD&page=1&sortorder=desc HTTP/1.1" 200 72410
192.99.37.116 - - [13/Apr/2020:07:47:53 +0200] "GET /ticket2/opencms/fi/buy/?page=1&edid=B78A60FE-C1A9-BDF8-D771-77B20EE2ACE9&sortorder=desc&column=section HTTP/1.1" 200 73810
5.9.140.242 - - [13/Apr/2020:07:47:55 +0200] "GET /ticket2/opencms/dk/buy/?page=1&edid=8B8D03CA-348F-34ED-7DD6-21F5A2F370C9&sortorder=desc&column=section HTTP/1.1" 200 69324
46.229.168.136 - - [13/Apr/2020:07:47:59 +0200] "GET /ticket2/opencms/dk/buy/?column=row&edid=A8ABA988-C64C-A528-DCAB-CF2F52EE0C4E&page=1&sortorder=asc HTTP/1.1" 200 71613
192.99.15.199 - - [13/Apr/2020:07:47:59 +0200] "GET /ticket2/opencms/sv/buy/?page=1&edid=EFE86C90-1F78-7ACD-9BE3-6153417E087A&sortorder=asc&column=section HTTP/1.1" 200 70895
46.229.168.139 - - [13/Apr/2020:07:48:01 +0200] "GET /ticket2/opencms/no/buy/?column=price&edid=B5487927-5D9E-47A1-7B61-6B84BE8D3FED&page=1&sortorder=asc HTTP/1.1" 200 72982
173.208.157.186 - - [13/Apr/2020:07:48:06 +0200] "GET /ticket2/opencms/fi/buy/?page=1&edid=649D46CC-01CF-83EF-27C5-336542CC7BE4&sortorder=asc&column=section HTTP/1.1" 200 72535
46.229.168.136 - - [13/Apr/2020:07:48:13 +0200] "GET /ticket2/opencms/en/buy/?column=row&edid=E12F4022-1973-9A42-8144-79292D1B75BA&page=1&sortorder=desc HTTP/1.1" 200 71185
67.225.220.120 - - [13/Apr/2020:07:48:18 +0200] "GET /ticket2/opencms/en/buy/?page=1&edid=CA9AAE6B-14C9-271A-740D-70C28D59704E HTTP/1.1" 200 70840
46.229.168.143 - - [13/Apr/2020:07:48:18 +0200] "GET /ticket2/opencms/robots.txt HTTP/1.1" 200 773
67.225.220.120 - - [13/Apr/2020:07:48:23 +0200] "GET /ticket2/opencms/en/buy/?page=1&edid=CF8182D8-B9D0-5E9A-7104-23E69EAA2FEA HTTP/1.1" 200 70644
46.229.168.147 - - [13/Apr/2020:07:48:25 +0200] "GET /ticket2/opencms/no/buy/?column=price&edid=027A8B66-DB53-72A0-2389-10E60933343B&page=1&sortorder=asc HTTP/1.1" 200 71876
69.30.198.186 - - [13/Apr/2020:07:48:25 +0200] "GET /ticket2/opencms/dk/buy/?page=1&edid=04143809-5B64-590B-654C-621BD6C6C5F7&sortorder=asc&column=price HTTP/1.1" 200 69313
192.99.15.199 - - [13/Apr/2020:07:48:25 +0200] "GET /ticket2/opencms/sv/login/?edid=02AD6CF6-0346-F238-B4BF-C7DC48FB5E1F HTTP/1.1" 200 67543
192.99.4.168 - - [13/Apr/2020:07:48:26 +0200] "GET /ticket2/opencms/en/buy/?page=1&edid=090A82EB-84B2-523A-4E3E-E0A1CC3737FC&sortorder=asc&column=price HTTP/1.1" 200 70876
46.229.168.143 - - [13/Apr/2020:07:48:26 +0200] "GET /ticket2/opencms/robots.txt HTTP/1.1" 200 773
46.229.168.139 - - [13/Apr/2020:07:48:28 +0200] "GET /ticket2/opencms/sv/buy/?column=section&edid=A082D9A0-E4D1-0360-423C-F14EC7DAC615&page=1&sortorder=desc HTTP/1.1" 200 69497
54.36.150.117 - - [13/Apr/2020:07:48:32 +0200] "GET /ticket2/opencms/sv/buy/?page=1&edid=E5CA0494-C5FC-811D-E370-D6597AC00698 HTTP/1.1" 200 70920
46.229.168.142 - - [13/Apr/2020:07:48:32 +0200] "GET /ticket2/opencms/nl/buy/?column=section&edid=7281C2E7-E4D7-23F7-1971-03EC28244FFF&page=1&sortorder=asc HTTP/1.1" 200 69727
46.229.168.138 - - [13/Apr/2020:07:48:35 +0200] "GET /ticket2/opencms/en/buy/?column=row&edid=D3E1B28E-6A3D-3557-357A-CA0BCEE22D43&page=1&sortorder=desc HTTP/1.1" 200 69243
66.249.79.192 - - [13/Apr/2020:07:48:35 +0200] "GET /ticket2/opencms/nl/sport/voetbal-tickets/serie_a/genoa/ HTTP/1.1" 200 64977
46.229.168.142 - - [13/Apr/2020:07:48:39 +0200] "GET /ticket2/opencms/sv/buy/?column=section&edid=08A1CD09-2A6C-B849-30C9-2FC7EEBC7B3F&page=1&sortorder=desc HTTP/1.1" 200 71370
94.231.109.254 - - [13/Apr/2020:07:48:39 +0200] "GET /ticket2/tickets_export/outgoing/export.txt HTTP/1.0" 200 10055792
5.9.140.242 - - [13/Apr/2020:07:48:41 +0200] "GET /ticket2/opencms/dk/buy/?page=1&edid=8CFCBB0D-D3F2-BB7C-A30E-9F59EC4569D4&sortorder=asc&column=price HTTP/1.1" 200 69314
5.9.71.213 - - [13/Apr/2020:07:48:41 +0200] "GET /ticket2/opencms/dk/buy/?page=1&edid=4651B641-1BF4-5B93-B666-F19E86CE32C8&sortorder=desc&column=row HTTP/1.1" 200 71186
46.229.168.135 - - [13/Apr/2020:07:48:42 +0200] "GET /ticket2/opencms/sv/buy/?column=price&edid=AB50204C-215A-4600-59BC-2DA2AB6F3782&page=1&sortorder=asc HTTP/1.1" 200 71347
192.99.15.199 - - [13/Apr/2020:07:48:42 +0200] "GET /ticket2/opencms/sv/login/?edid=03C3F759-824A-90E7-D09D-AD5EA21FB080 HTTP/1.1" 200 67543
173.208.157.186 - - [13/Apr/2020:07:48:45 +0200] "GET /ticket2/opencms/fi/buy/?page=1&edid=65E7106B-E648-8ADB-53BF-E2D7936DFB6B&sortorder=asc&column=row HTTP/1.1" 200 71784
46.229.168.129 - - [13/Apr/2020:07:48:48 +0200] "GET /ticket2/opencms/sv/buy/?column=section&edid=7BFAA4DD-59F4-CFC0-8A75-4C1976E082E5&page=1&sortorder=asc HTTP/1.1" 200 71860
46.229.168.134 - - [13/Apr/2020:07:48:48 +0200] "GET /ticket2/opencms/sv/search.html?searchQuery=group%2Bd&submit HTTP/1.1" 200 85372
69.30.198.186 - - [13/Apr/2020:07:48:49 +0200] "GET /ticket2/opencms/dk/buy/?page=1&edid=04143809-5B64-590B-654C-621BD6C6C5F7&sortorder=asc&column=section HTTP/1.1" 200 69313
46.229.168.138 - - [13/Apr/2020:07:48:52 +0200] "GET /ticket2/opencms/fi/buy/?column=row&edid=1118CA9D-86D0-FF33-6F80-5DE6EAD42BE8&page=1&sortorder=desc HTTP/1.1" 200 72519
46.229.168.134 - - [13/Apr/2020:07:48:54 +0200] "GET /ticket2/opencms/dk/sell/?edid=06E063D7-AE27-0DA0-0E8E-0E82EFDCE11C HTTP/1.1" 302 -
46.229.168.129 - - [13/Apr/2020:07:48:54 +0200] "GET /ticket2/opencms/sv/buy/?column=section&edid=7BFAA4DD-59F4-CFC0-8A75-4C1976E082E5&page=1&sortorder=asc HTTP/1.1" 200 71860
173.208.157.186 - - [13/Apr/2020:07:48:57 +0200] "GET /ticket2/opencms/fi/buy/?page=1&edid=661E24D1-5D15-51D2-AF68-58DA584DA6E1&sortorder=asc&column=section HTTP/1.1" 200 72309
46.229.168.163 - - [13/Apr/2020:07:49:00 +0200] "GET /ticket2/opencms/en/sell/?edid=32E81482-FD8F-2561-8A36-7326B8FDF5FD HTTP/1.1" 302 -
42.236.10.72 - - [13/Apr/2020:07:49:00 +0200] "GET /ticket2/opencms/ HTTP/1.1" 302 -
5.9.71.213 - - [13/Apr/2020:07:49:02 +0200] "GET /ticket2/opencms/dk/buy/?page=1&edid=4651B641-1BF4-5B93-B666-F19E86CE32C8&sortorder=desc&column=section HTTP/1.1" 200 71186
46.229.168.163 - - [13/Apr/2020:07:49:04 +0200] "GET /ticket2/opencms/no/buy/?column=price&edid=7DFA9706-6B2A-B4CC-5A39-A5C330CC4190&page=1&sortorder=asc HTTP/1.1" 200 71690
46.229.168.142 - - [13/Apr/2020:07:49:04 +0200] "GET /ticket2/opencms/fi/buy/?column=section&edid=58B13301-D5DD-C7AE-DE41-C4027698FEEF&page=1&sortorder=asc HTTP/1.1" 200 70664
192.99.37.116 - - [13/Apr/2020:07:49:06 +0200] "GET /ticket2/opencms/fi/buy/?page=1&edid=BC4B2DC9-87D1-1B87-AA3A-E251321C133F HTTP/1.1" 200 70595
46.229.168.134 - - [13/Apr/2020:07:49:06 +0200] "GET /ticket2/opencms/nl/buy/?catid=A34BCF61-E19C-5C5C-445E-06F3749E1EF4&comcatid=B41CCF2B-5558-7AEE-3602-09BBDE417D65 HTTP/1.1" 200 66888
114.119.167.17 - - [13/Apr/2020:07:49:08 +0200] "GET /ticket2/opencms/no/buy/?page=1&edid=E9273ADB-397B-8C66-EF24-3A92BD3295EC&sortorder=asc&column=row HTTP/1.1" 200 72388
67.225.220.120 - - [13/Apr/2020:07:49:12 +0200] "GET /ticket2/opencms/sv/buy/?page=1&edid=149E4898-886E-801A-DF9C-A6639D44D86F HTTP/1.1" 200 71343
67.225.220.120 - - [13/Apr/2020:07:49:12 +0200] "GET /ticket2/opencms/en/buy/?page=1&edid=A6C4D480-69FB-83C2-D404-544032F1E834 HTTP/1.1" 200 70848
46.229.168.145 - - [13/Apr/2020:07:49:12 +0200] "GET /ticket2/opencms/en/login/?url=%25252Fen%25252Fsell%25252F HTTP/1.1" 200 67300
67.225.220.120 - - [13/Apr/2020:07:49:15 +0200] "GET /ticket2/opencms/en/buy/?page=1&edid=DFB21AD2-22B9-A8A1-EDBE-5EC907D1F2F8 HTTP/1.1" 200 71612
173.208.157.186 - - [13/Apr/2020:07:49:15 +0200] "GET /ticket2/opencms/fi/buy/?page=1&edid=66421F7F-588E-5C63-F6C6-DAD22E369929&sortorder=asc&column=price HTTP/1.1" 200 72101
114.119.167.17 - - [13/Apr/2020:07:49:18 +0200] "GET /ticket2/opencms/dk/buy/?page=1&edid=CD97B46D-31B3-D365-9D7B-CFA9CBECBD48&sortorder=desc&column=price HTTP/1.1" 200 69300
46.229.168.141 - - [13/Apr/2020:07:49:20 +0200] "GET /ticket2/opencms/fi/buy/?edid=32E81482-FD8F-2561-8A36-7326B8FDF5FD&page=1 HTTP/1.1" 200 73802
192.99.15.199 - - [13/Apr/2020:07:49:21 +0200] "GET /ticket2/opencms/sv/login/?edid=192CD3C2-714D-3D17-EB72-20264FE62CF8 HTTP/1.1" 200 67543
46.229.168.146 - - [13/Apr/2020:07:49:26 +0200] "GET /ticket2/opencms/nl/buy/?column=section&edid=7A61688A-DFBC-E477-0BA5-C628E320A31C&page=1&sortorder=desc HTTP/1.1" 200 68328
192.99.37.116 - - [13/Apr/2020:07:49:33 +0200] "GET /ticket2/opencms/fi/buy/?page=1&edid=BEC4EE84-22BE-FA65-0F72-9E73EA61AA52&sortorder=desc&column=price HTTP/1.1" 200 73811
69.30.198.186 - - [13/Apr/2020:07:49:34 +0200] "GET /ticket2/opencms/dk/buy/?page=1&edid=04143809-5B64-590B-654C-621BD6C6C5F7&sortorder=desc&column=price HTTP/1.1" 200 69312
173.208.157.186 - - [13/Apr/2020:07:49:36 +0200] "GET /ticket2/opencms/fi/buy/?page=1&edid=66421F7F-588E-5C63-F6C6-DAD22E369929&sortorder=asc&column=row HTTP/1.1" 200 72101
46.229.168.140 - - [13/Apr/2020:07:49:37 +0200] "GET /ticket2/opencms/no/buy/?column=section&edid=243CE139-16E3-27B0-9E14-664999F785C0&page=1&sortorder=asc HTTP/1.1" 200 69824
198.204.244.90 - - [13/Apr/2020:07:49:37 +0200] "GET /ticket2/opencms/robots.txt HTTP/1.1" 200 773
46.229.168.142 - - [13/Apr/2020:07:49:40 +0200] "GET /ticket2/opencms/no/buy/?column=section&edid=85D85DE7-7E33-49D9-3EB3-5BCB430E9732&page=1&sortorder=desc HTTP/1.1" 200 71672
46.229.168.141 - - [13/Apr/2020:07:49:40 +0200] "GET /ticket2/opencms/no/buy/?column=price&edid=2D726398-C836-8BED-AF4C-01D0E7436418&page=1&sortorder=asc HTTP/1.1" 200 71901
192.99.4.168 - - [13/Apr/2020:07:49:44 +0200] "GET /ticket2/opencms/en/buy/?page=1&edid=090A82EB-84B2-523A-4E3E-E0A1CC3737FC&sortorder=asc&column=row HTTP/1.1" 200 70876
5.9.71.213 - - [13/Apr/2020:07:49:47 +0200] "GET /ticket2/opencms/dk/buy/?page=1&edid=465242F9-029A-06C6-C79F-CA8B331B3D42&sortorder=desc&column=price HTTP/1.1" 200 70729
5.9.71.213 - - [13/Apr/2020:07:49:50 +0200] "GET /ticket2/opencms/dk/buy/?page=1&edid=465242F9-029A-06C6-C79F-CA8B331B3D42&sortorder=desc&column=row HTTP/1.1" 200 70729
198.204.244.90 - - [13/Apr/2020:07:49:51 +0200] "GET /ticket2/opencms/dk/buy/?page=1&edid=EE0B5545-A4DD-24A5-CE2A-0376591DD1C7&sortorder=desc&column=section HTTP/1.1" 200 69313
192.99.15.199 - - [13/Apr/2020:07:49:52 +0200] "GET /ticket2/opencms/sv/login/?edid=1FD00E9B-3A03-E379-9B08-FF7D16F1A6A6 HTTP/1.1" 200 67543
46.229.168.133 - - [13/Apr/2020:07:49:53 +0200] "GET /ticket2/opencms/sv/buy/?column=row&edid=D46F6BE8-BC8A-8DDC-1025-98720CF7125C&page=1&sortorder=asc HTTP/1.1" 200 69493
46.229.168.150 - - [13/Apr/2020:07:49:55 +0200] "GET /ticket2/opencms/sv/buy/?edid=D210E338-439A-D82B-80DD-B03F52201487&page=1 HTTP/1.1" 200 69462
46.229.168.129 - - [13/Apr/2020:07:49:58 +0200] "GET /ticket2/opencms/fi/buy/?column=row&edid=9617F64E-1CD5-5694-C586-13BBE4F219BD&page=1&sortorder=desc HTTP/1.1" 200 74330
46.229.168.163 - - [13/Apr/2020:07:50:01 +0200] "GET /ticket2/opencms/fi/buy/?column=row&edid=6A7CCC37-5F63-D2E0-8750-C9D98381AE77&page=1&sortorder=desc HTTP/1.1" 200 70654
46.229.168.142 - - [13/Apr/2020:07:50:04 +0200] "GET /ticket2/opencms/fi/buy/?column=row&edid=51B97722-D202-5F9B-2404-47133D11E51D&page=1&sortorder=asc HTTP/1.1" 200 73247
46.229.168.138 - - [13/Apr/2020:07:50:05 +0200] "GET /ticket2/opencms/fi/sell/?edid=E169F5DB-C811-39FE-D2C1-0C94563BAA9E HTTP/1.1" 302 -
46.229.168.138 - - [13/Apr/2020:07:50:08 +0200] "GET /ticket2/opencms/nl/buy/?column=price&edid=594D1460-F338-C3DC-268B-862093EA57FF&page=1&sortorder=desc HTTP/1.1" 200 68335
46.229.168.145 - - [13/Apr/2020:07:50:08 +0200] "GET /ticket2/opencms/fi/buy/?edid=B153A555-66C9-5299-4C66-C692523C0F97&page=1 HTTP/1.1" 200 70618
46.229.168.129 - - [13/Apr/2020:07:50:09 +0200] "GET /ticket2/opencms/fi/buy/?column=row&edid=9617F64E-1CD5-5694-C586-13BBE4F219BD&page=1&sortorder=desc HTTP/1.1" 200 74330
192.99.37.116 - - [13/Apr/2020:07:50:15 +0200] "GET /ticket2/opencms/fi/buy/?page=1&edid=BEE9102C-D2FA-07BD-37A8-F36B2B2962FE&sortorder=asc&column=price HTTP/1.1" 200 72097
198.204.244.90 - - [13/Apr/2020:07:50:17 +0200] "GET /ticket2/opencms/dk/buy/?page=1&edid=F079AC7E-D221-F1E2-410C-375B35987091 HTTP/1.1" 200 69294
46.229.168.134 - - [13/Apr/2020:07:50:19 +0200] "GET /ticket2/opencms/en/buy/?column=section&edid=A1D2C259-DC72-E258-6E1C-38A00CB49F74&page=1&sortorder=asc HTTP/1.1" 200 71358
192.99.15.199 - - [13/Apr/2020:07:50:20 +0200] "GET /ticket2/opencms/sv/login/?edid=384F3237-D2B6-BEF2-34F0-9A31FA51988F HTTP/1.1" 200 67543
5.9.71.213 - - [13/Apr/2020:07:50:22 +0200] "GET /ticket2/opencms/dk/buy/?page=1&edid=465242F9-029A-06C6-C79F-CA8B331B3D42&sortorder=desc&column=section HTTP/1.1" 200 70729
46.229.168.138 - - [13/Apr/2020:07:50:25 +0200] "GET /ticket2/opencms/sv/buy/?column=row&edid=ED19B4A4-0607-6479-D5B9-048B1EA6100D&page=1&sortorder=desc HTTP/1.1" 200 72690
46.229.168.134 - - [13/Apr/2020:07:50:27 +0200] "GET /ticket2/opencms/en/buy/?column=section&edid=5432ED02-FAD8-0258-AF31-52B1290A487D&page=1&sortorder=desc HTTP/1.1" 200 71334
192.99.4.168 - - [13/Apr/2020:07:50:29 +0200] "GET /ticket2/opencms/en/buy/?page=1&edid=090A82EB-84B2-523A-4E3E-E0A1CC3737FC&sortorder=asc&column=section HTTP/1.1" 200 70876
5.9.71.213 - - [13/Apr/2020:07:50:29 +0200] "GET /ticket2/opencms/dk/buy/?page=1&edid=46F5EC85-5B62-6DBE-6122-EC5082A83D53&sortorder=asc&column=row HTTP/1.1" 200 70734
198.204.244.90 - - [13/Apr/2020:07:50:31 +0200] "GET /ticket2/opencms/dk/buy/?page=1&edid=F4D78D53-5514-188C-B61F-73CDE03BF980 HTTP/1.1" 200 71614
69.30.198.186 - - [13/Apr/2020:07:50:41 +0200] "GET /ticket2/opencms/dk/buy/?page=1&edid=04143809-5B64-590B-654C-621BD6C6C5F7&sortorder=desc&column=row HTTP/1.1" 200 69312
46.229.168.139 - - [13/Apr/2020:07:50:43 +0200] "GET /ticket2/opencms/fi/buy/?column=row&edid=26591706-2A8B-283B-4457-5A4421914D77&page=1&sortorder=desc HTTP/1.1" 200 72285
46.229.168.135 - - [13/Apr/2020:07:50:58 +0200] "GET /ticket2/opencms/no/buy/?column=price&edid=0CA3FD47-A06A-35B3-8EAB-9D836A2EC845&page=1&sortorder=asc HTTP/1.1" 200 69830
192.99.15.199 - - [13/Apr/2020:07:50:58 +0200] "GET /ticket2/opencms/sv/login/?edid=3F2C8D5E-7438-2D70-0996-42F9CB6F4E20 HTTP/1.1" 200 67543
5.9.71.213 - - [13/Apr/2020:07:51:01 +0200] "GET /ticket2/opencms/dk/buy/?page=1&edid=46F5EC85-5B62-6DBE-6122-EC5082A83D53&sortorder=asc&column=section HTTP/1.1" 200 70734
46.229.168.143 - - [13/Apr/2020:07:51:02 +0200] "GET /ticket2/opencms/sv/buy/?column=price&edid=A4AA9FAF-A900-49DB-5496-82F65D60D290&page=1&sortorder=desc HTTP/1.1" 200 71855
192.99.37.116 - - [13/Apr/2020:07:51:12 +0200] "GET /ticket2/opencms/fi/buy/?page=1&edid=BEE9102C-D2FA-07BD-37A8-F36B2B2962FE&sortorder=asc&column=row HTTP/1.1" 200 72097
46.229.168.152 - - [13/Apr/2020:07:51:20 +0200] "GET /ticket2/opencms/nl/buy/?column=price&edid=483DE968-0F92-92A6-2252-5119D821D98E&page=1&sortorder=asc HTTP/1.1" 200 71515
46.229.168.145 - - [13/Apr/2020:07:51:24 +0200] "GET /ticket2/opencms/sv/buy/?column=section&edid=8F7823D2-B9EB-63E8-130E-FAE7E65B9CE5&page=1&sortorder=desc HTTP/1.1" 200 71403
54.36.148.232 - - [13/Apr/2020:07:51:24 +0200] "GET /ticket2/opencms/sv/venue/?venueid=3696F630-3175-B624-1F25-409A07AAD64C HTTP/1.1" 200 65479
69.30.198.186 - - [13/Apr/2020:07:51:25 +0200] "GET /ticket2/opencms/dk/buy/?page=1&edid=04143809-5B64-590B-654C-621BD6C6C5F7&sortorder=desc&column=section HTTP/1.1" 200 69312
46.229.168.152 - - [13/Apr/2020:07:51:28 +0200] "GET /ticket2/opencms/dk/buy/?column=section&edid=867AF045-0903-5E43-508B-BE166694EC03&page=1&sortorder=desc HTTP/1.1" 200 69312
5.9.71.213 - - [13/Apr/2020:07:51:37 +0200] "GET /ticket2/opencms/dk/buy/?page=1&edid=473A152A-D827-6DC6-AC96-593CF20EBAEA&sortorder=asc&column=price HTTP/1.1" 200 71227
198.204.244.90 - - [13/Apr/2020:07:51:51 +0200] "GET /ticket2/opencms/dk/buy/?page=1&edid=F610F982-3B1A-38D1-B7C4-D27C3E0CB131&sortorder=asc&column=price HTTP/1.1" 200 70777
46.229.168.146 - - [13/Apr/2020:07:51:59 +0200] "GET /ticket2/opencms/sv/buy/?column=section&edid=5685D4F1-DA1F-5275-BF3E-BE6818FDF10F&page=1&sortorder=desc HTTP/1.1" 200 71327
192.99.15.199 - - [13/Apr/2020:07:51:59 +0200] "GET /ticket2/opencms/sv/login/?edid=44971AE9-5124-1C58-6B99-DC530ED3B88F HTTP/1.1" 200 67543
46.229.168.152 - - [13/Apr/2020:07:52:03 +0200] "GET /ticket2/opencms/no/buy/?edid=008C81A9-188D-8C15-F03E-F7BB412D5D0F&page=1 HTTP/1.1" 200 69802
54.36.150.10 - - [13/Apr/2020:07:52:04 +0200] "GET /ticket2/opencms/sv/buy/?page=1&edid=A1B541ED-E844-879B-8E30-DCE11620E20A HTTP/1.1" 200 71572
46.229.168.134 - - [13/Apr/2020:07:52:08 +0200] "GET /ticket2/opencms/no/buy/?edid=3CC17989-3033-10BE-F5C3-D729834B05F5&page=1 HTTP/1.1" 200 71853
114.119.163.208 - - [13/Apr/2020:07:52:17 +0200] "GET /ticket2/opencms/no/buy/?page=1&edid=0CA3FD47-A06A-35B3-8EAB-9D836A2EC845&sortorder=asc&column=section HTTP/1.1" 200 69830
46.229.168.151 - - [13/Apr/2020:07:52:30 +0200] "GET /ticket2/opencms/sv/buy/?column=price&edid=69E94548-BA2A-A7B0-2E68-692DBBE997E5&page=1&sortorder=asc HTTP/1.1" 200 71566
5.9.71.213 - - [13/Apr/2020:07:52:35 +0200] "GET /ticket2/opencms/dk/buy/?page=1&edid=476991E3-90E8-4131-2EC2-B8E28BB43BFC&sortorder=desc&column=price HTTP/1.1" 200 69335
46.229.168.154 - - [13/Apr/2020:07:52:35 +0200] "GET /ticket2/opencms/en/buy/?catid=078F99D4-0B9E-E323-5A07-D7B70F6E8874&comcatid=97ECA65A-72DA-F9AF-9DBB-245D3CFED1BE HTTP/1.1" 200 70314
192.99.4.168 - - [13/Apr/2020:07:52:39 +0200] "GET /ticket2/opencms/en/buy/?page=1&edid=0993F451-2A27-B97B-1E8A-397D4C7362D6&sortorder=asc&column=price HTTP/1.1" 200 70690
46.229.168.139 - - [13/Apr/2020:07:52:51 +0200] "GET /ticket2/opencms/sv/buy/?column=section&edid=8BD60387-4E3F-89EB-86CE-11AA91ED3E74&page=1&sortorder=asc HTTP/1.1" 200 71373
66.249.79.149 - - [13/Apr/2020:07:52:51 +0200] "GET /ticket2/opencms/fi/venue/?venueid=C5476B3C-0464-46FE-ABA4-218B7E7B42C3 HTTP/1.1" 200 66436
42.236.10.72 - - [13/Apr/2020:07:52:57 +0200] "GET /ticket2/opencms/en/ HTTP/1.1" 200 71871
192.99.37.116 - - [13/Apr/2020:07:52:57 +0200] "GET /ticket2/opencms/fi/buy/?page=1&edid=C76A9772-92FF-7A40-AA24-5508D12B7DDD&sortorder=asc&column=price HTTP/1.1" 200 72091
46.229.168.147 - - [13/Apr/2020:07:52:58 +0200] "GET /ticket2/opencms/robots.txt HTTP/1.1" 200 773
54.36.150.92 - - [13/Apr/2020:07:52:59 +0200] "GET /ticket2/opencms/fi/venue/?venueid=F2E24D37-66BC-8474-A9EE-AC205BD92A4D HTTP/1.1" 200 66486
5.9.71.213 - - [13/Apr/2020:07:53:07 +0200] "GET /ticket2/opencms/dk/buy/?page=1&edid=476991E3-90E8-4131-2EC2-B8E28BB43BFC&sortorder=desc&column=row HTTP/1.1" 200 69335
46.229.168.146 - - [13/Apr/2020:07:53:08 +0200] "GET /ticket2/opencms/no/buy/?column=price&edid=C1AA3CD8-9B92-9EEB-74B5-3A5D9E84C8B5&page=1&sortorder=desc HTTP/1.1" 200 71885
46.229.168.147 - - [13/Apr/2020:07:53:08 +0200] "GET /ticket2/opencms/robots.txt HTTP/1.1" 200 773
46.229.168.132 - - [13/Apr/2020:07:53:14 +0200] "GET /ticket2/opencms/sv/buy/?column=section&edid=E3B2F60A-2665-8DC5-C81D-1DCD1F82978A&page=1&sortorder=desc HTTP/1.1" 200 72218
192.99.15.199 - - [13/Apr/2020:07:53:16 +0200] "GET /ticket2/opencms/sv/login/?edid=4B8DF2AC-42E6-6C5D-F1CE-0DA3D8253356 HTTP/1.1" 200 67543
198.204.244.90 - - [13/Apr/2020:07:53:21 +0200] "GET /ticket2/opencms/dk/buy/?page=1&edid=F610F982-3B1A-38D1-B7C4-D27C3E0CB131&sortorder=asc&column=row HTTP/1.1" 200 70777
67.225.220.120 - - [13/Apr/2020:07:53:23 +0200] "GET /ticket2/opencms/en/buy/?page=1&edid=93A8E489-AE58-726C-E39F-173A5C4AC3E8 HTTP/1.1" 200 69243
46.229.168.144 - - [13/Apr/2020:07:53:28 +0200] "GET /ticket2/opencms/en/buy/?column=row&edid=3DD93626-388E-B658-D6F1-23C401A796FB&page=1&sortorder=asc HTTP/1.1" 200 72414
46.229.168.151 - - [13/Apr/2020:07:53:30 +0200] "GET /ticket2/opencms/sv/buy/?column=price&edid=69E94548-BA2A-A7B0-2E68-692DBBE997E5&page=1&sortorder=asc HTTP/1.1" 200 71566
46.229.168.146 - - [13/Apr/2020:07:53:37 +0200] "GET /ticket2/opencms/en/buy/?column=price&edid=A4DDC6F5-CEA1-C6AF-F819-DE8EED766D18&page=1&sortorder=desc HTTP/1.1" 200 72443
69.30.198.186 - - [13/Apr/2020:07:53:38 +0200] "GET /ticket2/opencms/dk/buy/?page=1&edid=041C48E6-717B-8CCE-3380-A64C748FE17E&sortorder=asc&column=price HTTP/1.1" 200 69320
46.229.168.132 - - [13/Apr/2020:07:53:48 +0200] "GET /ticket2/opencms/sv/buy/?column=section&edid=E3B2F60A-2665-8DC5-C81D-1DCD1F82978A&page=1&sortorder=desc HTTP/1.1" 200 72218
46.229.168.142 - - [13/Apr/2020:07:53:48 +0200] "GET /ticket2/opencms/no/buy/?column=price&edid=9D16336A-106A-2AC7-EC0F-17E400C53CCD&page=1&sortorder=asc HTTP/1.1" 200 69827
216.245.221.82 - - [13/Apr/2020:07:53:48 +0200] "HEAD /ticket2/opencms/ HTTP/1.1" 302 -
46.229.168.153 - - [13/Apr/2020:07:53:49 +0200] "GET /ticket2/opencms/sv/buy/?column=section&edid=EB9B2650-FD8D-90CB-E889-0D0B52112AB1&page=1&sortorder=desc HTTP/1.1" 200 71351
46.229.168.139 - - [13/Apr/2020:07:53:54 +0200] "GET /ticket2/opencms/sv/buy/?column=section&edid=8BD60387-4E3F-89EB-86CE-11AA91ED3E74&page=1&sortorder=asc HTTP/1.1" 200 71373
192.99.37.116 - - [13/Apr/2020:07:53:56 +0200] "GET /ticket2/opencms/fi/buy/?page=1&edid=C76A9772-92FF-7A40-AA24-5508D12B7DDD&sortorder=asc&column=row HTTP/1.1" 200 72091
46.229.168.133 - - [13/Apr/2020:07:53:59 +0200] "GET /ticket2/opencms/en/sell/?edid=A18B7AA2-BC88-9685-D882-F3ACFA423D12 HTTP/1.1" 302 -
192.99.15.199 - - [13/Apr/2020:07:54:04 +0200] "GET /ticket2/opencms/sv/login/?edid=4F3DA6FA-933D-3FF6-99D6-14BB67F01388 HTTP/1.1" 200 67543
46.229.168.144 - - [13/Apr/2020:07:54:05 +0200] "GET /ticket2/opencms/en/buy/?column=row&edid=3DD93626-388E-B658-D6F1-23C401A796FB&page=1&sortorder=asc HTTP/1.1" 200 72414
198.204.244.90 - - [13/Apr/2020:07:54:08 +0200] "GET /ticket2/opencms/dk/buy/?page=1&edid=F610F982-3B1A-38D1-B7C4-D27C3E0CB131&sortorder=asc&column=section HTTP/1.1" 200 70777
46.229.168.146 - - [13/Apr/2020:07:54:10 +0200] "GET /ticket2/opencms/en/buy/?column=price&edid=A4DDC6F5-CEA1-C6AF-F819-DE8EED766D18&page=1&sortorder=desc HTTP/1.1" 200 72443
114.119.167.17 - - [13/Apr/2020:07:54:12 +0200] "GET /ticket2/opencms/no/buy/?page=1&edid=D280A599-2D4A-0E12-6081-4777391BE566&sortorder=asc&column=price HTTP/1.1" 200 71877
114.119.167.151 - - [13/Apr/2020:07:54:17 +0200] "GET /ticket2/opencms/sv/buy/?page=1&edid=73D8189D-DEDA-4F8B-BA1C-9AC984A743C2&sortorder=desc&column=price HTTP/1.1" 200 69498
5.9.71.213 - - [13/Apr/2020:07:54:18 +0200] "GET /ticket2/opencms/dk/buy/?page=1&edid=476991E3-90E8-4131-2EC2-B8E28BB43BFC&sortorder=desc&column=section HTTP/1.1" 200 69335
46.229.168.146 - - [13/Apr/2020:07:54:19 +0200] "GET /ticket2/opencms/no/buy/?column=price&edid=C1AA3CD8-9B92-9EEB-74B5-3A5D9E84C8B5&page=1&sortorder=desc HTTP/1.1" 200 71885
46.229.168.131 - - [13/Apr/2020:07:54:19 +0200] "GET /ticket2/opencms/robots.txt HTTP/1.1" 200 773
5.9.71.213 - - [13/Apr/2020:07:54:29 +0200] "GET /ticket2/opencms/dk/buy/?page=1&edid=483DE968-0F92-92A6-2252-5119D821D98E&sortorder=asc&column=row HTTP/1.1" 200 72527
192.99.37.116 - - [13/Apr/2020:07:54:33 +0200] "GET /ticket2/opencms/fi/buy/?page=1&edid=C76A9772-92FF-7A40-AA24-5508D12B7DDD&sortorder=asc&column=section HTTP/1.1" 200 72091
69.30.198.186 - - [13/Apr/2020:07:54:34 +0200] "GET /ticket2/opencms/dk/buy/?page=1&edid=041C48E6-717B-8CCE-3380-A64C748FE17E&sortorder=asc&column=row HTTP/1.1" 200 69320
46.229.168.131 - - [13/Apr/2020:07:54:34 +0200] "GET /ticket2/opencms/robots.txt HTTP/1.1" 200 773
46.229.168.150 - - [13/Apr/2020:07:54:34 +0200] "GET /ticket2/opencms/robots.txt HTTP/1.1" 200 773
46.229.168.135 - - [13/Apr/2020:07:54:36 +0200] "GET /ticket2/opencms/en/buy/?column=price&edid=2F984CDF-1CA1-F102-5460-86DB2C22DF4E&page=1&sortorder=desc HTTP/1.1" 200 72413
46.229.168.142 - - [13/Apr/2020:07:54:40 +0200] "GET /ticket2/opencms/no/buy/?column=price&edid=9D16336A-106A-2AC7-EC0F-17E400C53CCD&page=1&sortorder=asc HTTP/1.1" 200 69827
46.229.168.153 - - [13/Apr/2020:07:54:41 +0200] "GET /ticket2/opencms/sv/buy/?column=section&edid=EB9B2650-FD8D-90CB-E889-0D0B52112AB1&page=1&sortorder=desc HTTP/1.1" 200 71351
46.229.168.150 - - [13/Apr/2020:07:54:41 +0200] "GET /ticket2/opencms/robots.txt HTTP/1.1" 200 773
5.9.71.213 - - [13/Apr/2020:07:54:44 +0200] "GET /ticket2/opencms/dk/buy/?page=1&edid=48414BA9-E544-DC52-97CF-84428B5A59B3&sortorder=asc&column=section HTTP/1.1" 200 71192
46.229.168.129 - - [13/Apr/2020:07:54:46 +0200] "GET /ticket2/opencms/nl/buy/?column=price&edid=0905017B-5DF1-4D6D-4C83-EAD39CD6BCA4&page=1&sortorder=desc HTTP/1.1" 200 69652
46.229.168.154 - - [13/Apr/2020:07:54:46 +0200] "GET /ticket2/opencms/sv/buy/?eventid=48AF97D5-1FDD-A60C-FB09-EB0FE2EC6098&page=10 HTTP/1.1" 200 69341
47.54.35.136 - - [13/Apr/2020:07:54:46 +0200] "GET /ticket2/opencms/robots.txt HTTP/1.1" 200 773
192.99.15.199 - - [13/Apr/2020:07:54:46 +0200] "GET /ticket2/opencms/sv/login/?edid=4FF84B36-9487-BC5F-C237-FCD3548938EA HTTP/1.1" 200 67543
198.204.244.90 - - [13/Apr/2020:07:54:48 +0200] "GET /ticket2/opencms/dk/buy/?page=1&edid=F675517E-77A1-26BF-A8E7-E48FFFB49370 HTTP/1.1" 200 72299
46.229.168.140 - - [13/Apr/2020:07:54:56 +0200] "GET /ticket2/opencms/fi/buy/?column=price&edid=66543793-DF38-CFA1-7E21-58EE7B20AFC2&page=1&sortorder=desc HTTP/1.1" 200 70632
46.229.168.130 - - [13/Apr/2020:07:54:57 +0200] "GET /ticket2/opencms/nl/sell/?edid=1F8937D3-B31E-D76E-F363-F7FC2195A907 HTTP/1.1" 302 -
5.9.71.213 - - [13/Apr/2020:07:55:08 +0200] "GET /ticket2/opencms/dk/buy/?page=1&edid=4965447F-9F6F-8CE6-6AA9-F5F15C25F8B7&sortorder=desc&column=row HTTP/1.1" 200 70729
46.229.168.140 - - [13/Apr/2020:07:55:11 +0200] "GET /ticket2/opencms/fi/buy/?column=price&edid=66543793-DF38-CFA1-7E21-58EE7B20AFC2&page=1&sortorder=desc HTTP/1.1" 200 70632
46.229.168.138 - - [13/Apr/2020:07:55:19 +0200] "GET /ticket2/opencms/en/buy/?column=row&edid=916F2EF4-6FE1-7E81-87CE-194E3C0EB782&page=1&sortorder=asc HTTP/1.1" 200 71124
46.229.168.135 - - [13/Apr/2020:07:55:20 +0200] "GET /ticket2/opencms/en/buy/?column=price&edid=2F984CDF-1CA1-F102-5460-86DB2C22DF4E&page=1&sortorder=desc HTTP/1.1" 200 72413
69.30.198.186 - - [13/Apr/2020:07:55:25 +0200] "GET /ticket2/opencms/dk/buy/?page=1&edid=041C48E6-717B-8CCE-3380-A64C748FE17E&sortorder=asc&column=section HTTP/1.1" 200 69320
198.204.244.90 - - [13/Apr/2020:07:55:32 +0200] "GET /ticket2/opencms/dk/buy/?page=1&edid=F7ADBC49-B3F9-5F47-5079-2A05B4076CA2&sortorder=desc&column=price HTTP/1.1" 200 70973
47.54.35.136 - - [13/Apr/2020:07:55:35 +0200] "GET /ticket2/opencms/dk/buy/?page=1&edid=595C46C0-D3BA-2547-81CC-6E8E4E9524D3&sortorder=asc&column=price HTTP/1.1" 200 71246
192.99.37.116 - - [13/Apr/2020:07:55:36 +0200] "GET /ticket2/opencms/fi/buy/?page=1&edid=CA13B269-5EB2-5619-8870-07E80D27434D&sortorder=asc&column=price HTTP/1.1" 200 72729
192.99.15.199 - - [13/Apr/2020:07:55:36 +0200] "GET /ticket2/opencms/sv/login/?edid=50C0FE40-B971-378E-B393-EFCC781A0E84 HTTP/1.1" 200 67543
198.204.244.90 - - [13/Apr/2020:07:55:47 +0200] "GET /ticket2/opencms/dk/buy/?page=1&edid=F7ADBC49-B3F9-5F47-5079-2A05B4076CA2&sortorder=desc&column=row HTTP/1.1" 200 70973
46.229.168.133 - - [13/Apr/2020:07:55:47 +0200] "GET /ticket2/opencms/robots.txt HTTP/1.1" 200 773
5.9.71.213 - - [13/Apr/2020:07:55:48 +0200] "GET /ticket2/opencms/dk/buy/?page=1&edid=4965447F-9F6F-8CE6-6AA9-F5F15C25F8B7&sortorder=desc&column=section HTTP/1.1" 200 70729
192.99.5.228 - - [13/Apr/2020:07:55:48 +0200] "GET /ticket2/opencms/dk/buy/?id=06324577-7173-BAB0-146D-E644C912F7C1 HTTP/1.1" 200 65499
5.9.140.242 - - [13/Apr/2020:07:55:55 +0200] "GET /ticket2/opencms/dk/buy/?page=1&edid=53A4F60A-5020-5992-D57A-858942F437ED&sortorder=asc&column=section HTTP/1.1" 200 70735
46.229.168.133 - - [13/Apr/2020:07:56:07 +0200] "GET /ticket2/opencms/robots.txt HTTP/1.1" 200 773
54.36.150.57 - - [13/Apr/2020:07:56:15 +0200] "GET /ticket2/opencms/sv/buy/?page=1&edid=06C5FFFC-1994-FFFA-CB08-B1A3EEC36583 HTTP/1.1" 200 69437
46.229.168.154 - - [13/Apr/2020:07:56:16 +0200] "GET /ticket2/opencms/fi/buy/?column=row&edid=9436F676-D007-3EC8-B7AD-41F5E4AABF15&page=1&sortorder=asc HTTP/1.1" 200 70631
46.229.168.132 - - [13/Apr/2020:07:56:16 +0200] "GET /ticket2/opencms/sv/buy/?column=price&edid=BB786D37-9A63-734D-1EB8-BE43F552023D&page=1&sortorder=desc HTTP/1.1" 200 72694
207.46.13.182 - - [13/Apr/2020:07:56:16 +0200] "GET /ticket2/opencms/dk/venue/?venueid=C78858BB-8329-647A-A73A-0B2A266EBDBF HTTP/1.1" 200 65208
46.229.168.162 - - [13/Apr/2020:07:56:18 +0200] "GET /ticket2/opencms/dk/buy/?column=section&edid=AA8ACCF2-6F11-0649-AAE7-BD2964B0B78F&page=1&sortorder=asc HTTP/1.1" 200 71409
5.9.71.213 - - [13/Apr/2020:07:56:27 +0200] "GET /ticket2/opencms/dk/buy/?page=1&edid=49C08FA0-ED06-3265-70AE-3BEE76F3DD9E&sortorder=desc&column=price HTTP/1.1" 200 70983
46.229.168.161 - - [13/Apr/2020:07:56:27 +0200] "GET /ticket2/opencms/dk/buy/?column=row&edid=1FD00E9B-3A03-E379-9B08-FF7D16F1A6A6&page=1&sortorder=asc HTTP/1.1" 200 71249
47.54.35.136 - - [13/Apr/2020:07:56:41 +0200] "GET /ticket2/opencms/dk/buy/?page=1&edid=595C46C0-D3BA-2547-81CC-6E8E4E9524D3&sortorder=asc&column=row HTTP/1.1" 200 71246
69.30.198.186 - - [13/Apr/2020:07:56:41 +0200] "GET /ticket2/opencms/dk/buy/?page=1&edid=041C48E6-717B-8CCE-3380-A64C748FE17E&sortorder=desc&column=price HTTP/1.1" 200 69319
46.229.168.136 - - [13/Apr/2020:07:56:46 +0200] "GET /ticket2/opencms/fi/buy/?column=row&edid=8867FCC5-91CC-4F4B-65F3-12F18C7B3482&page=1&sortorder=desc HTTP/1.1" 200 73238
192.99.15.199 - - [13/Apr/2020:07:56:53 +0200] "GET /ticket2/opencms/sv/login/?edid=627BF5EC-6240-2A46-0193-C651C9FF6656 HTTP/1.1" 200 67543
46.229.168.148 - - [13/Apr/2020:07:56:55 +0200] "GET /ticket2/opencms/no/buy/?column=section&edid=57072AE9-079B-ACB3-B3CD-D3AC948AC064&page=1&sortorder=desc HTTP/1.1" 200 71463
192.99.37.116 - - [13/Apr/2020:07:56:55 +0200] "GET /ticket2/opencms/fi/buy/?page=1&edid=CA13B269-5EB2-5619-8870-07E80D27434D&sortorder=asc&column=row HTTP/1.1" 200 72729
46.229.168.132 - - [13/Apr/2020:07:57:03 +0200] "GET /ticket2/opencms/sv/buy/?column=price&edid=BB786D37-9A63-734D-1EB8-BE43F552023D&page=1&sortorder=desc HTTP/1.1" 200 72694
198.204.244.90 - - [13/Apr/2020:07:57:07 +0200] "GET /ticket2/opencms/dk/buy/?page=1&edid=F7ADBC49-B3F9-5F47-5079-2A05B4076CA2&sortorder=desc&column=section HTTP/1.1" 200 70973
46.229.168.162 - - [13/Apr/2020:07:57:07 +0200] "GET /ticket2/opencms/dk/buy/?column=section&edid=AA8ACCF2-6F11-0649-AAE7-BD2964B0B78F&page=1&sortorder=asc HTTP/1.1" 200 71409
114.119.160.103 - - [13/Apr/2020:07:57:16 +0200] "GET /ticket2/opencms/fi/buy/?page=1&edid=F65DD1A0-A0E9-09FB-3F5D-33F639C42265&sortorder=asc&column=row HTTP/1.1" 200 73811
46.229.168.139 - - [13/Apr/2020:07:57:22 +0200] "GET /ticket2/opencms/en/buy/?column=section&edid=7252A51A-97AC-D81E-2DC0-946206EF80FD&page=1&sortorder=asc HTTP/1.1" 200 71344
5.9.71.213 - - [13/Apr/2020:07:57:26 +0200] "GET /ticket2/opencms/dk/buy/?page=1&edid=4A0F205F-63D5-8062-94E1-77DEB206C6B8 HTTP/1.1" 200 71138
46.229.168.146 - - [13/Apr/2020:07:57:38 +0200] "GET /ticket2/opencms/en/sell/?edid=89426793-268A-C03E-4926-A9BF00570688 HTTP/1.1" 302 -
67.225.220.120 - - [13/Apr/2020:07:57:39 +0200] "GET /ticket2/opencms/en/buy/?page=1&edid=5FD7F878-D2A8-175B-E350-C7562F147410 HTTP/1.1" 200 70635
192.99.5.228 - - [13/Apr/2020:07:57:43 +0200] "GET /ticket2/opencms/dk/buy/?page=1&edid=013A3620-61B8-4C37-EC2F-1743972D2160&sortorder=asc&column=price HTTP/1.1" 200 69316
46.229.168.136 - - [13/Apr/2020:07:57:43 +0200] "GET /ticket2/opencms/fi/buy/?column=row&edid=8867FCC5-91CC-4F4B-65F3-12F18C7B3482&page=1&sortorder=desc HTTP/1.1" 200 73238
47.54.35.136 - - [13/Apr/2020:07:57:53 +0200] "GET /ticket2/opencms/dk/buy/?page=1&edid=D216C89C-1168-1804-250B-153C2E458950&sortorder=asc&column=price HTTP/1.1" 200 71172
46.229.168.148 - - [13/Apr/2020:07:57:56 +0200] "GET /ticket2/opencms/no/buy/?column=section&edid=57072AE9-079B-ACB3-B3CD-D3AC948AC064&page=1&sortorder=desc HTTP/1.1" 200 71463
46.229.168.146 - - [13/Apr/2020:07:58:00 +0200] "GET /ticket2/opencms/sv/buy/?column=section&edid=6D659B0C-D907-0405-67DC-00DF3824F864&page=1&sortorder=asc HTTP/1.1" 200 69487
46.229.168.140 - - [13/Apr/2020:07:58:02 +0200] "GET /ticket2/opencms/en/buy/?column=price&edid=4D5A6B7D-0DD5-3376-6674-50F62F149FE4&page=1&sortorder=asc HTTP/1.1" 200 71120
47.54.35.136 - - [13/Apr/2020:07:58:09 +0200] "GET /ticket2/opencms/dk/buy/?page=1&edid=DB57BF20-55CC-03D7-EC26-06E9610CC056&sortorder=asc&column=price HTTP/1.1" 200 71395
69.30.198.186 - - [13/Apr/2020:07:58:11 +0200] "GET /ticket2/opencms/dk/buy/?page=1&edid=041C48E6-717B-8CCE-3380-A64C748FE17E&sortorder=desc&column=row HTTP/1.1" 200 69319
54.36.149.7 - - [13/Apr/2020:07:58:19 +0200] "GET /ticket2/opencms/fi/buy/?page=1&edid=69BA26E1-9E2C-2341-0407-4A0E35BDAFE6 HTTP/1.1" 200 70611
192.99.15.199 - - [13/Apr/2020:07:58:19 +0200] "GET /ticket2/opencms/sv/login/?edid=63CD2C93-E504-2AC8-B8EA-EDE1A007E281 HTTP/1.1" 200 67543
46.229.168.139 - - [13/Apr/2020:07:58:22 +0200] "GET /ticket2/opencms/en/buy/?column=section&edid=7252A51A-97AC-D81E-2DC0-946206EF80FD&page=1&sortorder=asc HTTP/1.1" 200 71344
192.99.37.116 - - [13/Apr/2020:07:58:23 +0200] "GET /ticket2/opencms/fi/buy/?page=1&edid=CA13B269-5EB2-5619-8870-07E80D27434D&sortorder=asc&column=section HTTP/1.1" 200 72729
5.9.71.213 - - [13/Apr/2020:07:58:35 +0200] "GET /ticket2/opencms/dk/buy/?page=1&edid=4AECE806-ED85-4753-01F5-684957AFF442 HTTP/1.1" 200 69269
198.204.244.90 - - [13/Apr/2020:07:58:40 +0200] "GET /ticket2/opencms/dk/buy/?page=1&edid=F820E6E8-08EB-7308-36DD-F8C38F8FB7F4&sortorder=desc&column=price HTTP/1.1" 200 69317
46.229.168.146 - - [13/Apr/2020:07:58:43 +0200] "GET /ticket2/opencms/en/sell/?edid=89426793-268A-C03E-4926-A9BF00570688 HTTP/1.1" 302 -
67.225.220.120 - - [13/Apr/2020:07:58:46 +0200] "GET /ticket2/opencms/en/buy/?page=1&edid=C88C01DC-81E2-C2B6-2BAB-A6CE3F261F58 HTTP/1.1" 200 69218
67.225.220.120 - - [13/Apr/2020:07:58:57 +0200] "GET /ticket2/opencms/sv/buy/?page=1&edid=556D8185-2C7D-1D55-B8E3-986EC0CA0CD9 HTTP/1.1" 200 71333
204.12.226.26 - - [13/Apr/2020:07:58:57 +0200] "GET /ticket2/opencms/robots.txt HTTP/1.1" 200 773
46.229.168.141 - - [13/Apr/2020:07:58:58 +0200] "GET /ticket2/opencms/no/buy/?column=row&edid=1B8CC837-9981-20DD-5622-50C0808E3036&page=1&sortorder=asc HTTP/1.1" 200 71221
46.229.168.146 - - [13/Apr/2020:07:58:59 +0200] "GET /ticket2/opencms/sv/buy/?column=section&edid=6D659B0C-D907-0405-67DC-00DF3824F864&page=1&sortorder=asc HTTP/1.1" 200 69487
46.229.168.140 - - [13/Apr/2020:07:59:02 +0200] "GET /ticket2/opencms/en/buy/?column=price&edid=4D5A6B7D-0DD5-3376-6674-50F62F149FE4&page=1&sortorder=asc HTTP/1.1" 200 71120
157.55.39.6 - - [13/Apr/2020:07:59:02 +0200] "GET /ticket2/opencms/robots.txt HTTP/1.1" 200 773
5.9.71.213 - - [13/Apr/2020:07:59:03 +0200] "GET /ticket2/opencms/dk/buy/?page=1&edid=4D0AE9B7-3FC7-8828-8150-08AA80E3B754 HTTP/1.1" 200 70698
192.99.15.199 - - [13/Apr/2020:07:59:08 +0200] "GET /ticket2/opencms/sv/login/?edid=64E61E54-72E5-9B77-CC24-0F4A44843CC1 HTTP/1.1" 200 67543
46.229.168.134 - - [13/Apr/2020:07:59:09 +0200] "GET /ticket2/opencms/dk/buy/?column=row&edid=3CC17989-3033-10BE-F5C3-D729834B05F5&page=1&sortorder=desc HTTP/1.1" 200 71408
46.229.168.148 - - [13/Apr/2020:07:59:13 +0200] "GET /ticket2/opencms/sv/venue/?venueid=234AF655-CBEF-566E-AA95-4ED8FB9CA8D3 HTTP/1.1" 200 65483
46.229.168.145 - - [13/Apr/2020:07:59:14 +0200] "GET /ticket2/opencms/en/buy/?edid=CFB00141-297E-C048-020A-09E02D385501&page=1 HTTP/1.1" 200 71935
114.119.162.214 - - [13/Apr/2020:07:59:14 +0200] "GET /ticket2/opencms/dk/buy/?page=1&edid=F079AC7E-D221-F1E2-410C-375B35987091&sortorder=asc&column=row HTTP/1.1" 200 69330
46.229.168.135 - - [13/Apr/2020:07:59:18 +0200] "GET /ticket2/opencms/dk/buy/?edid=B9E9CF01-02D5-6E30-5E13-8442FF25AAF9&page=1 HTTP/1.1" 200 69278
46.229.168.150 - - [13/Apr/2020:07:59:18 +0200] "GET /ticket2/opencms/en/buy/?catid=21C3854B-901E-11F9-7B7D-6838CC6AFAA4&comcatid=A17713B6-D984-201A-4143-ED4DB5ED5C2E&eventid=ADB4BA94-4A6D-0826-5992-F7DEA47BAAA3&page=6 HTTP/1.1" 200 80330
46.229.168.145 - - [13/Apr/2020:07:59:21 +0200] "GET /ticket2/opencms/en/buy/?edid=CFB00141-297E-C048-020A-09E02D385501&page=1 HTTP/1.1" 200 71935
204.12.226.26 - - [13/Apr/2020:07:59:21 +0200] "GET /ticket2/opencms/robots.txt HTTP/1.0" 200 773
46.229.168.135 - - [13/Apr/2020:07:59:25 +0200] "GET /ticket2/opencms/dk/buy/?edid=B9E9CF01-02D5-6E30-5E13-8442FF25AAF9&page=1 HTTP/1.1" 200 69278
157.55.39.6 - - [13/Apr/2020:07:59:25 +0200] "GET /ticket2/opencms/robots.txt HTTP/1.1" 200 773
192.99.37.116 - - [13/Apr/2020:07:59:25 +0200] "GET /ticket2/opencms/fi/buy/?page=1&edid=CAAA8227-15F5-C706-A4FA-E55E2646B59F&sortorder=asc&column=price HTTP/1.1" 200 70638
46.229.168.142 - - [13/Apr/2020:07:59:26 +0200] "GET /ticket2/opencms/sv/buy/?column=price&edid=0154E95E-0A44-1BF2-0329-4E27FA15E52D&page=1&sortorder=desc HTTP/1.1" 200 69495
46.229.168.141 - - [13/Apr/2020:07:59:31 +0200] "GET /ticket2/opencms/no/buy/?column=row&edid=1B8CC837-9981-20DD-5622-50C0808E3036&page=1&sortorder=asc HTTP/1.1" 200 71221
69.30.198.186 - - [13/Apr/2020:07:59:35 +0200] "GET /ticket2/opencms/dk/buy/?page=1&edid=0440E7FE-F37B-6EE4-07A2-33D243F5E6BC&sortorder=asc&column=price HTTP/1.1" 200 71397
54.36.148.155 - - [13/Apr/2020:07:59:36 +0200] "GET /ticket2/opencms/dk/venue/?venueid=9272A2D8-B9AC-BEB2-056D-6E191348444B HTTP/1.1" 200 65240
66.249.79.75 - - [13/Apr/2020:07:59:36 +0200] "GET /ticket2/opencms/ru/buy/?comcatid=97ECA65A-72DA-F9AF-9DBB-245D3CFED1BE HTTP/1.1" 200 87280
47.54.35.136 - - [13/Apr/2020:07:59:37 +0200] "GET /ticket2/opencms/dk/buy/?page=1&edid=DB57BF20-55CC-03D7-EC26-06E9610CC056&sortorder=asc&column=row HTTP/1.1" 200 71395
46.229.168.134 - - [13/Apr/2020:07:59:41 +0200] "GET /ticket2/opencms/dk/buy/?column=row&edid=3CC17989-3033-10BE-F5C3-D729834B05F5&page=1&sortorder=desc HTTP/1.1" 200 71408
46.229.168.148 - - [13/Apr/2020:07:59:42 +0200] "GET /ticket2/opencms/sv/venue/?venueid=234AF655-CBEF-566E-AA95-4ED8FB9CA8D3 HTTP/1.1" 200 65483
114.119.160.32 - - [13/Apr/2020:07:59:43 +0200] "GET /ticket2/opencms/sv/buy/?page=1&edid=99E4E057-784A-91C1-7B12-45802B1F86CF&sortorder=asc&column=price HTTP/1.1" 200 69479
157.55.39.40 - - [13/Apr/2020:07:59:43 +0200] "GET /ticket2/opencms/system/modules/com.gridnine.opencms.ticketbrokerage.site/resources/pics/banners/team/premier_league/manchester_united.png HTTP/1.1" 200 13884
46.229.168.161 - - [13/Apr/2020:07:59:48 +0200] "GET /ticket2/opencms/en/buy/?column=price&edid=46F5EC85-5B62-6DBE-6122-EC5082A83D53&page=1&sortorder=desc HTTP/1.1" 200 70646
46.229.168.150 - - [13/Apr/2020:07:59:48 +0200] "GET /ticket2/opencms/en/buy/?catid=21C3854B-901E-11F9-7B7D-6838CC6AFAA4&comcatid=A17713B6-D984-201A-4143-ED4DB5ED5C2E&eventid=ADB4BA94-4A6D-0826-5992-F7DEA47BAAA3&page=6 HTTP/1.1" 200 80330
46.229.168.135 - - [13/Apr/2020:07:59:52 +0200] "GET /ticket2/opencms/fi/buy/?column=row&edid=9FB7859D-DDE8-10E7-3804-37A1874573F9&page=1&sortorder=desc HTTP/1.1" 200 72082
192.99.15.199 - - [13/Apr/2020:07:59:52 +0200] "GET /ticket2/opencms/sv/login/?edid=6ABCD234-4885-A69D-AD95-9F398F32282B HTTP/1.1" 200 67543
67.225.220.120 - - [13/Apr/2020:07:59:53 +0200] "GET /ticket2/opencms/en/buy/?page=1&edid=9FB7859D-DDE8-10E7-3804-37A1874573F9 HTTP/1.1" 200 70642
198.204.244.90 - - [13/Apr/2020:07:59:54 +0200] "GET /ticket2/opencms/dk/buy/?page=1&edid=F820E6E8-08EB-7308-36DD-F8C38F8FB7F4&sortorder=desc&column=section HTTP/1.1" 200 69317
66.249.79.85 - - [13/Apr/2020:07:59:54 +0200] "GET /ticket2/opencms/nl/sport/voetbal-tickets/bundesliga/ HTTP/1.1" 200 66634
5.9.71.213 - - [13/Apr/2020:07:59:55 +0200] "GET /ticket2/opencms/dk/buy/?page=1&edid=50741BB5-AC41-8EDF-DDAB-6A055F5C5052&sortorder=desc&column=price HTTP/1.1" 200 71698
192.99.5.228 - - [13/Apr/2020:07:59:57 +0200] "GET /ticket2/opencms/dk/buy/?page=1&edid=013A3620-61B8-4C37-EC2F-1743972D2160&sortorder=asc&column=row HTTP/1.1" 200 69316
54.36.148.164 - - [13/Apr/2020:08:00:01 +0200] "GET /ticket2/opencms/dk/robots.txt HTTP/1.1" 404 -
46.229.168.135 - - [13/Apr/2020:08:00:03 +0200] "GET /ticket2/opencms/fi/buy/?column=row&edid=9FB7859D-DDE8-10E7-3804-37A1874573F9&page=1&sortorder=desc HTTP/1.1" 200 72082
69.30.198.186 - - [13/Apr/2020:08:00:03 +0200] "GET /ticket2/opencms/dk/buy/?page=1&edid=0440E7FE-F37B-6EE4-07A2-33D243F5E6BC&sortorder=asc&column=row HTTP/1.1" 200 71397
47.54.35.136 - - [13/Apr/2020:08:00:04 +0200] "GET /ticket2/opencms/dk/buy/?page=1&edid=E3FD658B-5465-70E1-D919-E510680C4B1C&sortorder=asc&column=section HTTP/1.1" 200 71644
192.99.4.168 - - [13/Apr/2020:08:00:05 +0200] "GET /ticket2/opencms/en/buy/?page=1&edid=0993F451-2A27-B97B-1E8A-397D4C7362D6&sortorder=asc&column=section HTTP/1.1" 200 70690
192.99.37.116 - - [13/Apr/2020:08:00:06 +0200] "GET /ticket2/opencms/fi/buy/?page=1&edid=CAAA8227-15F5-C706-A4FA-E55E2646B59F&sortorder=asc&column=row HTTP/1.1" 200 70638
46.229.168.133 - - [13/Apr/2020:08:00:08 +0200] "GET /ticket2/opencms/ru/buy/?column=row&edid=8C8AB1FE-D061-601E-91E2-574602945F21&page=1&sortorder=asc HTTP/1.1" 200 70245
5.9.71.213 - - [13/Apr/2020:08:00:16 +0200] "GET /ticket2/opencms/dk/buy/?page=1&edid=50741BB5-AC41-8EDF-DDAB-6A055F5C5052&sortorder=desc&column=row HTTP/1.1" 200 71698
46.229.168.142 - - [13/Apr/2020:08:00:16 +0200] "GET /ticket2/opencms/sv/buy/?column=price&edid=0154E95E-0A44-1BF2-0329-4E27FA15E52D&page=1&sortorder=desc HTTP/1.1" 200 69495
46.229.168.133 - - [13/Apr/2020:08:00:21 +0200] "GET /ticket2/opencms/no/buy/?column=price&edid=6DCAB90D-3A3D-2AD8-B841-FCB9C117FC7B&page=1&sortorder=asc HTTP/1.1" 200 71888
46.229.168.150 - - [13/Apr/2020:08:00:22 +0200] "GET /ticket2/opencms/nl/buy/?edid=89D89E9E-8D04-F641-B1B5-F18BACE2A9FB&page=1 HTTP/1.1" 200 68274
67.225.220.120 - - [13/Apr/2020:08:00:30 +0200] "GET /ticket2/opencms/sv/buy/?page=1&edid=A8B6F5B8-721B-A21E-AB6C-76915BC32CAD HTTP/1.1" 200 71315
5.9.71.213 - - [13/Apr/2020:08:00:32 +0200] "GET /ticket2/opencms/dk/buy/?page=1&edid=50741BB5-AC41-8EDF-DDAB-6A055F5C5052&sortorder=desc&column=section HTTP/1.1" 200 71698
46.229.168.163 - - [13/Apr/2020:08:00:34 +0200] "GET /ticket2/opencms/sv/buy/?column=section&edid=D77508F6-9331-A006-851B-5A867CA79BF7&page=1&sortorder=asc HTTP/1.1" 200 71555
46.229.168.161 - - [13/Apr/2020:08:00:35 +0200] "GET /ticket2/opencms/en/buy/?column=price&edid=46F5EC85-5B62-6DBE-6122-EC5082A83D53&page=1&sortorder=desc HTTP/1.1" 200 70646
46.229.168.132 - - [13/Apr/2020:08:00:35 +0200] "GET /ticket2/opencms/robots.txt HTTP/1.1" 200 773
46.229.168.138 - - [13/Apr/2020:08:00:43 +0200] "GET /ticket2/opencms/nl/buy/?column=row&edid=D210E338-439A-D82B-80DD-B03F52201487&page=1&sortorder=asc HTTP/1.1" 200 68335
192.99.15.199 - - [13/Apr/2020:08:00:43 +0200] "GET /ticket2/opencms/sv/login/?edid=72BBEF2E-3C1D-620B-FDA3-39E4087FDFE0 HTTP/1.1" 200 67543
54.36.148.41 - - [13/Apr/2020:08:00:45 +0200] "GET /ticket2/opencms/sv/buy/?page=1&edid=D1FDD4D5-0EA0-7CA6-7618-EEE5879D2D21 HTTP/1.1" 200 71361
69.30.198.186 - - [13/Apr/2020:08:00:48 +0200] "GET /ticket2/opencms/dk/buy/?page=1&edid=0440E7FE-F37B-6EE4-07A2-33D243F5E6BC&sortorder=asc&column=section HTTP/1.1" 200 71397
192.99.5.228 - - [13/Apr/2020:08:01:06 +0200] "GET /ticket2/opencms/dk/buy/?page=1&edid=013A3620-61B8-4C37-EC2F-1743972D2160&sortorder=asc&column=section HTTP/1.1" 200 69316
46.229.168.163 - - [13/Apr/2020:08:01:10 +0200] "GET /ticket2/opencms/no/buy/?column=price&edid=8D5586FF-EAD9-2CFD-9039-829903E8DAE9&page=1&sortorder=asc HTTP/1.1" 200 71698
198.204.244.90 - - [13/Apr/2020:08:01:13 +0200] "GET /ticket2/opencms/dk/buy/?page=1&edid=F971B504-A38E-CC54-3E94-36FD288179DE&sortorder=desc&column=price HTTP/1.1" 200 69314
192.99.37.116 - - [13/Apr/2020:08:01:15 +0200] "GET /ticket2/opencms/fi/buy/?page=1&edid=CAAA8227-15F5-C706-A4FA-E55E2646B59F&sortorder=asc&column=section HTTP/1.1" 200 70638
46.229.168.132 - - [13/Apr/2020:08:01:15 +0200] "GET /ticket2/opencms/robots.txt HTTP/1.1" 200 773
46.229.168.138 - - [13/Apr/2020:08:01:32 +0200] "GET /ticket2/opencms/sv/buy/?column=row&edid=09E39E18-DB9D-9181-82D5-02F92B498E01&page=1&sortorder=desc HTTP/1.1" 200 72497
176.24.48.127 - - [13/Apr/2020:08:01:44 +0200] "GET / HTTP/1.1" 400 -
54.36.150.104 - - [13/Apr/2020:08:01:46 +0200] "GET /ticket2/opencms/en/buy/?page=1&edid=AB846FE3-D252-0F8D-9888-1616F9907D4C HTTP/1.1" 200 69212
46.229.168.129 - - [13/Apr/2020:08:01:46 +0200] "GET /ticket2/opencms/en/login/?url=%25252Fen%25252Fsell%25252F HTTP/1.1" 200 67300
46.229.168.146 - - [13/Apr/2020:08:01:54 +0200] "GET /ticket2/opencms/sv/tickets/tottenham/sunderland.html HTTP/1.1" 200 69675
35.203.252.153 - - [13/Apr/2020:08:02:00 +0200] "GET /ticket2/opencms/no/ HTTP/1.1" 200 16368
46.229.168.146 - - [13/Apr/2020:08:02:00 +0200] "GET /ticket2/opencms/sv/tickets/tottenham/sunderland.html HTTP/1.1" 200 69675
35.203.251.61 - - [13/Apr/2020:08:02:01 +0200] "GET /ticket2/opencms/sv/ HTTP/1.1" 200 16368
46.229.168.149 - - [13/Apr/2020:08:02:02 +0200] "GET /ticket2/opencms/sv/buy/?column=price&edid=9FDDAE6E-2099-CA20-8A5D-FB81C4E4FF2C&page=1&sortorder=desc HTTP/1.1" 200 71559
