208.110.93.78 - - [13/Apr/2020:09:49:32 +0200] "GET /ticket2/opencms/no/buy/?page=1&edid=CA6CB9A6-B43E-D88F-C635-194118B93531&sortorder=asc&column=section HTTP/1.1" 200 69801
5.9.156.20 - - [13/Apr/2020:09:49:32 +0200] "GET /ticket2/opencms/sv/venue/?venueid=F2E24D37-66BC-8474-A9EE-AC205BD92A4D HTTP/1.1" 200 65503
46.229.168.152 - - [13/Apr/2020:09:49:32 +0200] "GET /ticket2/opencms/en/buy/?column=row&edid=D61D354B-F215-E04D-E63F-DA7A292BF693&page=1&sortorder=desc HTTP/1.1" 200 71330
47.54.35.136 - - [13/Apr/2020:09:49:33 +0200] "GET /ticket2/opencms/fi/buy/?page=1&edid=11EC6129-2F99-7195-7BFE-4C3510BAD9C9&sortorder=desc&column=section HTTP/1.1" 200 72284
69.30.198.186 - - [13/Apr/2020:09:49:36 +0200] "GET /ticket2/opencms/dk/buy/?page=1&edid=090A82EB-84B2-523A-4E3E-E0A1CC3737FC&sortorder=desc&column=section HTTP/1.1" 200 70964
47.54.35.136 - - [13/Apr/2020:09:49:49 +0200] "GET /ticket2/opencms/fi/buy/?page=1&edid=11FD6A0D-DBDD-2EB1-4BAA-FE0CA8F88A9E&sortorder=asc&column=row HTTP/1.1" 200 73837
95.216.20.54 - - [13/Apr/2020:09:49:49 +0200] "GET /ticket2/opencms/fi/sell/?edid=E381DB65-F270-37B3-006A-65A82309F0C9 HTTP/1.1" 302 -
46.229.168.147 - - [13/Apr/2020:09:49:49 +0200] "GET /ticket2/opencms/nl/buy/?column=section&edid=BCCE5493-7F07-107D-7782-B1E85DBB415D&page=1&sortorder=asc HTTP/1.1" 200 68322
46.229.168.136 - - [13/Apr/2020:09:49:52 +0200] "GET /ticket2/opencms/sv/buy/?column=price&edid=3150A50C-406C-2280-37B6-F35D6C5A214C&page=1&sortorder=desc HTTP/1.1" 200 71577
5.9.156.20 - - [13/Apr/2020:09:49:52 +0200] "GET /ticket2/opencms/sv/venue/?venueid=F3839010-FA04-80EF-00C0-301AFB1437AD HTTP/1.1" 200 65536
54.36.150.5 - - [13/Apr/2020:09:49:53 +0200] "GET /ticket2/opencms/dk/venue/?venueid=3CE0E128-5996-3CEF-9D6D-3E9490863BCD HTTP/1.1" 200 65253
46.229.168.141 - - [13/Apr/2020:09:49:56 +0200] "GET /ticket2/opencms/no/buy/?column=row&edid=A2FF267A-5FC6-AA5D-3446-6D9BF83F1742&page=1&sortorder=asc HTTP/1.1" 200 71903
46.229.168.161 - - [13/Apr/2020:09:50:04 +0200] "GET /ticket2/opencms/nl/buy/?column=row&edid=4F5F2F24-80BD-6547-D9D6-BCF29FE11E3D&page=1&sortorder=desc HTTP/1.1" 200 69963
46.229.168.130 - - [13/Apr/2020:09:50:05 +0200] "GET /ticket2/opencms/en/buy/?column=row&edid=A60952DA-299F-820E-67E8-C4650D264DE5&page=1&sortorder=desc HTTP/1.1" 200 72924
46.229.168.142 - - [13/Apr/2020:09:50:07 +0200] "GET /ticket2/opencms/sv/buy/?column=price&edid=8E22F3C7-B590-C40B-938A-AA2C912F4E33&page=1&sortorder=desc HTTP/1.1" 200 70886
148.251.9.145 - - [13/Apr/2020:09:50:12 +0200] "GET /ticket2/opencms/en/buy/?page=1&edid=07335531-3B1A-2C29-2B43-B2D35810611E&sortorder=asc&column=price HTTP/1.1" 200 69255
95.216.20.54 - - [13/Apr/2020:09:50:12 +0200] "GET /ticket2/opencms/fi/login/?edid=E381DB65-F270-37B3-006A-65A82309F0C9 HTTP/1.1" 200 68719
5.9.156.20 - - [13/Apr/2020:09:50:12 +0200] "GET /ticket2/opencms/sv/venue/?venueid=F63D0B85-674B-34FA-027D-C916C9DB7863 HTTP/1.1" 200 65485
208.110.93.78 - - [13/Apr/2020:09:50:15 +0200] "GET /ticket2/opencms/no/buy/?page=1&edid=CA6CB9A6-B43E-D88F-C635-194118B93531&sortorder=desc&column=price HTTP/1.1" 200 69800
46.229.168.149 - - [13/Apr/2020:09:50:25 +0200] "GET /ticket2/opencms/en/buy/?column=section&edid=B5623DFB-25E0-3C80-8A8E-0F5AAB65E80D&page=1&sortorder=desc HTTP/1.1" 200 70645
46.229.168.143 - - [13/Apr/2020:09:50:28 +0200] "GET /ticket2/opencms/sv/buy/?edid=4F167F2F-3903-119E-9013-CDAB4D304B05&page=1 HTTP/1.1" 200 71102
47.54.35.136 - - [13/Apr/2020:09:50:33 +0200] "GET /ticket2/opencms/fi/buy/?page=1&edid=12FE55BF-2AA1-17CB-8945-A3B5B651AB75&sortorder=asc&column=section HTTP/1.1" 200 73838
69.30.198.186 - - [13/Apr/2020:09:50:36 +0200] "GET /ticket2/opencms/dk/buy/?page=1&edid=091ED28E-B448-A1BD-CAE0-E5D6D48D897A&sortorder=asc&column=price HTTP/1.1" 200 72061
46.229.168.135 - - [13/Apr/2020:09:50:43 +0200] "GET /ticket2/opencms/fi/buy/?column=section&edid=AF80C818-FF75-5C12-C3B5-5267B16E3FE6&page=1&sortorder=desc HTTP/1.1" 200 72549
5.9.156.20 - - [13/Apr/2020:09:50:44 +0200] "GET /ticket2/opencms/sv/venue/?venueid=F670BB4E-C7FE-DBAC-B41D-241CF96C0068 HTTP/1.1" 200 65470
208.110.93.78 - - [13/Apr/2020:09:50:47 +0200] "GET /ticket2/opencms/no/buy/?page=1&edid=CA6CB9A6-B43E-D88F-C635-194118B93531&sortorder=desc&column=row HTTP/1.1" 200 69800
67.225.220.120 - - [13/Apr/2020:09:50:51 +0200] "GET /ticket2/opencms/en/buy/?page=1&edid=1B0FC5AF-791D-6E6F-819C-41DEAC48E563 HTTP/1.1" 200 69222
95.216.20.54 - - [13/Apr/2020:09:50:51 +0200] "GET /ticket2/opencms/fi/sell/?edid=E3BBCC86-26D5-DC25-A37D-86D5EFCD8037 HTTP/1.1" 302 -
192.99.37.116 - - [13/Apr/2020:09:50:55 +0200] "GET /ticket2/opencms/fi/buy/?page=1&edid=8E45741C-09A3-AB0F-A8CB-7272720DD591&sortorder=desc&column=price HTTP/1.1" 200 72047
66.249.79.89 - - [13/Apr/2020:09:50:55 +0200] "GET /ticket2/opencms/sv/venue/?countryid=4F919533-4A01-8CFD-B333-C95FA433589C HTTP/1.1" 200 94846
46.229.168.142 - - [13/Apr/2020:09:50:58 +0200] "GET /ticket2/opencms/sv/buy/?column=row&edid=A6BB718A-C4BD-3D5C-72E2-D776690BA6E7&page=1&sortorder=asc HTTP/1.1" 200 69475
47.54.35.136 - - [13/Apr/2020:09:51:01 +0200] "GET /ticket2/opencms/fi/buy/?page=1&edid=12FE55BF-2AA1-17CB-8945-A3B5B651AB75&sortorder=desc&column=price HTTP/1.1" 200 73837
46.229.168.144 - - [13/Apr/2020:09:51:08 +0200] "GET /ticket2/opencms/sv/buy/?column=price&edid=69ECA637-B1BC-8843-E3B6-6D2C7F410569&page=1&sortorder=asc HTTP/1.1" 200 72068
46.229.168.130 - - [13/Apr/2020:09:51:14 +0200] "GET /ticket2/opencms/en/buy/?column=row&edid=A60952DA-299F-820E-67E8-C4650D264DE5&page=1&sortorder=desc HTTP/1.1" 200 72924
148.251.9.145 - - [13/Apr/2020:09:51:19 +0200] "GET /ticket2/opencms/en/buy/?page=1&edid=07F43CF2-2AE8-D1DB-0128-AE77107A7EF9&sortorder=asc&column=price HTTP/1.1" 200 70648
192.99.5.228 - - [13/Apr/2020:09:51:31 +0200] "GET /ticket2/opencms/dk/buy/?page=1&edid=13028973-2956-536D-3E4C-D3C42A8E8C22&sortorder=desc&column=price HTTP/1.1" 200 69302
173.208.130.202 - - [13/Apr/2020:09:51:38 +0200] "GET /ticket2/opencms/fi/buy/?page=1&edid=E0608FC5-65F6-E8D3-5201-2E9C615F63AB&sortorder=asc&column=price HTTP/1.1" 200 72733
69.30.198.186 - - [13/Apr/2020:09:51:41 +0200] "GET /ticket2/opencms/dk/buy/?page=1&edid=091ED28E-B448-A1BD-CAE0-E5D6D48D897A&sortorder=asc&column=row HTTP/1.1" 200 72061
54.36.150.189 - - [13/Apr/2020:09:51:47 +0200] "GET /ticket2/opencms/ru/buy/?page=1&edid=635AA585-25E7-8B92-FFF5-B98A8D491D6C HTTP/1.1" 200 70201
46.229.168.161 - - [13/Apr/2020:09:51:54 +0200] "GET /ticket2/opencms/en/sell/?edid=E652EC10-E4EA-0C76-34D0-7A9A143A55AF HTTP/1.1" 302 -
5.9.156.20 - - [13/Apr/2020:09:51:54 +0200] "GET /ticket2/opencms/sv/venue/?venueid=F6F762B7-B573-80DB-59E3-860FE5BEB66D HTTP/1.1" 200 65449
208.110.93.78 - - [13/Apr/2020:09:52:04 +0200] "GET /ticket2/opencms/no/buy/?page=1&edid=CA6CB9A6-B43E-D88F-C635-194118B93531&sortorder=desc&column=section HTTP/1.1" 200 69800
114.119.162.214 - - [13/Apr/2020:09:52:18 +0200] "GET /ticket2/opencms/fi/buy/?page=1&edid=F079AC7E-D221-F1E2-410C-375B35987091&sortorder=desc&column=row HTTP/1.1" 200 70651
148.251.9.145 - - [13/Apr/2020:09:52:20 +0200] "GET /ticket2/opencms/en/buy/?page=1&edid=080C0D89-261D-1FF8-B889-1C2D9FC6F1AD&sortorder=desc&column=price HTTP/1.1" 200 71322
95.216.20.54 - - [13/Apr/2020:09:52:21 +0200] "GET /ticket2/opencms/fi/login/?edid=E3BBCC86-26D5-DC25-A37D-86D5EFCD8037 HTTP/1.1" 200 68719
46.229.168.142 - - [13/Apr/2020:09:52:35 +0200] "GET /ticket2/opencms/sv/buy/?column=row&edid=A6BB718A-C4BD-3D5C-72E2-D776690BA6E7&page=1&sortorder=asc HTTP/1.1" 200 69475
47.54.35.136 - - [13/Apr/2020:09:52:52 +0200] "GET /ticket2/opencms/fi/buy/?page=1&edid=14DC85A8-0F78-E63B-3823-C6D5EDB81837&sortorder=desc&column=section HTTP/1.1" 200 72731
46.229.168.146 - - [13/Apr/2020:09:52:58 +0200] "GET /ticket2/opencms/en/buy/?edid=D75E23E2-3BF9-8794-031B-AF07751CB0C8&page=1 HTTP/1.1" 200 72405
46.229.168.147 - - [13/Apr/2020:09:53:01 +0200] "GET /ticket2/opencms/no/buy/?edid=5CBC14C1-474D-D86C-8041-55CDA0763411&page=1 HTTP/1.1" 200 69774
173.208.130.202 - - [13/Apr/2020:09:53:07 +0200] "GET /ticket2/opencms/fi/buy/?page=1&edid=E0608FC5-65F6-E8D3-5201-2E9C615F63AB&sortorder=asc&column=row HTTP/1.1" 200 72733
216.244.66.196 - - [13/Apr/2020:09:53:15 +0200] "GET /ticket2/opencms/en/buy/?page=1&edid=21AF03A2-2F1D-66D0-BFA2-40F5742741D8 HTTP/1.1" 200 70611
67.225.220.120 - - [13/Apr/2020:09:53:24 +0200] "GET /ticket2/opencms/en/buy/?page=1&edid=DEB9D183-E9D1-B6AD-28F4-03F3EA049231 HTTP/1.1" 200 69212
66.249.79.147 - - [13/Apr/2020:09:53:24 +0200] "GET /ticket2/opencms/fi/urheilu/jalkapallo/bundesliga/wolfsburg/ HTTP/1.1" 200 67468
67.225.220.120 - - [13/Apr/2020:09:53:32 +0200] "GET /ticket2/opencms/en/buy/?page=1&edid=EE0B5545-A4DD-24A5-CE2A-0376591DD1C7 HTTP/1.1" 200 69212
216.245.221.82 - - [13/Apr/2020:09:53:32 +0200] "HEAD /ticket2/opencms/ HTTP/1.1" 302 -
5.9.156.20 - - [13/Apr/2020:09:53:35 +0200] "GET /ticket2/opencms/sv/venue/?venueid=F70F08EA-0F3A-95EA-07F1-FD6D52373424 HTTP/1.1" 200 65455
46.229.168.129 - - [13/Apr/2020:09:53:38 +0200] "GET /ticket2/opencms/no/buy/?column=row&edid=FB730AA6-A470-8EFB-27FE-924D530AC7B8&page=1&sortorder=desc HTTP/1.1" 200 71657
46.229.168.161 - - [13/Apr/2020:09:53:38 +0200] "GET /ticket2/opencms/en/sell/?edid=E652EC10-E4EA-0C76-34D0-7A9A143A55AF HTTP/1.1" 302 -
114.119.160.32 - - [13/Apr/2020:09:53:40 +0200] "GET /ticket2/opencms/en/buy/?page=1&edid=F36EBFB4-CF7D-E67C-06C2-0EBD19BC3697&sortorder=asc&column=row HTTP/1.1" 200 70650
148.251.9.145 - - [13/Apr/2020:09:53:41 +0200] "GET /ticket2/opencms/en/buy/?page=1&edid=080C0D89-261D-1FF8-B889-1C2D9FC6F1AD&sortorder=desc&column=row HTTP/1.1" 200 71322
208.110.93.78 - - [13/Apr/2020:09:53:41 +0200] "GET /ticket2/opencms/no/buy/?page=1&edid=CB1A9388-85C2-07CC-DB47-50A8FE1A0A39 HTTP/1.1" 200 69769
54.36.150.25 - - [13/Apr/2020:09:53:56 +0200] "GET /ticket2/opencms/en/venue/?venueid=C453511B-2F35-C695-62F9-B0A9CA8C57AD HTTP/1.1" 200 65198
107.178.194.250 - - [13/Apr/2020:09:53:57 +0200] "GET /ticket2/opencms/ HTTP/1.1" 302 -
192.99.4.168 - - [13/Apr/2020:09:54:00 +0200] "GET /ticket2/opencms/fi/buy/?page=1&edid=1EC4EA00-5B50-3E4E-4998-2E9FED4368A1&sortorder=desc&column=section HTTP/1.1" 200 72055
173.208.130.202 - - [13/Apr/2020:09:54:04 +0200] "GET /ticket2/opencms/fi/buy/?page=1&edid=E0608FC5-65F6-E8D3-5201-2E9C615F63AB&sortorder=asc&column=section HTTP/1.1" 200 72733
47.54.35.136 - - [13/Apr/2020:09:54:12 +0200] "GET /ticket2/opencms/fi/buy/?page=1&edid=1570A5A8-9F59-7B85-D5CB-DF1B005C18AF HTTP/1.1" 200 73799
192.99.37.116 - - [13/Apr/2020:09:54:18 +0200] "GET /ticket2/opencms/fi/buy/?page=1&edid=8E45741C-09A3-AB0F-A8CB-7272720DD591&sortorder=desc&column=row HTTP/1.1" 200 72047
5.9.156.20 - - [13/Apr/2020:09:54:18 +0200] "GET /ticket2/opencms/sv/venue/?venueid=F71B1DE7-11E1-4331-6276-7D92F25D2949 HTTP/1.1" 200 65526
46.229.168.131 - - [13/Apr/2020:09:54:18 +0200] "GET /ticket2/opencms/en/buy/?catid=D8B345C9-F7A5-E620-4B43-C34EB0D6885B&comcatid=A17713B6-D984-201A-4143-ED4DB5ED5C2E&eventid=78C3F1E5-57D5-CC4D-BCB3-A455C72D9505&page=6 HTTP/1.1" 200 81148
46.229.168.135 - - [13/Apr/2020:09:54:18 +0200] "GET /ticket2/opencms/dk/buy/?column=row&edid=473A152A-D827-6DC6-AC96-593CF20EBAEA&page=1&sortorder=desc HTTP/1.1" 200 71226
69.30.198.186 - - [13/Apr/2020:09:54:18 +0200] "GET /ticket2/opencms/dk/buy/?page=1&edid=091ED28E-B448-A1BD-CAE0-E5D6D48D897A&sortorder=asc&column=section HTTP/1.1" 200 72061
192.99.5.228 - - [13/Apr/2020:09:54:21 +0200] "GET /ticket2/opencms/dk/buy/?page=1&edid=134A23E7-1E39-DD8C-D559-48953CE7205F HTTP/1.1" 200 69261
95.216.20.54 - - [13/Apr/2020:09:54:21 +0200] "GET /ticket2/opencms/fi/sell/?edid=E7D76902-ECED-BE8E-8DAB-8F4E7659C70A HTTP/1.1" 302 -
46.229.168.163 - - [13/Apr/2020:09:54:21 +0200] "GET /ticket2/opencms/no/buy/?column=section&edid=DAE1C461-9A8D-E773-9EDE-290EE65504CD&page=1&sortorder=desc HTTP/1.1" 200 71255
208.110.93.78 - - [13/Apr/2020:09:54:21 +0200] "GET /ticket2/opencms/no/buy/?page=1&edid=CB1A9388-85C2-07CC-DB47-50A8FE1A0A39&sortorder=asc&column=price HTTP/1.1" 200 69805
46.229.168.129 - - [13/Apr/2020:09:54:22 +0200] "GET /ticket2/opencms/no/buy/?column=row&edid=FB730AA6-A470-8EFB-27FE-924D530AC7B8&page=1&sortorder=desc HTTP/1.1" 200 71657
46.229.168.147 - - [13/Apr/2020:09:54:27 +0200] "GET /ticket2/opencms/no/buy/?edid=5CBC14C1-474D-D86C-8041-55CDA0763411&page=1 HTTP/1.1" 200 69774
46.229.168.146 - - [13/Apr/2020:09:54:37 +0200] "GET /ticket2/opencms/en/buy/?edid=D75E23E2-3BF9-8794-031B-AF07751CB0C8&page=1 HTTP/1.1" 200 72405
67.225.220.120 - - [13/Apr/2020:09:54:57 +0200] "GET /ticket2/opencms/en/buy/?page=1&edid=9FB7859D-DDE8-10E7-3804-37A1874573F9 HTTP/1.1" 200 70642
173.208.130.202 - - [13/Apr/2020:09:54:57 +0200] "GET /ticket2/opencms/fi/buy/?page=1&edid=E0608FC5-65F6-E8D3-5201-2E9C615F63AB&sortorder=desc&column=price HTTP/1.1" 200 72732
46.229.168.136 - - [13/Apr/2020:09:54:57 +0200] "GET /ticket2/opencms/dk/sport/fodboldbilletter/bundesliga/mainz/ HTTP/1.1" 200 66146
148.251.9.145 - - [13/Apr/2020:09:54:58 +0200] "GET /ticket2/opencms/en/buy/?page=1&edid=080C0D89-261D-1FF8-B889-1C2D9FC6F1AD&sortorder=desc&column=section HTTP/1.1" 200 71322
47.54.35.136 - - [13/Apr/2020:09:55:00 +0200] "GET /ticket2/opencms/fi/buy/?page=1&edid=1BD05895-AEA0-0F14-BA7F-7B591B0CDA55&sortorder=desc&column=price HTTP/1.1" 200 73367
46.229.168.134 - - [13/Apr/2020:09:55:00 +0200] "GET /ticket2/opencms/robots.txt HTTP/1.1" 200 773
46.229.168.135 - - [13/Apr/2020:09:55:00 +0200] "GET /ticket2/opencms/en/buy/?catid=412DBCF4-025D-8ABC-7A40-D7C760E055FF&comcatid=0A6B8208-FDA4-E929-9D72-5312FD481B76&page=6 HTTP/1.1" 200 68847
46.229.168.135 - - [13/Apr/2020:09:55:01 +0200] "GET /ticket2/opencms/dk/buy/?column=row&edid=473A152A-D827-6DC6-AC96-593CF20EBAEA&page=1&sortorder=desc HTTP/1.1" 200 71226
46.229.168.131 - - [13/Apr/2020:09:55:01 +0200] "GET /ticket2/opencms/en/buy/?catid=D8B345C9-F7A5-E620-4B43-C34EB0D6885B&comcatid=A17713B6-D984-201A-4143-ED4DB5ED5C2E&eventid=78C3F1E5-57D5-CC4D-BCB3-A455C72D9505&page=6 HTTP/1.1" 200 81148
46.229.168.134 - - [13/Apr/2020:09:55:10 +0200] "GET /ticket2/opencms/robots.txt HTTP/1.1" 200 773
54.36.150.135 - - [13/Apr/2020:09:55:10 +0200] "GET /ticket2/opencms/sv/venue/?venueid=F547B08D-C839-63CC-DDB8-9139B0448DEC HTTP/1.1" 200 65453
46.229.168.140 - - [13/Apr/2020:09:55:30 +0200] "GET /ticket2/opencms/nl/login/?url=%25252Fnl%25252Fsell%25252F HTTP/1.1" 200 66495
5.9.156.20 - - [13/Apr/2020:09:55:30 +0200] "GET /ticket2/opencms/sv/venue/?venueid=F7FD6FDC-72F2-5418-A11B-4CEA23D9F9E7 HTTP/1.1" 200 65539
173.208.130.202 - - [13/Apr/2020:09:55:32 +0200] "GET /ticket2/opencms/fi/buy/?page=1&edid=E0608FC5-65F6-E8D3-5201-2E9C615F63AB&sortorder=desc&column=row HTTP/1.1" 200 72732
46.229.168.163 - - [13/Apr/2020:09:55:37 +0200] "GET /ticket2/opencms/no/buy/?column=section&edid=DAE1C461-9A8D-E773-9EDE-290EE65504CD&page=1&sortorder=desc HTTP/1.1" 200 71255
46.229.168.136 - - [13/Apr/2020:09:55:37 +0200] "GET /ticket2/opencms/dk/sport/fodboldbilletter/bundesliga/mainz/ HTTP/1.1" 200 66146
46.229.168.149 - - [13/Apr/2020:09:55:38 +0200] "GET /ticket2/opencms/fi/buy/?column=row&edid=963219A7-E7A4-B62C-96E6-73E898823459&page=1&sortorder=asc HTTP/1.1" 200 73368
67.225.220.120 - - [13/Apr/2020:09:55:40 +0200] "GET /ticket2/opencms/en/buy/?page=1&edid=5D49B05B-F2B1-3FBA-8865-04BD3A1B16DD HTTP/1.1" 200 69243
67.225.220.120 - - [13/Apr/2020:09:55:41 +0200] "GET /ticket2/opencms/sv/buy/?page=1&edid=A8B6F5B8-721B-A21E-AB6C-76915BC32CAD HTTP/1.1" 200 71315
208.110.93.78 - - [13/Apr/2020:09:55:45 +0200] "GET /ticket2/opencms/no/buy/?page=1&edid=CB1A9388-85C2-07CC-DB47-50A8FE1A0A39&sortorder=asc&column=section HTTP/1.1" 200 69805
46.229.168.135 - - [13/Apr/2020:09:55:45 +0200] "GET /ticket2/opencms/en/buy/?catid=412DBCF4-025D-8ABC-7A40-D7C760E055FF&comcatid=0A6B8208-FDA4-E929-9D72-5312FD481B76&page=6 HTTP/1.1" 200 68847
148.251.9.145 - - [13/Apr/2020:09:55:47 +0200] "GET /ticket2/opencms/en/buy/?page=1&edid=0993F451-2A27-B97B-1E8A-397D4C7362D6&sortorder=desc&column=row HTTP/1.1" 200 70689
46.229.168.129 - - [13/Apr/2020:09:56:00 +0200] "GET /ticket2/opencms/sv/tickets/liverpool/manchester_united.html HTTP/1.1" 200 69776
46.229.168.146 - - [13/Apr/2020:09:56:05 +0200] "GET /ticket2/opencms/sv/buy/?column=row&edid=E0608FC5-65F6-E8D3-5201-2E9C615F63AB&page=1&sortorder=desc HTTP/1.1" 200 71581
192.99.4.168 - - [13/Apr/2020:09:56:10 +0200] "GET /ticket2/opencms/fi/buy/?page=1&edid=1F004416-06F2-D58F-30CA-AF81FC35EEBF&sortorder=asc&column=price HTTP/1.1" 200 70633
5.9.156.20 - - [13/Apr/2020:09:56:10 +0200] "GET /ticket2/opencms/sv/venue/?venueid=F92F457D-1B42-E209-CE55-7604B969AAC0 HTTP/1.1" 200 65476
46.229.168.149 - - [13/Apr/2020:09:56:12 +0200] "GET /ticket2/opencms/fi/buy/?column=row&edid=963219A7-E7A4-B62C-96E6-73E898823459&page=1&sortorder=asc HTTP/1.1" 200 73368
46.229.168.140 - - [13/Apr/2020:09:56:12 +0200] "GET /ticket2/opencms/nl/login/?url=%25252Fnl%25252Fsell%25252F HTTP/1.1" 200 66495
95.216.20.54 - - [13/Apr/2020:09:56:12 +0200] "GET /ticket2/opencms/fi/sell/?edid=E9E2EF64-D379-DD67-D513-D0AD1E29ED2D HTTP/1.1" 302 -
46.229.168.130 - - [13/Apr/2020:09:56:16 +0200] "GET /ticket2/opencms/en/buy/?column=section&edid=B962C40E-5239-1A70-6077-E9EDC5F09084&page=1&sortorder=desc HTTP/1.1" 200 71417
46.229.168.131 - - [13/Apr/2020:09:56:16 +0200] "GET /ticket2/opencms/en/sell/?edid=B7AF0048-2F04-B15E-2C5A-BF75715B4501 HTTP/1.1" 302 -
54.36.150.65 - - [13/Apr/2020:09:56:16 +0200] "GET /ticket2/opencms/dk/venue/?venueid=04EBBB82-240A-AF8F-DA1F-896AD50040B5 HTTP/1.1" 200 65223
114.119.166.207 - - [13/Apr/2020:09:56:17 +0200] "GET /ticket2/opencms/no/buy/?page=1&edid=347094AB-E088-27A3-B788-AFF5D8BA2F99&sortorder=desc&column=section HTTP/1.1" 200 69825
54.36.150.111 - - [13/Apr/2020:09:56:20 +0200] "GET /ticket2/opencms/sv/buy/?page=1&edid=95E6E611-0374-63DE-1FB9-733C295CC9A7 HTTP/1.1" 200 71296
46.229.168.137 - - [13/Apr/2020:09:56:20 +0200] "GET /ticket2/opencms/robots.txt HTTP/1.1" 200 773
192.99.5.228 - - [13/Apr/2020:09:56:22 +0200] "GET /ticket2/opencms/dk/buy/?page=1&edid=134A23E7-1E39-DD8C-D559-48953CE7205F&sortorder=asc&column=price HTTP/1.1" 200 69297
208.110.93.78 - - [13/Apr/2020:09:56:24 +0200] "GET /ticket2/opencms/no/buy/?page=1&edid=CB6B67ED-718B-F4D1-295A-F40142E220E6 HTTP/1.1" 200 69772
69.30.198.186 - - [13/Apr/2020:09:56:27 +0200] "GET /ticket2/opencms/dk/buy/?page=1&edid=09A90364-D1AA-5EE7-C5DA-9F857331E906&sortorder=asc&column=section HTTP/1.1" 200 71197
46.229.168.137 - - [13/Apr/2020:09:56:27 +0200] "GET /ticket2/opencms/robots.txt HTTP/1.1" 200 773
47.54.35.136 - - [13/Apr/2020:09:56:36 +0200] "GET /ticket2/opencms/fi/buy/?page=1&edid=1BD05895-AEA0-0F14-BA7F-7B591B0CDA55&sortorder=desc&column=section HTTP/1.1" 200 73367
54.36.150.31 - - [13/Apr/2020:09:56:37 +0200] "GET /ticket2/opencms/dk/buy/?page=1&edid=30C89ECD-9C00-576C-AA0D-236F4C1FBD43 HTTP/1.1" 200 70749
46.229.168.138 - - [13/Apr/2020:09:56:38 +0200] "GET /ticket2/opencms/no/buy/?column=section&edid=E381DB65-F270-37B3-006A-65A82309F0C9&page=1&sortorder=desc HTTP/1.1" 200 72539
47.54.35.136 - - [13/Apr/2020:09:56:39 +0200] "GET /ticket2/opencms/fi/buy/?page=1&edid=1C38FF6E-A742-778B-4ED2-FB3787559CA6&sortorder=asc&column=price HTTP/1.1" 200 72746
192.99.4.168 - - [13/Apr/2020:09:56:40 +0200] "GET /ticket2/opencms/fi/buy/?page=1&edid=1F004416-06F2-D58F-30CA-AF81FC35EEBF&sortorder=asc&column=row HTTP/1.1" 200 70633
173.208.130.202 - - [13/Apr/2020:09:56:40 +0200] "GET /ticket2/opencms/fi/buy/?page=1&edid=E0A53669-91D6-866E-C069-2204E55E6CA3&sortorder=asc&column=price HTTP/1.1" 200 72518
46.229.168.131 - - [13/Apr/2020:09:56:40 +0200] "GET /ticket2/opencms/en/sell/?edid=B7AF0048-2F04-B15E-2C5A-BF75715B4501 HTTP/1.1" 302 -
107.178.194.250 - - [13/Apr/2020:09:56:40 +0200] "GET /ticket2/opencms/ HTTP/1.1" 302 -
46.229.168.129 - - [13/Apr/2020:09:56:43 +0200] "GET /ticket2/opencms/sv/tickets/liverpool/manchester_united.html HTTP/1.1" 200 69776
5.9.156.20 - - [13/Apr/2020:09:56:43 +0200] "GET /ticket2/opencms/sv/venue/?venueid=F95CCA03-8412-EF00-BE73-83772A0CB743 HTTP/1.1" 200 65437
148.251.9.145 - - [13/Apr/2020:09:56:47 +0200] "GET /ticket2/opencms/en/buy/?page=1&edid=0993F451-2A27-B97B-1E8A-397D4C7362D6&sortorder=desc&column=section HTTP/1.1" 200 70689
67.225.220.120 - - [13/Apr/2020:09:56:50 +0200] "GET /ticket2/opencms/en/buy/?page=1&edid=4A1D70D3-E87D-9CAD-A3CA-0F1A9CD4D29D HTTP/1.1" 200 70844
46.229.168.138 - - [13/Apr/2020:09:56:50 +0200] "GET /ticket2/opencms/no/buy/?column=section&edid=E381DB65-F270-37B3-006A-65A82309F0C9&page=1&sortorder=desc HTTP/1.1" 200 72539
54.36.150.155 - - [13/Apr/2020:09:56:50 +0200] "GET /ticket2/opencms/sv/venue/?venueid=BB5DCC3D-DF81-3AAD-D19F-0F0A28A6463A HTTP/1.1" 200 65441
46.229.168.146 - - [13/Apr/2020:09:56:52 +0200] "GET /ticket2/opencms/sv/buy/?column=row&edid=E0608FC5-65F6-E8D3-5201-2E9C615F63AB&page=1&sortorder=desc HTTP/1.1" 200 71581
46.229.168.132 - - [13/Apr/2020:09:56:55 +0200] "GET /ticket2/opencms/nl/buy/?column=row&edid=AA12CDE5-3092-9A32-2B0B-96B83608047C&page=1&sortorder=desc HTTP/1.1" 200 70897
46.229.168.136 - - [13/Apr/2020:09:56:57 +0200] "GET /ticket2/opencms/fi/buy/?edid=2037F1F4-3AC9-7D0D-D653-6187E617C819&page=1 HTTP/1.1" 200 70606
46.229.168.130 - - [13/Apr/2020:09:56:57 +0200] "GET /ticket2/opencms/en/buy/?column=section&edid=B962C40E-5239-1A70-6077-E9EDC5F09084&page=1&sortorder=desc HTTP/1.1" 200 71417
173.208.130.202 - - [13/Apr/2020:09:57:00 +0200] "GET /ticket2/opencms/fi/buy/?page=1&edid=E0A53669-91D6-866E-C069-2204E55E6CA3&sortorder=asc&column=section HTTP/1.1" 200 72518
148.251.9.145 - - [13/Apr/2020:09:57:02 +0200] "GET /ticket2/opencms/en/buy/?page=1&edid=09B68EB2-CAD3-E0AE-460C-DBBFE80836A5&sortorder=desc&column=row HTTP/1.1" 200 71085
46.229.168.146 - - [13/Apr/2020:09:57:05 +0200] "GET /ticket2/opencms/fi/buy/?column=section&edid=068DCA06-79F3-7135-4E7E-55E4900338C2&page=1&sortorder=asc HTTP/1.1" 200 70631
5.9.156.20 - - [13/Apr/2020:09:57:05 +0200] "GET /ticket2/opencms/sv/venue/?venueid=FA1F63EA-EA54-4899-F30D-0FB3D87C3647 HTTP/1.1" 200 65513
208.110.93.78 - - [13/Apr/2020:09:57:07 +0200] "GET /ticket2/opencms/no/buy/?page=1&edid=CB6B67ED-718B-F4D1-295A-F40142E220E6&sortorder=asc&column=row HTTP/1.1" 200 69808
95.216.20.54 - - [13/Apr/2020:09:57:07 +0200] "GET /ticket2/opencms/fi/sell/?edid=EBA49F8A-33E9-0C95-472B-EF6292B7073A HTTP/1.1" 302 -
46.229.168.148 - - [13/Apr/2020:09:57:07 +0200] "GET /ticket2/opencms/sv/buy/?column=price&edid=AA98F677-D021-59B7-E72A-DFC2DEA2070E&page=1&sortorder=asc HTTP/1.1" 200 71802
46.229.168.132 - - [13/Apr/2020:09:57:10 +0200] "GET /ticket2/opencms/nl/buy/?column=row&edid=AA12CDE5-3092-9A32-2B0B-96B83608047C&page=1&sortorder=desc HTTP/1.1" 200 70897
46.229.168.136 - - [13/Apr/2020:09:57:13 +0200] "GET /ticket2/opencms/fi/buy/?edid=2037F1F4-3AC9-7D0D-D653-6187E617C819&page=1 HTTP/1.1" 200 70606
46.229.168.151 - - [13/Apr/2020:09:57:14 +0200] "GET /ticket2/opencms/en/buy/?column=row&edid=8BA86FA9-C734-4E24-6C8F-AD29372A2A6B&page=1&sortorder=asc HTTP/1.1" 200 71611
173.208.130.202 - - [13/Apr/2020:09:57:17 +0200] "GET /ticket2/opencms/fi/buy/?page=1&edid=E0A53669-91D6-866E-C069-2204E55E6CA3&sortorder=asc&column=row HTTP/1.1" 200 72518
192.99.37.116 - - [13/Apr/2020:09:57:18 +0200] "GET /ticket2/opencms/fi/buy/?page=1&edid=902C95E3-A054-D4A8-928C-F96C2075E9A4&sortorder=asc&column=price HTTP/1.1" 200 72743
148.251.9.145 - - [13/Apr/2020:09:57:18 +0200] "GET /ticket2/opencms/en/buy/?page=1&edid=09B68EB2-CAD3-E0AE-460C-DBBFE80836A5&sortorder=desc&column=section HTTP/1.1" 200 71085
46.229.168.134 - - [13/Apr/2020:09:57:20 +0200] "GET /ticket2/opencms/no/buy/?edid=916F2EF4-6FE1-7E81-87CE-194E3C0EB782&page=1 HTTP/1.1" 200 71656
46.229.168.148 - - [13/Apr/2020:09:57:22 +0200] "GET /ticket2/opencms/sv/buy/?column=price&edid=AA98F677-D021-59B7-E72A-DFC2DEA2070E&page=1&sortorder=asc HTTP/1.1" 200 71802
5.9.156.20 - - [13/Apr/2020:09:57:24 +0200] "GET /ticket2/opencms/sv/venue/?venueid=FE687578-641E-3F09-3462-AE6F5429E92A HTTP/1.1" 200 65461
208.110.93.78 - - [13/Apr/2020:09:57:26 +0200] "GET /ticket2/opencms/no/buy/?page=1&edid=CB6B67ED-718B-F4D1-295A-F40142E220E6&sortorder=asc&column=section HTTP/1.1" 200 69808
192.99.5.228 - - [13/Apr/2020:09:57:27 +0200] "GET /ticket2/opencms/dk/buy/?page=1&edid=134A23E7-1E39-DD8C-D559-48953CE7205F&sortorder=desc&column=row HTTP/1.1" 200 69296
46.229.168.151 - - [13/Apr/2020:09:57:28 +0200] "GET /ticket2/opencms/en/buy/?column=row&edid=8BA86FA9-C734-4E24-6C8F-AD29372A2A6B&page=1&sortorder=asc HTTP/1.1" 200 71611
192.99.4.168 - - [13/Apr/2020:09:57:29 +0200] "GET /ticket2/opencms/fi/buy/?page=1&edid=1F004416-06F2-D58F-30CA-AF81FC35EEBF&sortorder=asc&column=section HTTP/1.1" 200 70633
5.9.156.20 - - [13/Apr/2020:09:57:29 +0200] "GET /ticket2/opencms/sv/venue/?venueid=FF21FF50-A37F-0165-85A9-80D1D5F77A6E HTTP/1.1" 200 65440
95.216.20.54 - - [13/Apr/2020:09:57:29 +0200] "GET /ticket2/opencms/fi/sell/?edid=EBC90CB3-65C3-EF1B-9FEE-BEBAC7CDCF65 HTTP/1.1" 302 -
46.229.168.151 - - [13/Apr/2020:09:57:32 +0200] "GET /ticket2/opencms/dk/buy/?column=price&edid=4003BBF4-D7D1-CEBE-15DE-37E8051B187F&page=1&sortorder=asc HTTP/1.1" 200 70760
67.225.220.120 - - [13/Apr/2020:09:57:32 +0200] "GET /ticket2/opencms/en/buy/?page=1&edid=EA6DAAD2-200A-052A-B4F6-5898239F72D4 HTTP/1.1" 200 71074
67.225.220.120 - - [13/Apr/2020:09:57:34 +0200] "GET /ticket2/opencms/en/buy/?page=1&edid=DA205E04-65EE-7F78-067D-CBCBD424C79F HTTP/1.1" 200 71526
67.225.220.120 - - [13/Apr/2020:09:57:36 +0200] "GET /ticket2/opencms/en/buy/?page=1&edid=52E9C51D-192F-C954-8F05-403EF150A75E HTTP/1.1" 200 71605
46.229.168.145 - - [13/Apr/2020:09:57:37 +0200] "GET /ticket2/opencms/en/buy/?column=price&edid=32E81482-FD8F-2561-8A36-7326B8FDF5FD&page=1&sortorder=desc HTTP/1.1" 200 72440
192.99.37.116 - - [13/Apr/2020:09:57:39 +0200] "GET /ticket2/opencms/fi/buy/?page=1&edid=902C95E3-A054-D4A8-928C-F96C2075E9A4&sortorder=asc&column=row HTTP/1.1" 200 72743
46.229.168.138 - - [13/Apr/2020:09:57:40 +0200] "GET /ticket2/opencms/dk/buy/?edid=C1AA3CD8-9B92-9EEB-74B5-3A5D9E84C8B5&page=1 HTTP/1.1" 200 71370
173.208.130.202 - - [13/Apr/2020:09:57:41 +0200] "GET /ticket2/opencms/fi/buy/?page=1&edid=E0A53669-91D6-866E-C069-2204E55E6CA3&sortorder=desc&column=section HTTP/1.1" 200 72517
47.54.35.136 - - [13/Apr/2020:09:57:43 +0200] "GET /ticket2/opencms/fi/buy/?page=1&edid=1C38FF6E-A742-778B-4ED2-FB3787559CA6&sortorder=desc&column=row HTTP/1.1" 200 72745
148.251.9.145 - - [13/Apr/2020:09:57:44 +0200] "GET /ticket2/opencms/en/buy/?page=1&edid=0ADDE807-1F64-7C42-2B95-2EDB1EF373D1&sortorder=asc&column=price HTTP/1.1" 200 69252
208.110.93.78 - - [13/Apr/2020:09:57:46 +0200] "GET /ticket2/opencms/no/buy/?page=1&edid=CBAF1A8A-A599-AAE9-8D31-B8707E07D44E HTTP/1.1" 200 69802
95.216.20.54 - - [13/Apr/2020:09:57:46 +0200] "GET /ticket2/opencms/fi/sell/?edid=EC1CEE7F-0D0E-364E-1B36-05B890BB56A8 HTTP/1.1" 302 -
5.9.156.20 - - [13/Apr/2020:09:57:46 +0200] "GET /ticket2/opencms/sv/venue/?venueid=FF8D2B77-C235-F0A7-6D99-CAC26AC9D392 HTTP/1.1" 200 65494
173.208.130.202 - - [13/Apr/2020:09:57:47 +0200] "GET /ticket2/opencms/fi/buy/?page=1&edid=E0A53669-91D6-866E-C069-2204E55E6CA3&sortorder=desc&column=price HTTP/1.1" 200 72517
46.229.168.151 - - [13/Apr/2020:09:57:48 +0200] "GET /ticket2/opencms/dk/buy/?column=price&edid=4003BBF4-D7D1-CEBE-15DE-37E8051B187F&page=1&sortorder=asc HTTP/1.1" 200 70760
46.229.168.145 - - [13/Apr/2020:09:57:49 +0200] "GET /ticket2/opencms/en/buy/?column=price&edid=32E81482-FD8F-2561-8A36-7326B8FDF5FD&page=1&sortorder=desc HTTP/1.1" 200 72440
46.229.168.142 - - [13/Apr/2020:09:57:51 +0200] "GET /ticket2/opencms/no/buy/?column=price&edid=96AC909E-5B9B-2325-5C76-5EFEF9923C58&page=1&sortorder=desc HTTP/1.1" 200 71693
46.229.168.146 - - [13/Apr/2020:09:57:56 +0200] "GET /ticket2/opencms/fi/buy/?column=section&edid=068DCA06-79F3-7135-4E7E-55E4900338C2&page=1&sortorder=asc HTTP/1.1" 200 70631
47.54.35.136 - - [13/Apr/2020:09:57:57 +0200] "GET /ticket2/opencms/fi/buy/?page=1&edid=1C38FF6E-A742-778B-4ED2-FB3787559CA6&sortorder=desc&column=price HTTP/1.1" 200 72745
148.251.9.145 - - [13/Apr/2020:09:57:58 +0200] "GET /ticket2/opencms/en/buy/?page=1&edid=0ADDE807-1F64-7C42-2B95-2EDB1EF373D1&sortorder=asc&column=row HTTP/1.1" 200 69252
5.9.156.20 - - [13/Apr/2020:09:57:58 +0200] "GET /ticket2/opencms/sv/venue/?venueid=FFA115B2-38B9-DF68-21D2-8F2E64EF271D HTTP/1.1" 200 65464
47.54.35.136 - - [13/Apr/2020:09:57:59 +0200] "GET /ticket2/opencms/fi/buy/?page=1&edid=1C38FF6E-A742-778B-4ED2-FB3787559CA6&sortorder=desc&column=section HTTP/1.1" 200 72745
46.229.168.131 - - [13/Apr/2020:09:57:59 +0200] "GET /ticket2/opencms/robots.txt HTTP/1.1" 200 773
208.110.93.78 - - [13/Apr/2020:09:58:04 +0200] "GET /ticket2/opencms/no/buy/?page=1&edid=CBAF1A8A-A599-AAE9-8D31-B8707E07D44E&sortorder=asc&column=price HTTP/1.1" 200 69838
46.229.168.138 - - [13/Apr/2020:09:58:04 +0200] "GET /ticket2/opencms/sv/sell/?edid=F5C00C67-C227-30F3-0322-FCC4DCCC423B HTTP/1.1" 302 -
173.208.130.202 - - [13/Apr/2020:09:58:06 +0200] "GET /ticket2/opencms/fi/buy/?page=1&edid=E169F5DB-C811-39FE-D2C1-0C94563BAA9E&sortorder=asc&column=price HTTP/1.1" 200 72286
5.9.156.20 - - [13/Apr/2020:09:58:06 +0200] "GET /ticket2/opencms/sv/venue/?venueid=FFD58926-E43E-9E2E-9DB6-3170AF0A87CC HTTP/1.1" 200 65479
46.229.168.138 - - [13/Apr/2020:09:58:07 +0200] "GET /ticket2/opencms/sv/buy/?column=row&edid=3930902F-44C9-0DA4-854E-41262D5A61CF&page=1&sortorder=asc HTTP/1.1" 200 72492
46.229.168.142 - - [13/Apr/2020:09:58:08 +0200] "GET /ticket2/opencms/no/buy/?column=price&edid=96AC909E-5B9B-2325-5C76-5EFEF9923C58&page=1&sortorder=desc HTTP/1.1" 200 71693
192.99.4.168 - - [13/Apr/2020:09:58:11 +0200] "GET /ticket2/opencms/fi/buy/?page=1&edid=1F004416-06F2-D58F-30CA-AF81FC35EEBF&sortorder=desc&column=price HTTP/1.1" 200 70632
46.229.168.129 - - [13/Apr/2020:09:58:13 +0200] "GET /ticket2/opencms/en/buy/?column=price&edid=FCDEE0D5-8A78-E67A-3598-6D8F08248119&page=1&sortorder=desc HTTP/1.1" 200 71314
67.225.220.120 - - [13/Apr/2020:09:58:14 +0200] "GET /ticket2/opencms/en/buy/?page=1&edid=BDEBDFC7-284E-9E6E-D1BB-65EBB5818C8B HTTP/1.1" 200 70845
67.225.220.120 - - [13/Apr/2020:09:58:15 +0200] "GET /ticket2/opencms/en/buy/?page=1&edid=66C209AA-BB52-2AF5-35F3-336E85585A75 HTTP/1.1" 200 70617
95.216.20.54 - - [13/Apr/2020:09:58:17 +0200] "GET /ticket2/opencms/fi/login/?edid=EC1CEE7F-0D0E-364E-1B36-05B890BB56A8 HTTP/1.1" 200 68719
46.229.168.129 - - [13/Apr/2020:09:58:19 +0200] "GET /ticket2/opencms/en/buy/?column=price&edid=FCDEE0D5-8A78-E67A-3598-6D8F08248119&page=1&sortorder=desc HTTP/1.1" 200 71314
46.229.168.162 - - [13/Apr/2020:09:58:20 +0200] "GET /ticket2/opencms/fi/buy/?column=section&edid=0CE65760-D75C-1E4C-DE34-E03273F5FD83&page=1&sortorder=asc HTTP/1.1" 200 72098
46.229.168.145 - - [13/Apr/2020:09:58:21 +0200] "GET /ticket2/opencms/nl/buy/?column=section&edid=9855A2C3-650C-23D8-F314-126B4A227928&page=1&sortorder=asc HTTP/1.1" 200 68338
192.99.37.116 - - [13/Apr/2020:09:58:21 +0200] "GET /ticket2/opencms/fi/buy/?page=1&edid=902C95E3-A054-D4A8-928C-F96C2075E9A4&sortorder=asc&column=section HTTP/1.1" 200 72743
95.216.20.54 - - [13/Apr/2020:09:58:22 +0200] "GET /ticket2/opencms/fi/sell/?edid=EC21F052-00BC-07D6-2A31-7F40587DDAFC HTTP/1.1" 302 -
46.229.168.149 - - [13/Apr/2020:09:58:23 +0200] "GET /ticket2/opencms/dk/buy/?column=price&edid=27A7475E-067B-47F5-FC13-EBFAFFB17D2F&page=1&sortorder=desc HTTP/1.1" 200 72324
46.229.168.145 - - [13/Apr/2020:09:58:24 +0200] "GET /ticket2/opencms/sv/sell/?edid=73D8189D-DEDA-4F8B-BA1C-9AC984A743C2 HTTP/1.1" 302 -
46.229.168.152 - - [13/Apr/2020:09:58:24 +0200] "GET /ticket2/opencms/en/sell/?edid=3CDF5C47-F119-044A-E023-A8203DA7A174 HTTP/1.1" 302 -
173.208.130.202 - - [13/Apr/2020:09:58:25 +0200] "GET /ticket2/opencms/fi/buy/?page=1&edid=E169F5DB-C811-39FE-D2C1-0C94563BAA9E&sortorder=asc&column=row HTTP/1.1" 200 72286
95.216.20.54 - - [13/Apr/2020:09:58:26 +0200] "GET /ticket2/opencms/fi/login/?edid=EC21F052-00BC-07D6-2A31-7F40587DDAFC HTTP/1.1" 200 68719
208.110.93.78 - - [13/Apr/2020:09:58:26 +0200] "GET /ticket2/opencms/no/buy/?page=1&edid=CBAF1A8A-A599-AAE9-8D31-B8707E07D44E&sortorder=asc&column=row HTTP/1.1" 200 69838
47.54.35.136 - - [13/Apr/2020:09:58:28 +0200] "GET /ticket2/opencms/fi/buy/?page=1&edid=1D37BA09-C305-846D-EDD4-0046D1E26EC2&sortorder=desc&column=price HTTP/1.1" 200 72285
148.251.9.145 - - [13/Apr/2020:09:58:29 +0200] "GET /ticket2/opencms/en/buy/?page=1&edid=0ADDE807-1F64-7C42-2B95-2EDB1EF373D1&sortorder=desc&column=section HTTP/1.1" 200 69251
95.216.20.54 - - [13/Apr/2020:09:58:30 +0200] "GET /ticket2/opencms/fi/sell/?edid=F304E181-E936-71FB-E213-CFCB44032C9B HTTP/1.1" 302 -
46.229.168.141 - - [13/Apr/2020:09:58:35 +0200] "GET /ticket2/opencms/sv/buy/?column=row&edid=D46F6BE8-BC8A-8DDC-1025-98720CF7125C&page=1&sortorder=desc HTTP/1.1" 200 69492
95.216.20.54 - - [13/Apr/2020:09:58:35 +0200] "GET /ticket2/opencms/fi/login/?edid=F304E181-E936-71FB-E213-CFCB44032C9B HTTP/1.1" 200 68719
46.229.168.129 - - [13/Apr/2020:09:58:37 +0200] "GET /ticket2/opencms/sv/buy/?column=row&edid=6EE67C79-47B0-3BFF-FB3B-A7C2DD158FA7&page=1&sortorder=desc HTTP/1.1" 200 71343
67.225.220.120 - - [13/Apr/2020:09:58:38 +0200] "GET /ticket2/opencms/sv/buy/?page=1&edid=C983C410-A893-1A41-94F2-2B0B8C7A2BBB HTTP/1.1" 200 71352
67.225.220.120 - - [13/Apr/2020:09:58:39 +0200] "GET /ticket2/opencms/en/buy/?page=1&edid=A63B1890-86E1-9F60-54D7-09AEE785F38E HTTP/1.1" 200 71535
95.216.20.54 - - [13/Apr/2020:09:58:39 +0200] "GET /ticket2/opencms/fi/sell/?edid=F4C706FF-B771-A36A-06BB-0F38191F7D62 HTTP/1.1" 302 -
192.99.4.168 - - [13/Apr/2020:09:58:42 +0200] "GET /ticket2/opencms/fi/buy/?page=1&edid=1F004416-06F2-D58F-30CA-AF81FC35EEBF&sortorder=desc&column=row HTTP/1.1" 200 70632
95.216.20.54 - - [13/Apr/2020:09:58:43 +0200] "GET /ticket2/opencms/fi/login/?edid=F4C706FF-B771-A36A-06BB-0F38191F7D62 HTTP/1.1" 200 68719
148.251.9.145 - - [13/Apr/2020:09:58:43 +0200] "GET /ticket2/opencms/en/buy/?page=1&edid=0B5441DB-65AE-25E2-D66F-B709450A0E12&sortorder=asc&column=price HTTP/1.1" 200 71333
47.54.35.136 - - [13/Apr/2020:09:58:46 +0200] "GET /ticket2/opencms/fi/buy/?page=1&edid=1D37BA09-C305-846D-EDD4-0046D1E26EC2&sortorder=desc&column=row HTTP/1.1" 200 72285
208.110.93.78 - - [13/Apr/2020:09:58:47 +0200] "GET /ticket2/opencms/no/buy/?page=1&edid=CFCBACFB-A666-9D8C-9AC1-A8C6A3DD8DD9&sortorder=desc&column=section HTTP/1.1" 200 72121
95.216.20.54 - - [13/Apr/2020:09:58:48 +0200] "GET /ticket2/opencms/fi/sell/?edid=F7ADBC49-B3F9-5F47-5079-2A05B4076CA2 HTTP/1.1" 302 -
173.208.130.202 - - [13/Apr/2020:09:58:48 +0200] "GET /ticket2/opencms/fi/buy/?page=1&edid=E169F5DB-C811-39FE-D2C1-0C94563BAA9E&sortorder=asc&column=section HTTP/1.1" 200 72286
46.229.168.133 - - [13/Apr/2020:09:58:49 +0200] "GET /ticket2/opencms/en/buy/?column=row&edid=0D1729EF-710B-2D13-DB42-A36239A78C15&page=1&sortorder=asc HTTP/1.1" 200 71611
95.216.20.54 - - [13/Apr/2020:09:58:51 +0200] "GET /ticket2/opencms/fi/login/?edid=F7ADBC49-B3F9-5F47-5079-2A05B4076CA2 HTTP/1.1" 200 68719
46.229.168.137 - - [13/Apr/2020:09:58:52 +0200] "GET /ticket2/opencms/dk/buy/?column=price&edid=365B462D-950D-A29D-C141-23BF6375DC09&page=1&sortorder=desc HTTP/1.1" 200 71184
46.229.168.135 - - [13/Apr/2020:09:59:01 +0200] "GET /ticket2/opencms/dk/buy/?edid=74EFCA32-6815-FF4B-4089-5178E45F69AE&page=1 HTTP/1.1" 200 71146
95.216.20.54 - - [13/Apr/2020:09:59:01 +0200] "GET /ticket2/opencms/fi/sell/?edid=F8B18577-657B-06AA-B5AB-A0043E2A4297 HTTP/1.1" 302 -
69.30.198.186 - - [13/Apr/2020:09:59:04 +0200] "GET /ticket2/opencms/dk/buy/?page=1&edid=09BCEBCD-087A-9ADA-95C7-1647396B134E&sortorder=asc&column=row HTTP/1.1" 200 70979
95.216.20.54 - - [13/Apr/2020:09:59:05 +0200] "GET /ticket2/opencms/fi/login/?edid=F8B18577-657B-06AA-B5AB-A0043E2A4297 HTTP/1.1" 200 68719
173.208.130.202 - - [13/Apr/2020:09:59:06 +0200] "GET /ticket2/opencms/fi/buy/?page=1&edid=E169F5DB-C811-39FE-D2C1-0C94563BAA9E&sortorder=desc&column=price HTTP/1.1" 200 72285
46.229.168.135 - - [13/Apr/2020:09:59:07 +0200] "GET /ticket2/opencms/nl/buy/?catid=7D3BEF66-5D88-3916-5B89-0E7B139E0169&comcatid=97ECA65A-72DA-F9AF-9DBB-245D3CFED1BE&page=6 HTTP/1.1" 200 69288
208.110.93.78 - - [13/Apr/2020:09:59:08 +0200] "GET /ticket2/opencms/no/buy/?page=1&edid=CFE6EC3A-3188-38D8-C8A4-9712A26A5661 HTTP/1.1" 200 69802
47.54.35.136 - - [13/Apr/2020:09:59:09 +0200] "GET /ticket2/opencms/fi/buy/?page=1&edid=1D37BA09-C305-846D-EDD4-0046D1E26EC2&sortorder=desc&column=section HTTP/1.1" 200 72285
148.251.9.145 - - [13/Apr/2020:09:59:10 +0200] "GET /ticket2/opencms/en/buy/?page=1&edid=0B5441DB-65AE-25E2-D66F-B709450A0E12&sortorder=desc&column=row HTTP/1.1" 200 71332
192.99.5.228 - - [13/Apr/2020:09:59:14 +0200] "GET /ticket2/opencms/dk/buy/?page=1&edid=134A23E7-1E39-DD8C-D559-48953CE7205F&sortorder=desc&column=section HTTP/1.1" 200 69296
46.229.168.161 - - [13/Apr/2020:09:59:17 +0200] "GET /ticket2/opencms/fi/buy/?column=section&edid=679592A4-F209-DF56-5774-383426253C85&page=1&sortorder=desc HTTP/1.1" 200 72036
46.229.168.163 - - [13/Apr/2020:09:59:17 +0200] "GET /ticket2/opencms/no/buy/?column=row&edid=0CE65760-D75C-1E4C-DE34-E03273F5FD83&page=1&sortorder=asc HTTP/1.1" 200 71262
69.30.198.186 - - [13/Apr/2020:09:59:19 +0200] "GET /ticket2/opencms/dk/buy/?page=1&edid=09BCEBCD-087A-9ADA-95C7-1647396B134E&sortorder=asc&column=section HTTP/1.1" 200 70979
148.251.9.145 - - [13/Apr/2020:09:59:21 +0200] "GET /ticket2/opencms/en/buy/?page=1&edid=0B5441DB-65AE-25E2-D66F-B709450A0E12&sortorder=desc&column=section HTTP/1.1" 200 71332
46.229.168.150 - - [13/Apr/2020:09:59:23 +0200] "GET /ticket2/opencms/en/buy/?catid=D8B345C9-F7A5-E620-4B43-C34EB0D6885B&comcatid=A17713B6-D984-201A-4143-ED4DB5ED5C2E&eventid=EC400621-1050-8895-DCE5-36CFFF18A035&page=6 HTTP/1.1" 200 81123
46.229.168.149 - - [13/Apr/2020:09:59:25 +0200] "GET /ticket2/opencms/dk/buy/?column=section&edid=82A37505-231E-F9C1-D725-CF8D739AAF42&page=1&sortorder=asc HTTP/1.1" 200 71172
47.54.35.136 - - [13/Apr/2020:09:59:25 +0200] "GET /ticket2/opencms/fi/buy/?page=1&edid=1D3B7FAE-60FD-7507-CD49-6B32E37D8AFF HTTP/1.1" 200 70592
208.110.93.78 - - [13/Apr/2020:09:59:27 +0200] "GET /ticket2/opencms/no/buy/?page=1&edid=CFE6EC3A-3188-38D8-C8A4-9712A26A5661&sortorder=asc&column=price HTTP/1.1" 200 69838
173.208.130.202 - - [13/Apr/2020:09:59:28 +0200] "GET /ticket2/opencms/fi/buy/?page=1&edid=E169F5DB-C811-39FE-D2C1-0C94563BAA9E&sortorder=desc&column=row HTTP/1.1" 200 72285
114.119.162.115 - - [13/Apr/2020:09:59:31 +0200] "GET /ticket2/opencms/no/buy/?page=1&edid=0750C6FE-B11D-02C8-6F08-958B2A2EF455&sortorder=desc&column=price HTTP/1.1" 200 71918
114.119.162.79 - - [13/Apr/2020:09:59:34 +0200] "GET /ticket2/opencms/no/buy/?page=1&edid=69463D93-1B94-ECEF-559A-83CDF9B19DD4&sortorder=desc&column=section HTTP/1.1" 200 86175
208.110.93.78 - - [13/Apr/2020:09:59:44 +0200] "GET /ticket2/opencms/no/buy/?page=1&edid=CFE6EC3A-3188-38D8-C8A4-9712A26A5661&sortorder=asc&column=row HTTP/1.1" 200 69838
47.54.35.136 - - [13/Apr/2020:09:59:44 +0200] "GET /ticket2/opencms/fi/buy/?page=1&edid=1D3B7FAE-60FD-7507-CD49-6B32E37D8AFF&sortorder=asc&column=price HTTP/1.1" 200 70628
66.249.79.87 - - [13/Apr/2020:09:59:44 +0200] "GET /ticket2/opencms/sv/venue/?countryid=2193F5F2-8798-B3BE-FB16-3B568A67DED7 HTTP/1.1" 200 94846
192.99.4.168 - - [13/Apr/2020:09:59:47 +0200] "GET /ticket2/opencms/fi/buy/?page=1&edid=1F004416-06F2-D58F-30CA-AF81FC35EEBF&sortorder=desc&column=section HTTP/1.1" 200 70632
46.229.168.161 - - [13/Apr/2020:09:59:50 +0200] "GET /ticket2/opencms/nl/buy/?column=price&edid=137C96C9-C65D-C937-99B2-0464EAF1DB76&page=1&sortorder=desc HTTP/1.1" 200 68304
148.251.9.145 - - [13/Apr/2020:09:59:50 +0200] "GET /ticket2/opencms/en/buy/?page=1&edid=0CBE0C4B-CAFA-A010-EA66-542E1AA0C527&sortorder=desc&column=row HTTP/1.1" 200 71099
216.245.221.82 - - [13/Apr/2020:09:59:50 +0200] "HEAD /ticket2/opencms/ HTTP/1.1" 302 -
46.229.168.141 - - [13/Apr/2020:09:59:52 +0200] "GET /ticket2/opencms/sv/buy/?column=section&edid=9EB6A254-5786-FAE4-D689-87650556B208&page=1&sortorder=desc HTTP/1.1" 200 69477
46.229.168.138 - - [13/Apr/2020:09:59:54 +0200] "GET /ticket2/opencms/ru/buy/?edid=53002DE5-C670-ECFE-D5BC-AAAC0D901716&page=1 HTTP/1.1" 200 70187
67.225.220.120 - - [13/Apr/2020:10:00:01 +0200] "GET /ticket2/opencms/sv/buy/?page=1&edid=4651B641-1BF4-5B93-B666-F19E86CE32C8 HTTP/1.1" 200 71310
107.178.194.248 - - [13/Apr/2020:10:00:01 +0200] "GET /ticket2/opencms/ HTTP/1.1" 302 -
47.54.35.136 - - [13/Apr/2020:10:00:03 +0200] "GET /ticket2/opencms/fi/buy/?page=1&edid=1D3B7FAE-60FD-7507-CD49-6B32E37D8AFF&sortorder=asc&column=row HTTP/1.1" 200 70628
208.110.93.78 - - [13/Apr/2020:10:00:05 +0200] "GET /ticket2/opencms/no/buy/?page=1&edid=CFE6EC3A-3188-38D8-C8A4-9712A26A5661&sortorder=asc&column=section HTTP/1.1" 200 69838
192.99.37.116 - - [13/Apr/2020:10:00:08 +0200] "GET /ticket2/opencms/fi/buy/?page=1&edid=902C95E3-A054-D4A8-928C-F96C2075E9A4&sortorder=desc&column=price HTTP/1.1" 200 72742
69.30.198.186 - - [13/Apr/2020:10:00:11 +0200] "GET /ticket2/opencms/dk/buy/?page=1&edid=09BCEBCD-087A-9ADA-95C7-1647396B134E&sortorder=desc&column=price HTTP/1.1" 200 70978
173.208.130.202 - - [13/Apr/2020:10:00:12 +0200] "GET /ticket2/opencms/fi/buy/?page=1&edid=E169F5DB-C811-39FE-D2C1-0C94563BAA9E&sortorder=desc&column=section HTTP/1.1" 200 72285
207.46.13.182 - - [13/Apr/2020:10:00:15 +0200] "GET /ticket2/opencms/sv/buy/?page=1&edid=C740AD28-9CD1-0BA4-CF25-61652510D835 HTTP/1.1" 200 71306
208.110.93.78 - - [13/Apr/2020:10:00:20 +0200] "GET /ticket2/opencms/no/buy/?page=1&edid=D025BDD3-C290-2C6E-629F-91AA9AC9D0D7 HTTP/1.1" 200 69793
47.54.35.136 - - [13/Apr/2020:10:00:24 +0200] "GET /ticket2/opencms/fi/buy/?page=1&edid=1D3B7FAE-60FD-7507-CD49-6B32E37D8AFF&sortorder=asc&column=section HTTP/1.1" 200 70628
46.229.168.144 - - [13/Apr/2020:10:00:24 +0200] "GET /ticket2/opencms/ru/buy/?column=row&edid=14401888-B36E-4BB6-0F28-21D471EFEDFE&page=1&sortorder=desc HTTP/1.1" 200 73439
46.229.168.133 - - [13/Apr/2020:10:00:27 +0200] "GET /ticket2/opencms/fi/buy/?edid=EBA786FA-4ADC-6FC7-09BC-4C062DE1E690&page=1 HTTP/1.1" 200 72484
66.249.79.145 - - [13/Apr/2020:10:00:27 +0200] "GET /ticket2/opencms/fi/venue/?venueid=879B0F51-C151-32AF-3491-072EFA33AFCB HTTP/1.1" 200 66412
46.229.168.137 - - [13/Apr/2020:10:00:30 +0200] "GET /ticket2/opencms/sv/buy/?column=row&edid=4D9E9B53-D6C2-EBD3-ECBD-EC61B335C986&page=1&sortorder=asc HTTP/1.1" 200 71800
148.251.9.145 - - [13/Apr/2020:10:00:32 +0200] "GET /ticket2/opencms/en/buy/?page=1&edid=0CBE0C4B-CAFA-A010-EA66-542E1AA0C527&sortorder=desc&column=section HTTP/1.1" 200 71099
208.110.93.78 - - [13/Apr/2020:10:00:40 +0200] "GET /ticket2/opencms/no/buy/?page=1&edid=D025BDD3-C290-2C6E-629F-91AA9AC9D0D7&sortorder=asc&column=price HTTP/1.1" 200 69829
46.229.168.133 - - [13/Apr/2020:10:00:48 +0200] "GET /ticket2/opencms/en/buy/?column=section&edid=70206ABB-C0B8-14C4-759D-8724BD4F997B&page=1&sortorder=asc HTTP/1.1" 200 69258
46.229.168.137 - - [13/Apr/2020:10:00:50 +0200] "GET /ticket2/opencms/sv/tickets/aston_villa/blackburn_rovers.html HTTP/1.1" 200 70875
46.229.168.134 - - [13/Apr/2020:10:00:51 +0200] "GET /ticket2/opencms/en/buy/?column=row&edid=46F5EC85-5B62-6DBE-6122-EC5082A83D53&page=1&sortorder=desc HTTP/1.1" 200 70646
173.208.130.202 - - [13/Apr/2020:10:00:51 +0200] "GET /ticket2/opencms/fi/buy/?page=1&edid=E195347C-2F61-DC12-B555-E80AECD24DE5&sortorder=desc&column=section HTTP/1.1" 200 72529
46.229.168.163 - - [13/Apr/2020:10:00:54 +0200] "GET /ticket2/opencms/fi/buy/?column=row&edid=6E8F24AB-74B3-3F4A-83EB-4CBDFC2D46B9&page=1&sortorder=desc HTTP/1.1" 200 73813
148.251.9.145 - - [13/Apr/2020:10:01:00 +0200] "GET /ticket2/opencms/en/buy/?page=1&edid=0ED421D5-7883-F3F6-6140-60A891D6FA14&sortorder=asc&column=price HTTP/1.1" 200 71316
46.229.168.129 - - [13/Apr/2020:10:01:03 +0200] "GET /ticket2/opencms/no/buy/?column=price&edid=6E8F24AB-74B3-3F4A-83EB-4CBDFC2D46B9&page=1&sortorder=asc HTTP/1.1" 200 72985
46.229.168.135 - - [13/Apr/2020:10:01:03 +0200] "GET /ticket2/opencms/sv/buy/?column=price&edid=8D399335-C84B-CDD2-683F-085DB5766ED1&page=1&sortorder=desc HTTP/1.1" 200 69480
46.229.168.142 - - [13/Apr/2020:10:01:04 +0200] "GET /ticket2/opencms/dk/buy/?column=row&edid=328CD364-5FBE-B6B9-C6DD-6B5ED1B81716&page=1&sortorder=asc HTTP/1.1" 200 70739
47.54.35.136 - - [13/Apr/2020:10:01:06 +0200] "GET /ticket2/opencms/fi/buy/?page=1&edid=1D3B7FAE-60FD-7507-CD49-6B32E37D8AFF&sortorder=desc&column=price HTTP/1.1" 200 70627
69.30.198.186 - - [13/Apr/2020:10:01:13 +0200] "GET /ticket2/opencms/dk/buy/?page=1&edid=09C15822-D004-0AFD-D637-91FF46D0AE70&sortorder=desc&column=price HTTP/1.1" 200 69286
192.99.4.168 - - [13/Apr/2020:10:01:15 +0200] "GET /ticket2/opencms/fi/buy/?page=1&edid=1F8937D3-B31E-D76E-F363-F7FC2195A907&sortorder=asc&column=section HTTP/1.1" 200 70636
216.245.221.82 - - [13/Apr/2020:10:01:17 +0200] "GET /ticket2/opencms/ HTTP/1.1" 302 -
173.208.130.202 - - [13/Apr/2020:10:01:20 +0200] "GET /ticket2/opencms/fi/buy/?page=1&edid=E1AE95BB-08BF-529C-6F48-0C3BBAC9ACB0 HTTP/1.1" 200 72012
192.99.37.116 - - [13/Apr/2020:10:01:29 +0200] "GET /ticket2/opencms/fi/buy/?page=1&edid=902C95E3-A054-D4A8-928C-F96C2075E9A4&sortorder=desc&column=row HTTP/1.1" 200 72742
192.99.5.228 - - [13/Apr/2020:10:01:30 +0200] "GET /ticket2/opencms/dk/buy/?page=1&edid=139817EF-970B-30CF-DFF4-4A24563A5DA4 HTTP/1.1" 200 69259
208.110.93.78 - - [13/Apr/2020:10:01:30 +0200] "GET /ticket2/opencms/no/buy/?page=1&edid=D025BDD3-C290-2C6E-629F-91AA9AC9D0D7&sortorder=asc&column=row HTTP/1.1" 200 69829
46.229.168.132 - - [13/Apr/2020:10:01:30 +0200] "GET /ticket2/opencms/fi/buy/?catid=AD8E612F-0F0B-03C9-5236-E4F8B6523945&comcatid=0A6B8208-FDA4-E929-9D72-5312FD481B76&page=6 HTTP/1.1" 200 70307
46.229.168.151 - - [13/Apr/2020:10:01:33 +0200] "GET /ticket2/opencms/dk/buy/?column=section&edid=177040C0-FCD5-B0CF-00E2-3B044DBF4C72&page=1&sortorder=desc HTTP/1.1" 200 71212
47.54.35.136 - - [13/Apr/2020:10:01:37 +0200] "GET /ticket2/opencms/fi/buy/?page=1&edid=1D3B7FAE-60FD-7507-CD49-6B32E37D8AFF&sortorder=desc&column=row HTTP/1.1" 200 70627
46.229.168.152 - - [13/Apr/2020:10:01:40 +0200] "GET /ticket2/opencms/nl/buy/?edid=2FABA4FD-BD5C-248A-2380-C7F2BF85A6F9&page=1 HTTP/1.1" 200 68263
46.229.168.139 - - [13/Apr/2020:10:01:43 +0200] "GET /ticket2/opencms/no/buy/?column=price&edid=F079AC7E-D221-F1E2-410C-375B35987091&page=1&sortorder=desc HTTP/1.1" 200 69844
148.251.9.145 - - [13/Apr/2020:10:01:43 +0200] "GET /ticket2/opencms/en/buy/?page=1&edid=0ED421D5-7883-F3F6-6140-60A891D6FA14&sortorder=asc&column=row HTTP/1.1" 200 71316
67.225.220.120 - - [13/Apr/2020:10:01:44 +0200] "GET /ticket2/opencms/en/buy/?page=1&edid=D14E786C-C869-8112-70DA-17875583047D HTTP/1.1" 200 69189
46.229.168.137 - - [13/Apr/2020:10:01:49 +0200] "GET /ticket2/opencms/sv/tickets/aston_villa/blackburn_rovers.html HTTP/1.1" 200 70875
67.225.220.120 - - [13/Apr/2020:10:01:53 +0200] "GET /ticket2/opencms/sv/buy/?page=1&edid=BC1E5412-9D56-1C5F-4E48-5A2B4649D9E8 HTTP/1.1" 200 71535
67.225.220.120 - - [13/Apr/2020:10:01:56 +0200] "GET /ticket2/opencms/en/buy/?page=1&edid=C56F217E-670F-9980-499A-7106D9A704AA HTTP/1.1" 200 70849
47.54.35.136 - - [13/Apr/2020:10:02:00 +0200] "GET /ticket2/opencms/fi/buy/?page=1&edid=1D3B7FAE-60FD-7507-CD49-6B32E37D8AFF&sortorder=desc&column=section HTTP/1.1" 200 70627
46.229.168.150 - - [13/Apr/2020:10:02:04 +0200] "GET /ticket2/opencms/nl/buy/?edid=70AA95CC-0F01-4970-97B9-5BD4C290D6AC&page=1 HTTP/1.1" 200 70140
46.229.168.140 - - [13/Apr/2020:10:02:10 +0200] "GET /ticket2/opencms/robots.txt HTTP/1.1" 200 773
46.229.168.151 - - [13/Apr/2020:10:02:11 +0200] "GET /ticket2/opencms/dk/buy/?column=section&edid=177040C0-FCD5-B0CF-00E2-3B044DBF4C72&page=1&sortorder=desc HTTP/1.1" 200 71212
208.110.93.78 - - [13/Apr/2020:10:02:11 +0200] "GET /ticket2/opencms/no/buy/?page=1&edid=D025BDD3-C290-2C6E-629F-91AA9AC9D0D7&sortorder=asc&column=section HTTP/1.1" 200 69829
69.30.198.186 - - [13/Apr/2020:10:02:14 +0200] "GET /ticket2/opencms/dk/buy/?page=1&edid=09DBE843-AC01-1747-3DBE-F411D6DF0264 HTTP/1.1" 200 71181
46.229.168.149 - - [13/Apr/2020:10:02:16 +0200] "GET /ticket2/opencms/nl/buy/?edid=71F8EE29-FA8F-FD46-7D27-26F4014317BC&page=1 HTTP/1.1" 200 71282
46.229.168.145 - - [13/Apr/2020:10:02:16 +0200] "GET /ticket2/opencms/no/buy/?edid=A1E9D50D-4D06-341C-1DC4-C8F797C50290&page=1 HTTP/1.1" 200 71225
46.229.168.140 - - [13/Apr/2020:10:02:16 +0200] "GET /ticket2/opencms/robots.txt HTTP/1.1" 200 773
46.229.168.149 - - [13/Apr/2020:10:02:17 +0200] "GET /ticket2/opencms/nl/buy/?edid=71F8EE29-FA8F-FD46-7D27-26F4014317BC&page=1 HTTP/1.1" 200 71282
46.229.168.145 - - [13/Apr/2020:10:02:18 +0200] "GET /ticket2/opencms/no/buy/?edid=A1E9D50D-4D06-341C-1DC4-C8F797C50290&page=1 HTTP/1.1" 200 71225
46.229.168.154 - - [13/Apr/2020:10:02:20 +0200] "GET /ticket2/opencms/fi/buy/?column=row&edid=3150A50C-406C-2280-37B6-F35D6C5A214C&page=1&sortorder=asc HTTP/1.1" 200 72746
192.99.4.168 - - [13/Apr/2020:10:02:23 +0200] "GET /ticket2/opencms/fi/buy/?page=1&edid=1F8937D3-B31E-D76E-F363-F7FC2195A907&sortorder=desc&column=row HTTP/1.1" 200 70635
46.229.168.145 - - [13/Apr/2020:10:02:23 +0200] "GET /ticket2/opencms/no/buy/?column=price&edid=E9273ADB-397B-8C66-EF24-3A92BD3295EC&page=1&sortorder=asc HTTP/1.1" 200 72388
148.251.9.145 - - [13/Apr/2020:10:02:29 +0200] "GET /ticket2/opencms/en/buy/?page=1&edid=0ED421D5-7883-F3F6-6140-60A891D6FA14&sortorder=desc&column=section HTTP/1.1" 200 71315
46.229.168.144 - - [13/Apr/2020:10:02:36 +0200] "GET /ticket2/opencms/sv/buy/?column=price&edid=D7845FB2-C504-EBEE-0821-CBB6B0557BB8&page=1&sortorder=asc HTTP/1.1" 200 69468
67.225.220.120 - - [13/Apr/2020:10:02:42 +0200] "GET /ticket2/opencms/en/buy/?page=1&edid=821554DD-EC9D-9EFA-6B0E-4F35AE0315B0 HTTP/1.1" 200 71608
46.229.168.130 - - [13/Apr/2020:10:02:44 +0200] "GET /ticket2/opencms/sv/sell/?edid=ED81349D-86B2-C0F6-EF58-DEEDD0455CAC HTTP/1.1" 302 -
