192.99.4.168 - - [13/Apr/2020:06:34:43 +0200] "GET /ticket2/opencms/en/buy/?page=1&edid=EB0CA141-CCC6-93C0-7C20-669914FE332B&sortorder=asc&column=price HTTP/1.1" 200 69252
216.245.221.82 - - [13/Apr/2020:06:34:43 +0200] "HEAD /ticket2/opencms/en/ HTTP/1.1" 200 -
111.202.100.85 - - [13/Apr/2020:06:34:44 +0200] "GET /ticket2/opencms/dk/ HTTP/1.1" 200 71866
46.229.168.153 - - [13/Apr/2020:06:34:47 +0200] "GET /ticket2/opencms/sv/buy/?column=row&edid=ED19B4A4-0607-6479-D5B9-048B1EA6100D&page=1&sortorder=asc HTTP/1.1" 200 72691
192.99.37.116 - - [13/Apr/2020:06:34:48 +0200] "GET /ticket2/opencms/fi/buy/?page=1&edid=90D981BB-838C-A98E-BE95-FFB7366C7BD0&sortorder=desc&column=price HTTP/1.1" 200 70644
46.229.168.152 - - [13/Apr/2020:06:34:50 +0200] "GET /ticket2/opencms/robots.txt HTTP/1.1" 200 773
46.229.168.149 - - [13/Apr/2020:06:34:50 +0200] "GET /ticket2/opencms/sv/sell/?edid=71496077-5B1C-FE48-E8D7-00D3EF8F08C6 HTTP/1.1" 302 -
46.229.168.129 - - [13/Apr/2020:06:34:52 +0200] "GET /ticket2/opencms/sv/buy/?column=section&edid=A60952DA-299F-820E-67E8-C4650D264DE5&page=1&sortorder=asc HTTP/1.1" 200 73175
148.251.92.39 - - [13/Apr/2020:06:35:02 +0200] "GET /ticket2/opencms/dk/buy/?page=1&edid=2A86A7D6-B39C-C93D-F18C-2F9B417D9CA2&sortorder=asc&column=price HTTP/1.1" 200 71693
5.9.70.72 - - [13/Apr/2020:06:35:07 +0200] "GET /ticket2/opencms/fi/buy/?page=1&edid=AA12CDE5-3092-9A32-2B0B-96B83608047C&sortorder=asc&column=row HTTP/1.1" 200 73241
173.208.157.186 - - [13/Apr/2020:06:35:07 +0200] "GET /ticket2/opencms/dk/buy/?page=1&edid=F8D2FCD9-F8B1-6F20-A4A7-009D6D5FC21C&sortorder=asc&column=section HTTP/1.1" 200 71405
67.225.220.120 - - [13/Apr/2020:06:35:09 +0200] "GET /ticket2/opencms/en/buy/?page=1&edid=54BF7B38-1191-4855-07DB-8DE87C08BACB HTTP/1.1" 200 71135
204.12.226.26 - - [13/Apr/2020:06:35:10 +0200] "GET /ticket2/opencms/fi/buy/?page=1&edid=E8031708-E41C-1608-FAE1-137C89B30DDC&sortorder=desc&column=section HTTP/1.1" 200 72519
5.9.140.242 - - [13/Apr/2020:06:35:12 +0200] "GET /ticket2/opencms/dk/buy/?page=1&edid=340A227B-027A-687B-A527-5DFEEC2E27A4&sortorder=desc&column=price HTTP/1.1" 200 69291
5.9.140.242 - - [13/Apr/2020:06:35:15 +0200] "GET /ticket2/opencms/dk/buy/?page=1&edid=340A227B-027A-687B-A527-5DFEEC2E27A4&sortorder=desc&column=row HTTP/1.1" 200 69291
204.12.226.26 - - [13/Apr/2020:06:35:18 +0200] "GET /ticket2/opencms/fi/buy/?page=1&edid=E8B96A61-AE91-9A43-C22E-F62B2B03FCE0&sortorder=desc&column=price HTTP/1.1" 200 70630
46.229.168.129 - - [13/Apr/2020:06:35:19 +0200] "GET /ticket2/opencms/sv/buy/?column=section&edid=A60952DA-299F-820E-67E8-C4650D264DE5&page=1&sortorder=asc HTTP/1.1" 200 73175
173.208.157.186 - - [13/Apr/2020:06:35:20 +0200] "GET /ticket2/opencms/dk/buy/?page=1&edid=F8D9106C-BA17-B476-4E1C-EC0D77A93AAE&sortorder=asc&column=price HTTP/1.1" 200 72062
192.99.37.116 - - [13/Apr/2020:06:35:21 +0200] "GET /ticket2/opencms/fi/buy/?page=1&edid=90D981BB-838C-A98E-BE95-FFB7366C7BD0&sortorder=desc&column=row HTTP/1.1" 200 70644
66.249.79.89 - - [13/Apr/2020:06:35:22 +0200] "GET /ticket2/opencms/no/sport/fotballsbilletter/ HTTP/1.1" 200 69489
5.9.70.72 - - [13/Apr/2020:06:35:22 +0200] "GET /ticket2/opencms/fi/buy/?page=1&edid=AA12CDE5-3092-9A32-2B0B-96B83608047C&sortorder=asc&column=section HTTP/1.1" 200 73241
46.229.168.154 - - [13/Apr/2020:06:35:23 +0200] "GET /ticket2/opencms/sv/sell/?edid=B153A555-66C9-5299-4C66-C692523C0F97 HTTP/1.1" 302 -
192.99.4.168 - - [13/Apr/2020:06:35:24 +0200] "GET /ticket2/opencms/en/buy/?page=1&edid=EB0CA141-CCC6-93C0-7C20-669914FE332B&sortorder=asc&column=row HTTP/1.1" 200 69252
46.229.168.154 - - [13/Apr/2020:06:35:25 +0200] "GET /ticket2/opencms/nl/buy/?catid=2CCC191C-F37F-B9CA-D41C-1204E575B328&comcatid=97ECA65A-72DA-F9AF-9DBB-245D3CFED1BE&page=6 HTTP/1.1" 200 69287
114.119.164.41 - - [13/Apr/2020:06:35:26 +0200] "GET /ticket2/opencms/ru/buy/?page=1&edid=1C8120DD-47D6-1EED-A45B-D7BF1573D158 HTTP/1.1" 200 70174
46.229.168.145 - - [13/Apr/2020:06:35:33 +0200] "GET /ticket2/opencms/sv/buy/?column=row&edid=DED8B8D3-5A2A-3FF7-3F3B-8C7FAC67E2E1&page=1&sortorder=asc HTTP/1.1" 200 70923
46.229.168.135 - - [13/Apr/2020:06:35:40 +0200] "GET /ticket2/opencms/dk/buy/?column=row&edid=D46F6BE8-BC8A-8DDC-1025-98720CF7125C&page=1&sortorder=asc HTTP/1.1" 200 69322
173.208.157.186 - - [13/Apr/2020:06:35:45 +0200] "GET /ticket2/opencms/dk/buy/?page=1&edid=F8D9106C-BA17-B476-4E1C-EC0D77A93AAE&sortorder=asc&column=row HTTP/1.1" 200 72062
46.229.168.130 - - [13/Apr/2020:06:35:45 +0200] "GET /ticket2/opencms/dk/buy/?column=price&edid=10AAD649-5E5E-EE36-2E17-DDA964C1719C&page=1&sortorder=desc HTTP/1.1" 200 70731
46.229.168.152 - - [13/Apr/2020:06:35:46 +0200] "GET /ticket2/opencms/en/buy/?column=row&edid=4F2CF2F7-766D-C068-1DF7-D79FFA6A3FFF&page=1&sortorder=asc HTTP/1.1" 200 71632
5.9.70.72 - - [13/Apr/2020:06:35:46 +0200] "GET /ticket2/opencms/fi/buy/?page=1&edid=AA12CDE5-3092-9A32-2B0B-96B83608047C&sortorder=desc&column=price HTTP/1.1" 200 73240
204.12.226.26 - - [13/Apr/2020:06:35:49 +0200] "GET /ticket2/opencms/fi/buy/?page=1&edid=E8B96A61-AE91-9A43-C22E-F62B2B03FCE0&sortorder=desc&column=row HTTP/1.1" 200 70630
5.9.140.242 - - [13/Apr/2020:06:35:51 +0200] "GET /ticket2/opencms/dk/buy/?page=1&edid=340A227B-027A-687B-A527-5DFEEC2E27A4&sortorder=desc&column=section HTTP/1.1" 200 69291
148.251.92.39 - - [13/Apr/2020:06:35:53 +0200] "GET /ticket2/opencms/dk/buy/?page=1&edid=2A86A7D6-B39C-C93D-F18C-2F9B417D9CA2&sortorder=asc&column=row HTTP/1.1" 200 71693
204.12.226.26 - - [13/Apr/2020:06:35:55 +0200] "GET /ticket2/opencms/fi/buy/?page=1&edid=E9273ADB-397B-8C66-EF24-3A92BD3295EC HTTP/1.1" 200 73200
46.229.168.133 - - [13/Apr/2020:06:35:57 +0200] "GET /ticket2/opencms/nl/buy/?edid=17687D32-5E2D-8573-6D52-BE9A2F51FA8D&page=1 HTTP/1.1" 200 68263
5.9.70.72 - - [13/Apr/2020:06:35:59 +0200] "GET /ticket2/opencms/fi/buy/?page=1&edid=AA12CDE5-3092-9A32-2B0B-96B83608047C&sortorder=desc&column=row HTTP/1.1" 200 73240
173.208.157.186 - - [13/Apr/2020:06:36:00 +0200] "GET /ticket2/opencms/dk/buy/?page=1&edid=F8D9106C-BA17-B476-4E1C-EC0D77A93AAE&sortorder=asc&column=section HTTP/1.1" 200 72062
192.99.4.168 - - [13/Apr/2020:06:36:02 +0200] "GET /ticket2/opencms/en/buy/?page=1&edid=EBF65105-8705-5548-45E5-1C731A311B76&sortorder=asc&column=price HTTP/1.1" 200 71349
46.229.168.153 - - [13/Apr/2020:06:36:02 +0200] "GET /ticket2/opencms/sv/buy/?column=section&edid=926BFD29-18E3-952E-0BD4-BEAEB20DA20D&page=1&sortorder=asc HTTP/1.1" 200 72699
192.99.15.199 - - [13/Apr/2020:06:36:09 +0200] "GET /ticket2/opencms/sv/buy/?page=1&edid=2946B44C-614C-B458-AD25-19BAB8520213&sortorder=asc&column=section HTTP/1.1" 200 70832
46.229.168.161 - - [13/Apr/2020:06:36:09 +0200] "GET /ticket2/opencms/nl/sport/voetbal-tickets/la_liga/osasuna/ HTTP/1.1" 200 65641
192.99.37.116 - - [13/Apr/2020:06:36:10 +0200] "GET /ticket2/opencms/fi/buy/?page=1&edid=93EAB1FB-E361-1C6A-65E8-48D7E58E8464&sortorder=asc&column=price HTTP/1.1" 200 70632
46.229.168.137 - - [13/Apr/2020:06:36:11 +0200] "GET /ticket2/opencms/sv/buy/?column=price&edid=32761879-506B-0718-462F-1A1F8B946759&page=1&sortorder=asc HTTP/1.1" 200 71861
46.229.168.130 - - [13/Apr/2020:06:36:13 +0200] "GET /ticket2/opencms/sv/buy/?column=section&edid=D75E23E2-3BF9-8794-031B-AF07751CB0C8&page=1&sortorder=asc HTTP/1.1" 200 72690
46.229.168.142 - - [13/Apr/2020:06:36:15 +0200] "GET /ticket2/opencms/fi/venue/?venueid=31613234-3A5A-9089-C471-3CB6857351EF HTTP/1.1" 200 66510
46.229.168.129 - - [13/Apr/2020:06:36:15 +0200] "GET /ticket2/opencms/en/buy/?column=section&edid=69ECA637-B1BC-8843-E3B6-6D2C7F410569&page=1&sortorder=desc HTTP/1.1" 200 71816
148.251.92.39 - - [13/Apr/2020:06:36:23 +0200] "GET /ticket2/opencms/dk/buy/?page=1&edid=2A86A7D6-B39C-C93D-F18C-2F9B417D9CA2&sortorder=asc&column=row HTTP/1.1" 200 71693
5.9.70.72 - - [13/Apr/2020:06:36:24 +0200] "GET /ticket2/opencms/fi/buy/?page=1&edid=AA12CDE5-3092-9A32-2B0B-96B83608047C&sortorder=desc&column=section HTTP/1.1" 200 73240
173.208.157.186 - - [13/Apr/2020:06:36:24 +0200] "GET /ticket2/opencms/dk/buy/?page=1&edid=F8EC1E27-5FC0-2FC2-B1D4-59233AB1F01F&sortorder=desc&column=section HTTP/1.1" 200 71184
46.229.168.153 - - [13/Apr/2020:06:36:24 +0200] "GET /ticket2/opencms/no/buy/?column=row&edid=6391B8D2-4805-E3DF-858D-572DEDE95203&page=1&sortorder=asc HTTP/1.1" 200 72189
204.12.226.26 - - [13/Apr/2020:06:36:27 +0200] "GET /ticket2/opencms/fi/buy/?page=1&edid=E9273ADB-397B-8C66-EF24-3A92BD3295EC&sortorder=asc&column=price HTTP/1.1" 200 73236
67.225.220.120 - - [13/Apr/2020:06:36:30 +0200] "GET /ticket2/opencms/en/buy/?page=1&edid=9EA63819-F5C6-0A09-AF16-0D985EE0DC58 HTTP/1.1" 200 70856
204.12.226.26 - - [13/Apr/2020:06:36:36 +0200] "GET /ticket2/opencms/fi/buy/?page=1&edid=E9273ADB-397B-8C66-EF24-3A92BD3295EC&sortorder=asc&column=row HTTP/1.1" 200 73236
46.229.168.136 - - [13/Apr/2020:06:36:36 +0200] "GET /ticket2/opencms/sv/buy/?column=section&edid=2385A97C-ADBC-714E-058F-F9D1A81366A6&page=1&sortorder=asc HTTP/1.1" 200 69463
148.251.92.39 - - [13/Apr/2020:06:36:37 +0200] "GET /ticket2/opencms/dk/buy/?page=1&edid=2AF69BD4-F184-D39C-9003-BFC19DC4F8FB HTTP/1.1" 200 69304
173.208.157.186 - - [13/Apr/2020:06:36:38 +0200] "GET /ticket2/opencms/dk/buy/?page=1&edid=F971B504-A38E-CC54-3E94-36FD288179DE&sortorder=desc&column=price HTTP/1.1" 200 69314
5.9.70.72 - - [13/Apr/2020:06:36:40 +0200] "GET /ticket2/opencms/fi/buy/?page=1&edid=AA5AE919-4BFF-B48F-3D5F-56D1DBCA6D67&sortorder=asc&column=price HTTP/1.1" 200 73668
192.99.4.168 - - [13/Apr/2020:06:36:43 +0200] "GET /ticket2/opencms/en/buy/?page=1&edid=EBF65105-8705-5548-45E5-1C731A311B76&sortorder=asc&column=row HTTP/1.1" 200 71349
46.229.168.138 - - [13/Apr/2020:06:36:47 +0200] "GET /ticket2/opencms/nl/buy/?column=section&edid=2AF69BD4-F184-D39C-9003-BFC19DC4F8FB&page=1&sortorder=asc HTTP/1.1" 200 68348
46.229.168.141 - - [13/Apr/2020:06:36:48 +0200] "GET /ticket2/opencms/sv/buy/?column=price&edid=B9927E9D-FCD6-90B0-3423-28EF9B3256EA&page=1&sortorder=desc HTTP/1.1" 200 70895
46.229.168.161 - - [13/Apr/2020:06:36:48 +0200] "GET /ticket2/opencms/en/sell/?edid=EBA49F8A-33E9-0C95-472B-EF6292B7073A HTTP/1.1" 302 -
111.202.100.85 - - [13/Apr/2020:06:36:49 +0200] "GET /ticket2/opencms/dk/ HTTP/1.1" 200 71866
192.99.37.116 - - [13/Apr/2020:06:36:53 +0200] "GET /ticket2/opencms/fi/buy/?page=1&edid=93EAB1FB-E361-1C6A-65E8-48D7E58E8464&sortorder=asc&column=row HTTP/1.1" 200 70632
46.229.168.162 - - [13/Apr/2020:06:36:54 +0200] "GET /ticket2/opencms/nl/buy/?column=section&edid=F8CEFED8-55CC-BDC2-2EEB-63D21BCDE844&page=1&sortorder=asc HTTP/1.1" 200 68305
148.251.92.39 - - [13/Apr/2020:06:37:00 +0200] "GET /ticket2/opencms/dk/buy/?page=1&edid=2AF69BD4-F184-D39C-9003-BFC19DC4F8FB&sortorder=desc&column=section HTTP/1.1" 200 69339
114.119.163.173 - - [13/Apr/2020:06:37:01 +0200] "GET /ticket2/opencms/sv/buy/?page=1&edid=0154E95E-0A44-1BF2-0329-4E27FA15E52D&sortorder=desc&column=price HTTP/1.1" 200 69495
173.208.157.186 - - [13/Apr/2020:06:37:01 +0200] "GET /ticket2/opencms/dk/buy/?page=1&edid=F971B504-A38E-CC54-3E94-36FD288179DE&sortorder=desc&column=row HTTP/1.1" 200 69314
5.9.70.72 - - [13/Apr/2020:06:37:02 +0200] "GET /ticket2/opencms/fi/buy/?page=1&edid=AA5AE919-4BFF-B48F-3D5F-56D1DBCA6D67&sortorder=asc&column=row HTTP/1.1" 200 73668
204.12.226.26 - - [13/Apr/2020:06:37:05 +0200] "GET /ticket2/opencms/fi/buy/?page=1&edid=E9273ADB-397B-8C66-EF24-3A92BD3295EC&sortorder=asc&column=section HTTP/1.1" 200 73236
46.229.168.137 - - [13/Apr/2020:06:37:08 +0200] "GET /ticket2/opencms/fi/buy/?column=section&edid=679592A4-F209-DF56-5774-383426253C85&page=1&sortorder=desc HTTP/1.1" 200 72036
67.225.220.120 - - [13/Apr/2020:06:37:13 +0200] "GET /ticket2/opencms/en/buy/?page=1&edid=B7653BD0-33A8-8039-42B6-78FA5A3DEC82 HTTP/1.1" 200 71536
67.225.220.120 - - [13/Apr/2020:06:37:14 +0200] "GET /ticket2/opencms/en/buy/?page=1&edid=34082AC9-0CEA-1E79-FF52-C5B17CA5C8C5 HTTP/1.1" 200 69240
148.251.92.39 - - [13/Apr/2020:06:37:14 +0200] "GET /ticket2/opencms/dk/buy/?page=1&edid=2B0158DD-C9AE-5B4F-1162-68A0BF601349&sortorder=desc&column=row HTTP/1.1" 200 71216
204.12.226.26 - - [13/Apr/2020:06:37:14 +0200] "GET /ticket2/opencms/fi/buy/?page=1&edid=E9273ADB-397B-8C66-EF24-3A92BD3295EC&sortorder=desc&column=price HTTP/1.1" 200 73235
173.208.157.186 - - [13/Apr/2020:06:37:16 +0200] "GET /ticket2/opencms/dk/buy/?page=1&edid=F971B504-A38E-CC54-3E94-36FD288179DE&sortorder=desc&column=section HTTP/1.1" 200 69314
5.9.70.72 - - [13/Apr/2020:06:37:18 +0200] "GET /ticket2/opencms/fi/buy/?page=1&edid=AA5AE919-4BFF-B48F-3D5F-56D1DBCA6D67&sortorder=asc&column=section HTTP/1.1" 200 73668
192.99.4.168 - - [13/Apr/2020:06:37:21 +0200] "GET /ticket2/opencms/en/buy/?page=1&edid=EBF65105-8705-5548-45E5-1C731A311B76&sortorder=asc&column=section HTTP/1.1" 200 71349
54.36.148.76 - - [13/Apr/2020:06:37:23 +0200] "GET /ticket2/opencms/sv/search.html?searchQuery=backstreet&submit= HTTP/1.1" 200 85378
114.119.165.145 - - [13/Apr/2020:06:37:24 +0200] "GET /ticket2/opencms/ru/sport/football/serie_a/milan/ HTTP/1.1" 200 72262
46.229.168.139 - - [13/Apr/2020:06:37:26 +0200] "GET /ticket2/opencms/fi/buy/?edid=2780A5A8-28E9-C64D-652F-2BFB7602C631&page=1 HTTP/1.1" 200 73773
192.99.15.199 - - [13/Apr/2020:06:37:29 +0200] "GET /ticket2/opencms/sv/buy/?page=1&edid=5BED4F96-461F-3406-5552-6C548F77CB08&sortorder=asc&column=price HTTP/1.1" 200 71371
46.229.168.129 - - [13/Apr/2020:06:37:30 +0200] "GET /ticket2/opencms/no/buy/?column=price&edid=DFB21AD2-22B9-A8A1-EDBE-5EC907D1F2F8&page=1&sortorder=desc HTTP/1.1" 200 72196
46.229.168.130 - - [13/Apr/2020:06:37:30 +0200] "GET /ticket2/opencms/fi/buy/?column=row&edid=8AD96918-4845-F025-BEBF-8271DEECF8F7&page=1&sortorder=asc HTTP/1.1" 200 72051
173.208.157.186 - - [13/Apr/2020:06:37:36 +0200] "GET /ticket2/opencms/dk/buy/?page=1&edid=F98A7298-B6AE-74CA-1979-60ECE40631DA&sortorder=desc&column=price HTTP/1.1" 200 69337
192.99.37.116 - - [13/Apr/2020:06:37:39 +0200] "GET /ticket2/opencms/fi/buy/?page=1&edid=93EAB1FB-E361-1C6A-65E8-48D7E58E8464&sortorder=asc&column=section HTTP/1.1" 200 70632
148.251.92.39 - - [13/Apr/2020:06:37:39 +0200] "GET /ticket2/opencms/dk/buy/?page=1&edid=4F679D59-A856-14F0-ECEF-29CBD5EE9427&sortorder=desc&column=row HTTP/1.1" 200 70729
5.9.70.72 - - [13/Apr/2020:06:37:40 +0200] "GET /ticket2/opencms/fi/buy/?page=1&edid=AA5AE919-4BFF-B48F-3D5F-56D1DBCA6D67&sortorder=desc&column=price HTTP/1.1" 200 73667
204.12.226.26 - - [13/Apr/2020:06:37:44 +0200] "GET /ticket2/opencms/fi/buy/?page=1&edid=E9273ADB-397B-8C66-EF24-3A92BD3295EC&sortorder=desc&column=row HTTP/1.1" 200 73235
46.229.168.132 - - [13/Apr/2020:06:37:48 +0200] "GET /ticket2/opencms/fi/buy/?column=row&edid=BB4C4701-5F64-E3A2-F13D-D4E118758858&page=1&sortorder=desc HTTP/1.1" 200 72497
114.119.167.188 - - [13/Apr/2020:06:37:49 +0200] "GET /ticket2/opencms/no/buy/?page=1&edid=F78DC12D-B45B-D285-8414-628B02B61CCF&sortorder=desc&column=row HTTP/1.1" 200 72538
46.229.168.130 - - [13/Apr/2020:06:37:51 +0200] "GET /ticket2/opencms/sv/buy/?column=section&edid=473A152A-D827-6DC6-AC96-593CF20EBAEA&page=1&sortorder=desc HTTP/1.1" 200 71382
204.12.226.26 - - [13/Apr/2020:06:37:51 +0200] "GET /ticket2/opencms/fi/buy/?page=1&edid=E9273ADB-397B-8C66-EF24-3A92BD3295EC&sortorder=desc&column=section HTTP/1.1" 200 73235
148.251.92.39 - - [13/Apr/2020:06:37:54 +0200] "GET /ticket2/opencms/dk/buy/?page=1&edid=4F679D59-A856-14F0-ECEF-29CBD5EE9427&sortorder=desc&column=section HTTP/1.1" 200 70729
46.229.168.135 - - [13/Apr/2020:06:37:55 +0200] "GET /ticket2/opencms/sv/buy/?edid=F3EAB77E-5223-86F1-9947-9F306D6E6D43&page=1 HTTP/1.1" 200 69446
5.9.70.72 - - [13/Apr/2020:06:37:56 +0200] "GET /ticket2/opencms/fi/buy/?page=1&edid=AA5AE919-4BFF-B48F-3D5F-56D1DBCA6D67&sortorder=desc&column=row HTTP/1.1" 200 73667
148.251.92.39 - - [13/Apr/2020:06:37:57 +0200] "GET /ticket2/opencms/set_aff_cookie.jsp?partner=6F250EA7-4505-FA01-D601-8847F2573405&url=/sv/buy/index.html%253Fpage=1%2526edid=9108A0D1-4492-5675-1415-44028FC5FB8E%2526hlv=5d10cc32-79bc-44d3-ac6e-6b8b0a010004%2523v_10208300 HTTP/1.1" 200 232
173.208.157.186 - - [13/Apr/2020:06:37:59 +0200] "GET /ticket2/opencms/dk/buy/?page=1&edid=F98A7298-B6AE-74CA-1979-60ECE40631DA&sortorder=desc&column=row HTTP/1.1" 200 69337
148.251.92.39 - - [13/Apr/2020:06:38:01 +0200] "GET /ticket2/opencms/set_aff_cookie.jsp?partner=6F250EA7-4505-FA01-D601-8847F2573405&url=/sv/buy/index.html%253Fpage=1%2526edid=C601E922-6CF2-8C03-3687-E9E1DBD1FC31%2526hlv=5d3abab1-6b70-4688-ba16-43760a010004%2523v1261358072 HTTP/1.1" 200 233
148.251.92.39 - - [13/Apr/2020:06:38:08 +0200] "GET /ticket2/opencms/set_aff_cookie.jsp?partner=6F250EA7-4505-FA01-D601-8847F2573405&url=/sv/buy/index.html%253Fpage=1%2526edid=E06EFED9-CC5A-5F98-262D-6C2F7A4149DA%2526hlv=5d10cc85-caa8-4759-9394-6bc00a010004%2523v979981303 HTTP/1.1" 200 232
192.99.15.199 - - [13/Apr/2020:06:38:09 +0200] "GET /ticket2/opencms/sv/buy/?page=1&edid=5BED4F96-461F-3406-5552-6C548F77CB08&sortorder=asc&column=row HTTP/1.1" 200 71371
46.229.168.145 - - [13/Apr/2020:06:38:10 +0200] "GET /ticket2/opencms/en/login/?url=%25252Fen%25252Fsell%25252F HTTP/1.1" 200 67300
173.208.157.186 - - [13/Apr/2020:06:38:14 +0200] "GET /ticket2/opencms/dk/buy/?page=1&edid=F98A7298-B6AE-74CA-1979-60ECE40631DA&sortorder=desc&column=section HTTP/1.1" 200 69337
46.229.168.142 - - [13/Apr/2020:06:38:15 +0200] "GET /ticket2/opencms/dk/buy/?column=row&edid=D406C15E-C6B4-BA5E-C2BF-5F1A779243E9&page=1&sortorder=asc HTTP/1.1" 200 69335
192.99.4.168 - - [13/Apr/2020:06:38:18 +0200] "GET /ticket2/opencms/en/buy/?page=1&edid=EBF65105-8705-5548-45E5-1C731A311B76&sortorder=desc&column=price HTTP/1.1" 200 71348
5.9.70.72 - - [13/Apr/2020:06:38:18 +0200] "GET /ticket2/opencms/fi/buy/?page=1&edid=AA5AE919-4BFF-B48F-3D5F-56D1DBCA6D67&sortorder=desc&column=section HTTP/1.1" 200 73667
192.99.37.116 - - [13/Apr/2020:06:38:18 +0200] "GET /ticket2/opencms/fi/buy/?page=1&edid=93EAB1FB-E361-1C6A-65E8-48D7E58E8464&sortorder=desc&column=price HTTP/1.1" 200 70631
204.12.226.26 - - [13/Apr/2020:06:38:22 +0200] "GET /ticket2/opencms/fi/buy/?page=1&edid=E99B3C54-F700-0126-628E-FF8EE40F5DE2&sortorder=desc&column=row HTTP/1.1" 200 70637
46.229.168.139 - - [13/Apr/2020:06:38:23 +0200] "GET /ticket2/opencms/dk/buy/?column=price&edid=D2F9046D-F61D-A0A1-F5E5-D5A3394BD6FD&page=1&sortorder=desc HTTP/1.1" 200 69303
46.229.168.136 - - [13/Apr/2020:06:38:28 +0200] "GET /ticket2/opencms/no/buy/?column=section&edid=BD31577E-89AE-21C8-EC43-EC092DF762EE&page=1&sortorder=desc HTTP/1.1" 200 72172
46.229.168.144 - - [13/Apr/2020:06:38:29 +0200] "GET /ticket2/opencms/dk/buy/?column=row&edid=A2FF267A-5FC6-AA5D-3446-6D9BF83F1742&page=1&sortorder=desc HTTP/1.1" 200 71422
204.12.226.26 - - [13/Apr/2020:06:38:30 +0200] "GET /ticket2/opencms/fi/buy/?page=1&edid=E99B3C54-F700-0126-628E-FF8EE40F5DE2&sortorder=desc&column=section HTTP/1.1" 200 70637
67.225.220.120 - - [13/Apr/2020:06:38:33 +0200] "GET /ticket2/opencms/en/buy/?page=1&edid=8AE5D156-FC63-438F-34F8-237E20433F6C HTTP/1.1" 200 69235
46.229.168.132 - - [13/Apr/2020:06:38:34 +0200] "GET /ticket2/opencms/dk/buy/?edid=BB1EC027-667A-D516-1408-190AC626767E&page=1 HTTP/1.1" 200 71155
67.225.220.120 - - [13/Apr/2020:06:38:34 +0200] "GET /ticket2/opencms/sv/buy/?page=1&edid=BD7F7FC5-0DF5-7ACB-57B0-E3B92454A7B0 HTTP/1.1" 200 71545
5.9.70.72 - - [13/Apr/2020:06:38:35 +0200] "GET /ticket2/opencms/fi/buy/?page=1&edid=AA8ACCF2-6F11-0649-AAE7-BD2964B0B78F&sortorder=asc&column=price HTTP/1.1" 200 72718
46.229.168.152 - - [13/Apr/2020:06:38:35 +0200] "GET /ticket2/opencms/sv/buy/?column=row&edid=9FB7859D-DDE8-10E7-3804-37A1874573F9&page=1&sortorder=desc HTTP/1.1" 200 70923
173.208.157.186 - - [13/Apr/2020:06:38:36 +0200] "GET /ticket2/opencms/dk/buy/?page=1&edid=F9B4485F-57C3-0B03-3CB2-E38D7FA6CDBB&sortorder=asc&column=price HTTP/1.1" 200 70975
46.229.168.136 - - [13/Apr/2020:06:38:42 +0200] "GET /ticket2/opencms/en/buy/?column=section&edid=DAF9DCA9-A17E-0CF8-4492-868DD9E14908&page=1&sortorder=asc HTTP/1.1" 200 72419
192.99.4.168 - - [13/Apr/2020:06:38:48 +0200] "GET /ticket2/opencms/en/buy/?page=1&edid=EBF65105-8705-5548-45E5-1C731A311B76&sortorder=desc&column=row HTTP/1.1" 200 71348
46.229.168.135 - - [13/Apr/2020:06:38:50 +0200] "GET /ticket2/opencms/fi/buy/?column=price&edid=8BA86FA9-C734-4E24-6C8F-AD29372A2A6B&page=1&sortorder=desc HTTP/1.1" 200 73018
173.208.157.186 - - [13/Apr/2020:06:38:52 +0200] "GET /ticket2/opencms/dk/buy/?page=1&edid=F9B4485F-57C3-0B03-3CB2-E38D7FA6CDBB&sortorder=asc&column=row HTTP/1.1" 200 70975
46.229.168.161 - - [13/Apr/2020:06:38:54 +0200] "GET /ticket2/opencms/fi/buy/?column=price&edid=4DA8BB7E-7B6D-2F44-7E06-8B92C40FFE63&page=1&sortorder=desc HTTP/1.1" 200 70634
5.9.70.72 - - [13/Apr/2020:06:38:57 +0200] "GET /ticket2/opencms/fi/buy/?page=1&edid=AA8ACCF2-6F11-0649-AAE7-BD2964B0B78F&sortorder=asc&column=row HTTP/1.1" 200 72718
192.99.37.116 - - [13/Apr/2020:06:39:00 +0200] "GET /ticket2/opencms/fi/buy/?page=1&edid=93EAB1FB-E361-1C6A-65E8-48D7E58E8464&sortorder=desc&column=row HTTP/1.1" 200 70631
204.12.226.26 - - [13/Apr/2020:06:39:01 +0200] "GET /ticket2/opencms/fi/buy/?page=1&edid=EBA49F8A-33E9-0C95-472B-EF6292B7073A&sortorder=desc&column=price HTTP/1.1" 200 72521
46.229.168.132 - - [13/Apr/2020:06:39:02 +0200] "GET /ticket2/opencms/no/buy/?column=section&edid=B4C738A5-76B3-7898-6428-65EDFE327DB4&page=1&sortorder=asc HTTP/1.1" 200 69824
46.229.168.154 - - [13/Apr/2020:06:39:02 +0200] "GET /ticket2/opencms/no/buy/?edid=EAF5F943-A31A-E92D-61B3-6DC580C2EEDC&page=1 HTTP/1.1" 200 71840
54.36.150.124 - - [13/Apr/2020:06:39:06 +0200] "GET /ticket2/opencms/en/venue/?venueid=A5A743EB-AD74-4583-AFF2-141D1363F7B4 HTTP/1.1" 200 65213
46.229.168.136 - - [13/Apr/2020:06:39:08 +0200] "GET /ticket2/opencms/sv/buy/?edid=8C6C738E-963E-E4C2-A89C-7AE088866860&page=1 HTTP/1.1" 200 69446
204.12.226.26 - - [13/Apr/2020:06:39:08 +0200] "GET /ticket2/opencms/fi/buy/?page=1&edid=EBA49F8A-33E9-0C95-472B-EF6292B7073A&sortorder=desc&column=row HTTP/1.1" 200 72521
173.208.157.186 - - [13/Apr/2020:06:39:12 +0200] "GET /ticket2/opencms/dk/buy/?page=1&edid=F9B4485F-57C3-0B03-3CB2-E38D7FA6CDBB&sortorder=asc&column=section HTTP/1.1" 200 70975
114.119.165.146 - - [13/Apr/2020:06:39:12 +0200] "GET /ticket2/opencms/sv/sport/fotbollsbiljetter/uefa-champions-league/psg/ HTTP/1.1" 200 67055
5.9.70.72 - - [13/Apr/2020:06:39:13 +0200] "GET /ticket2/opencms/fi/buy/?page=1&edid=AA8ACCF2-6F11-0649-AAE7-BD2964B0B78F&sortorder=asc&column=section HTTP/1.1" 200 72718
192.99.15.199 - - [13/Apr/2020:06:39:18 +0200] "GET /ticket2/opencms/sv/buy/?page=1&edid=5BED4F96-461F-3406-5552-6C548F77CB08&sortorder=asc&column=section HTTP/1.1" 200 71371
46.229.168.146 - - [13/Apr/2020:06:39:20 +0200] "GET /ticket2/opencms/sv/buy/?column=row&edid=11A49E69-EBA2-59C6-D214-0F928A95A29D&page=1&sortorder=asc HTTP/1.1" 200 69500
66.249.79.199 - - [13/Apr/2020:06:39:31 +0200] "GET /ticket2/opencms/sv/sport/fotbollsbiljetter/bundesliga/hertha/ HTTP/1.1" 200 68023
46.229.168.133 - - [13/Apr/2020:06:39:32 +0200] "GET /ticket2/opencms/no/buy/?column=price&edid=630F66AA-2555-9F07-EE99-2EFC18D9329C&page=1&sortorder=asc HTTP/1.1" 200 69845
46.229.168.138 - - [13/Apr/2020:06:39:33 +0200] "GET /ticket2/opencms/sv/buy/?column=row&edid=CD01A5E9-1E8D-C278-2136-399AFFBDB676&page=1&sortorder=desc HTTP/1.1" 200 71567
173.208.157.186 - - [13/Apr/2020:06:39:36 +0200] "GET /ticket2/opencms/dk/buy/?page=1&edid=F9C28169-9DB0-FD34-41D7-E143F8F4A5B7&sortorder=asc&column=section HTTP/1.1" 200 70729
5.9.70.72 - - [13/Apr/2020:06:39:36 +0200] "GET /ticket2/opencms/fi/buy/?page=1&edid=AA8ACCF2-6F11-0649-AAE7-BD2964B0B78F&sortorder=desc&column=price HTTP/1.1" 200 72717
204.12.226.26 - - [13/Apr/2020:06:39:40 +0200] "GET /ticket2/opencms/fi/buy/?page=1&edid=EBA49F8A-33E9-0C95-472B-EF6292B7073A&sortorder=desc&column=section HTTP/1.1" 200 72521
192.99.4.168 - - [13/Apr/2020:06:39:42 +0200] "GET /ticket2/opencms/en/buy/?page=1&edid=EBF65105-8705-5548-45E5-1C731A311B76&sortorder=desc&column=section HTTP/1.1" 200 71348
46.229.168.133 - - [13/Apr/2020:06:39:42 +0200] "GET /ticket2/opencms/fi/buy/?column=row&edid=F3C916A5-266C-CF5A-524D-FDD95A915D8E&page=1&sortorder=desc HTTP/1.1" 200 72726
173.208.157.186 - - [13/Apr/2020:06:39:49 +0200] "GET /ticket2/opencms/dk/buy/?page=1&edid=F9C28169-9DB0-FD34-41D7-E143F8F4A5B7&sortorder=desc&column=row HTTP/1.1" 200 70728
111.202.100.85 - - [13/Apr/2020:06:39:51 +0200] "GET /ticket2/opencms/dk/ HTTP/1.1" 200 71866
5.9.70.72 - - [13/Apr/2020:06:39:51 +0200] "GET /ticket2/opencms/fi/buy/?page=1&edid=AA8ACCF2-6F11-0649-AAE7-BD2964B0B78F&sortorder=desc&column=row HTTP/1.1" 200 72717
46.229.168.144 - - [13/Apr/2020:06:39:55 +0200] "GET /ticket2/opencms/no/buy/?column=price&edid=9A519B52-57C0-3D7D-0745-09A3763A01B1&page=1&sortorder=desc HTTP/1.1" 200 71900
67.225.220.120 - - [13/Apr/2020:06:39:55 +0200] "GET /ticket2/opencms/sv/buy/?page=1&edid=511DBE77-4302-11AC-20DF-EC763D451874 HTTP/1.1" 200 71310
216.245.221.82 - - [13/Apr/2020:06:40:01 +0200] "HEAD /ticket2/opencms/ HTTP/1.1" 302 -
192.99.37.116 - - [13/Apr/2020:06:40:02 +0200] "GET /ticket2/opencms/fi/buy/?page=1&edid=93EAB1FB-E361-1C6A-65E8-48D7E58E8464&sortorder=desc&column=section HTTP/1.1" 200 70631
46.229.168.148 - - [13/Apr/2020:06:40:08 +0200] "GET /ticket2/opencms/no/buy/?column=row&edid=349C9C18-D06B-7CE1-8F47-14D14C70337A&page=1&sortorder=asc HTTP/1.1" 200 71897
46.229.168.148 - - [13/Apr/2020:06:40:09 +0200] "GET /ticket2/opencms/sv/sport/fotbollsbiljetter/la_liga/mallorca/ HTTP/1.1" 200 67039
46.229.168.129 - - [13/Apr/2020:06:40:12 +0200] "GET /ticket2/opencms/no/sport/fotballsbilletter/la_liga/athletic-bilbao/ HTTP/1.1" 200 69753
5.9.70.72 - - [13/Apr/2020:06:40:14 +0200] "GET /ticket2/opencms/fi/buy/?page=1&edid=AA8ACCF2-6F11-0649-AAE7-BD2964B0B78F&sortorder=desc&column=section HTTP/1.1" 200 72717
173.208.157.186 - - [13/Apr/2020:06:40:16 +0200] "GET /ticket2/opencms/dk/buy/?page=1&edid=FBAFC8C9-2F07-B1EF-CF64-939CD8CFFE64&sortorder=asc&column=price HTTP/1.1" 200 72539
173.208.157.186 - - [13/Apr/2020:06:40:28 +0200] "GET /ticket2/opencms/dk/buy/?page=1&edid=FBAFC8C9-2F07-B1EF-CF64-939CD8CFFE64&sortorder=asc&column=row HTTP/1.1" 200 72539
5.9.70.72 - - [13/Apr/2020:06:40:30 +0200] "GET /ticket2/opencms/fi/buy/?page=1&edid=AC9A3740-6B7A-6C85-9B45-2DC7F7AE22AE&sortorder=asc&column=price HTTP/1.1" 200 73662
46.229.168.131 - - [13/Apr/2020:06:40:30 +0200] "GET /ticket2/opencms/sv/buy/?edid=C50D4860-0353-3EE4-7869-CB308E617783&page=1 HTTP/1.1" 200 69468
46.229.168.152 - - [13/Apr/2020:06:40:34 +0200] "GET /ticket2/opencms/en/buy/?edid=B8094046-440E-3BA7-6CDD-31E2BE5BE81A&page=1 HTTP/1.1" 200 69205
46.229.168.148 - - [13/Apr/2020:06:40:35 +0200] "GET /ticket2/opencms/fi/buy/?column=row&edid=AA3BD881-A55F-E51B-DC23-668F218B8E4E&page=1&sortorder=asc HTTP/1.1" 200 70642
192.99.15.199 - - [13/Apr/2020:06:40:41 +0200] "GET /ticket2/opencms/sv/buy/?page=1&edid=5F93E8E8-0A3C-E7C6-799E-7FAC313A5B3D&sortorder=asc&column=price HTTP/1.1" 200 71579
46.229.168.146 - - [13/Apr/2020:06:40:43 +0200] "GET /ticket2/opencms/en/buy/?column=price&edid=D54EDA96-F67D-2426-66BF-D765D5E1AF7A&page=1&sortorder=desc HTTP/1.1" 200 71400
5.9.70.72 - - [13/Apr/2020:06:40:49 +0200] "GET /ticket2/opencms/fi/buy/?page=1&edid=AC9A3740-6B7A-6C85-9B45-2DC7F7AE22AE&sortorder=asc&column=row HTTP/1.1" 200 73662
173.208.157.186 - - [13/Apr/2020:06:40:50 +0200] "GET /ticket2/opencms/dk/buy/?page=1&edid=FCDEE0D5-8A78-E67A-3598-6D8F08248119&sortorder=desc&column=price HTTP/1.1" 200 71394
178.154.200.175 - - [13/Apr/2020:06:40:50 +0200] "GET /ticket2/opencms/robots.txt HTTP/1.1" 200 773
46.229.168.163 - - [13/Apr/2020:06:40:54 +0200] "GET /ticket2/opencms/fi/buy/?column=price&edid=6A6056BA-19AF-AC1A-2F7F-9B4602A4B6A3&page=1&sortorder=asc HTTP/1.1" 200 73843
192.99.37.116 - - [13/Apr/2020:06:40:57 +0200] "GET /ticket2/opencms/fi/buy/?page=1&edid=957914D1-52DE-8F66-FE37-052551257944 HTTP/1.1" 200 72690
46.229.168.161 - - [13/Apr/2020:06:41:07 +0200] "GET /ticket2/opencms/en/buy/?edid=D4257B4D-221F-23FE-F1F6-6C524759B22C&page=1 HTTP/1.1" 200 71137
66.249.79.87 - - [13/Apr/2020:06:41:07 +0200] "GET /ticket2/opencms/en/venue/?venueid=66310A18-45F7-A89D-BD9F-A3196DFA666D HTTP/1.1" 200 65209
67.225.220.120 - - [13/Apr/2020:06:41:09 +0200] "GET /ticket2/opencms/sv/buy/?page=1&edid=0477FD06-96DA-B114-0215-1A5B86788F96 HTTP/1.1" 200 71337
178.154.200.175 - - [13/Apr/2020:06:41:09 +0200] "GET /ticket2/opencms/fi/urheilu/jalkapallo/premier_league/cardiff/ HTTP/1.1" 200 67865
46.229.168.137 - - [13/Apr/2020:06:41:13 +0200] "GET /ticket2/opencms/sv/buy/?column=price&edid=07D063F2-E88B-66B3-2176-A8CD7061F92B&page=1&sortorder=asc HTTP/1.1" 200 69491
46.229.168.149 - - [13/Apr/2020:06:41:13 +0200] "GET /ticket2/opencms/no/buy/?column=row&edid=697D8C0F-8F0F-01B2-F64B-49E5C273E510&page=1&sortorder=asc HTTP/1.1" 200 69863
46.229.168.129 - - [13/Apr/2020:06:41:16 +0200] "GET /ticket2/opencms/no/sport/fotballsbilletter/la_liga/athletic-bilbao/ HTTP/1.1" 200 69753
46.229.168.154 - - [13/Apr/2020:06:41:16 +0200] "GET /ticket2/opencms/en/sell/?edid=C56F217E-670F-9980-499A-7106D9A704AA HTTP/1.1" 302 -
46.229.168.131 - - [13/Apr/2020:06:41:20 +0200] "GET /ticket2/opencms/sv/buy/?column=row&edid=AADB97AA-753F-6683-4365-36CAB9336CCD&page=1&sortorder=asc HTTP/1.1" 200 71397
46.229.168.143 - - [13/Apr/2020:06:41:24 +0200] "GET /ticket2/opencms/sv/buy/?edid=9B9311EB-B4D2-9499-BE79-EAD276FCD2D7&page=1 HTTP/1.1" 200 73783
192.99.4.168 - - [13/Apr/2020:06:41:24 +0200] "GET /ticket2/opencms/en/buy/?page=1&edid=EEBEB1B7-124E-0978-2C17-3654DF15A113&sortorder=asc&column=section HTTP/1.1" 200 70871
54.36.150.83 - - [13/Apr/2020:06:41:27 +0200] "GET /ticket2/opencms/dk/buy/?page=1&edid=9D28F9B9-6904-1ABE-2B7B-B5AAE0BDC058 HTTP/1.1" 200 71886
5.9.140.242 - - [13/Apr/2020:06:41:29 +0200] "GET /ticket2/opencms/dk/buy/?page=1&edid=368F0139-E5B6-B9FE-905C-4DFE48A1AD87&sortorder=asc&column=price HTTP/1.1" 200 69314
54.36.148.215 - - [13/Apr/2020:06:41:29 +0200] "GET /ticket2/opencms/sv/buy/?page=10&eventid=AE8A6CAA-9529-DB54-69E5-B3169B36CD6E&venueid=BBFDFA62-30E5-0CF7-5C31-22BFF847E1A4 HTTP/1.1" 200 69979
173.208.157.186 - - [13/Apr/2020:06:41:29 +0200] "GET /ticket2/opencms/dk/buy/?page=1&edid=FCDEE0D5-8A78-E67A-3598-6D8F08248119&sortorder=desc&column=row HTTP/1.1" 200 71394
46.229.168.140 - - [13/Apr/2020:06:41:33 +0200] "GET /ticket2/opencms/sv/buy/?column=row&edid=2A86C23D-0CE2-C481-2D6B-228BE88993AD&page=1&sortorder=desc HTTP/1.1" 200 72695
46.229.168.133 - - [13/Apr/2020:06:41:33 +0200] "GET /ticket2/opencms/no/sell/?edid=7F5F87A7-7340-08DB-1A5F-4E64E20107F6 HTTP/1.1" 302 -
5.9.70.72 - - [13/Apr/2020:06:41:35 +0200] "GET /ticket2/opencms/fi/buy/?page=1&edid=AC9A3740-6B7A-6C85-9B45-2DC7F7AE22AE&sortorder=desc&column=price HTTP/1.1" 200 73661
192.99.15.199 - - [13/Apr/2020:06:41:46 +0200] "GET /ticket2/opencms/sv/buy/?page=1&edid=5F93E8E8-0A3C-E7C6-799E-7FAC313A5B3D&sortorder=asc&column=section HTTP/1.1" 200 71579
192.99.37.116 - - [13/Apr/2020:06:41:52 +0200] "GET /ticket2/opencms/fi/buy/?page=1&edid=957914D1-52DE-8F66-FE37-052551257944&sortorder=asc&column=price HTTP/1.1" 200 72726
46.229.168.148 - - [13/Apr/2020:06:41:53 +0200] "GET /ticket2/opencms/sv/buy/?column=price&edid=9761E1FD-698D-925B-75F2-8957E68FD205&page=1&sortorder=desc HTTP/1.1" 200 69517
46.229.168.149 - - [13/Apr/2020:06:41:56 +0200] "GET /ticket2/opencms/en/buy/?edid=6DA75030-6EA2-83E3-DB99-AFEEFF38FF71&page=1 HTTP/1.1" 200 71935
114.119.162.44 - - [13/Apr/2020:06:41:59 +0200] "GET /ticket2/opencms/dk/buy/?page=1&edid=E8B96A61-AE91-9A43-C22E-F62B2B03FCE0&sortorder=desc&column=price HTTP/1.1" 200 69308
46.229.168.146 - - [13/Apr/2020:06:42:05 +0200] "GET /ticket2/opencms/en/buy/?edid=3562D43D-6253-86AF-AAE0-01E721D13978&page=1 HTTP/1.1" 200 70587
173.208.157.186 - - [13/Apr/2020:06:42:05 +0200] "GET /ticket2/opencms/dk/buy/?page=1&edid=FD9F7521-FAF6-CC18-E57A-C791478603D9&sortorder=desc&column=price HTTP/1.1" 200 69310
46.229.168.144 - - [13/Apr/2020:06:42:05 +0200] "GET /ticket2/opencms/robots.txt HTTP/1.1" 200 773
5.9.70.72 - - [13/Apr/2020:06:42:07 +0200] "GET /ticket2/opencms/fi/buy/?page=1&edid=AC9A3740-6B7A-6C85-9B45-2DC7F7AE22AE&sortorder=desc&column=row HTTP/1.1" 200 73661
5.9.140.242 - - [13/Apr/2020:06:42:10 +0200] "GET /ticket2/opencms/dk/buy/?page=1&edid=368F0139-E5B6-B9FE-905C-4DFE48A1AD87&sortorder=asc&column=row HTTP/1.1" 200 69314
46.229.168.131 - - [13/Apr/2020:06:42:18 +0200] "GET /ticket2/opencms/en/buy/?column=section&edid=49C08FA0-ED06-3265-70AE-3BEE76F3DD9E&page=1&sortorder=desc HTTP/1.1" 200 70885
46.229.168.143 - - [13/Apr/2020:06:42:18 +0200] "GET /ticket2/opencms/sv/buy/?edid=9B9311EB-B4D2-9499-BE79-EAD276FCD2D7&page=1 HTTP/1.1" 200 73783
5.9.140.242 - - [13/Apr/2020:06:42:24 +0200] "GET /ticket2/opencms/dk/buy/?page=1&edid=368F0139-E5B6-B9FE-905C-4DFE48A1AD87&sortorder=asc&column=section HTTP/1.1" 200 69314
46.229.168.133 - - [13/Apr/2020:06:42:25 +0200] "GET /ticket2/opencms/en/buy/?column=price&edid=3F4AFD31-4260-6587-7E64-79AAEDC36315&page=1&sortorder=asc HTTP/1.1" 200 72438
67.225.220.120 - - [13/Apr/2020:06:42:29 +0200] "GET /ticket2/opencms/sv/buy/?page=1&edid=448E97AD-A675-26E8-5DB2-B1923040DF7D HTTP/1.1" 200 71339
46.229.168.162 - - [13/Apr/2020:06:42:33 +0200] "GET /ticket2/opencms/dk/buy/?edid=5F56230C-1D50-AA08-B627-595D000E7ED7&page=1 HTTP/1.1" 200 71148
192.99.4.168 - - [13/Apr/2020:06:42:38 +0200] "GET /ticket2/opencms/en/buy/?page=1&edid=F071B03B-F4E9-C296-07EB-881227B05682&sortorder=desc&column=section HTTP/1.1" 200 69256
46.229.168.131 - - [13/Apr/2020:06:42:49 +0200] "GET /ticket2/opencms/en/buy/?column=section&edid=49C08FA0-ED06-3265-70AE-3BEE76F3DD9E&page=1&sortorder=desc HTTP/1.1" 200 70885
173.208.157.186 - - [13/Apr/2020:06:42:57 +0200] "GET /ticket2/opencms/dk/buy/?page=1&edid=FD9F7521-FAF6-CC18-E57A-C791478603D9&sortorder=desc&column=section HTTP/1.1" 200 69310
5.9.70.72 - - [13/Apr/2020:06:42:57 +0200] "GET /ticket2/opencms/fi/buy/?page=1&edid=AC9A3740-6B7A-6C85-9B45-2DC7F7AE22AE&sortorder=desc&column=section HTTP/1.1" 200 73661
72.14.199.148 - - [13/Apr/2020:06:43:02 +0200] "GET /ticket2/opencms/sv/sport/fotbollsbiljetter/premier_league/liverpool/arsenal.html HTTP/1.1" 200 69918
192.99.15.199 - - [13/Apr/2020:06:43:04 +0200] "GET /ticket2/opencms/sv/buy/?page=1&edid=71063979-8EC0-A41A-F00E-124A141F7124&sortorder=asc&column=row HTTP/1.1" 200 71369
192.99.37.116 - - [13/Apr/2020:06:43:12 +0200] "GET /ticket2/opencms/fi/buy/?page=1&edid=957914D1-52DE-8F66-FE37-052551257944&sortorder=asc&column=row HTTP/1.1" 200 72726
192.99.4.168 - - [13/Apr/2020:06:43:22 +0200] "GET /ticket2/opencms/en/buy/?page=1&edid=F183060F-6A15-5007-8907-73C9E4E5CC0A&sortorder=asc&column=price HTTP/1.1" 200 69256
46.229.168.136 - - [13/Apr/2020:06:43:27 +0200] "GET /ticket2/opencms/en/buy/?column=price&edid=187FC877-5CE9-BA78-6BE1-0BD7CB2EF64F&page=1&sortorder=asc HTTP/1.1" 200 71969
5.9.140.242 - - [13/Apr/2020:06:43:37 +0200] "GET /ticket2/opencms/dk/buy/?page=1&edid=368F0139-E5B6-B9FE-905C-4DFE48A1AD87&sortorder=desc&column=price HTTP/1.1" 200 69313
46.229.168.136 - - [13/Apr/2020:06:43:41 +0200] "GET /ticket2/opencms/nl/buy/?column=row&edid=A4AA9FAF-A900-49DB-5496-82F65D60D290&page=1&sortorder=desc HTTP/1.1" 200 70705
173.208.157.186 - - [13/Apr/2020:06:43:51 +0200] "GET /ticket2/opencms/dk/buy/?page=1&edid=FE0D347F-B790-DD75-F37F-11E0E35595D4&sortorder=desc&column=price HTTP/1.1" 200 69307
5.9.70.72 - - [13/Apr/2020:06:43:56 +0200] "GET /ticket2/opencms/fi/buy/?page=1&edid=AC9B2055-12DA-9E20-67F9-15ACACD7CC8B&sortorder=asc&column=price HTTP/1.1" 200 72513
216.245.221.82 - - [13/Apr/2020:06:43:57 +0200] "HEAD /ticket2/opencms/en/ HTTP/1.1" 200 -
46.229.168.136 - - [13/Apr/2020:06:44:00 +0200] "GET /ticket2/opencms/fi/buy/?column=section&edid=3DACF337-09ED-75B6-42AF-0003F910CB1B&page=1&sortorder=desc HTTP/1.1" 200 72520
5.9.140.242 - - [13/Apr/2020:06:44:01 +0200] "GET /ticket2/opencms/dk/buy/?page=1&edid=368F0139-E5B6-B9FE-905C-4DFE48A1AD87&sortorder=desc&column=row HTTP/1.1" 200 69313
46.229.168.139 - - [13/Apr/2020:06:44:06 +0200] "GET /ticket2/opencms/en/buy/?column=section&edid=0B99F264-DDE8-4DC8-6523-EAB707062740&page=1&sortorder=asc HTTP/1.1" 200 69238
114.119.161.234 - - [13/Apr/2020:06:44:16 +0200] "GET /ticket2/opencms/no/buy/?page=1&edid=BFE86CA7-4B54-59D5-5935-904BE0A902DC&sortorder=desc&column=section HTTP/1.1" 200 69808
46.229.168.136 - - [13/Apr/2020:06:44:21 +0200] "GET /ticket2/opencms/en/buy/?column=price&edid=187FC877-5CE9-BA78-6BE1-0BD7CB2EF64F&page=1&sortorder=asc HTTP/1.1" 200 71969
66.249.79.147 - - [13/Apr/2020:06:44:27 +0200] "GET /ticket2/opencms/fi/urheilu/jalkapallo/bundesliga/monchengladbach/ HTTP/1.1" 200 68764
192.99.37.116 - - [13/Apr/2020:06:44:29 +0200] "GET /ticket2/opencms/fi/buy/?page=1&edid=957914D1-52DE-8F66-FE37-052551257944&sortorder=asc&column=section HTTP/1.1" 200 72726
46.229.168.143 - - [13/Apr/2020:06:44:31 +0200] "GET /ticket2/opencms/sv/buy/?column=section&edid=BFE86CA7-4B54-59D5-5935-904BE0A902DC&page=1&sortorder=asc HTTP/1.1" 200 69465
54.36.150.159 - - [13/Apr/2020:06:44:36 +0200] "GET /ticket2/opencms/sv/buy/?page=1&edid=372E2EFE-457C-DF4D-FC89-808FA8424DAF HTTP/1.1" 200 71520
46.229.168.145 - - [13/Apr/2020:06:44:37 +0200] "GET /ticket2/opencms/en/buy/?column=section&edid=76AFE58B-129B-67CE-0C8E-AD77FA862251&page=1&sortorder=asc HTTP/1.1" 200 71971
46.229.168.129 - - [13/Apr/2020:06:44:40 +0200] "GET /ticket2/opencms/sv/buy/?edid=2705CEF5-32FC-A534-8161-F914D9EB717F&page=1 HTTP/1.1" 200 71832
46.229.168.139 - - [13/Apr/2020:06:44:40 +0200] "GET /ticket2/opencms/en/buy/?column=section&edid=0B99F264-DDE8-4DC8-6523-EAB707062740&page=1&sortorder=asc HTTP/1.1" 200 69238
192.99.15.199 - - [13/Apr/2020:06:44:41 +0200] "GET /ticket2/opencms/sv/buy/?page=1&edid=71063979-8EC0-A41A-F00E-124A141F7124&sortorder=asc&column=section HTTP/1.1" 200 71369
192.99.4.168 - - [13/Apr/2020:06:44:42 +0200] "GET /ticket2/opencms/en/buy/?page=1&edid=F183060F-6A15-5007-8907-73C9E4E5CC0A&sortorder=asc&column=section HTTP/1.1" 200 69256
5.9.140.242 - - [13/Apr/2020:06:44:45 +0200] "GET /ticket2/opencms/dk/buy/?page=1&edid=368F0139-E5B6-B9FE-905C-4DFE48A1AD87&sortorder=desc&column=section HTTP/1.1" 200 69313
185.42.97.208 - - [13/Apr/2020:06:44:45 +0200] "GET / HTTP/1.1" 404 -
46.229.168.129 - - [13/Apr/2020:06:44:51 +0200] "GET /ticket2/opencms/sv/buy/?column=row&edid=DD99BFEC-4846-922C-64A2-1661CA2CB452&page=1&sortorder=desc HTTP/1.1" 200 71804
173.208.157.186 - - [13/Apr/2020:06:44:55 +0200] "GET /ticket2/opencms/dk/buy/?page=1&edid=FE0D347F-B790-DD75-F37F-11E0E35595D4&sortorder=desc&column=row HTTP/1.1" 200 69307
72.14.199.152 - - [13/Apr/2020:06:44:55 +0200] "GET /ticket2/opencms/sv/sport/fotbollsbiljetter/premier_league/liverpool/arsenal.html HTTP/1.1" 200 69918
5.9.70.72 - - [13/Apr/2020:06:44:57 +0200] "GET /ticket2/opencms/fi/buy/?page=1&edid=AC9B2055-12DA-9E20-67F9-15ACACD7CC8B&sortorder=asc&column=row HTTP/1.1" 200 72513
5.9.140.242 - - [13/Apr/2020:06:45:02 +0200] "GET /ticket2/opencms/dk/buy/?page=1&edid=3726B968-2603-116B-477A-9E91ACB390B1 HTTP/1.1" 200 69256
46.229.168.129 - - [13/Apr/2020:06:45:06 +0200] "GET /ticket2/opencms/sv/buy/?column=row&edid=DD99BFEC-4846-922C-64A2-1661CA2CB452&page=1&sortorder=desc HTTP/1.1" 200 71804
192.99.37.116 - - [13/Apr/2020:06:45:06 +0200] "GET /ticket2/opencms/fi/buy/?page=1&edid=957914D1-52DE-8F66-FE37-052551257944&sortorder=desc&column=price HTTP/1.1" 200 72725
46.229.168.145 - - [13/Apr/2020:06:45:08 +0200] "GET /ticket2/opencms/no/buy/?edid=D0A7B7AB-10F0-2E2F-18D3-3315BAA3AFFE&page=1 HTTP/1.1" 200 71654
46.229.168.145 - - [13/Apr/2020:06:45:09 +0200] "GET /ticket2/opencms/fi/buy/?column=price&edid=336107FE-A480-FFB9-CEBB-733E82F740BB&page=1&sortorder=asc HTTP/1.1" 200 73284
173.208.157.186 - - [13/Apr/2020:06:45:11 +0200] "GET /ticket2/opencms/dk/buy/?page=1&edid=FE9A8ACB-C8DC-2145-7856-06F77AC0FB07&sortorder=desc&column=price HTTP/1.1" 200 70994
46.229.168.134 - - [13/Apr/2020:06:45:15 +0200] "GET /ticket2/opencms/en/buy/?edid=84EDE44A-3B49-F8A5-A212-0BBFFD005772&page=1 HTTP/1.1" 200 72410
5.9.70.72 - - [13/Apr/2020:06:45:16 +0200] "GET /ticket2/opencms/fi/buy/?page=1&edid=AC9B2055-12DA-9E20-67F9-15ACACD7CC8B&sortorder=asc&column=section HTTP/1.1" 200 72513
46.229.168.143 - - [13/Apr/2020:06:45:16 +0200] "GET /ticket2/opencms/sv/buy/?column=section&edid=BFE86CA7-4B54-59D5-5935-904BE0A902DC&page=1&sortorder=asc HTTP/1.1" 200 69465
46.229.168.145 - - [13/Apr/2020:06:45:17 +0200] "GET /ticket2/opencms/en/buy/?column=section&edid=76AFE58B-129B-67CE-0C8E-AD77FA862251&page=1&sortorder=asc HTTP/1.1" 200 71971
111.202.100.85 - - [13/Apr/2020:06:45:17 +0200] "GET /ticket2/opencms/dk/ HTTP/1.1" 200 71866
46.229.168.145 - - [13/Apr/2020:06:45:19 +0200] "GET /ticket2/opencms/no/buy/?edid=D0A7B7AB-10F0-2E2F-18D3-3315BAA3AFFE&page=1 HTTP/1.1" 200 71654
5.9.140.242 - - [13/Apr/2020:06:45:20 +0200] "GET /ticket2/opencms/dk/buy/?page=1&edid=3726B968-2603-116B-477A-9E91ACB390B1&sortorder=asc&column=price HTTP/1.1" 200 69292
46.229.168.134 - - [13/Apr/2020:06:45:21 +0200] "GET /ticket2/opencms/en/buy/?edid=84EDE44A-3B49-F8A5-A212-0BBFFD005772&page=1 HTTP/1.1" 200 72410
54.36.148.132 - - [13/Apr/2020:06:45:21 +0200] "GET /ticket2/opencms/en/venue/?venueid=9F527521-42A0-A302-0BE9-10280D75A460 HTTP/1.1" 200 65245
192.99.15.199 - - [13/Apr/2020:06:45:21 +0200] "GET /ticket2/opencms/sv/buy/?page=1&edid=711223BE-D05E-566D-FDDF-32EDF3B51832&sortorder=asc&column=row HTTP/1.1" 200 70942
173.208.157.186 - - [13/Apr/2020:06:45:22 +0200] "GET /ticket2/opencms/dk/buy/?page=1&edid=FE9A8ACB-C8DC-2145-7856-06F77AC0FB07&sortorder=desc&column=row HTTP/1.1" 200 70994
173.208.157.186 - - [13/Apr/2020:06:45:25 +0200] "GET /ticket2/opencms/dk/buy/?page=6&comcatid=A17713B6-D984-201A-4143-ED4DB5ED5C2E&catid=7EF04817-972D-18B1-F941-DE800D088075&eventid=0273BB03-23F4-FF1F-8ED5-09150C503D8D HTTP/1.1" 200 76709
5.9.70.72 - - [13/Apr/2020:06:45:29 +0200] "GET /ticket2/opencms/fi/buy/?page=1&edid=AC9B2055-12DA-9E20-67F9-15ACACD7CC8B&sortorder=desc&column=price HTTP/1.1" 200 72512
114.119.166.206 - - [13/Apr/2020:06:45:30 +0200] "GET /ticket2/opencms/en/buy/?page=1&edid=5D700640-E13B-1534-DC36-11A7DB2850E1&sortorder=asc&column=price HTTP/1.1" 200 71973
173.208.157.186 - - [13/Apr/2020:06:45:30 +0200] "GET /ticket2/opencms/dk/buy/?page=6&comcatid=A17713B6-D984-201A-4143-ED4DB5ED5C2E&catid=7EF04817-972D-18B1-F941-DE800D088075&eventid=19FE0ECF-0C15-9916-F4F4-CFCB91C42B1A HTTP/1.1" 200 76709
192.99.4.168 - - [13/Apr/2020:06:45:31 +0200] "GET /ticket2/opencms/en/buy/?page=1&edid=F183060F-6A15-5007-8907-73C9E4E5CC0A&sortorder=desc&column=row HTTP/1.1" 200 69255
204.12.226.26 - - [13/Apr/2020:06:45:34 +0200] "GET /ticket2/opencms/fi/buy/?page=1&edid=ED19B4A4-0607-6479-D5B9-048B1EA6100D&sortorder=desc&column=price HTTP/1.1" 200 73838
46.229.168.139 - - [13/Apr/2020:06:45:35 +0200] "GET /ticket2/opencms/fi/buy/?column=section&edid=C56F217E-670F-9980-499A-7106D9A704AA&page=1&sortorder=desc HTTP/1.1" 200 72306
46.229.168.147 - - [13/Apr/2020:06:45:37 +0200] "GET /ticket2/opencms/no/buy/?column=price&edid=EE417B89-64C4-7CA0-5804-69CEB33A53C3&page=1&sortorder=desc HTTP/1.1" 200 72174
173.208.157.186 - - [13/Apr/2020:06:45:37 +0200] "GET /ticket2/opencms/dk/buy/?page=6&comcatid=A17713B6-D984-201A-4143-ED4DB5ED5C2E&catid=7EF04817-972D-18B1-F941-DE800D088075&eventid=1C6FE071-A7CF-3CA2-9402-E797C29F5F3B HTTP/1.1" 200 76709
67.225.220.120 - - [13/Apr/2020:06:45:38 +0200] "GET /ticket2/opencms/en/buy/?page=1&edid=A5D6403A-2192-A066-0B24-46AA66CD4EA5 HTTP/1.1" 200 69209
173.208.157.186 - - [13/Apr/2020:06:45:40 +0200] "GET /ticket2/opencms/dk/buy/?page=6&comcatid=A17713B6-D984-201A-4143-ED4DB5ED5C2E&catid=7EF04817-972D-18B1-F941-DE800D088075&eventid=4F13C835-C906-BA10-C5F1-39D36509B413 HTTP/1.1" 200 76709
46.229.168.139 - - [13/Apr/2020:06:45:41 +0200] "GET /ticket2/opencms/fi/buy/?column=section&edid=C56F217E-670F-9980-499A-7106D9A704AA&page=1&sortorder=desc HTTP/1.1" 200 72306
46.229.168.147 - - [13/Apr/2020:06:45:42 +0200] "GET /ticket2/opencms/no/buy/?column=price&edid=EE417B89-64C4-7CA0-5804-69CEB33A53C3&page=1&sortorder=desc HTTP/1.1" 200 72174
5.9.70.72 - - [13/Apr/2020:06:45:43 +0200] "GET /ticket2/opencms/fi/buy/?page=1&edid=AC9B2055-12DA-9E20-67F9-15ACACD7CC8B&sortorder=desc&column=row HTTP/1.1" 200 72512
173.208.157.186 - - [13/Apr/2020:06:45:44 +0200] "GET /ticket2/opencms/dk/buy/?page=6&comcatid=A17713B6-D984-201A-4143-ED4DB5ED5C2E&catid=7EF04817-972D-18B1-F941-DE800D088075&eventid=9608B88D-4751-0A24-32DD-71608FAA71C6 HTTP/1.1" 200 76709
46.229.168.146 - - [13/Apr/2020:06:45:45 +0200] "GET /ticket2/opencms/fi/buy/?column=section&edid=EEBEB1B7-124E-0978-2C17-3654DF15A113&page=1&sortorder=desc HTTP/1.1" 200 72278
173.208.157.186 - - [13/Apr/2020:06:45:46 +0200] "GET /ticket2/opencms/dk/buy/?page=6&comcatid=A17713B6-D984-201A-4143-ED4DB5ED5C2E&catid=7EF04817-972D-18B1-F941-DE800D088075&eventid=99C8A1F1-1A73-8044-DC13-80659AD8BB41 HTTP/1.1" 200 76709
204.12.226.26 - - [13/Apr/2020:06:45:47 +0200] "GET /ticket2/opencms/fi/buy/?page=1&edid=ED81349D-86B2-C0F6-EF58-DEEDD0455CAC&sortorder=desc&column=price HTTP/1.1" 200 70635
173.208.157.186 - - [13/Apr/2020:06:45:48 +0200] "GET /ticket2/opencms/dk/buy/?page=6&comcatid=A17713B6-D984-201A-4143-ED4DB5ED5C2E&catid=7EF04817-972D-18B1-F941-DE800D088075&eventid=CB858627-FD0B-7DB5-96E3-81B2EDFB367F HTTP/1.1" 200 76709
173.208.157.186 - - [13/Apr/2020:06:45:51 +0200] "GET /ticket2/opencms/dk/buy/?page=6&comcatid=A17713B6-D984-201A-4143-ED4DB5ED5C2E&catid=7EF04817-972D-18B1-F941-DE800D088075&eventid=D9489C39-19AD-F0F1-28D6-FC2C67CBD603 HTTP/1.1" 200 76709
46.229.168.161 - - [13/Apr/2020:06:45:51 +0200] "GET /ticket2/opencms/no/buy/?column=price&edid=270F38E4-5FB7-37F7-3E47-4F8D59240B68&page=1&sortorder=desc HTTP/1.1" 200 69827
5.9.140.242 - - [13/Apr/2020:06:45:54 +0200] "GET /ticket2/opencms/dk/buy/?page=1&edid=3726B968-2603-116B-477A-9E91ACB390B1&sortorder=asc&column=row HTTP/1.1" 200 69292
173.208.157.186 - - [13/Apr/2020:06:45:55 +0200] "GET /ticket2/opencms/dk/buy/?page=6&comcatid=A17713B6-D984-201A-4143-ED4DB5ED5C2E&catid=D8B345C9-F7A5-E620-4B43-C34EB0D6885B&eventid=5FF016E6-EE6E-EC4B-33C6-3CE328714E1F HTTP/1.1" 200 80460
192.99.37.116 - - [13/Apr/2020:06:45:55 +0200] "GET /ticket2/opencms/fi/buy/?page=1&edid=957914D1-52DE-8F66-FE37-052551257944&sortorder=desc&column=row HTTP/1.1" 200 72725
54.36.150.133 - - [13/Apr/2020:06:45:56 +0200] "GET /ticket2/opencms/sv/venue/?venueid=14E353DB-1094-40F7-2A63-0006F00AC29F HTTP/1.1" 200 65476
46.229.168.145 - - [13/Apr/2020:06:45:56 +0200] "GET /ticket2/opencms/sv/buy/?column=row&edid=B9927E9D-FCD6-90B0-3423-28EF9B3256EA&page=1&sortorder=desc HTTP/1.1" 200 70895
46.229.168.154 - - [13/Apr/2020:06:45:59 +0200] "GET /ticket2/opencms/fi/urheilu/hockey/nhl/ny-islanders/ HTTP/1.1" 200 69179
5.9.140.242 - - [13/Apr/2020:06:45:59 +0200] "GET /ticket2/opencms/dk/buy/?page=1&edid=3726B968-2603-116B-477A-9E91ACB390B1&sortorder=asc&column=section HTTP/1.1" 200 69292
46.229.168.161 - - [13/Apr/2020:06:46:01 +0200] "GET /ticket2/opencms/nl/buy/?column=price&edid=35DF44FF-E376-ED1F-F630-5EF685B32434&page=1&sortorder=desc HTTP/1.1" 200 68327
173.208.157.186 - - [13/Apr/2020:06:46:01 +0200] "GET /ticket2/opencms/dk/buy/?page=6&comcatid=A17713B6-D984-201A-4143-ED4DB5ED5C2E&catid=D8B345C9-F7A5-E620-4B43-C34EB0D6885B&eventid=78C3F1E5-57D5-CC4D-BCB3-A455C72D9505 HTTP/1.1" 200 81287
204.12.226.26 - - [13/Apr/2020:06:46:04 +0200] "GET /ticket2/opencms/fi/buy/?page=1&edid=ED81349D-86B2-C0F6-EF58-DEEDD0455CAC&sortorder=desc&column=section HTTP/1.1" 200 70635
173.208.157.186 - - [13/Apr/2020:06:46:05 +0200] "GET /ticket2/opencms/dk/buy/?page=6&comcatid=A17713B6-D984-201A-4143-ED4DB5ED5C2E&catid=D8B345C9-F7A5-E620-4B43-C34EB0D6885B&eventid=88125886-B9B5-9F59-AF43-51EE7A6E60C4 HTTP/1.1" 200 82081
46.229.168.161 - - [13/Apr/2020:06:46:06 +0200] "GET /ticket2/opencms/fi/buy/?column=price&edid=BD7F7FC5-0DF5-7ACB-57B0-E3B92454A7B0&page=1&sortorder=desc HTTP/1.1" 200 72748
173.208.157.186 - - [13/Apr/2020:06:46:08 +0200] "GET /ticket2/opencms/dk/buy/?page=6&comcatid=A17713B6-D984-201A-4143-ED4DB5ED5C2E&catid=D8B345C9-F7A5-E620-4B43-C34EB0D6885B&eventid=EC400621-1050-8895-DCE5-36CFFF18A035 HTTP/1.1" 200 81262
46.229.168.145 - - [13/Apr/2020:06:46:09 +0200] "GET /ticket2/opencms/fi/buy/?column=price&edid=336107FE-A480-FFB9-CEBB-733E82F740BB&page=1&sortorder=asc HTTP/1.1" 200 73284
192.99.4.168 - - [13/Apr/2020:06:46:09 +0200] "GET /ticket2/opencms/en/buy/?page=1&edid=F3A6023D-F8D4-B558-EED3-42F5CB61B4B4&sortorder=asc&column=price HTTP/1.1" 200 71975
46.229.168.144 - - [13/Apr/2020:06:46:10 +0200] "GET /ticket2/opencms/nl/buy/?column=row&edid=7DFA9706-6B2A-B4CC-5A39-A5C330CC4190&page=1&sortorder=desc HTTP/1.1" 200 70206
5.9.70.72 - - [13/Apr/2020:06:46:10 +0200] "GET /ticket2/opencms/fi/buy/?page=1&edid=AC9B2055-12DA-9E20-67F9-15ACACD7CC8B&sortorder=desc&column=section HTTP/1.1" 200 72512
173.208.157.186 - - [13/Apr/2020:06:46:11 +0200] "GET /ticket2/opencms/dk/sport/ishockey/nhl/pittsburgh/ HTTP/1.1" 200 66201
173.208.157.186 - - [13/Apr/2020:06:46:13 +0200] "GET /ticket2/opencms/en/buy_safety/ HTTP/1.1" 200 65824
46.229.168.151 - - [13/Apr/2020:06:46:13 +0200] "GET /ticket2/opencms/nl/buy/?eventid=1C0FC89D-D539-28E4-3F58-11BCE29E4CA8&page=10&venueid=A0215E07-B078-8AA5-6DA4-5B2EADC61CED HTTP/1.1" 200 69564
173.208.157.186 - - [13/Apr/2020:06:46:21 +0200] "GET /ticket2/opencms/en/faq/ HTTP/1.1" 200 67858
5.9.70.72 - - [13/Apr/2020:06:46:22 +0200] "GET /ticket2/opencms/fi/buy/?page=1&edid=AE7AFEEB-34F7-6C11-5867-600D4D52A2A5&sortorder=asc&column=price HTTP/1.1" 200 72285
54.36.150.47 - - [13/Apr/2020:06:46:24 +0200] "GET /ticket2/opencms/fi/venue/?venueid=8D3E338D-57EA-2754-337D-4094BF8B8E3F HTTP/1.1" 200 66459
204.12.226.26 - - [13/Apr/2020:06:46:25 +0200] "GET /ticket2/opencms/fi/buy/?page=1&edid=EE0B5545-A4DD-24A5-CE2A-0376591DD1C7&sortorder=asc&column=price HTTP/1.1" 200 70636
