66.249.79.145 - - [13/Apr/2020:08:17:14 +0200] "GET /ticket2/opencms/fi/venue/?venueid=83B8B6B9-A2B4-D4CB-2D8F-CE8D0CB4BEF2 HTTP/1.1" 200 66430
46.229.168.143 - - [13/Apr/2020:08:17:23 +0200] "GET /ticket2/opencms/nl/buy/?edid=7FC0EEA1-6F3F-9563-B3A7-BDCC9E769DFD&page=1 HTTP/1.1" 200 71485
67.225.220.120 - - [13/Apr/2020:08:17:28 +0200] "GET /ticket2/opencms/en/buy/?page=1&edid=DE0A9995-56A6-04E8-985B-0AA01BAE89DA HTTP/1.1" 200 71530
192.99.15.199 - - [13/Apr/2020:08:17:28 +0200] "GET /ticket2/opencms/sv/login/?edid=96192C07-B2E4-3E51-358B-6BB951577ED3 HTTP/1.1" 200 67543
46.229.168.145 - - [13/Apr/2020:08:17:28 +0200] "GET /ticket2/opencms/fi/urheilu/ HTTP/1.1" 200 67595
46.229.168.137 - - [13/Apr/2020:08:17:31 +0200] "GET /ticket2/opencms/nl/buy/?column=row&edid=6B2EA6CD-7553-8F73-30CB-5A807E0727F2&page=1&sortorder=asc HTTP/1.1" 200 71044
46.229.168.151 - - [13/Apr/2020:08:17:38 +0200] "GET /ticket2/opencms/en/buy/?column=section&edid=6A88913D-7B48-99C2-5EDE-808910AB282E&page=1&sortorder=desc HTTP/1.1" 200 71104
192.99.37.116 - - [13/Apr/2020:08:17:39 +0200] "GET /ticket2/opencms/fi/buy/?page=1&edid=D70A41B1-6D3D-85F0-D287-441C9260855D&sortorder=asc&column=price HTTP/1.1" 200 70653
46.229.168.146 - - [13/Apr/2020:08:17:39 +0200] "GET /ticket2/opencms/robots.txt HTTP/1.1" 200 773
114.119.166.163 - - [13/Apr/2020:08:17:43 +0200] "GET /ticket2/opencms/no/buy/?page=1&edid=3F87137A-1EEA-8B97-ED7A-AF9E348CC6BD&sortorder=asc&column=row HTTP/1.1" 200 71461
192.99.4.168 - - [13/Apr/2020:08:17:44 +0200] "GET /ticket2/opencms/en/buy/?page=1&edid=0B1DFE74-E96C-992F-F64C-5709A1D86A1D&sortorder=asc&column=section HTTP/1.1" 200 70692
66.249.79.192 - - [13/Apr/2020:08:17:47 +0200] "GET /ticket2/opencms/sv/sport/fotbollsbiljetter/premier_league/wolverhampton/ HTTP/1.1" 200 69253
46.229.168.146 - - [13/Apr/2020:08:17:51 +0200] "GET /ticket2/opencms/en/buy/?column=row&edid=D3E1B28E-6A3D-3557-357A-CA0BCEE22D43&page=1&sortorder=desc HTTP/1.1" 200 69243
47.54.35.136 - - [13/Apr/2020:08:17:52 +0200] "GET /ticket2/opencms/en/buy/?page=1&edid=4D2A2724-7797-6EBF-BAB8-69176E21CA79&sortorder=asc&column=row HTTP/1.1" 200 70877
46.229.168.146 - - [13/Apr/2020:08:17:52 +0200] "GET /ticket2/opencms/robots.txt HTTP/1.1" 200 773
46.229.168.153 - - [13/Apr/2020:08:17:55 +0200] "GET /ticket2/opencms/sv/buy/?column=price&edid=7AC6ABB3-09AC-6373-722A-4325330B2FBA&page=1&sortorder=desc HTTP/1.1" 200 71343
173.208.130.202 - - [13/Apr/2020:08:18:00 +0200] "GET /ticket2/opencms/dk/buy/?page=1&edid=0F17BCAD-3084-AC58-8EE9-146E1CEBAC51&sortorder=desc&column=section HTTP/1.1" 200 71198
46.229.168.141 - - [13/Apr/2020:08:18:03 +0200] "GET /ticket2/opencms/nl/buy/?column=section&edid=D46E0578-2C40-B575-6691-BBD6C7BC77BE&page=1&sortorder=asc HTTP/1.1" 200 70903
46.229.168.129 - - [13/Apr/2020:08:18:07 +0200] "GET /ticket2/opencms/sv/buy/?column=price&edid=34CA6B59-CE5B-749D-8951-0A43DF167F15&page=1&sortorder=desc HTTP/1.1" 200 71364
46.229.168.151 - - [13/Apr/2020:08:18:10 +0200] "GET /ticket2/opencms/en/buy/?column=section&edid=6A88913D-7B48-99C2-5EDE-808910AB282E&page=1&sortorder=desc HTTP/1.1" 200 71104
46.229.168.138 - - [13/Apr/2020:08:18:15 +0200] "GET /ticket2/opencms/fi/buy/?column=row&edid=492C1137-7E95-5EDF-8C64-E404B3827DAB&page=1&sortorder=asc HTTP/1.1" 200 70621
46.229.168.135 - - [13/Apr/2020:08:18:22 +0200] "GET /ticket2/opencms/sv/buy/?edid=6EB73123-E284-7FA6-0201-740BB788C8E1&page=1 HTTP/1.1" 200 71545
47.54.35.136 - - [13/Apr/2020:08:18:27 +0200] "GET /ticket2/opencms/en/buy/?page=1&edid=4ED70F5A-DA60-6234-CAB8-5BA98C0AB622&sortorder=asc&column=price HTTP/1.1" 200 69240
69.30.198.186 - - [13/Apr/2020:08:18:34 +0200] "GET /ticket2/opencms/dk/buy/?page=1&edid=04549661-051F-62B6-4F9A-02C4053C75AA&sortorder=asc&column=row HTTP/1.1" 200 69320
173.208.130.202 - - [13/Apr/2020:08:18:34 +0200] "GET /ticket2/opencms/dk/buy/?page=1&edid=0F83FD2D-DF0D-CF92-8048-49F08118BC88&sortorder=desc&column=row HTTP/1.1" 200 71434
192.99.37.116 - - [13/Apr/2020:08:18:34 +0200] "GET /ticket2/opencms/fi/buy/?page=1&edid=D70A41B1-6D3D-85F0-D287-441C9260855D&sortorder=asc&column=row HTTP/1.1" 200 70653
192.99.5.228 - - [13/Apr/2020:08:18:39 +0200] "GET /ticket2/opencms/dk/buy/?page=1&edid=04B7A43F-4145-4709-C003-EEEDE827D091&sortorder=desc&column=price HTTP/1.1" 200 70978
46.229.168.141 - - [13/Apr/2020:08:18:42 +0200] "GET /ticket2/opencms/nl/buy/?column=section&edid=D46E0578-2C40-B575-6691-BBD6C7BC77BE&page=1&sortorder=asc HTTP/1.1" 200 70903
54.36.149.71 - - [13/Apr/2020:08:18:42 +0200] "GET /ticket2/opencms/ru/sport/hockey/nhl/toronto-maple-leafs/ HTTP/1.1" 200 69154
46.229.168.135 - - [13/Apr/2020:08:18:46 +0200] "GET /ticket2/opencms/sv/buy/?edid=6EB73123-E284-7FA6-0201-740BB788C8E1&page=1 HTTP/1.1" 200 71545
54.36.150.65 - - [13/Apr/2020:08:18:46 +0200] "GET /ticket2/opencms/en/buy/?page=1&edid=FF69DC98-99E2-FC49-3EB6-F7154192E9EB HTTP/1.1" 200 70613
67.225.220.120 - - [13/Apr/2020:08:18:54 +0200] "GET /ticket2/opencms/en/buy/?page=1&edid=B6233164-B09D-2F93-ABBA-AC58AB9CD4E2 HTTP/1.1" 200 69202
192.99.4.168 - - [13/Apr/2020:08:18:54 +0200] "GET /ticket2/opencms/en/buy/?page=1&edid=0B5441DB-65AE-25E2-D66F-B709450A0E12&sortorder=asc&column=row HTTP/1.1" 200 71333
46.229.168.131 - - [13/Apr/2020:08:19:02 +0200] "GET /ticket2/opencms/fi/buy/?column=price&edid=D8086CE4-ACF7-AAFD-046B-ED06E1A079AF&page=1&sortorder=desc HTTP/1.1" 200 72753
173.208.130.202 - - [13/Apr/2020:08:19:07 +0200] "GET /ticket2/opencms/dk/buy/?page=1&edid=0F83FD2D-DF0D-CF92-8048-49F08118BC88&sortorder=desc&column=section HTTP/1.1" 200 71434
47.54.35.136 - - [13/Apr/2020:08:19:07 +0200] "GET /ticket2/opencms/en/buy/?page=1&edid=574A97A1-436C-7447-9CE6-CF4F5316C15F&sortorder=desc&column=row HTTP/1.1" 200 72413
46.229.168.137 - - [13/Apr/2020:08:19:14 +0200] "GET /ticket2/opencms/no/buy/?column=section&edid=6BC392EC-904D-4C89-2912-6F7F3E385D5B&page=1&sortorder=asc HTTP/1.1" 200 69805
40.77.188.87 - - [13/Apr/2020:08:19:14 +0200] "GET /ticket2/opencms/system/modules/com.gridnine.opencms.ticketbrokerage.site/resources/css/jquery-ui.css HTTP/1.1" 200 16368
46.229.168.132 - - [13/Apr/2020:08:19:22 +0200] "GET /ticket2/opencms/no/buy/?column=section&edid=85264FEA-3C8F-4680-096F-2B77C577C4FA&page=1&sortorder=asc HTTP/1.1" 200 71216
46.229.168.130 - - [13/Apr/2020:08:19:23 +0200] "GET /ticket2/opencms/en/buy/?column=price&edid=10FB1C4A-BD03-D935-D381-D59A9F05AA1D&page=1&sortorder=asc HTTP/1.1" 200 71554
192.99.15.199 - - [13/Apr/2020:08:19:23 +0200] "GET /ticket2/opencms/sv/login/?edid=97EFCA4B-1A89-461E-E754-546D561A9730 HTTP/1.1" 200 67543
69.30.198.186 - - [13/Apr/2020:08:19:26 +0200] "GET /ticket2/opencms/dk/buy/?page=1&edid=04549661-051F-62B6-4F9A-02C4053C75AA&sortorder=asc&column=section HTTP/1.1" 200 69320
46.229.168.131 - - [13/Apr/2020:08:19:35 +0200] "GET /ticket2/opencms/fi/buy/?column=price&edid=D8086CE4-ACF7-AAFD-046B-ED06E1A079AF&page=1&sortorder=desc HTTP/1.1" 200 72753
46.229.168.143 - - [13/Apr/2020:08:19:39 +0200] "GET /ticket2/opencms/fi/buy/?column=row&edid=0423F886-7646-C776-7223-998CA06B03B8&page=1&sortorder=asc HTTP/1.1" 200 70670
5.9.71.213 - - [13/Apr/2020:08:19:42 +0200] "GET /ticket2/opencms/dk/buy/?page=1&edid=5E81605B-F9CB-7DC0-8289-8F2317082EE7&sortorder=asc&column=price HTTP/1.1" 200 69293
46.229.168.137 - - [13/Apr/2020:08:19:47 +0200] "GET /ticket2/opencms/no/buy/?column=section&edid=6BC392EC-904D-4C89-2912-6F7F3E385D5B&page=1&sortorder=asc HTTP/1.1" 200 69805
46.229.168.132 - - [13/Apr/2020:08:19:51 +0200] "GET /ticket2/opencms/no/buy/?column=section&edid=85264FEA-3C8F-4680-096F-2B77C577C4FA&page=1&sortorder=asc HTTP/1.1" 200 71216
46.229.168.130 - - [13/Apr/2020:08:19:54 +0200] "GET /ticket2/opencms/en/buy/?column=price&edid=10FB1C4A-BD03-D935-D381-D59A9F05AA1D&page=1&sortorder=asc HTTP/1.1" 200 71554
46.229.168.150 - - [13/Apr/2020:08:19:59 +0200] "GET /ticket2/opencms/en/buy/?column=row&edid=0CA3FD47-A06A-35B3-8EAB-9D836A2EC845&page=1&sortorder=asc HTTP/1.1" 200 69249
192.99.37.116 - - [13/Apr/2020:08:20:03 +0200] "GET /ticket2/opencms/fi/buy/?page=1&edid=D70A41B1-6D3D-85F0-D287-441C9260855D&sortorder=asc&column=section HTTP/1.1" 200 70653
207.46.13.182 - - [13/Apr/2020:08:20:09 +0200] "GET /ticket2/opencms/dk/sport/fodboldbilletter/premier-league/manchester-city/ HTTP/1.1" 200 69841
5.9.71.213 - - [13/Apr/2020:08:20:10 +0200] "GET /ticket2/opencms/dk/buy/?page=1&edid=5E81605B-F9CB-7DC0-8289-8F2317082EE7&sortorder=asc&column=row HTTP/1.1" 200 69293
192.99.4.168 - - [13/Apr/2020:08:20:14 +0200] "GET /ticket2/opencms/en/buy/?page=1&edid=0B5441DB-65AE-25E2-D66F-B709450A0E12&sortorder=asc&column=section HTTP/1.1" 200 71333
95.216.20.54 - - [13/Apr/2020:08:20:14 +0200] "GET /ticket2/opencms/robots.txt HTTP/1.1" 200 773
192.99.5.228 - - [13/Apr/2020:08:20:18 +0200] "GET /ticket2/opencms/dk/buy/?page=1&edid=04B7A43F-4145-4709-C003-EEEDE827D091&sortorder=desc&column=row HTTP/1.1" 200 70978
208.110.93.78 - - [13/Apr/2020:08:20:18 +0200] "GET /ticket2/opencms/robots.txt HTTP/1.1" 200 773
173.208.130.202 - - [13/Apr/2020:08:20:22 +0200] "GET /ticket2/opencms/dk/buy/?page=1&edid=1055D4C3-6294-B312-F201-0E11C346F796&sortorder=desc&column=row HTTP/1.1" 200 69315
46.229.168.144 - - [13/Apr/2020:08:20:22 +0200] "GET /ticket2/opencms/sv/sport/fotbollsbiljetter/english-championship/watford/ HTTP/1.1" 200 65229
47.54.35.136 - - [13/Apr/2020:08:20:22 +0200] "GET /ticket2/opencms/en/buy/?page=1&edid=593507C1-1A99-FF80-5E07-098D778AB1E4&sortorder=asc&column=price HTTP/1.1" 200 71333
173.208.130.202 - - [13/Apr/2020:08:20:25 +0200] "GET /ticket2/opencms/dk/buy/?page=1&edid=10AAD649-5E5E-EE36-2E17-DDA964C1719C&sortorder=desc&column=price HTTP/1.1" 200 70731
192.99.37.116 - - [13/Apr/2020:08:20:25 +0200] "GET /ticket2/opencms/fi/buy/?page=1&edid=D75F5B78-CF76-E262-F5EA-44CE272C5367&sortorder=asc&column=row HTTP/1.1" 200 70636
114.119.162.139 - - [13/Apr/2020:08:20:26 +0200] "GET /ticket2/opencms/fi/buy/?page=1&edid=F675517E-77A1-26BF-A8E7-E48FFFB49370&sortorder=asc&column=price HTTP/1.1" 200 73667
192.99.15.199 - - [13/Apr/2020:08:20:26 +0200] "GET /ticket2/opencms/sv/login/?edid=9B865313-C891-00A2-99F6-E0769E647484 HTTP/1.1" 200 67543
40.77.167.131 - - [13/Apr/2020:08:20:26 +0200] "GET /ticket2/opencms/ HTTP/1.1" 302 -
5.9.71.213 - - [13/Apr/2020:08:20:26 +0200] "GET /ticket2/opencms/dk/buy/?page=1&edid=5E81605B-F9CB-7DC0-8289-8F2317082EE7&sortorder=asc&column=section HTTP/1.1" 200 69293
216.245.221.82 - - [13/Apr/2020:08:20:26 +0200] "HEAD /ticket2/opencms/ HTTP/1.1" 302 -
46.229.168.150 - - [13/Apr/2020:08:20:29 +0200] "GET /ticket2/opencms/en/buy/?column=row&edid=0CA3FD47-A06A-35B3-8EAB-9D836A2EC845&page=1&sortorder=asc HTTP/1.1" 200 69249
95.216.20.54 - - [13/Apr/2020:08:20:39 +0200] "GET /ticket2/opencms/fi/login/?edid=DBF4E8F8-4B5C-5AC7-6092-B7F0702F553B HTTP/1.1" 200 68719
208.110.93.78 - - [13/Apr/2020:08:20:39 +0200] "GET /ticket2/opencms/fi/login/?edid=4A1D70D3-E87D-9CAD-A3CA-0F1A9CD4D29D HTTP/1.1" 200 68719
46.229.168.140 - - [13/Apr/2020:08:20:39 +0200] "GET /ticket2/opencms/no/buy/?edid=07F43CF2-2AE8-D1DB-0128-AE77107A7EF9&page=1 HTTP/1.1" 200 71181
46.229.168.143 - - [13/Apr/2020:08:20:39 +0200] "GET /ticket2/opencms/fi/buy/?column=row&edid=0423F886-7646-C776-7223-998CA06B03B8&page=1&sortorder=asc HTTP/1.1" 200 70670
67.225.220.120 - - [13/Apr/2020:08:20:49 +0200] "GET /ticket2/opencms/en/buy/?page=1&edid=4D0AE9B7-3FC7-8828-8150-08AA80E3B754 HTTP/1.1" 200 70611
46.229.168.162 - - [13/Apr/2020:08:20:49 +0200] "GET /ticket2/opencms/fi/buy/?column=price&edid=EA94D3D4-FFFA-F63F-1970-2CE5FF8D4442&page=1&sortorder=desc HTTP/1.1" 200 72977
47.54.35.136 - - [13/Apr/2020:08:20:50 +0200] "GET /ticket2/opencms/en/buy/?page=1&edid=593507C1-1A99-FF80-5E07-098D778AB1E4&sortorder=asc&column=section HTTP/1.1" 200 71333
46.229.168.146 - - [13/Apr/2020:08:20:53 +0200] "GET /ticket2/opencms/en/sell/?edid=0163DB4A-A83B-7316-C2B6-48941E7D5B20 HTTP/1.1" 302 -
114.119.167.244 - - [13/Apr/2020:08:21:02 +0200] "GET /ticket2/opencms/no/buy/?page=1&edid=49C08FA0-ED06-3265-70AE-3BEE76F3DD9E&sortorder=desc&column=price HTTP/1.1" 200 71465
208.110.93.78 - - [13/Apr/2020:08:21:02 +0200] "GET /ticket2/opencms/fi/login/?edid=57072AE9-079B-ACB3-B3CD-D3AC948AC064 HTTP/1.1" 200 68719
69.30.198.186 - - [13/Apr/2020:08:21:03 +0200] "GET /ticket2/opencms/dk/buy/?page=1&edid=04549661-051F-62B6-4F9A-02C4053C75AA&sortorder=desc&column=price HTTP/1.1" 200 69319
46.229.168.140 - - [13/Apr/2020:08:21:03 +0200] "GET /ticket2/opencms/sv/buy/?edid=EAF5F943-A31A-E92D-61B3-6DC580C2EEDC&page=1 HTTP/1.1" 200 71516
192.99.5.228 - - [13/Apr/2020:08:21:06 +0200] "GET /ticket2/opencms/dk/buy/?page=1&edid=090A82EB-84B2-523A-4E3E-E0A1CC3737FC&sortorder=asc&column=row HTTP/1.1" 200 70965
192.99.15.199 - - [13/Apr/2020:08:21:06 +0200] "GET /ticket2/opencms/sv/login/?edid=9CCDF930-C794-85DD-1AB3-1CC78DD5D464 HTTP/1.1" 200 67543
95.216.20.54 - - [13/Apr/2020:08:21:06 +0200] "GET /ticket2/opencms/fi/login/?edid=DCA09323-0C36-57F1-07F7-45EEFB637B16 HTTP/1.1" 200 68719
46.229.168.140 - - [13/Apr/2020:08:21:07 +0200] "GET /ticket2/opencms/sv/buy/?edid=EAF5F943-A31A-E92D-61B3-6DC580C2EEDC&page=1 HTTP/1.1" 200 71516
192.99.37.116 - - [13/Apr/2020:08:21:07 +0200] "GET /ticket2/opencms/fi/buy/?page=1&edid=DB57BF20-55CC-03D7-EC26-06E9610CC056&sortorder=asc&column=price HTTP/1.1" 200 72722
192.99.4.168 - - [13/Apr/2020:08:21:10 +0200] "GET /ticket2/opencms/en/buy/?page=1&edid=0CBE0C4B-CAFA-A010-EA66-542E1AA0C527&sortorder=asc&column=price HTTP/1.1" 200 71100
46.229.168.153 - - [13/Apr/2020:08:21:10 +0200] "GET /ticket2/opencms/robots.txt HTTP/1.1" 200 773
46.229.168.140 - - [13/Apr/2020:08:21:13 +0200] "GET /ticket2/opencms/no/buy/?edid=07F43CF2-2AE8-D1DB-0128-AE77107A7EF9&page=1 HTTP/1.1" 200 71181
5.9.71.213 - - [13/Apr/2020:08:21:19 +0200] "GET /ticket2/opencms/dk/buy/?page=1&edid=5E81605B-F9CB-7DC0-8289-8F2317082EE7&sortorder=desc&column=price HTTP/1.1" 200 69292
208.110.93.78 - - [13/Apr/2020:08:21:19 +0200] "GET /ticket2/opencms/fi/login/?edid=5BED4F96-461F-3406-5552-6C548F77CB08 HTTP/1.1" 200 68719
173.208.130.202 - - [13/Apr/2020:08:21:19 +0200] "GET /ticket2/opencms/dk/buy/?page=1&edid=10AAD649-5E5E-EE36-2E17-DDA964C1719C&sortorder=desc&column=row HTTP/1.1" 200 70731
46.229.168.161 - - [13/Apr/2020:08:21:23 +0200] "GET /ticket2/opencms/en/sport/football-tickets/premier_league/tottenham/ HTTP/1.1" 200 69239
46.229.168.152 - - [13/Apr/2020:08:21:24 +0200] "GET /ticket2/opencms/nl/buy/?column=price&edid=3E2F6837-CCFC-9284-0235-725D2AA31D66&page=1&sortorder=desc HTTP/1.1" 200 70398
95.216.20.54 - - [13/Apr/2020:08:21:25 +0200] "GET /ticket2/opencms/fi/login/?edid=DD99BFEC-4846-922C-64A2-1661CA2CB452 HTTP/1.1" 200 68719
173.208.130.202 - - [13/Apr/2020:08:21:30 +0200] "GET /ticket2/opencms/dk/buy/?page=1&edid=10AAD649-5E5E-EE36-2E17-DDA964C1719C&sortorder=desc&column=section HTTP/1.1" 200 70731
5.9.71.213 - - [13/Apr/2020:08:21:30 +0200] "GET /ticket2/opencms/dk/buy/?page=1&edid=5E81605B-F9CB-7DC0-8289-8F2317082EE7&sortorder=desc&column=row HTTP/1.1" 200 69292
208.110.93.78 - - [13/Apr/2020:08:21:32 +0200] "GET /ticket2/opencms/fi/login/?edid=604ED02B-13F0-F32C-1AAA-D1E8D0471118 HTTP/1.1" 200 68719
46.229.168.147 - - [13/Apr/2020:08:21:39 +0200] "GET /ticket2/opencms/sv/sport/fotbollsbiljetter/premier_league/everton/ HTTP/1.1" 200 69483
95.216.20.54 - - [13/Apr/2020:08:21:39 +0200] "GET /ticket2/opencms/fi/login/?edid=DEE44496-B556-FDDA-3CED-164195E286E3 HTTP/1.1" 200 68719
46.229.168.140 - - [13/Apr/2020:08:21:43 +0200] "GET /ticket2/opencms/en/buy/?column=section&edid=5EACAE7F-3F8F-8931-8C87-D9FB6D5E9E34&page=1&sortorder=desc HTTP/1.1" 200 69262
47.54.35.136 - - [13/Apr/2020:08:21:43 +0200] "GET /ticket2/opencms/en/buy/?page=1&edid=5940893B-B7FD-5B2B-BE07-ECAA83880956&sortorder=asc&column=row HTTP/1.1" 200 71147
208.110.93.78 - - [13/Apr/2020:08:21:43 +0200] "GET /ticket2/opencms/fi/login/?edid=61A4236D-8A4F-347D-2797-7565CB47221F HTTP/1.1" 200 68719
192.99.15.199 - - [13/Apr/2020:08:21:43 +0200] "GET /ticket2/opencms/sv/login/?edid=9DE350F6-B300-83B9-3680-92C4AA695FFE HTTP/1.1" 200 67543
114.119.162.180 - - [13/Apr/2020:08:21:47 +0200] "GET /ticket2/opencms/fi/buy/?page=1&edid=52E9C51D-192F-C954-8F05-403EF150A75E&sortorder=desc&column=price HTTP/1.1" 200 73038
47.54.35.136 - - [13/Apr/2020:08:21:47 +0200] "GET /ticket2/opencms/en/buy/?page=1&edid=5940893B-B7FD-5B2B-BE07-ECAA83880956&sortorder=asc&column=section HTTP/1.1" 200 71147
95.216.20.54 - - [13/Apr/2020:08:21:47 +0200] "GET /ticket2/opencms/fi/login/?edid=DEF18BF7-D4D8-7C12-E3C4-285BA6D3CB97 HTTP/1.1" 200 68719
46.229.168.130 - - [13/Apr/2020:08:21:47 +0200] "GET /ticket2/opencms/fi/sell/?edid=080DEC25-34C8-7AA7-E30D-904E332D4A16 HTTP/1.1" 302 -
208.110.93.78 - - [13/Apr/2020:08:21:47 +0200] "GET /ticket2/opencms/fi/login/?edid=6F1254ED-AA70-3C5E-BDAB-F2033DFDDDB9 HTTP/1.1" 200 68719
173.208.130.202 - - [13/Apr/2020:08:21:47 +0200] "GET /ticket2/opencms/dk/buy/?page=1&edid=114E8367-495D-2921-581D-A5757D17A2D8&sortorder=desc&column=row HTTP/1.1" 200 69296
208.110.93.78 - - [13/Apr/2020:08:21:49 +0200] "GET /ticket2/opencms/fi/login/?edid=CA9AAE6B-14C9-271A-740D-70C28D59704E HTTP/1.1" 200 68719
46.229.168.161 - - [13/Apr/2020:08:21:50 +0200] "GET /ticket2/opencms/en/sport/football-tickets/premier_league/tottenham/ HTTP/1.1" 200 69239
5.9.71.213 - - [13/Apr/2020:08:21:50 +0200] "GET /ticket2/opencms/dk/buy/?page=1&edid=5EC52470-E937-6D51-5DDF-4616EED64101 HTTP/1.1" 200 72499
192.99.37.116 - - [13/Apr/2020:08:21:53 +0200] "GET /ticket2/opencms/fi/buy/?page=1&edid=DB57BF20-55CC-03D7-EC26-06E9610CC056&sortorder=asc&column=row HTTP/1.1" 200 72722
46.229.168.149 - - [13/Apr/2020:08:21:59 +0200] "GET /ticket2/opencms/no/buy/?column=row&edid=BFE86CA7-4B54-59D5-5935-904BE0A902DC&page=1&sortorder=desc HTTP/1.1" 200 69808
46.229.168.135 - - [13/Apr/2020:08:22:00 +0200] "GET /ticket2/opencms/fi/buy/?edid=AA5AE919-4BFF-B48F-3D5F-56D1DBCA6D67&page=1 HTTP/1.1" 200 73632
95.216.20.54 - - [13/Apr/2020:08:22:00 +0200] "GET /ticket2/opencms/fi/login/?edid=E381DB65-F270-37B3-006A-65A82309F0C9 HTTP/1.1" 200 68719
46.229.168.154 - - [13/Apr/2020:08:22:00 +0200] "GET /ticket2/opencms/sv/venue/?countryid=6E625517-1E9A-024B-7EBB-F569FEDEE88E HTTP/1.1" 200 94846
54.36.150.75 - - [13/Apr/2020:08:22:00 +0200] "GET /ticket2/opencms/dk/venue/?venueid=9285D1CB-1730-2C66-6A41-4ED501D8B1BF HTTP/1.1" 200 65252
69.30.198.186 - - [13/Apr/2020:08:22:04 +0200] "GET /ticket2/opencms/dk/buy/?page=1&edid=04549661-051F-62B6-4F9A-02C4053C75AA&sortorder=desc&column=row HTTP/1.1" 200 69319
192.99.4.168 - - [13/Apr/2020:08:22:09 +0200] "GET /ticket2/opencms/en/buy/?page=1&edid=0CBE0C4B-CAFA-A010-EA66-542E1AA0C527&sortorder=asc&column=row HTTP/1.1" 200 71100
46.229.168.138 - - [13/Apr/2020:08:22:10 +0200] "GET /ticket2/opencms/en/buy/?column=row&edid=8058FDE5-4461-375B-C015-38BD2918BE83&page=1&sortorder=asc HTTP/1.1" 200 69252
95.216.20.54 - - [13/Apr/2020:08:22:10 +0200] "GET /ticket2/opencms/fi/login/?edid=E3BBCC86-26D5-DC25-A37D-86D5EFCD8037 HTTP/1.1" 200 68719
208.110.93.78 - - [13/Apr/2020:08:22:16 +0200] "GET /ticket2/opencms/nl/buy/?page=1&edid=59F0DE00-1B53-7658-FC68-FAEBC9123383&sortorder=asc&column=price HTTP/1.1" 200 69704
192.99.15.199 - - [13/Apr/2020:08:22:16 +0200] "GET /ticket2/opencms/sv/login/?edid=9FFDAC01-B0FC-4CC8-75F3-62FF03E006BC HTTP/1.1" 200 67543
5.9.71.213 - - [13/Apr/2020:08:22:17 +0200] "GET /ticket2/opencms/dk/buy/?page=1&edid=5EED00BA-1B91-1C5D-8393-741FC97C313B HTTP/1.1" 200 70425
47.54.35.136 - - [13/Apr/2020:08:22:19 +0200] "GET /ticket2/opencms/en/buy/?page=1&edid=59D3380F-782C-B2BC-F538-368054435CF5&sortorder=asc&column=price HTTP/1.1" 200 69260
46.229.168.136 - - [13/Apr/2020:08:22:19 +0200] "GET /ticket2/opencms/dk/buy/?column=price&edid=3ABB49E1-D37A-AB42-B430-1287E5A59D8D&page=1&sortorder=asc HTTP/1.1" 200 72537
173.208.130.202 - - [13/Apr/2020:08:22:20 +0200] "GET /ticket2/opencms/dk/buy/?page=1&edid=1B801A64-96B5-0112-77E4-90CAC084F9B9&sortorder=desc&column=section HTTP/1.1" 200 69320
46.229.168.145 - - [13/Apr/2020:08:22:29 +0200] "GET /ticket2/opencms/en/buy/?column=section&edid=3F87137A-1EEA-8B97-ED7A-AF9E348CC6BD&page=1&sortorder=desc HTTP/1.1" 200 70880
46.229.168.143 - - [13/Apr/2020:08:22:29 +0200] "GET /ticket2/opencms/sv/sell/?edid=B4FC85CE-934D-C2FF-C197-68C576598958 HTTP/1.1" 302 -
95.216.20.54 - - [13/Apr/2020:08:22:29 +0200] "GET /ticket2/opencms/fi/login/?edid=E7D76902-ECED-BE8E-8DAB-8F4E7659C70A HTTP/1.1" 200 68719
192.99.37.116 - - [13/Apr/2020:08:22:29 +0200] "GET /ticket2/opencms/fi/buy/?page=1&edid=DB57BF20-55CC-03D7-EC26-06E9610CC056&sortorder=asc&column=section HTTP/1.1" 200 72722
192.99.5.228 - - [13/Apr/2020:08:22:30 +0200] "GET /ticket2/opencms/dk/buy/?page=1&edid=090A82EB-84B2-523A-4E3E-E0A1CC3737FC&sortorder=asc&column=section HTTP/1.1" 200 70965
69.30.198.186 - - [13/Apr/2020:08:22:33 +0200] "GET /ticket2/opencms/dk/buy/?page=1&edid=04549661-051F-62B6-4F9A-02C4053C75AA&sortorder=desc&column=section HTTP/1.1" 200 69319
46.229.168.147 - - [13/Apr/2020:08:22:39 +0200] "GET /ticket2/opencms/en/buy/?column=row&edid=B78A60FE-C1A9-BDF8-D771-77B20EE2ACE9&page=1&sortorder=desc HTTP/1.1" 200 72413
46.229.168.139 - - [13/Apr/2020:08:22:40 +0200] "GET /ticket2/opencms/fi/buy/?column=section&edid=347094AB-E088-27A3-B788-AFF5D8BA2F99&page=1&sortorder=asc HTTP/1.1" 200 70633
46.229.168.136 - - [13/Apr/2020:08:22:47 +0200] "GET /ticket2/opencms/en/buy/?column=price&edid=CD1115D3-BE54-2063-75D0-2971502660D4&page=1&sortorder=desc HTTP/1.1" 200 71520
95.216.20.54 - - [13/Apr/2020:08:22:47 +0200] "GET /ticket2/opencms/fi/login/?edid=E8031708-E41C-1608-FAE1-137C89B30DDC HTTP/1.1" 200 68719
46.229.168.147 - - [13/Apr/2020:08:22:48 +0200] "GET /ticket2/opencms/fi/buy/?column=price&edid=C89522E4-C97B-0194-5CAE-1B504E98E1B2&page=1&sortorder=desc HTTP/1.1" 200 70656
46.229.168.134 - - [13/Apr/2020:08:22:49 +0200] "GET /ticket2/opencms/dk/sport/fodboldbilletter/bundesliga/stuttgart/ HTTP/1.1" 200 66158
192.99.15.199 - - [13/Apr/2020:08:22:50 +0200] "GET /ticket2/opencms/sv/login/?edid=A0FF03C8-8420-0877-2FE6-0C9E8902BC6D HTTP/1.1" 200 67543
47.54.35.136 - - [13/Apr/2020:08:22:55 +0200] "GET /ticket2/opencms/en/buy/?page=1&edid=59D3380F-782C-B2BC-F538-368054435CF5&sortorder=asc&column=row HTTP/1.1" 200 69260
173.208.130.202 - - [13/Apr/2020:08:22:59 +0200] "GET /ticket2/opencms/dk/buy/?page=1&edid=1D9C4E83-75C7-ABF5-F43E-B206803FFAA5&sortorder=desc&column=section HTTP/1.1" 200 69325
208.110.93.78 - - [13/Apr/2020:08:22:59 +0200] "GET /ticket2/opencms/nl/buy/?page=1&edid=6633B040-1A54-9E6E-35AD-599CA5826FF4&sortorder=asc&column=price HTTP/1.1" 200 70207
5.9.71.213 - - [13/Apr/2020:08:23:00 +0200] "GET /ticket2/opencms/dk/buy/?page=1&edid=5F3D0AE0-EFCD-2439-F9BD-E71CF7C32617&sortorder=asc&column=price HTTP/1.1" 200 71201
46.229.168.130 - - [13/Apr/2020:08:23:09 +0200] "GET /ticket2/opencms/sv/buy/?edid=A14306CB-74D0-0A5A-1BAB-0EBF2C3505C9&page=1 HTTP/1.1" 200 69450
95.216.20.54 - - [13/Apr/2020:08:23:09 +0200] "GET /ticket2/opencms/fi/login/?edid=E8D37283-D56B-FD6C-F174-24BB3094D0C7 HTTP/1.1" 200 68719
67.225.220.120 - - [13/Apr/2020:08:23:09 +0200] "GET /ticket2/opencms/en/buy/?page=1&edid=11E0F3F3-866B-8B11-2E4F-E306B11A08DD HTTP/1.1" 200 71536
46.229.168.144 - - [13/Apr/2020:08:23:12 +0200] "GET /ticket2/opencms/en/buy/?column=row&edid=B670EE12-CCE7-D74A-6EC5-57D00F2AD108&page=1&sortorder=desc HTTP/1.1" 200 72437
46.229.168.130 - - [13/Apr/2020:08:23:17 +0200] "GET /ticket2/opencms/sv/buy/?column=row&edid=3E844C64-2B32-A35E-237A-EDAC48338BDA&page=1&sortorder=asc HTTP/1.1" 200 71332
46.229.168.131 - - [13/Apr/2020:08:23:19 +0200] "GET /ticket2/opencms/fi/buy/?column=price&edid=901D9A4F-321D-5CA8-6E1F-1A6F2E210960&page=1&sortorder=desc HTTP/1.1" 200 72522
46.229.168.152 - - [13/Apr/2020:08:23:19 +0200] "GET /ticket2/opencms/no/buy/?column=section&edid=2D726398-C836-8BED-AF4C-01D0E7436418&page=1&sortorder=asc HTTP/1.1" 200 71901
66.249.79.87 - - [13/Apr/2020:08:23:25 +0200] "GET /ticket2/opencms/sv/konsertbiljetter/aerosmith/ HTTP/1.1" 200 66954
95.216.20.54 - - [13/Apr/2020:08:23:26 +0200] "GET /ticket2/opencms/fi/login/?edid=E9E2EF64-D379-DD67-D513-D0AD1E29ED2D HTTP/1.1" 200 68719
192.99.37.116 - - [13/Apr/2020:08:23:28 +0200] "GET /ticket2/opencms/fi/buy/?page=1&edid=DD891C99-40B2-616E-6EFB-91B084647EE0&sortorder=asc&column=price HTTP/1.1" 200 73368
192.99.4.168 - - [13/Apr/2020:08:23:28 +0200] "GET /ticket2/opencms/en/buy/?page=1&edid=0CBE0C4B-CAFA-A010-EA66-542E1AA0C527&sortorder=asc&column=section HTTP/1.1" 200 71100
208.110.93.78 - - [13/Apr/2020:08:23:30 +0200] "GET /ticket2/opencms/nl/buy/?page=1&edid=6633B040-1A54-9E6E-35AD-599CA5826FF4&sortorder=asc&column=row HTTP/1.1" 200 70207
173.208.130.202 - - [13/Apr/2020:08:23:32 +0200] "GET /ticket2/opencms/dk/buy/?page=1&edid=1EBC220F-DC4B-8D2C-D8E4-51D66799F0B5&sortorder=desc&column=price HTTP/1.1" 200 70721
5.9.71.213 - - [13/Apr/2020:08:23:33 +0200] "GET /ticket2/opencms/dk/buy/?page=1&edid=5F3D0AE0-EFCD-2439-F9BD-E71CF7C32617&sortorder=asc&column=row HTTP/1.1" 200 71201
69.30.198.186 - - [13/Apr/2020:08:23:35 +0200] "GET /ticket2/opencms/dk/buy/?page=1&edid=0454CC59-46BC-A971-7716-2C07137D3EE2&sortorder=asc&column=price HTTP/1.1" 200 69287
192.99.15.199 - - [13/Apr/2020:08:23:35 +0200] "GET /ticket2/opencms/sv/login/?edid=A329EF74-82E6-3A32-ADFF-7AA919B1CA85 HTTP/1.1" 200 67543
47.54.35.136 - - [13/Apr/2020:08:23:38 +0200] "GET /ticket2/opencms/en/buy/?page=1&edid=59D3380F-782C-B2BC-F538-368054435CF5&sortorder=asc&column=section HTTP/1.1" 200 69260
46.229.168.134 - - [13/Apr/2020:08:23:54 +0200] "GET /ticket2/opencms/no/buy/?edid=7545A501-A74F-FCD9-6047-6417398923F8&page=1 HTTP/1.1" 200 71693
95.216.20.54 - - [13/Apr/2020:08:23:54 +0200] "GET /ticket2/opencms/fi/login/?edid=EA94D3D4-FFFA-F63F-1970-2CE5FF8D4442 HTTP/1.1" 200 68719
46.229.168.144 - - [13/Apr/2020:08:23:58 +0200] "GET /ticket2/opencms/sv/buy/?column=section&edid=69E94548-BA2A-A7B0-2E68-692DBBE997E5&page=1&sortorder=desc HTTP/1.1" 200 71565
46.229.168.147 - - [13/Apr/2020:08:24:01 +0200] "GET /ticket2/opencms/en/buy/?column=section&edid=FF0376F2-B601-3AC1-0589-C582E0555E7F&page=1&sortorder=desc HTTP/1.1" 200 69222
46.229.168.163 - - [13/Apr/2020:08:24:02 +0200] "GET /ticket2/opencms/dk/buy/?column=section&edid=5D083840-1E35-771C-89E3-FB7788923EF6&page=1&sortorder=desc HTTP/1.1" 200 69315
47.54.35.136 - - [13/Apr/2020:08:24:04 +0200] "GET /ticket2/opencms/en/buy/?page=1&edid=5B22F83A-2ADE-82C8-21F3-C11998BADC97&sortorder=asc&column=price HTTP/1.1" 200 71970
208.110.93.78 - - [13/Apr/2020:08:24:07 +0200] "GET /ticket2/opencms/nl/buy/?page=1&edid=6633B040-1A54-9E6E-35AD-599CA5826FF4&sortorder=asc&column=section HTTP/1.1" 200 70207
173.208.130.202 - - [13/Apr/2020:08:24:08 +0200] "GET /ticket2/opencms/dk/buy/?page=1&edid=1EBC220F-DC4B-8D2C-D8E4-51D66799F0B5&sortorder=desc&column=row HTTP/1.1" 200 70721
95.216.20.54 - - [13/Apr/2020:08:24:08 +0200] "GET /ticket2/opencms/fi/login/?edid=EBA49F8A-33E9-0C95-472B-EF6292B7073A HTTP/1.1" 200 68719
5.9.71.213 - - [13/Apr/2020:08:24:10 +0200] "GET /ticket2/opencms/dk/buy/?page=1&edid=5F3D0AE0-EFCD-2439-F9BD-E71CF7C32617&sortorder=asc&column=section HTTP/1.1" 200 71201
192.99.5.228 - - [13/Apr/2020:08:24:12 +0200] "GET /ticket2/opencms/dk/buy/?page=1&edid=0AB3DF35-C143-1804-D7B0-4D3E0C806A26 HTTP/1.1" 200 71361
46.229.168.151 - - [13/Apr/2020:08:24:21 +0200] "GET /ticket2/opencms/nl/buy/?edid=77C804D3-5389-20BB-FE82-30898E8F1185&page=1 HTTP/1.1" 200 84579
207.46.13.182 - - [13/Apr/2020:08:24:24 +0200] "GET /ticket2/opencms/dk/ HTTP/1.1" 200 71866
69.30.198.186 - - [13/Apr/2020:08:24:34 +0200] "GET /ticket2/opencms/dk/buy/?page=1&edid=0454CC59-46BC-A971-7716-2C07137D3EE2&sortorder=asc&column=row HTTP/1.1" 200 69287
46.229.168.149 - - [13/Apr/2020:08:24:34 +0200] "GET /ticket2/opencms/robots.txt HTTP/1.1" 200 773
46.229.168.163 - - [13/Apr/2020:08:24:35 +0200] "GET /ticket2/opencms/dk/buy/?column=section&edid=5D083840-1E35-771C-89E3-FB7788923EF6&page=1&sortorder=desc HTTP/1.1" 200 69315
192.99.15.199 - - [13/Apr/2020:08:24:35 +0200] "GET /ticket2/opencms/sv/login/?edid=A345B1C7-2ECE-CCA4-505F-B8BAF9A34AE9 HTTP/1.1" 200 67543
46.229.168.139 - - [13/Apr/2020:08:24:37 +0200] "GET /ticket2/opencms/nl/buy/?column=price&edid=1F8937D3-B31E-D76E-F363-F7FC2195A907&page=1&sortorder=desc HTTP/1.1" 200 68321
95.216.20.54 - - [13/Apr/2020:08:24:37 +0200] "GET /ticket2/opencms/fi/login/?edid=EBC90CB3-65C3-EF1B-9FEE-BEBAC7CDCF65 HTTP/1.1" 200 68719
192.99.37.116 - - [13/Apr/2020:08:24:39 +0200] "GET /ticket2/opencms/fi/buy/?page=1&edid=DD891C99-40B2-616E-6EFB-91B084647EE0&sortorder=asc&column=row HTTP/1.1" 200 73368
46.229.168.143 - - [13/Apr/2020:08:24:46 +0200] "GET /ticket2/opencms/sv/buy/?column=row&edid=897211BD-6892-D833-1096-CE6140C23AFB&page=1&sortorder=asc HTTP/1.1" 200 70917
208.110.93.78 - - [13/Apr/2020:08:24:47 +0200] "GET /ticket2/opencms/nl/buy/?page=1&edid=8F2DF92B-33CA-7628-E6A6-296B4336596E&sortorder=asc&column=price HTTP/1.1" 200 71486
216.245.221.82 - - [13/Apr/2020:08:24:47 +0200] "HEAD /ticket2/opencms/en/ HTTP/1.1" 200 -
5.9.71.213 - - [13/Apr/2020:08:24:49 +0200] "GET /ticket2/opencms/dk/buy/?page=1&edid=5F93E8E8-0A3C-E7C6-799E-7FAC313A5B3D&sortorder=desc&column=price HTTP/1.1" 200 71420
46.229.168.141 - - [13/Apr/2020:08:24:49 +0200] "GET /ticket2/opencms/sv/sport/fotbollsbiljetter/la_liga/atletico-madrid/ HTTP/1.1" 200 71655
46.229.168.149 - - [13/Apr/2020:08:24:49 +0200] "GET /ticket2/opencms/robots.txt HTTP/1.1" 200 773
46.229.168.137 - - [13/Apr/2020:08:24:49 +0200] "GET /ticket2/opencms/fi/sell/?edid=4D0AE9B7-3FC7-8828-8150-08AA80E3B754 HTTP/1.1" 302 -
173.208.130.202 - - [13/Apr/2020:08:24:50 +0200] "GET /ticket2/opencms/dk/buy/?page=1&edid=20D271D1-397A-F3BD-4FB4-19AF419865FC HTTP/1.1" 200 69286
47.54.35.136 - - [13/Apr/2020:08:24:51 +0200] "GET /ticket2/opencms/en/buy/?page=1&edid=5B22F83A-2ADE-82C8-21F3-C11998BADC97&sortorder=asc&column=row HTTP/1.1" 200 71970
95.216.20.54 - - [13/Apr/2020:08:24:51 +0200] "GET /ticket2/opencms/fi/login/?edid=EC1CEE7F-0D0E-364E-1B36-05B890BB56A8 HTTP/1.1" 200 68719
40.77.167.131 - - [13/Apr/2020:08:24:51 +0200] "GET /ticket2/opencms/en/ HTTP/1.1" 200 71871
54.36.148.131 - - [13/Apr/2020:08:24:51 +0200] "GET /ticket2/opencms/en/venue/?venueid=895DAA27-0D01-3F9A-C82D-1FA2A5BCB45B HTTP/1.1" 200 65201
192.99.4.168 - - [13/Apr/2020:08:24:58 +0200] "GET /ticket2/opencms/en/buy/?page=1&edid=0CE65760-D75C-1E4C-DE34-E03273F5FD83&sortorder=asc&column=price HTTP/1.1" 200 70693
46.229.168.151 - - [13/Apr/2020:08:25:00 +0200] "GET /ticket2/opencms/nl/buy/?edid=77C804D3-5389-20BB-FE82-30898E8F1185&page=1 HTTP/1.1" 200 84579
46.229.168.135 - - [13/Apr/2020:08:25:03 +0200] "GET /ticket2/opencms/nl/buy/?eventid=44A1774B-7690-4041-831D-F16B9B8104AB&page=10 HTTP/1.1" 200 67426
173.208.130.202 - - [13/Apr/2020:08:25:03 +0200] "GET /ticket2/opencms/dk/buy/?page=1&edid=20D271D1-397A-F3BD-4FB4-19AF419865FC&sortorder=asc&column=price HTTP/1.1" 200 69322
95.216.20.54 - - [13/Apr/2020:08:25:04 +0200] "GET /ticket2/opencms/fi/login/?edid=EC21F052-00BC-07D6-2A31-7F40587DDAFC HTTP/1.1" 200 68719
192.99.15.199 - - [13/Apr/2020:08:25:04 +0200] "GET /ticket2/opencms/sv/login/?edid=A45321DF-A6CE-CF78-FF7A-EF32B49E5D06 HTTP/1.1" 200 67543
208.110.93.78 - - [13/Apr/2020:08:25:05 +0200] "GET /ticket2/opencms/nl/buy/?page=1&edid=8F2DF92B-33CA-7628-E6A6-296B4336596E&sortorder=asc&column=row HTTP/1.1" 200 71486
46.229.168.138 - - [13/Apr/2020:08:25:12 +0200] "GET /ticket2/opencms/fi/buy/?column=section&edid=764DF107-581D-BCA1-53D5-94329CB26BAD&page=1&sortorder=asc HTTP/1.1" 200 73846
5.9.71.213 - - [13/Apr/2020:08:25:12 +0200] "GET /ticket2/opencms/dk/buy/?page=1&edid=5F93E8E8-0A3C-E7C6-799E-7FAC313A5B3D&sortorder=desc&column=row HTTP/1.1" 200 71420
46.229.168.138 - - [13/Apr/2020:08:25:13 +0200] "GET /ticket2/opencms/nl/buy/?column=price&edid=D293806E-6F8D-C252-7544-A92063032AEC&page=1&sortorder=asc HTTP/1.1" 200 70230
46.229.168.134 - - [13/Apr/2020:08:25:13 +0200] "GET /ticket2/opencms/nl/buy/?catid=061607E6-22B7-6FFA-03FD-A4B8B13A943F&comcatid=A17713B6-D984-201A-4143-ED4DB5ED5C2E&page=6 HTTP/1.1" 200 115680
46.229.168.151 - - [13/Apr/2020:08:25:14 +0200] "GET /ticket2/opencms/fi/buy/?column=price&edid=54BF7B38-1191-4855-07DB-8DE87C08BACB&page=1&sortorder=asc HTTP/1.1" 200 72565
178.154.200.175 - - [13/Apr/2020:08:25:16 +0200] "GET /ticket2/opencms/en/buy/?page=1&edid=F218326B-C4E9-349D-002A-260E15490CC6 HTTP/1.1" 200 69193
95.216.20.54 - - [13/Apr/2020:08:25:16 +0200] "GET /ticket2/opencms/fi/login/?edid=F304E181-E936-71FB-E213-CFCB44032C9B HTTP/1.1" 200 68719
54.36.148.79 - - [13/Apr/2020:08:25:19 +0200] "GET /ticket2/opencms/ru/buy/?page=1&edid=5B004ED5-15FD-EC78-6553-2B09565E5F76 HTTP/1.1" 200 72059
5.9.71.213 - - [13/Apr/2020:08:25:23 +0200] "GET /ticket2/opencms/dk/buy/?page=1&edid=5F93E8E8-0A3C-E7C6-799E-7FAC313A5B3D&sortorder=desc&column=section HTTP/1.1" 200 71420
46.229.168.153 - - [13/Apr/2020:08:25:27 +0200] "GET /ticket2/opencms/dk/buy/?column=row&edid=5AF0C2F9-FCF1-BB9C-5B74-9352324B61E3&page=1&sortorder=desc HTTP/1.1" 200 70733
114.119.160.192 - - [13/Apr/2020:08:25:27 +0200] "GET /ticket2/opencms/no/buy/?page=6&comcatid=A17713B6-D984-201A-4143-ED4DB5ED5C2E&catid=739BFC5D-78FA-6834-D764-6CE64CA5F9EC HTTP/1.1" 200 76318
208.110.93.78 - - [13/Apr/2020:08:25:29 +0200] "GET /ticket2/opencms/nl/buy/?page=1&edid=8F2DF92B-33CA-7628-E6A6-296B4336596E&sortorder=asc&column=section HTTP/1.1" 200 71486
46.229.168.129 - - [13/Apr/2020:08:25:30 +0200] "GET /ticket2/opencms/no/buy/?edid=511DBE77-4302-11AC-20DF-EC763D451874&page=1 HTTP/1.1" 200 71633
173.208.130.202 - - [13/Apr/2020:08:25:31 +0200] "GET /ticket2/opencms/dk/buy/?page=1&edid=20D271D1-397A-F3BD-4FB4-19AF419865FC&sortorder=asc&column=row HTTP/1.1" 200 69322
69.30.198.186 - - [13/Apr/2020:08:25:31 +0200] "GET /ticket2/opencms/dk/buy/?page=1&edid=0454CC59-46BC-A971-7716-2C07137D3EE2&sortorder=asc&column=section HTTP/1.1" 200 69287
95.216.20.54 - - [13/Apr/2020:08:25:32 +0200] "GET /ticket2/opencms/fi/login/?edid=F4C706FF-B771-A36A-06BB-0F38191F7D62 HTTP/1.1" 200 68719
46.229.168.145 - - [13/Apr/2020:08:25:32 +0200] "GET /ticket2/opencms/nl/sell/?edid=0435AA01-DEED-F5D9-39FC-322BF9B9D7E3 HTTP/1.1" 302 -
192.99.37.116 - - [13/Apr/2020:08:25:38 +0200] "GET /ticket2/opencms/fi/buy/?page=1&edid=DD891C99-40B2-616E-6EFB-91B084647EE0&sortorder=asc&column=section HTTP/1.1" 200 73368
192.99.5.228 - - [13/Apr/2020:08:25:39 +0200] "GET /ticket2/opencms/dk/buy/?page=1&edid=0B1DFE74-E96C-992F-F64C-5709A1D86A1D HTTP/1.1" 200 70743
46.229.168.141 - - [13/Apr/2020:08:25:40 +0200] "GET /ticket2/opencms/no/buy/?edid=F3A6023D-F8D4-B558-EED3-42F5CB61B4B4&page=1 HTTP/1.1" 200 72507
192.99.15.199 - - [13/Apr/2020:08:25:40 +0200] "GET /ticket2/opencms/sv/login/?edid=A591C58F-4049-8133-475A-C53DE363EBCA HTTP/1.1" 200 67543
208.110.93.78 - - [13/Apr/2020:08:25:46 +0200] "GET /ticket2/opencms/nl/buy/?page=1&edid=995E8319-8CA0-AEF0-978E-B5B02C331A0E&sortorder=asc&column=price HTTP/1.1" 200 70393
46.229.168.148 - - [13/Apr/2020:08:25:50 +0200] "GET /ticket2/opencms/no/buy/?column=price&edid=E3BBCC86-26D5-DC25-A37D-86D5EFCD8037&page=1&sortorder=asc HTTP/1.1" 200 71898
95.216.20.54 - - [13/Apr/2020:08:25:50 +0200] "GET /ticket2/opencms/fi/login/?edid=F7ADBC49-B3F9-5F47-5079-2A05B4076CA2 HTTP/1.1" 200 68719
173.208.130.202 - - [13/Apr/2020:08:25:50 +0200] "GET /ticket2/opencms/dk/buy/?page=1&edid=20D271D1-397A-F3BD-4FB4-19AF419865FC&sortorder=asc&column=section HTTP/1.1" 200 69322
5.9.71.213 - - [13/Apr/2020:08:25:53 +0200] "GET /ticket2/opencms/dk/buy/?page=1&edid=604ED02B-13F0-F32C-1AAA-D1E8D0471118&sortorder=asc&column=section HTTP/1.1" 200 69327
192.99.4.168 - - [13/Apr/2020:08:25:53 +0200] "GET /ticket2/opencms/en/buy/?page=1&edid=0CE65760-D75C-1E4C-DE34-E03273F5FD83&sortorder=asc&column=row HTTP/1.1" 200 70693
46.229.168.139 - - [13/Apr/2020:08:25:54 +0200] "GET /ticket2/opencms/en/buy/?edid=6AE4B4FD-FBF7-C353-ED69-E2109D66D78C&page=1 HTTP/1.1" 200 71542
46.229.168.149 - - [13/Apr/2020:08:25:56 +0200] "GET /ticket2/opencms/sv/buy/?column=row&edid=930DA63B-B6EB-C65F-6A39-F4240571C002&page=1&sortorder=asc HTTP/1.1" 200 72222
46.229.168.152 - - [13/Apr/2020:08:25:58 +0200] "GET /ticket2/opencms/en/buy/?column=row&edid=3EE82812-88E0-47E5-57E4-6CB801A92703&page=1&sortorder=desc HTTP/1.1" 200 72438
46.229.168.138 - - [13/Apr/2020:08:25:59 +0200] "GET /ticket2/opencms/no/buy/?edid=E19F6380-8030-6AD8-8710-C3F6BEB23E30&page=1 HTTP/1.1" 200 72148
173.208.130.202 - - [13/Apr/2020:08:26:04 +0200] "GET /ticket2/opencms/dk/buy/?page=1&edid=20D271D1-397A-F3BD-4FB4-19AF419865FC&sortorder=desc&column=price HTTP/1.1" 200 69321
199.58.86.209 - - [13/Apr/2020:08:26:04 +0200] "GET /ticket2/opencms/robots.txt HTTP/1.1" 200 773
5.9.71.213 - - [13/Apr/2020:08:26:05 +0200] "GET /ticket2/opencms/dk/buy/?page=1&edid=6082F16E-936D-95FC-7956-A001C0E49E14&sortorder=desc&column=price HTTP/1.1" 200 71704
95.216.20.54 - - [13/Apr/2020:08:26:06 +0200] "GET /ticket2/opencms/fi/login/?edid=F8B18577-657B-06AA-B5AB-A0043E2A4297 HTTP/1.1" 200 68719
46.229.168.129 - - [13/Apr/2020:08:26:09 +0200] "GET /ticket2/opencms/ru/buy/?column=section&edid=A3190A63-6FBC-ADA1-B1CD-CF47F8FAB5EA&page=1&sortorder=desc HTTP/1.1" 200 72129
216.244.66.196 - - [13/Apr/2020:08:26:09 +0200] "GET /ticket2/opencms/en/about/ HTTP/1.1" 200 64803
208.110.93.78 - - [13/Apr/2020:08:26:10 +0200] "GET /ticket2/opencms/nl/buy/?page=1&edid=995E8319-8CA0-AEF0-978E-B5B02C331A0E&sortorder=asc&column=row HTTP/1.1" 200 70393
47.54.35.136 - - [13/Apr/2020:08:26:11 +0200] "GET /ticket2/opencms/en/buy/?page=1&edid=5B44C847-C519-453A-1C31-3F14F0464A84&sortorder=asc&column=price HTTP/1.1" 200 70904
46.229.168.136 - - [13/Apr/2020:08:26:13 +0200] "GET /ticket2/opencms/sv/buy/?column=row&edid=8F2EA82F-1C6C-9036-0988-DD6F416ABA0F&page=1&sortorder=asc HTTP/1.1" 200 72215
46.229.168.150 - - [13/Apr/2020:08:26:16 +0200] "GET /ticket2/opencms/dk/buy/?column=price&edid=EE24B254-1FB8-6601-5783-BFE404E37C0C&page=1&sortorder=desc HTTP/1.1" 200 85665
46.229.168.149 - - [13/Apr/2020:08:26:18 +0200] "GET /ticket2/opencms/sv/buy/?edid=CE19E882-E576-3254-1961-57D7F61D3D2A&page=1 HTTP/1.1" 200 71525
192.99.15.199 - - [13/Apr/2020:08:26:18 +0200] "GET /ticket2/opencms/sv/login/?edid=A84070DC-133C-F761-940C-18DE5C0F16D7 HTTP/1.1" 200 67543
114.119.165.23 - - [13/Apr/2020:08:26:25 +0200] "GET /ticket2/opencms/dk/buy/?page=1&edid=8E57ADB5-FD60-6D77-3B65-4D1A45F76D57&sortorder=desc&column=price HTTP/1.1" 200 71213
46.229.168.130 - - [13/Apr/2020:08:26:26 +0200] "GET /ticket2/opencms/dk/buy/?column=price&edid=99DB9E77-70E3-40F6-B912-7F69CD600D7C&page=1&sortorder=asc HTTP/1.1" 200 71397
5.9.71.213 - - [13/Apr/2020:08:26:30 +0200] "GET /ticket2/opencms/dk/buy/?page=1&edid=6082F16E-936D-95FC-7956-A001C0E49E14&sortorder=desc&column=row HTTP/1.1" 200 71704
173.208.130.202 - - [13/Apr/2020:08:26:32 +0200] "GET /ticket2/opencms/dk/buy/?page=1&edid=20D271D1-397A-F3BD-4FB4-19AF419865FC&sortorder=desc&column=row HTTP/1.1" 200 69321
95.216.20.54 - - [13/Apr/2020:08:26:32 +0200] "GET /ticket2/opencms/fi/login/?edid=00E508FC-1033-094A-7EAC-AE9917DCD863 HTTP/1.1" 200 68719
69.30.198.186 - - [13/Apr/2020:08:26:33 +0200] "GET /ticket2/opencms/dk/buy/?page=1&edid=0454CC59-46BC-A971-7716-2C07137D3EE2&sortorder=desc&column=price HTTP/1.1" 200 69286
46.229.168.137 - - [13/Apr/2020:08:26:34 +0200] "GET /ticket2/opencms/sv/buy/?column=row&edid=3B0497D7-FBFC-F3B2-73CE-00515B70BA0C&page=1&sortorder=asc HTTP/1.1" 200 69462
46.229.168.133 - - [13/Apr/2020:08:26:37 +0200] "GET /ticket2/opencms/en/buy/?edid=BB1EC027-667A-D516-1408-190AC626767E&page=1 HTTP/1.1" 200 71065
46.229.168.140 - - [13/Apr/2020:08:26:39 +0200] "GET /ticket2/opencms/nl/buy/?edid=F9FF1A93-E063-30B5-D018-721B7BF05409&page=1 HTTP/1.1" 200 70668
46.229.168.161 - - [13/Apr/2020:08:26:40 +0200] "GET /ticket2/opencms/sv/buy/?edid=0D0ADBCB-6EBA-B656-73A6-7D7B7FC3C3FA&page=1 HTTP/1.1" 200 69443
173.208.130.202 - - [13/Apr/2020:08:26:42 +0200] "GET /ticket2/opencms/dk/buy/?page=1&edid=20D271D1-397A-F3BD-4FB4-19AF419865FC&sortorder=desc&column=section HTTP/1.1" 200 69321
5.9.71.213 - - [13/Apr/2020:08:26:43 +0200] "GET /ticket2/opencms/dk/buy/?page=1&edid=6082F16E-936D-95FC-7956-A001C0E49E14&sortorder=desc&column=section HTTP/1.1" 200 71704
67.225.220.120 - - [13/Apr/2020:08:26:45 +0200] "GET /ticket2/opencms/en/buy/?page=1&edid=9EA63819-F5C6-0A09-AF16-0D985EE0DC58 HTTP/1.1" 200 70856
46.229.168.163 - - [13/Apr/2020:08:26:45 +0200] "GET /ticket2/opencms/sv/tickets/sunderland/bolton_wanderers.html HTTP/1.1" 200 67348
95.216.20.54 - - [13/Apr/2020:08:26:45 +0200] "GET /ticket2/opencms/fi/login/?edid=023AD109-F894-EFD4-D5CA-0D6D561D2D6F HTTP/1.1" 200 68719
67.225.220.120 - - [13/Apr/2020:08:26:49 +0200] "GET /ticket2/opencms/en/buy/?page=1&edid=B9927E9D-FCD6-90B0-3423-28EF9B3256EA HTTP/1.1" 200 70614
46.229.168.133 - - [13/Apr/2020:08:26:53 +0200] "GET /ticket2/opencms/no/buy/?column=price&edid=27B5C52A-A7F8-FFF2-CD66-BA61BDE1F885&page=1&sortorder=asc HTTP/1.1" 200 71245
199.58.86.209 - - [13/Apr/2020:08:26:54 +0200] "GET /ticket2/opencms/ HTTP/1.1" 302 -
192.99.37.116 - - [13/Apr/2020:08:26:55 +0200] "GET /ticket2/opencms/fi/buy/?page=1&edid=DDC7599B-D07F-381D-5227-9E1873654D32&sortorder=asc&column=price HTTP/1.1" 200 70656
95.216.20.54 - - [13/Apr/2020:08:26:55 +0200] "GET /ticket2/opencms/fi/login/?edid=02A00A05-668A-B57A-1A9F-B82023F1983A HTTP/1.1" 200 68719
192.99.15.199 - - [13/Apr/2020:08:26:55 +0200] "GET /ticket2/opencms/sv/login/?edid=A9EB69E3-F598-8818-4039-B7E9BE6FE589 HTTP/1.1" 200 67543
46.229.168.137 - - [13/Apr/2020:08:26:56 +0200] "GET /ticket2/opencms/sv/buy/?column=row&edid=81C43494-E044-CAD1-6388-497B66514F97&page=1&sortorder=asc HTTP/1.1" 200 71142
208.110.93.78 - - [13/Apr/2020:08:26:57 +0200] "GET /ticket2/opencms/nl/buy/?page=1&edid=995E8319-8CA0-AEF0-978E-B5B02C331A0E&sortorder=asc&column=section HTTP/1.1" 200 70393
47.54.35.136 - - [13/Apr/2020:08:26:58 +0200] "GET /ticket2/opencms/en/buy/?page=1&edid=5B44C847-C519-453A-1C31-3F14F0464A84&sortorder=asc&column=row HTTP/1.1" 200 70904
69.30.198.186 - - [13/Apr/2020:08:27:05 +0200] "GET /ticket2/opencms/dk/buy/?page=1&edid=0454CC59-46BC-A971-7716-2C07137D3EE2&sortorder=desc&column=row HTTP/1.1" 200 69286
47.54.35.136 - - [13/Apr/2020:08:27:05 +0200] "GET /ticket2/opencms/en/buy/?page=1&edid=5B44C847-C519-453A-1C31-3F14F0464A84&sortorder=asc&column=section HTTP/1.1" 200 70904
208.110.93.78 - - [13/Apr/2020:08:27:06 +0200] "GET /ticket2/opencms/no/buy/?page=1&edid=B48DB9DE-88DE-8188-5DC7-3BEC81F3F53F HTTP/1.1" 200 69786
95.216.20.54 - - [13/Apr/2020:08:27:06 +0200] "GET /ticket2/opencms/fi/login/?edid=0318FBA9-8FFF-BC30-E67D-5568E5F27D3B HTTP/1.1" 200 68719
192.99.5.228 - - [13/Apr/2020:08:27:08 +0200] "GET /ticket2/opencms/dk/buy/?page=1&edid=0B1DFE74-E96C-992F-F64C-5709A1D86A1D&sortorder=asc&column=price HTTP/1.1" 200 70779
46.229.168.148 - - [13/Apr/2020:08:27:08 +0200] "GET /ticket2/opencms/sv/buy/?column=price&edid=38C5F8C8-F6C2-BA94-BDF5-C45BF1FEC28E&page=1&sortorder=asc HTTP/1.1" 200 72660
5.9.71.213 - - [13/Apr/2020:08:27:10 +0200] "GET /ticket2/opencms/dk/buy/?page=1&edid=60A92E2C-5D4D-C143-3776-D1790FE7FB3F&sortorder=desc&column=price HTTP/1.1" 200 71704
40.77.167.131 - - [13/Apr/2020:08:27:16 +0200] "GET /ticket2/opencms/no/sport/fotballsbilletter/premier_league/tottenham/ HTTP/1.1" 200 70359
46.229.168.139 - - [13/Apr/2020:08:27:17 +0200] "GET /ticket2/opencms/nl/buy/?column=price&edid=DCA9216D-FB8E-C2CB-19F8-79E5FD21BD6D&page=1&sortorder=desc HTTP/1.1" 200 68345
95.216.20.54 - - [13/Apr/2020:08:27:17 +0200] "GET /ticket2/opencms/fi/login/?edid=0319A834-E4F8-1CF4-F8AD-79318D5E2742 HTTP/1.1" 200 68719
46.229.168.161 - - [13/Apr/2020:08:27:17 +0200] "GET /ticket2/opencms/nl/buy/?edid=5C822312-AD78-519B-498C-5A897678D6CE&page=1 HTTP/1.1" 200 70132
46.229.168.136 - - [13/Apr/2020:08:27:19 +0200] "GET /ticket2/opencms/nl/buy/?column=section&edid=9B5FF650-6073-5E8D-792C-56A70F14541A&page=1&sortorder=asc HTTP/1.1" 200 70256
46.229.168.150 - - [13/Apr/2020:08:27:20 +0200] "GET /ticket2/opencms/dk/buy/?column=price&edid=EE24B254-1FB8-6601-5783-BFE404E37C0C&page=1&sortorder=desc HTTP/1.1" 200 85665
46.229.168.131 - - [13/Apr/2020:08:27:20 +0200] "GET /ticket2/opencms/sv/buy/?column=price&edid=43FBDCC0-1021-1A5F-6A9F-86C612FC472E&page=1&sortorder=desc HTTP/1.1" 200 70937
46.229.168.130 - - [13/Apr/2020:08:27:22 +0200] "GET /ticket2/opencms/en/buy/?edid=416DE971-B897-5140-B141-FE881AD61026&page=1 HTTP/1.1" 200 71522
95.216.20.54 - - [13/Apr/2020:08:27:22 +0200] "GET /ticket2/opencms/fi/login/?edid=05C0128A-02F8-C30A-2654-0B16EDFDCD9B HTTP/1.1" 200 68719
192.99.37.116 - - [13/Apr/2020:08:27:24 +0200] "GET /ticket2/opencms/fi/buy/?page=1&edid=DDC7599B-D07F-381D-5227-9E1873654D32&sortorder=asc&column=row HTTP/1.1" 200 70656
46.229.168.130 - - [13/Apr/2020:08:27:24 +0200] "GET /ticket2/opencms/robots.txt HTTP/1.1" 200 773
192.99.15.199 - - [13/Apr/2020:08:27:25 +0200] "GET /ticket2/opencms/sv/login/?edid=AB82714E-6963-E775-D4D6-9BFD51ADB158 HTTP/1.1" 200 67543
66.249.79.147 - - [13/Apr/2020:08:27:25 +0200] "GET /ticket2/opencms/fi/venue/?venueid=C739F0C3-3AC2-C330-A99C-F40369E33E70 HTTP/1.1" 200 66445
46.229.168.146 - - [13/Apr/2020:08:27:26 +0200] "GET /ticket2/opencms/dk/buy/?column=price&edid=8836B58E-9B16-A810-8C3D-6638627D7926&page=1&sortorder=desc HTTP/1.1" 200 69315
95.216.20.54 - - [13/Apr/2020:08:27:29 +0200] "GET /ticket2/opencms/fi/login/?edid=060C0EE9-3660-B6E5-7141-2D93961E8D86 HTTP/1.1" 200 68719
5.9.71.213 - - [13/Apr/2020:08:27:29 +0200] "GET /ticket2/opencms/dk/buy/?page=1&edid=60A92E2C-5D4D-C143-3776-D1790FE7FB3F&sortorder=desc&column=row HTTP/1.1" 200 71704
66.249.79.85 - - [13/Apr/2020:08:27:29 +0200] "GET /ticket2/opencms/en/venue/?countryid=99B8CCCF-76CE-5509-EB6E-95AE6D1E4C98 HTTP/1.1" 200 94598
95.216.20.54 - - [13/Apr/2020:08:27:34 +0200] "GET /ticket2/opencms/fi/login/?edid=06C670DB-A8D1-B9FA-3FE6-95D8F01937B4 HTTP/1.1" 200 68719
208.110.93.78 - - [13/Apr/2020:08:27:35 +0200] "GET /ticket2/opencms/no/buy/?page=1&edid=B48DB9DE-88DE-8188-5DC7-3BEC81F3F53F&sortorder=asc&column=price HTTP/1.1" 200 69822
192.99.4.168 - - [13/Apr/2020:08:27:37 +0200] "GET /ticket2/opencms/en/buy/?page=1&edid=0CE65760-D75C-1E4C-DE34-E03273F5FD83&sortorder=asc&column=section HTTP/1.1" 200 70693
46.229.168.153 - - [13/Apr/2020:08:27:38 +0200] "GET /ticket2/opencms/en/buy/?edid=F675517E-77A1-26BF-A8E7-E48FFFB49370&page=1 HTTP/1.1" 200 72208
46.229.168.152 - - [13/Apr/2020:08:27:40 +0200] "GET /ticket2/opencms/robots.txt HTTP/1.1" 200 773
95.216.20.54 - - [13/Apr/2020:08:27:41 +0200] "GET /ticket2/opencms/fi/login/?edid=07032C66-ECCC-8B3A-18FE-F2D4E467100E HTTP/1.1" 200 68719
67.225.220.120 - - [13/Apr/2020:08:27:43 +0200] "GET /ticket2/opencms/en/buy/?page=1&edid=9C6F6F9E-235F-4D71-065A-2772E8DEA143 HTTP/1.1" 200 69193
46.229.168.132 - - [13/Apr/2020:08:27:43 +0200] "GET /ticket2/opencms/en/buy/?column=section&edid=1B8CC837-9981-20DD-5622-50C0808E3036&page=1&sortorder=desc HTTP/1.1" 200 70651
46.229.168.153 - - [13/Apr/2020:08:27:44 +0200] "GET /ticket2/opencms/en/venue/?venueid=8016D2EB-5A30-A503-2E51-C1845CAF0467 HTTP/1.1" 200 65284
208.110.93.78 - - [13/Apr/2020:08:27:45 +0200] "GET /ticket2/opencms/no/buy/?page=1&edid=B48DB9DE-88DE-8188-5DC7-3BEC81F3F53F&sortorder=asc&column=row HTTP/1.1" 200 69822
95.216.20.54 - - [13/Apr/2020:08:27:49 +0200] "GET /ticket2/opencms/fi/login/?edid=07D063F2-E88B-66B3-2176-A8CD7061F92B HTTP/1.1" 200 68719
5.9.71.213 - - [13/Apr/2020:08:27:51 +0200] "GET /ticket2/opencms/dk/buy/?page=1&edid=60A92E2C-5D4D-C143-3776-D1790FE7FB3F&sortorder=desc&column=section HTTP/1.1" 200 71704
192.99.15.199 - - [13/Apr/2020:08:27:51 +0200] "GET /ticket2/opencms/sv/login/?edid=AD3034FC-07C9-DBD5-1F60-A35D880286B6 HTTP/1.1" 200 67543
46.229.168.135 - - [13/Apr/2020:08:27:52 +0200] "GET /ticket2/opencms/sv/buy/?edid=A6BB718A-C4BD-3D5C-72E2-D776690BA6E7&page=1 HTTP/1.1" 200 69439
46.229.168.135 - - [13/Apr/2020:08:27:52 +0200] "GET /ticket2/opencms/en/buy/?column=section&edid=20D271D1-397A-F3BD-4FB4-19AF419865FC&page=1&sortorder=desc HTTP/1.1" 200 69255
46.229.168.139 - - [13/Apr/2020:08:27:54 +0200] "GET /ticket2/opencms/en/venue/?venueid=47C3688D-5FD9-F68A-3F31-2E2C94F37DE5 HTTP/1.1" 200 65207
95.216.20.54 - - [13/Apr/2020:08:27:54 +0200] "GET /ticket2/opencms/fi/login/?edid=08E4167A-CF42-A332-17FC-B350C5906CB9 HTTP/1.1" 200 68719
46.229.168.147 - - [13/Apr/2020:08:27:56 +0200] "GET /ticket2/opencms/sv/sell/?edid=55937450-3F28-1801-A771-9DC76286638A HTTP/1.1" 302 -
46.229.168.147 - - [13/Apr/2020:08:27:56 +0200] "GET /ticket2/opencms/no/sport/ishockey/nhl/Columbus_Blue_Jackets/ HTTP/1.1" 200 68540
46.229.168.138 - - [13/Apr/2020:08:27:58 +0200] "GET /ticket2/opencms/robots.txt HTTP/1.1" 200 773
95.216.20.54 - - [13/Apr/2020:08:27:59 +0200] "GET /ticket2/opencms/fi/login/?edid=1118CA9D-86D0-FF33-6F80-5DE6EAD42BE8 HTTP/1.1" 200 68719
46.229.168.163 - - [13/Apr/2020:08:28:00 +0200] "GET /ticket2/opencms/fi/sell/?edid=7BB8570A-17B7-95EF-E8A6-380751584F03 HTTP/1.1" 302 -
46.229.168.146 - - [13/Apr/2020:08:28:02 +0200] "GET /ticket2/opencms/sv/sport/fotbollsbiljetter/serie_a/inter/ HTTP/1.1" 200 69632
46.229.168.145 - - [13/Apr/2020:08:28:03 +0200] "GET /ticket2/opencms/ru/buy/?column=section&edid=070471A5-1E92-12B9-6E14-6731F3C1EE15&page=1&sortorder=asc HTTP/1.1" 200 71772
95.216.20.54 - - [13/Apr/2020:08:28:05 +0200] "GET /ticket2/opencms/fi/login/?edid=4452F62E-90C8-F872-950B-D888704DB265 HTTP/1.1" 200 68719
208.110.93.78 - - [13/Apr/2020:08:28:13 +0200] "GET /ticket2/opencms/no/buy/?page=1&edid=B48DB9DE-88DE-8188-5DC7-3BEC81F3F53F&sortorder=asc&column=section HTTP/1.1" 200 69822
95.216.20.54 - - [13/Apr/2020:08:28:14 +0200] "GET /ticket2/opencms/fi/login/?edid=448E97AD-A675-26E8-5DB2-B1923040DF7D HTTP/1.1" 200 68719
46.229.168.131 - - [13/Apr/2020:08:28:15 +0200] "GET /ticket2/opencms/sv/buy/?edid=32A8F56D-1146-586D-D282-0D84CEE4FD54&page=1 HTTP/1.1" 200 71335
