46.229.168.154 - - [13/Apr/2020:05:08:05 +0200] "GET /ticket2/opencms/nl/buy/?column=price&edid=0E6A79B9-CFE2-795E-3105-46DDF635E5DC&page=1&sortorder=asc HTTP/1.1" 200 70177
5.9.140.242 - - [13/Apr/2020:05:08:08 +0200] "GET /ticket2/opencms/dk/buy/?page=1&edid=013A3620-61B8-4C37-EC2F-1743972D2160&sortorder=asc&column=section HTTP/1.1" 200 69316
207.180.203.210 - - [13/Apr/2020:05:08:08 +0200] "GET /ticket2/opencms/robots.txt HTTP/1.0" 200 773
92.220.10.100 - - [13/Apr/2020:05:08:08 +0200] "GET /ticket2/opencms/fi/sell/?edid=CD8C65AB-F506-0A9E-001A-2A1B6DBD3092 HTTP/1.1" 302 -
46.229.168.148 - - [13/Apr/2020:05:08:09 +0200] "GET /ticket2/opencms/no/buy/?column=section&edid=782016FF-6554-96DE-4A09-06440A1EA20B&page=1&sortorder=desc HTTP/1.1" 200 72175
5.9.140.242 - - [13/Apr/2020:05:08:15 +0200] "GET /ticket2/opencms/dk/buy/?page=1&edid=029A473B-546B-C225-265E-586FD49CD977 HTTP/1.1" 200 69259
46.229.168.142 - - [13/Apr/2020:05:08:28 +0200] "GET /ticket2/opencms/no/buy/?edid=DA205E04-65EE-7F78-067D-CBCBD424C79F&page=1 HTTP/1.1" 200 72085
46.229.168.130 - - [13/Apr/2020:05:08:28 +0200] "GET /ticket2/opencms/sv/buy/?column=section&edid=7E6C3EC9-7A3A-9E1F-E273-739B803C073C&page=1&sortorder=desc HTTP/1.1" 200 75149
46.229.168.137 - - [13/Apr/2020:05:08:30 +0200] "GET /ticket2/opencms/no/sport/fotballsbilletter/premier_league/crystal_palace/ HTTP/1.1" 200 70254
46.229.168.154 - - [13/Apr/2020:05:08:33 +0200] "GET /ticket2/opencms/nl/buy/?column=price&edid=0E6A79B9-CFE2-795E-3105-46DDF635E5DC&page=1&sortorder=asc HTTP/1.1" 200 70177
46.229.168.141 - - [13/Apr/2020:05:08:33 +0200] "GET /ticket2/opencms/fi/venue/?venueid=9B137520-72B4-1150-AC79-9BCA4FCF5EB1 HTTP/1.1" 200 66460
46.229.168.135 - - [13/Apr/2020:05:08:35 +0200] "GET /ticket2/opencms/nl/buy/?edid=5BB515D6-4A71-F83B-2070-837601175DFA&page=1 HTTP/1.1" 200 68259
192.99.15.199 - - [13/Apr/2020:05:08:35 +0200] "GET /ticket2/opencms/sv/buy/?page=1&edid=BAB4C553-42C2-3D6E-9B88-05390DC2546C&sortorder=desc&column=row HTTP/1.1" 200 70867
54.36.150.76 - - [13/Apr/2020:05:08:35 +0200] "GET /ticket2/opencms/fi/urheilu/jalkapallo/premier_league/leicester/ HTTP/1.1" 200 69532
192.99.5.225 - - [13/Apr/2020:05:08:35 +0200] "GET /ticket2/opencms/sv/venue/?venueid=22FBA63B-CC18-3864-F1A1-268F2EA93F27 HTTP/1.1" 200 65470
66.249.79.199 - - [13/Apr/2020:05:08:35 +0200] "GET /ticket2/opencms/dk/buy/?comcatid=A17713B6-D984-201A-4143-ED4DB5ED5C2E&catid=24AC1CA6-1C09-0BE5-C04A-9DCCDB15D5E9 HTTP/1.1" 200 75346
46.229.168.143 - - [13/Apr/2020:05:08:49 +0200] "GET /ticket2/opencms/fi/buy/?edid=D113E468-2DF2-22A8-54C7-46CC05C5FA8D&page=1 HTTP/1.1" 200 70588
92.220.10.100 - - [13/Apr/2020:05:08:49 +0200] "GET /ticket2/opencms/fi/sell/?edid=CE46419D-8212-4E80-4D96-946A95260D8F HTTP/1.1" 302 -
5.9.140.242 - - [13/Apr/2020:05:08:52 +0200] "GET /ticket2/opencms/dk/buy/?page=1&edid=029A473B-546B-C225-265E-586FD49CD977&sortorder=asc&column=price HTTP/1.1" 200 69295
46.229.168.142 - - [13/Apr/2020:05:08:55 +0200] "GET /ticket2/opencms/no/buy/?edid=DA205E04-65EE-7F78-067D-CBCBD424C79F&page=1 HTTP/1.1" 200 72085
54.36.148.181 - - [13/Apr/2020:05:09:01 +0200] "GET /ticket2/opencms/fi/venue/?venueid=4EB732D1-1652-2B2A-5343-888F777F34B4 HTTP/1.1" 200 66453
67.225.220.120 - - [13/Apr/2020:05:09:07 +0200] "GET /ticket2/opencms/en/buy/?page=1&edid=96929D0A-4CC9-A8E9-DBC2-1666F308A685 HTTP/1.1" 200 69194
67.225.220.120 - - [13/Apr/2020:05:09:08 +0200] "GET /ticket2/opencms/en/buy/?page=1&edid=E19F6380-8030-6AD8-8710-C3F6BEB23E30 HTTP/1.1" 200 71591
144.76.7.79 - - [13/Apr/2020:05:09:08 +0200] "GET /ticket2/opencms/dk/buy/?page=1&edid=047FC651-5E83-AFEB-C98F-124C833B2F12&sortorder=desc&column=section HTTP/1.1" 200 69288
46.229.168.144 - - [13/Apr/2020:05:09:08 +0200] "GET /ticket2/opencms/sv/buy/?column=price&edid=C983C410-A893-1A41-94F2-2B0B8C7A2BBB&page=1&sortorder=desc HTTP/1.1" 200 71387
46.229.168.137 - - [13/Apr/2020:05:09:08 +0200] "GET /ticket2/opencms/robots.txt HTTP/1.1" 200 773
46.229.168.141 - - [13/Apr/2020:05:09:09 +0200] "GET /ticket2/opencms/no/buy/?column=section&edid=8DA352BB-DB51-9EC0-B0E1-B948448A62C6&page=1&sortorder=asc HTTP/1.1" 200 71462
46.229.168.137 - - [13/Apr/2020:05:09:10 +0200] "GET /ticket2/opencms/robots.txt HTTP/1.1" 200 773
66.249.79.85 - - [13/Apr/2020:05:09:10 +0200] "GET /ticket2/opencms/sv/venue/?countryid=39338EA9-6CB0-428E-D26D-7F5D8BBADF63 HTTP/1.1" 200 94846
5.9.140.242 - - [13/Apr/2020:05:09:13 +0200] "GET /ticket2/opencms/dk/buy/?page=1&edid=029A473B-546B-C225-265E-586FD49CD977&sortorder=asc&column=row HTTP/1.1" 200 69295
46.229.168.131 - - [13/Apr/2020:05:09:14 +0200] "GET /ticket2/opencms/sv/buy/?column=price&edid=ED855D6B-673D-0A5B-8E81-DCE50EA1C4F5&page=1&sortorder=asc HTTP/1.1" 200 71587
192.99.5.225 - - [13/Apr/2020:05:09:14 +0200] "GET /ticket2/opencms/sv/venue/?venueid=231092FF-6A88-F55E-896E-0C73160CAE74 HTTP/1.1" 200 65474
46.229.168.147 - - [13/Apr/2020:05:09:15 +0200] "GET /ticket2/opencms/fi/buy/?edid=F34C3B0E-BB5C-8B73-B51B-808A8957F296&page=1 HTTP/1.1" 200 73206
46.229.168.141 - - [13/Apr/2020:05:09:15 +0200] "GET /ticket2/opencms/no/buy/?column=section&edid=8DA352BB-DB51-9EC0-B0E1-B948448A62C6&page=1&sortorder=asc HTTP/1.1" 200 71462
192.99.15.199 - - [13/Apr/2020:05:09:22 +0200] "GET /ticket2/opencms/sv/buy/?page=1&edid=BAB4C553-42C2-3D6E-9B88-05390DC2546C&sortorder=desc&column=section HTTP/1.1" 200 70867
46.229.168.135 - - [13/Apr/2020:05:09:26 +0200] "GET /ticket2/opencms/nl/buy/?edid=5BB515D6-4A71-F83B-2070-837601175DFA&page=1 HTTP/1.1" 200 68259
46.229.168.143 - - [13/Apr/2020:05:09:28 +0200] "GET /ticket2/opencms/fi/buy/?edid=D113E468-2DF2-22A8-54C7-46CC05C5FA8D&page=1 HTTP/1.1" 200 70588
114.119.163.14 - - [13/Apr/2020:05:09:28 +0200] "GET /ticket2/opencms/fi/urheilu/jalkapallo/serie_a/fiorentina HTTP/1.1" 200 67445
46.229.168.142 - - [13/Apr/2020:05:09:31 +0200] "GET /ticket2/opencms/no/buy/?column=section&edid=674A96E1-4B9C-1EEC-4D35-A637DDEAF802&page=1&sortorder=desc HTTP/1.1" 200 72188
67.225.220.120 - - [13/Apr/2020:05:09:31 +0200] "GET /ticket2/opencms/en/buy/?page=1&edid=7057B2C9-74F4-D569-B6F7-77B58D68F437 HTTP/1.1" 200 69214
46.229.168.136 - - [13/Apr/2020:05:09:36 +0200] "GET /ticket2/opencms/en/buy/?column=section&edid=D7C0DA77-DBEA-6309-806C-0F1B3D98F5E1&page=1&sortorder=asc HTTP/1.1" 200 71176
92.220.10.100 - - [13/Apr/2020:05:09:36 +0200] "GET /ticket2/opencms/fi/sell/?edid=CFB00141-297E-C048-020A-09E02D385501 HTTP/1.1" 302 -
144.76.7.79 - - [13/Apr/2020:05:09:40 +0200] "GET /ticket2/opencms/dk/buy/?page=1&edid=0485B1F2-C43E-954A-D657-2695BB05A4ED&sortorder=asc&column=row HTTP/1.1" 200 69296
46.229.168.142 - - [13/Apr/2020:05:09:47 +0200] "GET /ticket2/opencms/no/buy/?column=section&edid=674A96E1-4B9C-1EEC-4D35-A637DDEAF802&page=1&sortorder=desc HTTP/1.1" 200 72188
54.36.150.86 - - [13/Apr/2020:05:09:47 +0200] "GET /ticket2/opencms/en/buy/?page=1&edid=9BF622D0-346F-7329-11E1-DA3663315EAC HTTP/1.1" 200 69188
54.36.150.20 - - [13/Apr/2020:05:09:48 +0200] "GET /ticket2/opencms/en/buy/?page=1&edid=B42BB733-E52E-258C-F325-85F6C957EB02 HTTP/1.1" 200 71534
46.229.168.143 - - [13/Apr/2020:05:09:48 +0200] "GET /ticket2/opencms/no/sport/fotballsbilletter/bundesliga/augsburg/ HTTP/1.1" 200 66720
46.229.168.136 - - [13/Apr/2020:05:09:49 +0200] "GET /ticket2/opencms/sv/buy/?column=section&edid=EBA49F8A-33E9-0C95-472B-EF6292B7073A&page=1&sortorder=desc HTTP/1.1" 200 71370
216.245.221.82 - - [13/Apr/2020:05:09:49 +0200] "HEAD /ticket2/opencms/ HTTP/1.1" 302 -
46.229.168.132 - - [13/Apr/2020:05:09:51 +0200] "GET /ticket2/opencms/robots.txt HTTP/1.1" 200 773
92.220.10.100 - - [13/Apr/2020:05:09:51 +0200] "GET /ticket2/opencms/fi/login/?edid=CFB00141-297E-C048-020A-09E02D385501 HTTP/1.1" 200 68719
114.119.163.197 - - [13/Apr/2020:05:09:51 +0200] "GET /ticket2/opencms/sites/ticketbrokerage/ru/terms_of_service/ HTTP/1.1" 404 -
192.99.5.225 - - [13/Apr/2020:05:09:51 +0200] "GET /ticket2/opencms/sv/venue/?venueid=237BBFFD-D521-47F4-96BB-A1C99D9BA273 HTTP/1.1" 200 65528
192.99.15.199 - - [13/Apr/2020:05:09:52 +0200] "GET /ticket2/opencms/sv/buy/?page=1&edid=C2C96D4A-A8C3-D5FC-2638-E050ECF38B9E&sortorder=desc&column=row HTTP/1.1" 200 70833
46.229.168.134 - - [13/Apr/2020:05:09:54 +0200] "GET /ticket2/opencms/no/buy/?edid=7B3AC7D7-1526-4F6F-CBCE-129EE69ABE1E&page=1 HTTP/1.1" 200 72503
46.229.168.141 - - [13/Apr/2020:05:09:54 +0200] "GET /ticket2/opencms/sv/buy/?edid=821554DD-EC9D-9EFA-6B0E-4F35AE0315B0&page=1 HTTP/1.1" 200 71832
46.229.168.145 - - [13/Apr/2020:05:09:56 +0200] "GET /ticket2/opencms/en/buy/?eventid=4CD3BFC4-6826-2F08-586B-E7C2046942C2&page=10 HTTP/1.1" 200 66539
92.220.10.100 - - [13/Apr/2020:05:09:56 +0200] "GET /ticket2/opencms/fi/sell/?edid=CFD9BEFF-0C02-6799-1A51-C299BFF6CF88 HTTP/1.1" 302 -
46.229.168.135 - - [13/Apr/2020:05:09:56 +0200] "GET /ticket2/opencms/en/buy/?column=section&edid=EBF0F3D2-0899-5044-6E4B-7CEB8830B7C7&page=1&sortorder=asc HTTP/1.1" 200 71342
46.229.168.146 - - [13/Apr/2020:05:09:57 +0200] "GET /ticket2/opencms/en/buy/?eventid=6FF9EBE1-05EE-AA1E-A54F-A9D14CF13922&page=10 HTTP/1.1" 200 70957
46.229.168.161 - - [13/Apr/2020:05:10:01 +0200] "GET /ticket2/opencms/no/buy/?column=row&edid=DE0A9995-56A6-04E8-985B-0AA01BAE89DA&page=1&sortorder=desc HTTP/1.1" 200 72124
46.229.168.146 - - [13/Apr/2020:05:10:05 +0200] "GET /ticket2/opencms/fi/buy/?column=section&edid=270F38E4-5FB7-37F7-3E47-4F8D59240B68&page=1&sortorder=asc HTTP/1.1" 200 70635
92.220.10.100 - - [13/Apr/2020:05:10:05 +0200] "GET /ticket2/opencms/fi/login/?edid=CFD9BEFF-0C02-6799-1A51-C299BFF6CF88 HTTP/1.1" 200 68719
92.220.10.100 - - [13/Apr/2020:05:10:07 +0200] "GET /ticket2/opencms/fi/sell/?edid=D1432DC5-8C12-57F3-7E74-A2642DC12ED3 HTTP/1.1" 302 -
5.9.140.242 - - [13/Apr/2020:05:10:09 +0200] "GET /ticket2/opencms/dk/buy/?page=1&edid=029A473B-546B-C225-265E-586FD49CD977&sortorder=asc&column=section HTTP/1.1" 200 69295
192.99.5.225 - - [13/Apr/2020:05:10:10 +0200] "GET /ticket2/opencms/sv/venue/?venueid=23DADC67-2F89-C2AE-F234-7909D8077B49 HTTP/1.1" 200 65479
92.220.10.100 - - [13/Apr/2020:05:10:10 +0200] "GET /ticket2/opencms/fi/login/?edid=D1432DC5-8C12-57F3-7E74-A2642DC12ED3 HTTP/1.1" 200 68719
46.229.168.143 - - [13/Apr/2020:05:10:12 +0200] "GET /ticket2/opencms/no/buy/?edid=F6CC0FC0-119E-8C04-0DA1-6DA80CB43AB2&page=1 HTTP/1.1" 200 71680
92.220.10.100 - - [13/Apr/2020:05:10:12 +0200] "GET /ticket2/opencms/fi/sell/?edid=D46E0578-2C40-B575-6691-BBD6C7BC77BE HTTP/1.1" 302 -
46.229.168.146 - - [13/Apr/2020:05:10:12 +0200] "GET /ticket2/opencms/fi/buy/?column=section&edid=D83D543C-26F5-1FF2-6B40-9A4027C56CF1&page=1&sortorder=desc HTTP/1.1" 200 72508
46.229.168.144 - - [13/Apr/2020:05:10:15 +0200] "GET /ticket2/opencms/no/buy/?column=section&edid=897211BD-6892-D833-1096-CE6140C23AFB&page=1&sortorder=desc HTTP/1.1" 200 71239
92.220.10.100 - - [13/Apr/2020:05:10:15 +0200] "GET /ticket2/opencms/fi/login/?edid=D46E0578-2C40-B575-6691-BBD6C7BC77BE HTTP/1.1" 200 68719
92.220.10.100 - - [13/Apr/2020:05:10:17 +0200] "GET /ticket2/opencms/fi/sell/?edid=D54EDA96-F67D-2426-66BF-D765D5E1AF7A HTTP/1.1" 302 -
46.229.168.151 - - [13/Apr/2020:05:10:19 +0200] "GET /ticket2/opencms/en/buy/?column=price&edid=7545A501-A74F-FCD9-6047-6417398923F8&page=1&sortorder=desc HTTP/1.1" 200 71178
92.220.10.100 - - [13/Apr/2020:05:10:19 +0200] "GET /ticket2/opencms/fi/login/?edid=D54EDA96-F67D-2426-66BF-D765D5E1AF7A HTTP/1.1" 200 68719
92.220.10.100 - - [13/Apr/2020:05:10:21 +0200] "GET /ticket2/opencms/fi/sell/?edid=D5E9A801-4597-FB68-95D5-A4CE1BC9C0D9 HTTP/1.1" 302 -
46.229.168.139 - - [13/Apr/2020:05:10:22 +0200] "GET /ticket2/opencms/nl/buy/?column=row&edid=B7653BD0-33A8-8039-42B6-78FA5A3DEC82&page=1&sortorder=asc HTTP/1.1" 200 70650
5.9.140.242 - - [13/Apr/2020:05:10:22 +0200] "GET /ticket2/opencms/dk/buy/?page=1&edid=0319A834-E4F8-1CF4-F8AD-79318D5E2742&sortorder=desc&column=row HTTP/1.1" 200 71189
144.76.7.79 - - [13/Apr/2020:05:10:24 +0200] "GET /ticket2/opencms/dk/buy/?page=1&edid=0485B1F2-C43E-954A-D657-2695BB05A4ED&sortorder=desc&column=price HTTP/1.1" 200 69295
92.220.10.100 - - [13/Apr/2020:05:10:24 +0200] "GET /ticket2/opencms/fi/login/?edid=D5E9A801-4597-FB68-95D5-A4CE1BC9C0D9 HTTP/1.1" 200 68719
92.220.10.100 - - [13/Apr/2020:05:10:25 +0200] "GET /ticket2/opencms/fi/sell/?edid=D5F77514-6365-CD51-9AFB-D0DD3E873E69 HTTP/1.1" 302 -
46.229.168.150 - - [13/Apr/2020:05:10:26 +0200] "GET /ticket2/opencms/sv/buy/?column=price&edid=E6248F1A-F945-8E87-556B-45592CCDE17D&page=1&sortorder=asc HTTP/1.1" 200 69453
46.229.168.134 - - [13/Apr/2020:05:10:29 +0200] "GET /ticket2/opencms/sv/venue/?venueid=0C72DEDD-89EE-57E0-A1B7-BB6C9045A328 HTTP/1.1" 200 65434
92.220.10.100 - - [13/Apr/2020:05:10:29 +0200] "GET /ticket2/opencms/fi/login/?edid=D5F77514-6365-CD51-9AFB-D0DD3E873E69 HTTP/1.1" 200 68719
46.229.168.136 - - [13/Apr/2020:05:10:29 +0200] "GET /ticket2/opencms/fi/buy/?column=section&edid=49B510D5-029A-C703-B351-D5B9988CF9B8&page=1&sortorder=desc HTTP/1.1" 200 72760
46.229.168.132 - - [13/Apr/2020:05:10:30 +0200] "GET /ticket2/opencms/no/buy/?column=section&edid=BB786D37-9A63-734D-1EB8-BE43F552023D&page=1&sortorder=desc HTTP/1.1" 200 73013
92.220.10.100 - - [13/Apr/2020:05:10:30 +0200] "GET /ticket2/opencms/fi/sell/?edid=D7C3AD84-A63D-4BF3-F25A-FE60AC4BA077 HTTP/1.1" 302 -
67.225.220.120 - - [13/Apr/2020:05:10:31 +0200] "GET /ticket2/opencms/en/buy/?page=1&edid=CFB3C173-B4FB-B01A-31DC-68FDFD5FA2B7 HTTP/1.1" 200 69212
192.95.29.186 - - [13/Apr/2020:05:10:31 +0200] "GET /ticket2/opencms/en/ HTTP/1.1" 200 71871
46.229.168.140 - - [13/Apr/2020:05:10:32 +0200] "GET /ticket2/opencms/nl/buy/?catid=E3105E1E-3982-291E-5523-1C1DF161E9B7&comcatid=97ECA65A-72DA-F9AF-9DBB-245D3CFED1BE HTTP/1.1" 200 84373
92.220.10.100 - - [13/Apr/2020:05:10:33 +0200] "GET /ticket2/opencms/fi/login/?edid=D7C3AD84-A63D-4BF3-F25A-FE60AC4BA077 HTTP/1.1" 200 68719
5.9.140.242 - - [13/Apr/2020:05:10:35 +0200] "GET /ticket2/opencms/dk/buy/?page=1&edid=0319A834-E4F8-1CF4-F8AD-79318D5E2742&sortorder=desc&column=section HTTP/1.1" 200 71189
92.220.10.100 - - [13/Apr/2020:05:10:35 +0200] "GET /ticket2/opencms/fi/sell/?edid=D83D543C-26F5-1FF2-6B40-9A4027C56CF1 HTTP/1.1" 302 -
46.229.168.135 - - [13/Apr/2020:05:10:36 +0200] "GET /ticket2/opencms/sv/buy/?column=row&edid=27A7475E-067B-47F5-FC13-EBFAFFB17D2F&page=1&sortorder=asc HTTP/1.1" 200 72487
192.99.5.225 - - [13/Apr/2020:05:10:37 +0200] "GET /ticket2/opencms/sv/venue/?venueid=24282DEB-2558-F658-4C50-90E4155081CA HTTP/1.1" 200 65456
46.229.168.145 - - [13/Apr/2020:05:10:37 +0200] "GET /ticket2/opencms/sv/buy/?column=row&edid=B98B0C58-4ECA-B5D7-8311-25882EE8CC08&page=1&sortorder=desc HTTP/1.1" 200 69497
92.220.10.100 - - [13/Apr/2020:05:10:38 +0200] "GET /ticket2/opencms/fi/login/?edid=D83D543C-26F5-1FF2-6B40-9A4027C56CF1 HTTP/1.1" 200 68719
92.220.10.100 - - [13/Apr/2020:05:10:39 +0200] "GET /ticket2/opencms/fi/sell/?edid=D9590EEA-A3BA-EAE9-0517-4EA431179E08 HTTP/1.1" 302 -
192.99.15.199 - - [13/Apr/2020:05:10:42 +0200] "GET /ticket2/opencms/sv/buy/?page=1&edid=C2C96D4A-A8C3-D5FC-2638-E050ECF38B9E&sortorder=desc&column=section HTTP/1.1" 200 70833
92.220.10.100 - - [13/Apr/2020:05:10:42 +0200] "GET /ticket2/opencms/fi/login/?edid=D9590EEA-A3BA-EAE9-0517-4EA431179E08 HTTP/1.1" 200 68719
92.220.10.100 - - [13/Apr/2020:05:10:44 +0200] "GET /ticket2/opencms/fi/sell/?edid=D9CE0B59-251A-E38E-8401-FAA2223E06E9 HTTP/1.1" 302 -
46.229.168.144 - - [13/Apr/2020:05:10:45 +0200] "GET /ticket2/opencms/nl/buy/?column=section&edid=3150A50C-406C-2280-37B6-F35D6C5A214C&page=1&sortorder=asc HTTP/1.1" 200 70425
46.229.168.161 - - [13/Apr/2020:05:10:46 +0200] "GET /ticket2/opencms/en/buy/?column=price&edid=0ADDE807-1F64-7C42-2B95-2EDB1EF373D1&page=1&sortorder=asc HTTP/1.1" 200 69252
92.220.10.100 - - [13/Apr/2020:05:10:47 +0200] "GET /ticket2/opencms/fi/login/?edid=D9CE0B59-251A-E38E-8401-FAA2223E06E9 HTTP/1.1" 200 68719
92.220.10.100 - - [13/Apr/2020:05:10:48 +0200] "GET /ticket2/opencms/fi/sell/?edid=DA205E04-65EE-7F78-067D-CBCBD424C79F HTTP/1.1" 302 -
92.220.10.100 - - [13/Apr/2020:05:10:51 +0200] "GET /ticket2/opencms/fi/login/?edid=DA205E04-65EE-7F78-067D-CBCBD424C79F HTTP/1.1" 200 68719
92.220.10.100 - - [13/Apr/2020:05:10:53 +0200] "GET /ticket2/opencms/fi/sell/?edid=DA55EA94-C407-D79D-D7C5-6A263E676A12 HTTP/1.1" 302 -
92.220.10.100 - - [13/Apr/2020:05:10:56 +0200] "GET /ticket2/opencms/fi/login/?edid=DA55EA94-C407-D79D-D7C5-6A263E676A12 HTTP/1.1" 200 68719
46.229.168.150 - - [13/Apr/2020:05:10:57 +0200] "GET /ticket2/opencms/sv/buy/?column=section&edid=1B8CC837-9981-20DD-5622-50C0808E3036&page=1&sortorder=asc HTTP/1.1" 200 70898
46.229.168.140 - - [13/Apr/2020:05:10:57 +0200] "GET /ticket2/opencms/en/buy/?column=row&edid=DC15B801-FC41-85D8-B33F-8FF1EFE0758A&page=1&sortorder=asc HTTP/1.1" 200 71972
92.220.10.100 - - [13/Apr/2020:05:10:57 +0200] "GET /ticket2/opencms/fi/sell/?edid=DAFDD77A-6D0A-08E5-2794-012E560891FE HTTP/1.1" 302 -
46.229.168.131 - - [13/Apr/2020:05:11:00 +0200] "GET /ticket2/opencms/sv/buy/?catid=D8B345C9-F7A5-E620-4B43-C34EB0D6885B&comcatid=A17713B6-D984-201A-4143-ED4DB5ED5C2E HTTP/1.1" 200 108005
92.220.10.100 - - [13/Apr/2020:05:11:00 +0200] "GET /ticket2/opencms/fi/login/?edid=DAFDD77A-6D0A-08E5-2794-012E560891FE HTTP/1.1" 200 68719
92.220.10.100 - - [13/Apr/2020:05:11:02 +0200] "GET /ticket2/opencms/fi/sell/?edid=DBF4E8F8-4B5C-5AC7-6092-B7F0702F553B HTTP/1.1" 302 -
46.229.168.146 - - [13/Apr/2020:05:11:04 +0200] "GET /ticket2/opencms/fi/buy/?edid=EB9B2650-FD8D-90CB-E889-0D0B52112AB1&page=1 HTTP/1.1" 200 72484
92.220.10.100 - - [13/Apr/2020:05:11:05 +0200] "GET /ticket2/opencms/fi/login/?edid=DBF4E8F8-4B5C-5AC7-6092-B7F0702F553B HTTP/1.1" 200 68719
192.99.5.225 - - [13/Apr/2020:05:11:07 +0200] "GET /ticket2/opencms/sv/venue/?venueid=24F72B39-B955-8335-9AE8-08FED3A112B7 HTTP/1.1" 200 65470
92.220.10.100 - - [13/Apr/2020:05:11:07 +0200] "GET /ticket2/opencms/fi/sell/?edid=DCA09323-0C36-57F1-07F7-45EEFB637B16 HTTP/1.1" 302 -
144.76.7.79 - - [13/Apr/2020:05:11:08 +0200] "GET /ticket2/opencms/dk/buy/?page=1&edid=04B561CA-7B1C-1A1C-7CA8-96F451587513&sortorder=asc&column=section HTTP/1.1" 200 70677
92.220.10.100 - - [13/Apr/2020:05:11:10 +0200] "GET /ticket2/opencms/fi/login/?edid=DCA09323-0C36-57F1-07F7-45EEFB637B16 HTTP/1.1" 200 68719
92.220.10.100 - - [13/Apr/2020:05:11:12 +0200] "GET /ticket2/opencms/fi/sell/?edid=DD99BFEC-4846-922C-64A2-1661CA2CB452 HTTP/1.1" 302 -
46.229.168.131 - - [13/Apr/2020:05:11:13 +0200] "GET /ticket2/opencms/nl/buy/?column=section&edid=D5299377-114D-E85A-E06B-1E0425900906&page=1&sortorder=desc HTTP/1.1" 200 70206
46.229.168.154 - - [13/Apr/2020:05:11:13 +0200] "GET /ticket2/opencms/sv/buy/?edid=C11CE0A1-BCBD-A7C4-C22E-164F1C641833&page=1 HTTP/1.1" 200 72035
192.99.15.199 - - [13/Apr/2020:05:11:14 +0200] "GET /ticket2/opencms/sv/buy/?page=1&edid=C31EB894-C700-DF4A-F882-C4D20878235C&sortorder=desc&column=price HTTP/1.1" 200 69460
92.220.10.100 - - [13/Apr/2020:05:11:15 +0200] "GET /ticket2/opencms/fi/login/?edid=DD99BFEC-4846-922C-64A2-1661CA2CB452 HTTP/1.1" 200 68719
92.220.10.100 - - [13/Apr/2020:05:11:16 +0200] "GET /ticket2/opencms/fi/sell/?edid=DEE44496-B556-FDDA-3CED-164195E286E3 HTTP/1.1" 302 -
46.229.168.139 - - [13/Apr/2020:05:11:17 +0200] "GET /ticket2/opencms/sv/sport/fotbollsbiljetter/bundesliga/wolfsburg/ HTTP/1.1" 200 66650
46.229.168.161 - - [13/Apr/2020:05:11:19 +0200] "GET /ticket2/opencms/nl/buy/?column=price&edid=D92CED7B-DF06-A59E-51D5-AAB349535CCF&page=1&sortorder=asc HTTP/1.1" 200 68327
92.220.10.100 - - [13/Apr/2020:05:11:19 +0200] "GET /ticket2/opencms/fi/login/?edid=DEE44496-B556-FDDA-3CED-164195E286E3 HTTP/1.1" 200 68719
92.220.10.100 - - [13/Apr/2020:05:11:21 +0200] "GET /ticket2/opencms/fi/sell/?edid=DEF18BF7-D4D8-7C12-E3C4-285BA6D3CB97 HTTP/1.1" 302 -
66.249.79.89 - - [13/Apr/2020:05:11:23 +0200] "GET /ticket2/opencms/sv/venue/?venueid=FFA115B2-38B9-DF68-21D2-8F2E64EF271D HTTP/1.1" 200 65464
46.229.168.152 - - [13/Apr/2020:05:11:24 +0200] "GET /ticket2/opencms/dk/sport/fodboldbilletter/serie-a/lazio/ HTTP/1.1" 200 69078
92.220.10.100 - - [13/Apr/2020:05:11:24 +0200] "GET /ticket2/opencms/fi/login/?edid=DEF18BF7-D4D8-7C12-E3C4-285BA6D3CB97 HTTP/1.1" 200 68719
192.99.5.225 - - [13/Apr/2020:05:11:25 +0200] "GET /ticket2/opencms/sv/venue/?venueid=255EC0A2-CFF1-A438-835D-B03A710178CE HTTP/1.1" 200 65437
92.220.10.100 - - [13/Apr/2020:05:11:26 +0200] "GET /ticket2/opencms/fi/sell/?edid=E381DB65-F270-37B3-006A-65A82309F0C9 HTTP/1.1" 302 -
92.220.10.100 - - [13/Apr/2020:05:11:29 +0200] "GET /ticket2/opencms/fi/login/?edid=E381DB65-F270-37B3-006A-65A82309F0C9 HTTP/1.1" 200 68719
92.220.10.100 - - [13/Apr/2020:05:11:30 +0200] "GET /ticket2/opencms/fi/sell/?edid=E3BBCC86-26D5-DC25-A37D-86D5EFCD8037 HTTP/1.1" 302 -
92.220.10.100 - - [13/Apr/2020:05:11:33 +0200] "GET /ticket2/opencms/fi/login/?edid=E3BBCC86-26D5-DC25-A37D-86D5EFCD8037 HTTP/1.1" 200 68719
54.36.150.9 - - [13/Apr/2020:05:11:34 +0200] "GET /ticket2/opencms/dk/buy/?page=1&edid=18D99EA0-2BEC-D9CC-55EF-EA3365FF7423 HTTP/1.1" 200 71184
92.220.10.100 - - [13/Apr/2020:05:11:35 +0200] "GET /ticket2/opencms/fi/sell/?edid=E7D76902-ECED-BE8E-8DAB-8F4E7659C70A HTTP/1.1" 302 -
46.229.168.141 - - [13/Apr/2020:05:11:35 +0200] "GET /ticket2/opencms/dk/buy/?column=row&edid=A4FDE762-7441-9C76-968C-20A54EB63398&page=1&sortorder=asc HTTP/1.1" 200 70464
46.229.168.149 - - [13/Apr/2020:05:11:36 +0200] "GET /ticket2/opencms/sv/buy/?column=price&edid=9EA63819-F5C6-0A09-AF16-0D985EE0DC58&page=1&sortorder=desc HTTP/1.1" 200 71148
114.119.163.7 - - [13/Apr/2020:05:11:37 +0200] "GET /ticket2/opencms/fi/buy/?page=1&edid=30C89ECD-9C00-576C-AA0D-236F4C1FBD43 HTTP/1.1" 200 72067
92.220.10.100 - - [13/Apr/2020:05:11:38 +0200] "GET /ticket2/opencms/fi/login/?edid=E7D76902-ECED-BE8E-8DAB-8F4E7659C70A HTTP/1.1" 200 68719
92.220.10.100 - - [13/Apr/2020:05:11:39 +0200] "GET /ticket2/opencms/fi/sell/?edid=E8031708-E41C-1608-FAE1-137C89B30DDC HTTP/1.1" 302 -
46.229.168.148 - - [13/Apr/2020:05:11:41 +0200] "GET /ticket2/opencms/sv/buy/?column=price&edid=24AF829E-10D1-5180-8437-2DA5F16AB60A&page=1&sortorder=desc HTTP/1.1" 200 72243
92.220.10.100 - - [13/Apr/2020:05:11:42 +0200] "GET /ticket2/opencms/fi/login/?edid=E8031708-E41C-1608-FAE1-137C89B30DDC HTTP/1.1" 200 68719
92.220.10.100 - - [13/Apr/2020:05:11:43 +0200] "GET /ticket2/opencms/fi/sell/?edid=E8D37283-D56B-FD6C-F174-24BB3094D0C7 HTTP/1.1" 302 -
144.76.7.79 - - [13/Apr/2020:05:11:44 +0200] "GET /ticket2/opencms/dk/buy/?page=1&edid=04B561CA-7B1C-1A1C-7CA8-96F451587513&sortorder=desc&column=price HTTP/1.1" 200 70676
92.220.10.100 - - [13/Apr/2020:05:11:46 +0200] "GET /ticket2/opencms/fi/login/?edid=E8D37283-D56B-FD6C-F174-24BB3094D0C7 HTTP/1.1" 200 68719
46.229.168.161 - - [13/Apr/2020:05:11:47 +0200] "GET /ticket2/opencms/nl/buy/?column=section&edid=5419EEB9-7CF3-F00C-1255-FC5A4AAC90B0&page=1&sortorder=asc HTTP/1.1" 200 70640
92.220.10.100 - - [13/Apr/2020:05:11:48 +0200] "GET /ticket2/opencms/fi/sell/?edid=E9E2EF64-D379-DD67-D513-D0AD1E29ED2D HTTP/1.1" 302 -
46.229.168.145 - - [13/Apr/2020:05:11:49 +0200] "GET /ticket2/opencms/sv/buy/?eventid=1C0FC89D-D539-28E4-3F58-11BCE29E4CA8&page=10 HTTP/1.1" 200 70728
46.229.168.152 - - [13/Apr/2020:05:11:50 +0200] "GET /ticket2/opencms/dk/sport/fodboldbilletter/serie-a/lazio/ HTTP/1.1" 200 69078
92.220.10.100 - - [13/Apr/2020:05:11:51 +0200] "GET /ticket2/opencms/fi/login/?edid=E9E2EF64-D379-DD67-D513-D0AD1E29ED2D HTTP/1.1" 200 68719
92.220.10.100 - - [13/Apr/2020:05:11:52 +0200] "GET /ticket2/opencms/fi/sell/?edid=EA94D3D4-FFFA-F63F-1970-2CE5FF8D4442 HTTP/1.1" 302 -
92.220.10.100 - - [13/Apr/2020:05:11:55 +0200] "GET /ticket2/opencms/fi/login/?edid=EA94D3D4-FFFA-F63F-1970-2CE5FF8D4442 HTTP/1.1" 200 68719
46.229.168.140 - - [13/Apr/2020:05:11:56 +0200] "GET /ticket2/opencms/en/buy/?column=price&edid=AA5AE919-4BFF-B48F-3D5F-56D1DBCA6D67&page=1&sortorder=desc HTTP/1.1" 200 72244
92.220.10.100 - - [13/Apr/2020:05:11:57 +0200] "GET /ticket2/opencms/fi/sell/?edid=EBA49F8A-33E9-0C95-472B-EF6292B7073A HTTP/1.1" 302 -
192.99.15.199 - - [13/Apr/2020:05:11:58 +0200] "GET /ticket2/opencms/sv/buy/?page=1&edid=C31EB894-C700-DF4A-F882-C4D20878235C&sortorder=desc&column=row HTTP/1.1" 200 69460
192.99.5.225 - - [13/Apr/2020:05:12:00 +0200] "GET /ticket2/opencms/sv/venue/?venueid=25E57B40-ECCD-14A3-704C-5A0B3153DBF3 HTTP/1.1" 200 65467
92.220.10.100 - - [13/Apr/2020:05:12:00 +0200] "GET /ticket2/opencms/fi/login/?edid=EBA49F8A-33E9-0C95-472B-EF6292B7073A HTTP/1.1" 200 68719
46.229.168.148 - - [13/Apr/2020:05:12:01 +0200] "GET /ticket2/opencms/nl/buy/?column=price&edid=C45D31CB-E6BD-151C-FD78-14565DAD8ACA&page=1&sortorder=asc HTTP/1.1" 200 70188
46.229.168.137 - - [13/Apr/2020:05:12:01 +0200] "GET /ticket2/opencms/sv/buy/?column=price&edid=6DCAB90D-3A3D-2AD8-B841-FCB9C117FC7B&page=1&sortorder=desc HTTP/1.1" 200 71566
92.220.10.100 - - [13/Apr/2020:05:12:01 +0200] "GET /ticket2/opencms/fi/sell/?edid=EBC90CB3-65C3-EF1B-9FEE-BEBAC7CDCF65 HTTP/1.1" 302 -
46.229.168.151 - - [13/Apr/2020:05:12:02 +0200] "GET /ticket2/opencms/fi/buy/?column=section&edid=A5425041-15AD-37BB-552C-D8E28A45D934&page=1&sortorder=asc HTTP/1.1" 200 73246
46.229.168.137 - - [13/Apr/2020:05:12:04 +0200] "GET /ticket2/opencms/sv/sell/?edid=7FE7A534-4766-BBE8-CE3B-4E8D373D9E56 HTTP/1.1" 302 -
92.220.10.100 - - [13/Apr/2020:05:12:04 +0200] "GET /ticket2/opencms/fi/login/?edid=EBC90CB3-65C3-EF1B-9FEE-BEBAC7CDCF65 HTTP/1.1" 200 68719
54.36.149.91 - - [13/Apr/2020:05:12:06 +0200] "GET /ticket2/opencms/en/venue/?venueid=7D107DD7-9AAA-2AF1-0131-692BC3416280 HTTP/1.1" 200 65242
92.220.10.100 - - [13/Apr/2020:05:12:06 +0200] "GET /ticket2/opencms/fi/sell/?edid=EC1CEE7F-0D0E-364E-1B36-05B890BB56A8 HTTP/1.1" 302 -
46.229.168.144 - - [13/Apr/2020:05:12:09 +0200] "GET /ticket2/opencms/fi/buy/?column=row&edid=5EED00BA-1B91-1C5D-8393-741FC97C313B&page=1&sortorder=desc HTTP/1.1" 200 71789
92.220.10.100 - - [13/Apr/2020:05:12:09 +0200] "GET /ticket2/opencms/fi/login/?edid=EC1CEE7F-0D0E-364E-1B36-05B890BB56A8 HTTP/1.1" 200 68719
92.220.10.100 - - [13/Apr/2020:05:12:11 +0200] "GET /ticket2/opencms/fi/sell/?edid=EC21F052-00BC-07D6-2A31-7F40587DDAFC HTTP/1.1" 302 -
72.14.199.152 - - [13/Apr/2020:05:12:11 +0200] "GET /ticket2/opencms/system/modules/com.gridnine.opencms.ticketbrokerage.site/resources/js/jquery/jquery.js HTTP/1.1" 200 93868
72.14.199.150 - - [13/Apr/2020:05:12:12 +0200] "GET /ticket2/opencms/system/modules/com.gridnine.opencms.ticketbrokerage.site/resources/js/jquery/jquery-ui.js HTTP/1.1" 200 228088
46.229.168.146 - - [13/Apr/2020:05:12:12 +0200] "GET /ticket2/opencms/fi/buy/?column=price&edid=E381DB65-F270-37B3-006A-65A82309F0C9&page=1&sortorder=asc HTTP/1.1" 200 73369
72.14.199.152 - - [13/Apr/2020:05:12:12 +0200] "GET /ticket2/opencms/system/modules/com.gridnine.opencms.ticketbrokerage.site/resources/js/jquery.placeholder.min.js HTTP/1.1" 200 1737
72.14.199.152 - - [13/Apr/2020:05:12:13 +0200] "GET /ticket2/opencms/system/modules/com.gridnine.opencms.ticketbrokerage.site/resources/js/jquery.fancybox.pack.js HTTP/1.1" 200 23187
92.220.10.100 - - [13/Apr/2020:05:12:14 +0200] "GET /ticket2/opencms/fi/login/?edid=EC21F052-00BC-07D6-2A31-7F40587DDAFC HTTP/1.1" 200 68719
72.14.199.150 - - [13/Apr/2020:05:12:14 +0200] "GET /ticket2/opencms/system/modules/com.gridnine.opencms.ticketbrokerage.site/resources/css/calendar.css HTTP/1.1" 200 6871
72.14.199.150 - - [13/Apr/2020:05:12:15 +0200] "GET /ticket2/opencms/system/modules/com.gridnine.opencms.ticketbrokerage.site/resources/js/calendar.js HTTP/1.1" 200 49229
92.220.10.100 - - [13/Apr/2020:05:12:15 +0200] "GET /ticket2/opencms/fi/sell/?edid=F304E181-E936-71FB-E213-CFCB44032C9B HTTP/1.1" 302 -
72.14.199.148 - - [13/Apr/2020:05:12:16 +0200] "GET /ticket2/opencms/system/modules/com.gridnine.opencms.ticketbrokerage.site/resources/js/stickyfill.min.js HTTP/1.1" 200 5672
72.14.199.150 - - [13/Apr/2020:05:12:16 +0200] "GET /ticket2/opencms/system/modules/com.gridnine.opencms.ticketbrokerage.site/resources/js/calendar-setup.js HTTP/1.1" 200 4923
72.14.199.148 - - [13/Apr/2020:05:12:17 +0200] "GET /ticket2/opencms/system/modules/com.gridnine.opencms.ticketbrokerage.site/resources/css/standard.css HTTP/1.1" 200 61448
72.14.199.150 - - [13/Apr/2020:05:12:18 +0200] "GET /ticket2/opencms/system/modules/com.gridnine.opencms.ticketbrokerage.site/resources/js/functions.js HTTP/1.1" 200 1583
92.220.10.100 - - [13/Apr/2020:05:12:18 +0200] "GET /ticket2/opencms/fi/login/?edid=F304E181-E936-71FB-E213-CFCB44032C9B HTTP/1.1" 200 68719
46.229.168.130 - - [13/Apr/2020:05:12:19 +0200] "GET /ticket2/opencms/en/buy/?column=row&edid=104C3244-DF16-AE6C-1D80-9200EA2CEADE&page=1&sortorder=desc HTTP/1.1" 200 70694
72.14.199.148 - - [13/Apr/2020:05:12:19 +0200] "GET /ticket2/opencms/system/modules/com.gridnine.opencms.ticketbrokerage.site/resources/js/calendar-en.js HTTP/1.1" 200 3338
92.220.10.100 - - [13/Apr/2020:05:12:20 +0200] "GET /ticket2/opencms/fi/sell/?edid=F7ADBC49-B3F9-5F47-5079-2A05B4076CA2 HTTP/1.1" 302 -
72.14.199.148 - - [13/Apr/2020:05:12:20 +0200] "GET /ticket2/opencms/system/modules/com.gridnine.opencms.ticketbrokerage.site/resources/css/jquery-ui.css HTTP/1.1" 200 33221
46.229.168.136 - - [13/Apr/2020:05:12:21 +0200] "GET /ticket2/opencms/sv/sell/?edid=137C96C9-C65D-C937-99B2-0464EAF1DB76 HTTP/1.1" 302 -
72.14.199.148 - - [13/Apr/2020:05:12:21 +0200] "GET /ticket2/opencms/system/modules/com.gridnine.opencms.ticketbrokerage.site/resources/js/standard.js HTTP/1.1" 200 3928
72.14.199.148 - - [13/Apr/2020:05:12:22 +0200] "GET /ticket2/opencms/system/modules/com.gridnine.opencms.ticketbrokerage.site/resources/js/common-ajax.js HTTP/1.1" 200 20175
92.220.10.100 - - [13/Apr/2020:05:12:23 +0200] "GET /ticket2/opencms/fi/login/?edid=F7ADBC49-B3F9-5F47-5079-2A05B4076CA2 HTTP/1.1" 200 68719
72.14.199.148 - - [13/Apr/2020:05:12:23 +0200] "GET /ticket2/opencms/system/modules/com.gridnine.opencms.ticketbrokerage.site/resources/css/ticketbrokerage.css HTTP/1.1" 200 39285
72.14.199.148 - - [13/Apr/2020:05:12:24 +0200] "GET /ticket2/opencms/fi/ask-form.html HTTP/1.1" 200 3012
46.229.168.132 - - [13/Apr/2020:05:12:24 +0200] "GET /ticket2/opencms/no/buy/?column=row&edid=6DCAB90D-3A3D-2AD8-B841-FCB9C117FC7B&page=1&sortorder=asc HTTP/1.1" 200 71888
92.220.10.100 - - [13/Apr/2020:05:12:26 +0200] "GET /ticket2/opencms/fi/sell/?edid=B44FDB64-52B9-2FED-89FD-31A7E0881296 HTTP/1.1" 302 -
46.229.168.147 - - [13/Apr/2020:05:12:27 +0200] "GET /ticket2/opencms/sv/buy/?column=price&edid=CD01A5E9-1E8D-C278-2136-399AFFBDB676&page=1&sortorder=desc HTTP/1.1" 200 71567
144.76.7.79 - - [13/Apr/2020:05:12:27 +0200] "GET /ticket2/opencms/dk/buy/?page=1&edid=04B7A43F-4145-4709-C003-EEEDE827D091 HTTP/1.1" 200 70943
92.220.10.100 - - [13/Apr/2020:05:12:28 +0200] "GET /ticket2/opencms/fi/login/?edid=B44FDB64-52B9-2FED-89FD-31A7E0881296 HTTP/1.1" 200 68719
46.229.168.141 - - [13/Apr/2020:05:12:29 +0200] "GET /ticket2/opencms/no/buy/?column=row&edid=CA9AAE6B-14C9-271A-740D-70C28D59704E&page=1&sortorder=desc HTTP/1.1" 200 71455
192.99.5.225 - - [13/Apr/2020:05:12:30 +0200] "GET /ticket2/opencms/sv/venue/?venueid=2670EAEE-B3EE-DCB5-D526-2AB4D4F780CA HTTP/1.1" 200 65531
92.220.10.100 - - [13/Apr/2020:05:12:32 +0200] "GET /ticket2/opencms/fi/sell/?edid=B45CAF00-40DA-59AC-3A61-6664C9A34C3F HTTP/1.1" 302 -
46.229.168.144 - - [13/Apr/2020:05:12:33 +0200] "GET /ticket2/opencms/sv/buy/?column=section&edid=68B8B09E-560A-8A10-6FF6-600A9E2434A4&page=1&sortorder=asc HTTP/1.1" 200 70917
46.229.168.142 - - [13/Apr/2020:05:12:34 +0200] "GET /ticket2/opencms/no/buy/?column=row&edid=3898DC0B-6760-464A-235F-24AA9CC44808&page=1&sortorder=asc HTTP/1.1" 200 71461
92.220.10.100 - - [13/Apr/2020:05:12:35 +0200] "GET /ticket2/opencms/fi/login/?edid=B45CAF00-40DA-59AC-3A61-6664C9A34C3F HTTP/1.1" 200 68719
92.220.10.100 - - [13/Apr/2020:05:12:37 +0200] "GET /ticket2/opencms/fi/sell/?edid=B7653BD0-33A8-8039-42B6-78FA5A3DEC82 HTTP/1.1" 302 -
192.99.15.199 - - [13/Apr/2020:05:12:39 +0200] "GET /ticket2/opencms/sv/buy/?page=1&edid=C31EB894-C700-DF4A-F882-C4D20878235C&sortorder=desc&column=section HTTP/1.1" 200 69460
92.220.10.100 - - [13/Apr/2020:05:12:40 +0200] "GET /ticket2/opencms/fi/login/?edid=B7653BD0-33A8-8039-42B6-78FA5A3DEC82 HTTP/1.1" 200 68719
46.229.168.138 - - [13/Apr/2020:05:12:42 +0200] "GET /ticket2/opencms/no/buy/?column=section&edid=B4C738A5-76B3-7898-6428-65EDFE327DB4&page=1&sortorder=desc HTTP/1.1" 200 69823
92.220.10.100 - - [13/Apr/2020:05:12:43 +0200] "GET /ticket2/opencms/fi/sell/?edid=B8736786-BDEB-839B-CA60-E0B1B63D3892 HTTP/1.1" 302 -
46.229.168.145 - - [13/Apr/2020:05:12:44 +0200] "GET /ticket2/opencms/no/buy/?column=section&edid=27B5C52A-A7F8-FFF2-CD66-BA61BDE1F885&page=1&sortorder=asc HTTP/1.1" 200 71245
92.220.10.100 - - [13/Apr/2020:05:12:46 +0200] "GET /ticket2/opencms/fi/login/?edid=B8736786-BDEB-839B-CA60-E0B1B63D3892 HTTP/1.1" 200 68719
46.229.168.149 - - [13/Apr/2020:05:12:48 +0200] "GET /ticket2/opencms/no/buy/?column=section&edid=E248EF6A-8342-3B78-4B0A-536EC18AFDB8&page=1&sortorder=asc HTTP/1.1" 200 71879
46.229.168.146 - - [13/Apr/2020:05:12:48 +0200] "GET /ticket2/opencms/nl/buy/?column=section&edid=E7C58B46-F248-A624-B7EB-F07435EA5EF7&page=1&sortorder=desc HTTP/1.1" 200 68324
92.220.10.100 - - [13/Apr/2020:05:12:50 +0200] "GET /ticket2/opencms/fi/sell/?edid=B962C40E-5239-1A70-6077-E9EDC5F09084 HTTP/1.1" 302 -
67.225.220.120 - - [13/Apr/2020:05:12:50 +0200] "GET /ticket2/opencms/en/buy/?page=1&edid=9617F64E-1CD5-5694-C586-13BBE4F219BD HTTP/1.1" 200 72885
92.220.10.100 - - [13/Apr/2020:05:12:53 +0200] "GET /ticket2/opencms/fi/login/?edid=B962C40E-5239-1A70-6077-E9EDC5F09084 HTTP/1.1" 200 68719
46.229.168.162 - - [13/Apr/2020:05:12:53 +0200] "GET /ticket2/opencms/fi/urheilu/jalkapallo/premier_league/crystal_palace/ HTTP/1.1" 200 69525
46.229.168.138 - - [13/Apr/2020:05:12:55 +0200] "GET /ticket2/opencms/en/buy/?column=price&edid=76BB87DF-2D93-1559-E6EE-BF08999C089F&page=1&sortorder=desc HTTP/1.1" 200 69255
92.220.10.100 - - [13/Apr/2020:05:12:56 +0200] "GET /ticket2/opencms/fi/sell/?edid=BDEB9EF3-3BF1-B07B-8A1C-C78F2EDCBC2D HTTP/1.1" 302 -
46.229.168.136 - - [13/Apr/2020:05:12:57 +0200] "GET /ticket2/opencms/robots.txt HTTP/1.1" 200 773
92.220.10.100 - - [13/Apr/2020:05:12:59 +0200] "GET /ticket2/opencms/fi/login/?edid=BDEB9EF3-3BF1-B07B-8A1C-C78F2EDCBC2D HTTP/1.1" 200 68719
46.229.168.133 - - [13/Apr/2020:05:13:01 +0200] "GET /ticket2/opencms/nl/buy/?column=section&edid=0F83FD2D-DF0D-CF92-8048-49F08118BC88&page=1&sortorder=asc HTTP/1.1" 200 70423
92.220.10.100 - - [13/Apr/2020:05:13:02 +0200] "GET /ticket2/opencms/fi/sell/?edid=BE677498-647D-741B-F50C-DF4074C4FF3A HTTP/1.1" 302 -
144.76.7.79 - - [13/Apr/2020:05:13:02 +0200] "GET /ticket2/opencms/dk/buy/?page=1&edid=084D3613-4DE5-15A7-530E-01CB2F29C93C&sortorder=asc&column=price HTTP/1.1" 200 71409
46.229.168.145 - - [13/Apr/2020:05:13:04 +0200] "GET /ticket2/opencms/no/buy/?column=row&edid=0B99F264-DDE8-4DC8-6523-EAB707062740&page=1&sortorder=desc HTTP/1.1" 200 69818
92.220.10.100 - - [13/Apr/2020:05:13:05 +0200] "GET /ticket2/opencms/fi/login/?edid=BE677498-647D-741B-F50C-DF4074C4FF3A HTTP/1.1" 200 68719
46.229.168.144 - - [13/Apr/2020:05:13:05 +0200] "GET /ticket2/opencms/en/buy/?column=price&edid=0EF8B22E-BE68-12EF-B463-EE507CBF5141&page=1&sortorder=asc HTTP/1.1" 200 71111
46.229.168.134 - - [13/Apr/2020:05:13:06 +0200] "GET /ticket2/opencms/sv/buy/?column=row&edid=1B8CC837-9981-20DD-5622-50C0808E3036&page=1&sortorder=desc HTTP/1.1" 200 70897
46.229.168.142 - - [13/Apr/2020:05:13:07 +0200] "GET /ticket2/opencms/no/buy/?edid=F5AC140D-B47F-4518-E62E-B75659FE7758&page=1 HTTP/1.1" 200 69768
92.220.10.100 - - [13/Apr/2020:05:13:07 +0200] "GET /ticket2/opencms/fi/sell/?edid=C0E71D3B-DC0E-DD9D-0716-7AD40A999541 HTTP/1.1" 302 -
192.99.5.225 - - [13/Apr/2020:05:13:10 +0200] "GET /ticket2/opencms/sv/venue/?venueid=291A0B91-B6D9-7F32-E0D0-5F6B1EDBF000 HTTP/1.1" 200 65532
92.220.10.100 - - [13/Apr/2020:05:13:10 +0200] "GET /ticket2/opencms/fi/login/?edid=C0E71D3B-DC0E-DD9D-0716-7AD40A999541 HTTP/1.1" 200 68719
192.99.15.199 - - [13/Apr/2020:05:13:11 +0200] "GET /ticket2/opencms/sv/buy/?page=1&edid=C3DECC82-3913-4A09-A7B2-D4DC592CF8F8&sortorder=asc&column=price HTTP/1.1" 200 71367
92.220.10.100 - - [13/Apr/2020:05:13:13 +0200] "GET /ticket2/opencms/fi/sell/?edid=C0FFA6FD-32FA-9A10-CB6E-3A2F4E87A6FA HTTP/1.1" 302 -
46.229.168.163 - - [13/Apr/2020:05:13:14 +0200] "GET /ticket2/opencms/en/buy/?edid=7DD1D997-8506-C642-8119-02D9A9FF9695&page=1 HTTP/1.1" 200 71934
192.99.4.168 - - [13/Apr/2020:05:13:15 +0200] "GET /ticket2/opencms/robots.txt HTTP/1.1" 200 773
92.220.10.100 - - [13/Apr/2020:05:13:16 +0200] "GET /ticket2/opencms/fi/login/?edid=C0FFA6FD-32FA-9A10-CB6E-3A2F4E87A6FA HTTP/1.1" 200 68719
92.220.10.100 - - [13/Apr/2020:05:13:20 +0200] "GET /ticket2/opencms/fi/sell/?edid=C19BDC6D-B9B2-2881-03CD-5E0FA6322EFC HTTP/1.1" 302 -
46.229.168.154 - - [13/Apr/2020:05:13:22 +0200] "GET /ticket2/opencms/no/buy/?column=price&edid=4E7F34FE-BC2D-0B9C-02D2-EBA83566303D&page=1&sortorder=desc HTTP/1.1" 200 71214
92.220.10.100 - - [13/Apr/2020:05:13:23 +0200] "GET /ticket2/opencms/fi/login/?edid=C19BDC6D-B9B2-2881-03CD-5E0FA6322EFC HTTP/1.1" 200 68719
92.220.10.100 - - [13/Apr/2020:05:13:26 +0200] "GET /ticket2/opencms/fi/sell/?edid=C1DD80C7-8D4B-6F54-604C-75017AA9D563 HTTP/1.1" 302 -
46.229.168.139 - - [13/Apr/2020:05:13:26 +0200] "GET /ticket2/opencms/fi/buy/?column=section&edid=B01EB766-CA7D-1A19-0DC1-D3305DF28EF7&page=1&sortorder=desc HTTP/1.1" 200 72020
92.220.10.100 - - [13/Apr/2020:05:13:29 +0200] "GET /ticket2/opencms/fi/login/?edid=C1DD80C7-8D4B-6F54-604C-75017AA9D563 HTTP/1.1" 200 68719
92.220.10.100 - - [13/Apr/2020:05:13:32 +0200] "GET /ticket2/opencms/fi/sell/?edid=C21BBDF3-4920-5DD7-6F70-746B52EF0099 HTTP/1.1" 302 -
46.229.168.139 - - [13/Apr/2020:05:13:32 +0200] "GET /ticket2/opencms/en/buy/?column=row&edid=5D700640-E13B-1534-DC36-11A7DB2850E1&page=1&sortorder=desc HTTP/1.1" 200 71972
92.220.10.100 - - [13/Apr/2020:05:13:35 +0200] "GET /ticket2/opencms/fi/login/?edid=C21BBDF3-4920-5DD7-6F70-746B52EF0099 HTTP/1.1" 200 68719
92.220.10.100 - - [13/Apr/2020:05:13:38 +0200] "GET /ticket2/opencms/fi/sell/?edid=C2230841-0CF8-C133-1EF6-FA21C3B60704 HTTP/1.1" 302 -
92.220.10.100 - - [13/Apr/2020:05:13:41 +0200] "GET /ticket2/opencms/fi/login/?edid=C2230841-0CF8-C133-1EF6-FA21C3B60704 HTTP/1.1" 200 68719
46.229.168.129 - - [13/Apr/2020:05:13:41 +0200] "GET /ticket2/opencms/nl/buy/?column=price&edid=EA1E6ECE-423D-F005-AB70-0EA4DE8B6848&page=1&sortorder=asc HTTP/1.1" 200 71524
144.76.7.79 - - [13/Apr/2020:05:13:42 +0200] "GET /ticket2/opencms/dk/buy/?page=1&edid=084DF798-C257-9075-C975-6A2F3D57886E&sortorder=desc&column=section HTTP/1.1" 200 72058
46.229.168.147 - - [13/Apr/2020:05:13:44 +0200] "GET /ticket2/opencms/no/buy/?column=section&edid=BCCE5493-7F07-107D-7782-B1E85DBB415D&page=1&sortorder=desc HTTP/1.1" 200 69828
92.220.10.100 - - [13/Apr/2020:05:13:44 +0200] "GET /ticket2/opencms/fi/sell/?edid=C2337D3B-DD3B-8FF2-A5FB-EB122D3933CE HTTP/1.1" 302 -
216.245.221.82 - - [13/Apr/2020:05:13:46 +0200] "HEAD /ticket2/opencms/en/ HTTP/1.1" 200 -
192.99.5.225 - - [13/Apr/2020:05:13:46 +0200] "GET /ticket2/opencms/sv/venue/?venueid=2AB803FF-5300-9F4B-98D0-D3CDAE3FB479 HTTP/1.1" 200 65491
92.220.10.100 - - [13/Apr/2020:05:13:47 +0200] "GET /ticket2/opencms/fi/login/?edid=C2337D3B-DD3B-8FF2-A5FB-EB122D3933CE HTTP/1.1" 200 68719
46.229.168.129 - - [13/Apr/2020:05:13:50 +0200] "GET /ticket2/opencms/nl/sport/voetbal-tickets/la_liga/sporting-gijon/ HTTP/1.1" 200 65627
92.220.10.100 - - [13/Apr/2020:05:13:50 +0200] "GET /ticket2/opencms/fi/sell/?edid=C3DECC82-3913-4A09-A7B2-D4DC592CF8F8 HTTP/1.1" 302 -
46.229.168.135 - - [13/Apr/2020:05:13:53 +0200] "GET /ticket2/opencms/sv/buy/?column=price&edid=E19497C9-118B-A064-F507-FC97F0048E30&page=1&sortorder=desc HTTP/1.1" 200 71769
92.220.10.100 - - [13/Apr/2020:05:13:54 +0200] "GET /ticket2/opencms/fi/login/?edid=C3DECC82-3913-4A09-A7B2-D4DC592CF8F8 HTTP/1.1" 200 68719
92.220.10.100 - - [13/Apr/2020:05:13:57 +0200] "GET /ticket2/opencms/fi/sell/?edid=C4D150F7-E051-16FD-EDF0-67C520051F22 HTTP/1.1" 302 -
46.229.168.162 - - [13/Apr/2020:05:13:57 +0200] "GET /ticket2/opencms/fi/urheilu/jalkapallo/premier_league/crystal_palace/ HTTP/1.1" 200 69525
192.99.15.199 - - [13/Apr/2020:05:13:58 +0200] "GET /ticket2/opencms/sv/buy/?page=1&edid=C3DECC82-3913-4A09-A7B2-D4DC592CF8F8&sortorder=asc&column=row HTTP/1.1" 200 71367
92.220.10.100 - - [13/Apr/2020:05:14:00 +0200] "GET /ticket2/opencms/fi/login/?edid=C4D150F7-E051-16FD-EDF0-67C520051F22 HTTP/1.1" 200 68719
92.220.10.100 - - [13/Apr/2020:05:14:03 +0200] "GET /ticket2/opencms/fi/sell/?edid=C5A0BA3B-4B90-33DE-6EB5-7B76992E9B42 HTTP/1.1" 302 -
92.220.10.100 - - [13/Apr/2020:05:14:06 +0200] "GET /ticket2/opencms/fi/login/?edid=C5A0BA3B-4B90-33DE-6EB5-7B76992E9B42 HTTP/1.1" 200 68719
92.220.10.100 - - [13/Apr/2020:05:14:09 +0200] "GET /ticket2/opencms/fi/sell/?edid=CD8C65AB-F506-0A9E-001A-2A1B6DBD3092 HTTP/1.1" 302 -
178.154.200.175 - - [13/Apr/2020:05:14:11 +0200] "GET /ticket2/opencms/fi/urheilu/jalkapallo/serie_a/cagliari/ HTTP/1.1" 200 67207
192.99.5.225 - - [13/Apr/2020:05:14:12 +0200] "GET /ticket2/opencms/sv/venue/?venueid=2ABA9B42-A594-1503-6871-6005D5872901 HTTP/1.1" 200 65473
92.220.10.100 - - [13/Apr/2020:05:14:12 +0200] "GET /ticket2/opencms/fi/login/?edid=CD8C65AB-F506-0A9E-001A-2A1B6DBD3092 HTTP/1.1" 200 68719
46.229.168.132 - - [13/Apr/2020:05:14:15 +0200] "GET /ticket2/opencms/nl/buy/?column=section&edid=52E9C51D-192F-C954-8F05-403EF150A75E&page=1&sortorder=asc HTTP/1.1" 200 70715
92.220.10.100 - - [13/Apr/2020:05:14:15 +0200] "GET /ticket2/opencms/fi/sell/?edid=CE46419D-8212-4E80-4D96-946A95260D8F HTTP/1.1" 302 -
144.76.7.79 - - [13/Apr/2020:05:14:18 +0200] "GET /ticket2/opencms/dk/buy/?page=1&edid=0879C6A9-F2B4-41BE-5ED4-4D5A6398957A&sortorder=asc&column=section HTTP/1.1" 200 70979
92.220.10.100 - - [13/Apr/2020:05:14:18 +0200] "GET /ticket2/opencms/fi/login/?edid=CE46419D-8212-4E80-4D96-946A95260D8F HTTP/1.1" 200 68719
92.220.10.100 - - [13/Apr/2020:05:14:21 +0200] "GET /ticket2/opencms/fi/sell/?edid=CFB00141-297E-C048-020A-09E02D385501 HTTP/1.1" 302 -
92.220.10.100 - - [13/Apr/2020:05:14:24 +0200] "GET /ticket2/opencms/fi/login/?edid=CFB00141-297E-C048-020A-09E02D385501 HTTP/1.1" 200 68719
46.229.168.146 - - [13/Apr/2020:05:14:26 +0200] "GET /ticket2/opencms/nl/buy/?column=price&edid=1641B98B-A297-1D9C-65B8-EC5F1450DCFE&page=1&sortorder=asc HTTP/1.1" 200 70216
92.220.10.100 - - [13/Apr/2020:05:14:27 +0200] "GET /ticket2/opencms/fi/sell/?edid=CFD9BEFF-0C02-6799-1A51-C299BFF6CF88 HTTP/1.1" 302 -
192.99.15.199 - - [13/Apr/2020:05:14:29 +0200] "GET /ticket2/opencms/sv/buy/?page=1&edid=C3DECC82-3913-4A09-A7B2-D4DC592CF8F8&sortorder=asc&column=section HTTP/1.1" 200 71367
46.229.168.151 - - [13/Apr/2020:05:14:29 +0200] "GET /ticket2/opencms/fi/buy/?column=section&edid=A24D0DA7-71BD-F9A1-6BB3-71061AAB8BC1&page=1&sortorder=asc HTTP/1.1" 200 70638
92.220.10.100 - - [13/Apr/2020:05:14:30 +0200] "GET /ticket2/opencms/fi/login/?edid=CFD9BEFF-0C02-6799-1A51-C299BFF6CF88 HTTP/1.1" 200 68719
67.225.220.120 - - [13/Apr/2020:05:14:35 +0200] "GET /ticket2/opencms/en/buy/?page=1&edid=96F30A5D-14BE-BD60-0E2F-BB513D88813E HTTP/1.1" 200 69213
67.225.220.120 - - [13/Apr/2020:05:14:35 +0200] "GET /ticket2/opencms/sv/buy/?page=1&edid=0F83FD2D-DF0D-CF92-8048-49F08118BC88 HTTP/1.1" 200 71540
157.55.39.159 - - [13/Apr/2020:05:14:40 +0200] "GET /ticket2/opencms/system/modules/com.gridnine.opencms.ticketbrokerage.site/resources/pics/banners/Champions_League.jpg HTTP/1.1" 200 13893
93.159.230.28 - - [13/Apr/2020:05:14:41 +0200] "GET /ticket2/opencms/ HTTP/1.1" 302 -
93.159.230.28 - - [13/Apr/2020:05:14:41 +0200] "GET /ticket2/opencms/en/ HTTP/1.1" 200 71871
192.99.5.225 - - [13/Apr/2020:05:14:44 +0200] "GET /ticket2/opencms/sv/venue/?venueid=2B29C6EC-89D0-6E9C-BAE4-2D03D28807C6 HTTP/1.1" 200 65489
46.229.168.163 - - [13/Apr/2020:05:14:49 +0200] "GET /ticket2/opencms/nl/buy/?edid=06E063D7-AE27-0DA0-0E8E-0E82EFDCE11C&page=1 HTTP/1.1" 200 68277
46.229.168.134 - - [13/Apr/2020:05:14:50 +0200] "GET /ticket2/opencms/sv/sell/?edid=EC74E210-A5EE-51AE-1B8A-E040E50F22D8 HTTP/1.1" 302 -
46.229.168.136 - - [13/Apr/2020:05:14:51 +0200] "GET /ticket2/opencms/no/buy/?column=row&edid=09DBE843-AC01-1747-3DBE-F411D6DF0264&page=1&sortorder=desc HTTP/1.1" 200 71693
46.229.168.148 - - [13/Apr/2020:05:14:53 +0200] "GET /ticket2/opencms/sv/sport/fotbollsbiljetter/em_kval/ HTTP/1.1" 200 66575
144.76.7.79 - - [13/Apr/2020:05:14:57 +0200] "GET /ticket2/opencms/dk/buy/?page=1&edid=0879C6A9-F2B4-41BE-5ED4-4D5A6398957A&sortorder=desc&column=row HTTP/1.1" 200 70978
46.229.168.150 - - [13/Apr/2020:05:15:04 +0200] "GET /ticket2/opencms/en/buy/?column=section&edid=0A0433F4-F687-A1E5-59C6-9848148A91CB&page=1&sortorder=asc HTTP/1.1" 200 70644
216.245.221.82 - - [13/Apr/2020:05:15:05 +0200] "HEAD /ticket2/opencms/ HTTP/1.1" 302 -
46.229.168.134 - - [13/Apr/2020:05:15:07 +0200] "GET /ticket2/opencms/nl/buy/?column=section&edid=8EFE8A71-5F67-3802-3BCC-41DE3A06C76D&page=1&sortorder=desc HTTP/1.1" 200 68314
114.119.161.45 - - [13/Apr/2020:05:15:10 +0200] "GET /ticket2/opencms/no/buy/?page=1&edid=CFB00141-297E-C048-020A-09E02D385501&sortorder=desc&column=section HTTP/1.1" 200 72538
192.99.15.199 - - [13/Apr/2020:05:15:10 +0200] "GET /ticket2/opencms/sv/buy/?page=1&edid=C63894D9-FFC6-6076-D3F3-D1640C151FEE&sortorder=desc&column=price HTTP/1.1" 200 69490
192.99.5.225 - - [13/Apr/2020:05:15:11 +0200] "GET /ticket2/opencms/sv/venue/?venueid=2C09BEA1-5E2F-8434-031D-62BC13D49C80 HTTP/1.1" 200 65486
54.36.150.124 - - [13/Apr/2020:05:15:19 +0200] "GET /ticket2/opencms/dk/venue/?venueid=32051022-6465-48E2-B723-D5151C235369 HTTP/1.1" 200 65247
46.229.168.152 - - [13/Apr/2020:05:15:31 +0200] "GET /ticket2/opencms/sv/buy/?column=price&edid=7252A51A-97AC-D81E-2DC0-946206EF80FD&page=1&sortorder=desc HTTP/1.1" 200 71572
144.76.7.79 - - [13/Apr/2020:05:15:34 +0200] "GET /ticket2/opencms/dk/buy/?page=1&edid=0903ADE1-D3A1-7465-1FF3-2BB60AFF9CDC HTTP/1.1" 200 70893
192.99.4.168 - - [13/Apr/2020:05:15:41 +0200] "GET /ticket2/opencms/en/buy/?page=1&edid=A7647A3B-5681-23C0-0CD0-725DC40D7D52&sortorder=desc&column=row HTTP/1.1" 200 71089
66.249.79.89 - - [13/Apr/2020:05:15:43 +0200] "GET /ticket2/opencms/sv/venue/?countryid=7C165012-4E71-A139-E2F5-2DE567A7E303 HTTP/1.1" 200 94846
46.229.168.152 - - [13/Apr/2020:05:15:43 +0200] "GET /ticket2/opencms/no/buy/?catid=64756941-02D2-3538-2077-8C2508F4A3A8&comcatid=A17713B6-D984-201A-4143-ED4DB5ED5C2E HTTP/1.1" 200 75854
192.99.5.225 - - [13/Apr/2020:05:15:43 +0200] "GET /ticket2/opencms/sv/venue/?venueid=2CC3C565-7AA7-01B3-4822-8F5EC3F5CADB HTTP/1.1" 200 65488
46.229.168.135 - - [13/Apr/2020:05:15:53 +0200] "GET /ticket2/opencms/dk/buy/?column=section&edid=E94EB3D4-47F8-5B4B-AFCC-5DA76D6F5A89&page=1&sortorder=desc HTTP/1.1" 200 71699
67.225.220.120 - - [13/Apr/2020:05:15:54 +0200] "GET /ticket2/opencms/en/buy/?page=1&edid=EA94D3D4-FFFA-F63F-1970-2CE5FF8D4442 HTTP/1.1" 200 71526
67.225.220.120 - - [13/Apr/2020:05:15:54 +0200] "GET /ticket2/opencms/en/buy/?page=1&edid=340A227B-027A-687B-A527-5DFEEC2E27A4 HTTP/1.1" 200 69190
67.225.220.120 - - [13/Apr/2020:05:15:55 +0200] "GET /ticket2/opencms/en/buy/?page=1&edid=94C00F6B-FC53-0B34-A8F9-F3B70628243D HTTP/1.1" 200 69214
144.76.7.79 - - [13/Apr/2020:05:16:00 +0200] "GET /ticket2/opencms/dk/buy/?page=1&edid=0903ADE1-D3A1-7465-1FF3-2BB60AFF9CDC&sortorder=asc&column=price HTTP/1.1" 200 70929
114.119.167.40 - - [13/Apr/2020:05:16:00 +0200] "GET /ticket2/opencms/sv/buy/?page=1&edid=BB786D37-9A63-734D-1EB8-BE43F552023D&sortorder=asc&column=price HTTP/1.1" 200 72695
192.99.15.199 - - [13/Apr/2020:05:16:01 +0200] "GET /ticket2/opencms/sv/buy/?page=1&edid=C63894D9-FFC6-6076-D3F3-D1640C151FEE&sortorder=desc&column=row HTTP/1.1" 200 69490
46.229.168.154 - - [13/Apr/2020:05:16:03 +0200] "GET /ticket2/opencms/nl/buy/?column=section&edid=448E97AD-A675-26E8-5DB2-B1923040DF7D&page=1&sortorder=desc HTTP/1.1" 200 70224
46.229.168.142 - - [13/Apr/2020:05:16:13 +0200] "GET /ticket2/opencms/nl/buy/?edid=1BF80C33-B195-62CF-DC0D-7E03BCB8BD2C&page=1 HTTP/1.1" 200 70653
192.99.5.225 - - [13/Apr/2020:05:16:13 +0200] "GET /ticket2/opencms/sv/venue/?venueid=2EFE9339-3EE6-E1A3-A76E-4A84BA1E2E4F HTTP/1.1" 200 65494
216.245.221.82 - - [13/Apr/2020:05:16:13 +0200] "GET /ticket2/opencms/ HTTP/1.1" 302 -
46.229.168.135 - - [13/Apr/2020:05:16:19 +0200] "GET /ticket2/opencms/sv/buy/?column=price&edid=FB730AA6-A470-8EFB-27FE-924D530AC7B8&page=1&sortorder=desc HTTP/1.1" 200 71336
144.76.7.79 - - [13/Apr/2020:05:16:20 +0200] "GET /ticket2/opencms/dk/buy/?page=1&edid=0903ADE1-D3A1-7465-1FF3-2BB60AFF9CDC&sortorder=asc&column=section HTTP/1.1" 200 70929
66.249.79.87 - - [13/Apr/2020:05:16:21 +0200] "GET /ticket2/opencms/sv/venue/?venueid=AA054FD7-E1A7-E4C2-A0A0-56E471DEEFA7 HTTP/1.1" 200 65467
46.229.168.146 - - [13/Apr/2020:05:16:26 +0200] "GET /ticket2/opencms/no/buy/?edid=4F167F2F-3903-119E-9013-CDAB4D304B05&page=1 HTTP/1.1" 200 71425
46.229.168.133 - - [13/Apr/2020:05:16:32 +0200] "GET /ticket2/opencms/en/buy/?column=section&edid=54C8D044-BE77-988C-20EE-09862EBEA6D7&page=1&sortorder=asc HTTP/1.1" 200 69264
46.229.168.149 - - [13/Apr/2020:05:16:33 +0200] "GET /ticket2/opencms/sv/buy/?column=row&edid=9E00FB70-B262-7D95-9558-FFEE9A3EC7E3&page=1&sortorder=desc HTTP/1.1" 200 72687
46.229.168.144 - - [13/Apr/2020:05:16:39 +0200] "GET /ticket2/opencms/sv/buy/?column=price&edid=7B3AC7D7-1526-4F6F-CBCE-129EE69ABE1E&page=1&sortorder=asc HTTP/1.1" 200 72217
192.99.4.168 - - [13/Apr/2020:05:16:45 +0200] "GET /ticket2/opencms/en/buy/?page=1&edid=A7647A3B-5681-23C0-0CD0-725DC40D7D52&sortorder=desc&column=section HTTP/1.1" 200 71089
192.99.15.199 - - [13/Apr/2020:05:16:46 +0200] "GET /ticket2/opencms/sv/buy/?page=1&edid=C63894D9-FFC6-6076-D3F3-D1640C151FEE&sortorder=desc&column=section HTTP/1.1" 200 69490
