62.171.162.127 - - [13/Apr/2020:02:53:06 +0200] "GET /ticket2/opencms/dk/buy/?page=1&edid=27B998B4-E9BD-F4D7-44F4-713B7BE925DB HTTP/1.1" 200 69254
46.229.168.152 - - [13/Apr/2020:02:53:08 +0200] "GET /ticket2/opencms/fi/buy/?column=section&edid=A8B6F5B8-721B-A21E-AB6C-76915BC32CAD&page=1&sortorder=desc HTTP/1.1" 200 72515
144.76.56.124 - - [13/Apr/2020:02:53:11 +0200] "GET /ticket2/opencms/dk/buy/?page=1&edid=2A1A2BB5-645D-9C6F-530D-7AE02793B645&sortorder=desc&column=price HTTP/1.1" 200 69336
46.229.168.129 - - [13/Apr/2020:02:53:16 +0200] "GET /ticket2/opencms/en/buy/?column=section&edid=F607E087-2558-2D9A-8793-E6AAB607D346&page=1&sortorder=desc HTTP/1.1" 200 69231
216.245.221.82 - - [13/Apr/2020:02:53:24 +0200] "HEAD /ticket2/opencms/en/ HTTP/1.1" 200 -
67.225.220.120 - - [13/Apr/2020:02:53:31 +0200] "GET /ticket2/opencms/en/buy/?page=1&edid=B7653BD0-33A8-8039-42B6-78FA5A3DEC82 HTTP/1.1" 200 71536
67.225.220.120 - - [13/Apr/2020:02:53:33 +0200] "GET /ticket2/opencms/sv/buy/?page=1&edid=EE24B254-1FB8-6601-5783-BFE404E37C0C HTTP/1.1" 200 85806
67.225.220.120 - - [13/Apr/2020:02:53:35 +0200] "GET /ticket2/opencms/en/buy/?page=1&edid=9EA63819-F5C6-0A09-AF16-0D985EE0DC58 HTTP/1.1" 200 70856
46.229.168.151 - - [13/Apr/2020:02:53:37 +0200] "GET /ticket2/opencms/fi/buy/?column=row&edid=570BC029-41A3-AC83-7093-0DFFF0210D10&page=1&sortorder=asc HTTP/1.1" 200 72949
46.229.168.161 - - [13/Apr/2020:02:53:37 +0200] "GET /ticket2/opencms/sv/buy/?column=row&edid=DCA97FA2-CCDF-A455-0A9B-CB6F2CDFE2CD&page=1&sortorder=asc HTTP/1.1" 200 71369
46.229.168.148 - - [13/Apr/2020:02:53:46 +0200] "GET /ticket2/opencms/fi/buy/?column=row&edid=09DE46D7-1C1F-33BE-37FA-869EBDC3AD7C&page=1&sortorder=desc HTTP/1.1" 200 72297
144.76.56.124 - - [13/Apr/2020:02:53:46 +0200] "GET /ticket2/opencms/dk/buy/?page=1&edid=2A1A2BB5-645D-9C6F-530D-7AE02793B645&sortorder=desc&column=row HTTP/1.1" 200 69336
46.229.168.129 - - [13/Apr/2020:02:53:48 +0200] "GET /ticket2/opencms/en/buy/?column=section&edid=F607E087-2558-2D9A-8793-E6AAB607D346&page=1&sortorder=desc HTTP/1.1" 200 69231
46.229.168.134 - - [13/Apr/2020:02:53:48 +0200] "GET /ticket2/opencms/en/sport/football-tickets/ HTTP/1.1" 200 67172
62.171.162.127 - - [13/Apr/2020:02:53:49 +0200] "GET /ticket2/opencms/dk/buy/?page=1&edid=27B998B4-E9BD-F4D7-44F4-713B7BE925DB HTTP/1.1" 200 69254
46.229.168.137 - - [13/Apr/2020:02:53:49 +0200] "GET /ticket2/opencms/sv/sport/fotbollsbiljetter/uefa-champions-league/fc_nordsjaelland/ HTTP/1.1" 200 67097
46.229.168.137 - - [13/Apr/2020:02:53:56 +0200] "GET /ticket2/opencms/no/buy/?column=section&edid=0341AF20-4F3F-63CA-C1A9-8C1AA13C52B1&page=1&sortorder=desc HTTP/1.1" 200 73009
46.229.168.152 - - [13/Apr/2020:02:53:56 +0200] "GET /ticket2/opencms/sv/sell/?edid=5693F4A3-DF3A-7DE7-893C-20EBEBDA7A22 HTTP/1.1" 302 -
46.229.168.146 - - [13/Apr/2020:02:53:56 +0200] "GET /ticket2/opencms/sv/sell/?edid=B1065CE9-A8E7-1323-5A3F-FB994F024940 HTTP/1.1" 302 -
46.229.168.135 - - [13/Apr/2020:02:53:58 +0200] "GET /ticket2/opencms/no/buy/?edid=0154E95E-0A44-1BF2-0329-4E27FA15E52D&page=1 HTTP/1.1" 200 69804
46.229.168.137 - - [13/Apr/2020:02:53:58 +0200] "GET /ticket2/opencms/robots.txt HTTP/1.1" 200 773
46.229.168.137 - - [13/Apr/2020:02:54:04 +0200] "GET /ticket2/opencms/no/buy/?column=section&edid=0341AF20-4F3F-63CA-C1A9-8C1AA13C52B1&page=1&sortorder=desc HTTP/1.1" 200 73009
46.229.168.161 - - [13/Apr/2020:02:54:07 +0200] "GET /ticket2/opencms/no/buy/?column=section&edid=5432ED02-FAD8-0258-AF31-52B1290A487D&page=1&sortorder=desc HTTP/1.1" 200 71902
62.171.162.127 - - [13/Apr/2020:02:54:08 +0200] "GET /ticket2/opencms/dk/buy/?page=1&edid=27B998B4-E9BD-F4D7-44F4-713B7BE925DB&sortorder=asc&column=row HTTP/1.1" 200 69290
114.119.167.17 - - [13/Apr/2020:02:54:15 +0200] "GET /ticket2/opencms/sv/buy/?page=1&edid=1B5229A1-3642-B3BE-C5FD-E41CB0238BCE&sortorder=desc&column=section HTTP/1.1" 200 70887
144.76.56.124 - - [13/Apr/2020:02:54:16 +0200] "GET /ticket2/opencms/dk/buy/?page=1&edid=2A1A2BB5-645D-9C6F-530D-7AE02793B645&sortorder=desc&column=section HTTP/1.1" 200 69336
46.229.168.137 - - [13/Apr/2020:02:54:26 +0200] "GET /ticket2/opencms/en/buy/?column=section&edid=74AFB488-3C09-C655-FDE8-D701D9A35954&page=1&sortorder=desc HTTP/1.1" 200 71084
46.229.168.134 - - [13/Apr/2020:02:54:33 +0200] "GET /ticket2/opencms/en/buy/?edid=69E94548-BA2A-A7B0-2E68-692DBBE997E5&page=1 HTTP/1.1" 200 71283
46.229.168.136 - - [13/Apr/2020:02:54:37 +0200] "GET /ticket2/opencms/fi/buy/?edid=3290BF82-EABE-6F5C-1E55-FF70F3A573DE&page=1 HTTP/1.1" 200 70613
54.36.149.72 - - [13/Apr/2020:02:54:37 +0200] "GET /ticket2/opencms/en/venue/?venueid=37536D78-51ED-E1B7-F2B0-3074119C5B6B HTTP/1.1" 200 65243
46.229.168.138 - - [13/Apr/2020:02:54:41 +0200] "GET /ticket2/opencms/no/buy/?column=section&edid=7A7AA818-DDC7-0640-E83C-722520D16871&page=1&sortorder=desc HTTP/1.1" 200 72540
144.76.56.124 - - [13/Apr/2020:02:54:43 +0200] "GET /ticket2/opencms/dk/buy/?page=1&edid=2A1BFAB3-CE0E-48DF-1EF7-515480863C5F HTTP/1.1" 200 70737
62.171.162.127 - - [13/Apr/2020:02:54:47 +0200] "GET /ticket2/opencms/dk/buy/?page=1&edid=27B998B4-E9BD-F4D7-44F4-713B7BE925DB&sortorder=asc&column=row HTTP/1.1" 200 69290
46.229.168.138 - - [13/Apr/2020:02:54:54 +0200] "GET /ticket2/opencms/sv/buy/?column=price&edid=02E6797B-74DD-6A46-6871-51DA2CCD4C5A&page=1&sortorder=asc HTTP/1.1" 200 69489
46.229.168.150 - - [13/Apr/2020:02:54:54 +0200] "GET /ticket2/opencms/en/buy/?column=row&edid=A5C39397-601B-AAD4-E491-7B5A86FC9F67&page=1&sortorder=asc HTTP/1.1" 200 70649
46.229.168.149 - - [13/Apr/2020:02:55:05 +0200] "GET /ticket2/opencms/sv/buy/?column=price&edid=4D2A2724-7797-6EBF-BAB8-69176E21CA79&page=1&sortorder=asc HTTP/1.1" 200 71123
46.229.168.135 - - [13/Apr/2020:02:55:18 +0200] "GET /ticket2/opencms/sv/buy/?column=section&edid=BC81A9B9-DAA0-AAD8-65DE-038B140B862E&page=1&sortorder=asc HTTP/1.1" 200 71336
46.229.168.131 - - [13/Apr/2020:02:55:20 +0200] "GET /ticket2/opencms/dk/buy/?column=row&edid=45D0E964-F15A-16ED-D99F-8CFB40DF8662&page=1&sortorder=desc HTTP/1.1" 200 69325
46.229.168.135 - - [13/Apr/2020:02:55:21 +0200] "GET /ticket2/opencms/dk/buy/?column=section&edid=7FC0EEA1-6F3F-9563-B3A7-BDCC9E769DFD&page=1&sortorder=asc HTTP/1.1" 200 72533
144.76.56.124 - - [13/Apr/2020:02:55:22 +0200] "GET /ticket2/opencms/dk/buy/?page=1&edid=2A1BFAB3-CE0E-48DF-1EF7-515480863C5F&sortorder=asc&column=price HTTP/1.1" 200 70773
46.229.168.143 - - [13/Apr/2020:02:55:34 +0200] "GET /ticket2/opencms/sv/buy/?column=section&edid=DE0A9995-56A6-04E8-985B-0AA01BAE89DA&page=1&sortorder=asc HTTP/1.1" 200 71802
46.229.168.147 - - [13/Apr/2020:02:55:44 +0200] "GET /ticket2/opencms/no/buy/?column=row&edid=F3EAB77E-5223-86F1-9947-9F306D6E6D43&page=1&sortorder=asc HTTP/1.1" 200 69826
46.229.168.131 - - [13/Apr/2020:02:55:56 +0200] "GET /ticket2/opencms/fi/buy/?column=row&edid=080DEC25-34C8-7AA7-E30D-904E332D4A16&page=1&sortorder=asc HTTP/1.1" 200 72556
66.249.79.171 - - [13/Apr/2020:02:55:56 +0200] "GET /ticket2/opencms/sv/venue/?column= HTTP/1.1" 500 -
46.229.168.149 - - [13/Apr/2020:02:55:57 +0200] "GET /ticket2/opencms/sv/buy/?column=row&edid=07F43CF2-2AE8-D1DB-0128-AE77107A7EF9&page=1&sortorder=asc HTTP/1.1" 200 70894
46.229.168.147 - - [13/Apr/2020:02:55:57 +0200] "GET /ticket2/opencms/fi/sell/?edid=67C72F40-8641-0188-CA82-23407E250481 HTTP/1.1" 302 -
62.171.162.127 - - [13/Apr/2020:02:55:58 +0200] "GET /ticket2/opencms/dk/buy/?page=1&edid=27B998B4-E9BD-F4D7-44F4-713B7BE925DB&sortorder=asc&column=section HTTP/1.1" 200 69290
46.229.168.139 - - [13/Apr/2020:02:56:00 +0200] "GET /ticket2/opencms/en/buy/?edid=671B0C16-38D6-D113-D7B3-232AEB5E534F&page=1 HTTP/1.1" 200 69206
144.76.56.124 - - [13/Apr/2020:02:56:00 +0200] "GET /ticket2/opencms/dk/buy/?page=1&edid=2ABF44D5-B1C1-D9FB-D799-A90137713E61&sortorder=desc&column=price HTTP/1.1" 200 71229
157.55.39.32 - - [13/Apr/2020:02:56:00 +0200] "GET /ticket2/opencms/robots.txt HTTP/1.1" 200 773
157.55.39.159 - - [13/Apr/2020:02:56:00 +0200] "GET /ticket2/opencms/sv/sport/fotbollsbiljetter/bundesliga/fc_nurnberg/ HTTP/1.1" 200 66280
46.229.168.131 - - [13/Apr/2020:02:56:01 +0200] "GET /ticket2/opencms/nl/buy/?column=price&edid=5BED4F96-461F-3406-5552-6C548F77CB08&page=1&sortorder=asc HTTP/1.1" 200 70201
67.225.220.120 - - [13/Apr/2020:02:56:09 +0200] "GET /ticket2/opencms/en/buy/?page=1&edid=8AE5D156-FC63-438F-34F8-237E20433F6C HTTP/1.1" 200 69235
67.225.220.120 - - [13/Apr/2020:02:56:12 +0200] "GET /ticket2/opencms/sv/buy/?page=1&edid=0477FD06-96DA-B114-0215-1A5B86788F96 HTTP/1.1" 200 71337
67.225.220.120 - - [13/Apr/2020:02:56:13 +0200] "GET /ticket2/opencms/en/buy/?page=1&edid=FE0D347F-B790-DD75-F37F-11E0E35595D4 HTTP/1.1" 200 69206
46.229.168.137 - - [13/Apr/2020:02:56:23 +0200] "GET /ticket2/opencms/dk/buy/?edid=B804E07C-D44A-FCD5-AB0D-8E45A34C090D&page=1 HTTP/1.1" 200 69283
66.249.79.199 - - [13/Apr/2020:02:56:23 +0200] "GET /ticket2/opencms/dk/venue/?venueid=22A38509-349B-CEBC-EA2F-719FED9069C4 HTTP/1.1" 200 65246
46.229.168.146 - - [13/Apr/2020:02:56:24 +0200] "GET /ticket2/opencms/sv/buy/?column=section&edid=45670560-DB28-BA77-4D60-8A7FA32D7E1B&page=1&sortorder=desc HTTP/1.1" 200 70890
62.171.162.127 - - [13/Apr/2020:02:56:27 +0200] "GET /ticket2/opencms/dk/buy/?page=1&edid=27B998B4-E9BD-F4D7-44F4-713B7BE925DB&sortorder=asc&column=section HTTP/1.1" 200 69290
46.229.168.131 - - [13/Apr/2020:02:56:31 +0200] "GET /ticket2/opencms/fi/buy/?column=row&edid=080DEC25-34C8-7AA7-E30D-904E332D4A16&page=1&sortorder=asc HTTP/1.1" 200 72556
46.229.168.149 - - [13/Apr/2020:02:56:32 +0200] "GET /ticket2/opencms/sv/buy/?column=row&edid=07F43CF2-2AE8-D1DB-0128-AE77107A7EF9&page=1&sortorder=asc HTTP/1.1" 200 70894
46.229.168.134 - - [13/Apr/2020:02:56:36 +0200] "GET /ticket2/opencms/fi/buy/?column=row&edid=813B0545-20A1-788F-99C1-8F2B03516D33&page=1&sortorder=desc HTTP/1.1" 200 72519
46.229.168.130 - - [13/Apr/2020:02:56:36 +0200] "GET /ticket2/opencms/sv/buy/?edid=BF5CA682-DD7A-C97B-4B1A-4DB7874CEB74&page=1 HTTP/1.1" 200 69446
46.229.168.145 - - [13/Apr/2020:02:56:36 +0200] "GET /ticket2/opencms/nl/sell/?edid=87764272-81EA-59CF-68F0-B30F32FF8826 HTTP/1.1" 302 -
46.229.168.154 - - [13/Apr/2020:02:56:37 +0200] "GET /ticket2/opencms/en/buy/?column=section&edid=9436F676-D007-3EC8-B7AD-41F5E4AABF15&page=1&sortorder=asc HTTP/1.1" 200 69243
46.229.168.130 - - [13/Apr/2020:02:56:39 +0200] "GET /ticket2/opencms/sv/buy/?edid=BF5CA682-DD7A-C97B-4B1A-4DB7874CEB74&page=1 HTTP/1.1" 200 69446
46.229.168.137 - - [13/Apr/2020:02:56:41 +0200] "GET /ticket2/opencms/ru/buy/?column=price&edid=A5425041-15AD-37BB-552C-D8E28A45D934&page=1&sortorder=desc HTTP/1.1" 200 72856
46.229.168.134 - - [13/Apr/2020:02:56:44 +0200] "GET /ticket2/opencms/sv/buy/?column=row&edid=0874A86E-EC5A-2746-01C0-7A1F437ED7E1&page=1&sortorder=asc HTTP/1.1" 200 72072
62.171.162.127 - - [13/Apr/2020:02:56:46 +0200] "GET /ticket2/opencms/dk/buy/?page=1&edid=27B998B4-E9BD-F4D7-44F4-713B7BE925DB&sortorder=desc&column=row HTTP/1.1" 200 69289
46.229.168.139 - - [13/Apr/2020:02:56:49 +0200] "GET /ticket2/opencms/sv/buy/?column=price&edid=4AF707F4-9108-7CBE-07DC-A15F5B43F7E0&page=1&sortorder=desc HTTP/1.1" 200 69458
46.229.168.154 - - [13/Apr/2020:02:56:52 +0200] "GET /ticket2/opencms/en/buy/?column=section&edid=9436F676-D007-3EC8-B7AD-41F5E4AABF15&page=1&sortorder=asc HTTP/1.1" 200 69243
114.119.165.76 - - [13/Apr/2020:02:56:52 +0200] "GET /ticket2/opencms/sv/buy/?page=1&edid=A3C9C39A-D58E-E88B-771B-8E4C4FF57183&sortorder=desc&column=row HTTP/1.1" 200 71130
46.229.168.139 - - [13/Apr/2020:02:56:53 +0200] "GET /ticket2/opencms/en/buy/?column=row&edid=41BEA64D-1BA5-5F3A-682B-157416A5458B&page=1&sortorder=asc HTTP/1.1" 200 71316
46.229.168.154 - - [13/Apr/2020:02:56:57 +0200] "GET /ticket2/opencms/no/buy/?column=row&edid=336107FE-A480-FFB9-CEBB-733E82F740BB&page=1&sortorder=desc HTTP/1.1" 200 72470
46.229.168.139 - - [13/Apr/2020:02:57:02 +0200] "GET /ticket2/opencms/en/buy/?column=row&edid=41BEA64D-1BA5-5F3A-682B-157416A5458B&page=1&sortorder=asc HTTP/1.1" 200 71316
46.229.168.153 - - [13/Apr/2020:02:57:02 +0200] "GET /ticket2/opencms/sv/buy/?column=price&edid=99E4E057-784A-91C1-7B12-45802B1F86CF&page=1&sortorder=desc HTTP/1.1" 200 69478
114.119.161.131 - - [13/Apr/2020:02:57:03 +0200] "GET /ticket2/opencms/fi/buy/?page=1&edid=0318FBA9-8FFF-BC30-E67D-5568E5F27D3B&sortorder=asc&column=row HTTP/1.1" 200 72546
62.171.162.127 - - [13/Apr/2020:02:57:04 +0200] "GET /ticket2/opencms/dk/buy/?page=1&edid=27B998B4-E9BD-F4D7-44F4-713B7BE925DB&sortorder=desc&column=row HTTP/1.1" 200 69289
46.229.168.163 - - [13/Apr/2020:02:57:05 +0200] "GET /ticket2/opencms/nl/buy/?column=section&edid=312F925C-21EC-506E-3F79-878DE79022A7&page=1&sortorder=desc HTTP/1.1" 200 71490
54.36.149.20 - - [13/Apr/2020:02:57:09 +0200] "GET /ticket2/opencms/sv/buy/?page=1&edid=08E4167A-CF42-A332-17FC-B350C5906CB9 HTTP/1.1" 200 70912
46.229.168.144 - - [13/Apr/2020:02:57:11 +0200] "GET /ticket2/opencms/sv/buy/?column=price&edid=114E8367-495D-2921-581D-A5757D17A2D8&page=1&sortorder=desc HTTP/1.1" 200 69467
46.229.168.163 - - [13/Apr/2020:02:57:16 +0200] "GET /ticket2/opencms/fi/buy/?column=price&edid=D8AF9E01-ADFB-3436-2590-435C98124FC7&page=1&sortorder=asc HTTP/1.1" 200 73369
46.229.168.162 - - [13/Apr/2020:02:57:21 +0200] "GET /ticket2/opencms/ru/buy/?column=row&edid=61C23625-4DC8-71C0-2E4C-7B57A56D449E&page=1&sortorder=desc HTTP/1.1" 200 71415
144.76.56.124 - - [13/Apr/2020:02:57:22 +0200] "GET /ticket2/opencms/robots.txt HTTP/1.1" 200 773
62.171.162.127 - - [13/Apr/2020:02:57:25 +0200] "GET /ticket2/opencms/dk/buy/?page=1&edid=27B998B4-E9BD-F4D7-44F4-713B7BE925DB&sortorder=desc&column=section HTTP/1.1" 200 69289
46.229.168.138 - - [13/Apr/2020:02:57:25 +0200] "GET /ticket2/opencms/en/buy/?column=section&edid=96631622-BA02-0E24-E1A0-9F44A4397FEB&page=1&sortorder=desc HTTP/1.1" 200 70674
46.229.168.154 - - [13/Apr/2020:02:57:26 +0200] "GET /ticket2/opencms/en/buy/?column=price&edid=3CC669F6-0C63-5743-F1E5-8F5E9C2AB45D&page=1&sortorder=desc HTTP/1.1" 200 70643
46.229.168.131 - - [13/Apr/2020:02:57:28 +0200] "GET /ticket2/opencms/sv/buy/?column=section&edid=2D77D5E8-F469-AAA2-8433-36A939B8305F&page=1&sortorder=asc HTTP/1.1" 200 71577
46.229.168.154 - - [13/Apr/2020:02:57:31 +0200] "GET /ticket2/opencms/no/buy/?column=row&edid=336107FE-A480-FFB9-CEBB-733E82F740BB&page=1&sortorder=desc HTTP/1.1" 200 72470
46.229.168.147 - - [13/Apr/2020:02:57:36 +0200] "GET /ticket2/opencms/en/buy/?column=row&edid=8AD96918-4845-F025-BEBF-8271DEECF8F7&page=1&sortorder=desc HTTP/1.1" 200 70645
46.229.168.138 - - [13/Apr/2020:02:57:43 +0200] "GET /ticket2/opencms/en/buy/?column=section&edid=1BF80C33-B195-62CF-DC0D-7E03BCB8BD2C&page=1&sortorder=desc HTTP/1.1" 200 71610
62.171.162.127 - - [13/Apr/2020:02:57:44 +0200] "GET /ticket2/opencms/dk/buy/?page=1&edid=27B998B4-E9BD-F4D7-44F4-713B7BE925DB&sortorder=desc&column=section HTTP/1.1" 200 69289
46.229.168.152 - - [13/Apr/2020:02:57:46 +0200] "GET /ticket2/opencms/nl/buy/?column=row&edid=490618CE-2093-9232-6EFE-E2FDF84D0DEE&page=1&sortorder=desc HTTP/1.1" 200 68337
144.76.56.124 - - [13/Apr/2020:02:57:47 +0200] "GET /ticket2/opencms/dk/buy/?page=1&edid=2ABF44D5-B1C1-D9FB-D799-A90137713E61&sortorder=desc&column=row HTTP/1.1" 200 71229
46.229.168.131 - - [13/Apr/2020:02:57:48 +0200] "GET /ticket2/opencms/robots.txt HTTP/1.1" 200 773
46.229.168.139 - - [13/Apr/2020:02:57:51 +0200] "GET /ticket2/opencms/en/buy/?column=row&edid=B801EBB3-0D7A-1D46-716A-CBC1332789A4&page=1&sortorder=asc HTTP/1.1" 200 72416
46.229.168.150 - - [13/Apr/2020:02:57:57 +0200] "GET /ticket2/opencms/fi/login/?url=%25252Ffi%25252Fsell%25252F HTTP/1.1" 200 68719
144.76.56.124 - - [13/Apr/2020:02:58:01 +0200] "GET /ticket2/opencms/dk/buy/?page=1&edid=2AC80BDD-C912-84BD-42D2-C97F1A9E360D HTTP/1.1" 200 69289
62.171.162.127 - - [13/Apr/2020:02:58:01 +0200] "GET /ticket2/opencms/dk/buy/?page=1&edid=27BF0321-A3A7-A0EB-DB6F-B3BB13320CA1 HTTP/1.1" 200 69222
144.76.56.124 - - [13/Apr/2020:02:58:01 +0200] "GET /ticket2/opencms/robots.txt HTTP/1.1" 200 773
46.229.168.149 - - [13/Apr/2020:02:58:02 +0200] "GET /ticket2/opencms/sv/buy/?column=section&edid=A4B939B9-02F3-15DE-1828-4B6AE5FDD036&page=1&sortorder=desc HTTP/1.1" 200 71350
46.229.168.141 - - [13/Apr/2020:02:58:02 +0200] "GET /ticket2/opencms/nl/buy/?column=price&edid=4DC1BF97-3AC0-DE88-AC1F-05197510B7E9&page=1&sortorder=asc HTTP/1.1" 200 70602
54.36.148.154 - - [13/Apr/2020:02:58:03 +0200] "GET /ticket2/opencms/ru/buy/?page=1&edid=1CB0579F-1D7F-7A19-BD4F-0612A3C3F1F9 HTTP/1.1" 200 71683
69.171.251.9 - - [13/Apr/2020:02:58:05 +0200] "GET /ticket2/opencms/?fbclid=IwAR04n7NX7kaqpPzxXtSqFJ08b1UjFdy_8ACyUyo0MI1jv3cYkYvOhFwMO0Q HTTP/1.1" 302 -
46.229.168.146 - - [13/Apr/2020:02:58:05 +0200] "GET /ticket2/opencms/sv/sell/?edid=5588B8CD-BB26-BC2D-8DA2-0851F243FD51 HTTP/1.1" 302 -
46.229.168.161 - - [13/Apr/2020:02:58:07 +0200] "GET /ticket2/opencms/en/sell/?edid=4A821F38-50DC-2259-FA57-2665C1B72876 HTTP/1.1" 302 -
46.229.168.137 - - [13/Apr/2020:02:58:10 +0200] "GET /ticket2/opencms/dk/buy/?column=price&edid=6869066C-20B9-BB4A-77E7-AD490FF5D90D&page=1&sortorder=desc HTTP/1.1" 200 69316
46.229.168.151 - - [13/Apr/2020:02:58:10 +0200] "GET /ticket2/opencms/sv/buy/?column=row&edid=6746D547-58E0-E059-5EA6-B180F3DC37DC&page=1&sortorder=desc HTTP/1.1" 200 71557
46.229.168.152 - - [13/Apr/2020:02:58:13 +0200] "GET /ticket2/opencms/sv/buy/?column=price&edid=6CD7DFFC-8C83-7819-2B09-2552175CE812&page=1&sortorder=asc HTTP/1.1" 200 71769
46.229.168.141 - - [13/Apr/2020:02:58:15 +0200] "GET /ticket2/opencms/no/buy/?edid=85264FEA-3C8F-4680-096F-2B77C577C4FA&page=1 HTTP/1.1" 200 71180
46.229.168.140 - - [13/Apr/2020:02:58:17 +0200] "GET /ticket2/opencms/sv/buy/?eventid=1DE12B0C-480D-36C2-470E-09E495E7559A&page=10 HTTP/1.1" 200 68704
46.229.168.148 - - [13/Apr/2020:02:58:23 +0200] "GET /ticket2/opencms/sv/venue/?venueid=04EBBB82-240A-AF8F-DA1F-896AD50040B5 HTTP/1.1" 200 65450
144.76.56.124 - - [13/Apr/2020:02:58:24 +0200] "GET /ticket2/opencms/dk/buy/?page=1&edid=2B02725C-37B0-D3D7-4D94-AB1AD657E0D1 HTTP/1.1" 200 71138
46.229.168.141 - - [13/Apr/2020:02:58:25 +0200] "GET /ticket2/opencms/en/buy/?column=row&edid=9B5FF650-6073-5E8D-792C-56A70F14541A&page=1&sortorder=desc HTTP/1.1" 200 71179
62.171.162.127 - - [13/Apr/2020:02:58:25 +0200] "GET /ticket2/opencms/dk/buy/?page=1&edid=27BF0321-A3A7-A0EB-DB6F-B3BB13320CA1 HTTP/1.1" 200 69222
46.229.168.161 - - [13/Apr/2020:02:58:29 +0200] "GET /ticket2/opencms/fi/buy/?column=price&edid=AE07727B-E4B5-4837-EECB-5BB0C9EE24CD&page=1&sortorder=asc HTTP/1.1" 200 72053
46.229.168.136 - - [13/Apr/2020:02:58:37 +0200] "GET /ticket2/opencms/sv/buy/?column=price&edid=398C31D5-5ABC-38AA-D716-23C97AFD2D61&page=1&sortorder=desc HTTP/1.1" 200 69516
62.171.162.127 - - [13/Apr/2020:02:58:38 +0200] "GET /ticket2/opencms/dk/buy/?page=1&edid=27BF0321-A3A7-A0EB-DB6F-B3BB13320CA1&sortorder=asc&column=price HTTP/1.1" 200 69258
46.229.168.130 - - [13/Apr/2020:02:58:39 +0200] "GET /ticket2/opencms/en/buy/?column=section&edid=A4DDC6F5-CEA1-C6AF-F819-DE8EED766D18&page=1&sortorder=asc HTTP/1.1" 200 72444
46.229.168.140 - - [13/Apr/2020:02:58:41 +0200] "GET /ticket2/opencms/no/buy/?edid=2780A5A8-28E9-C64D-652F-2BFB7602C631&page=1 HTTP/1.1" 200 72944
144.76.56.124 - - [13/Apr/2020:02:58:41 +0200] "GET /ticket2/opencms/dk/buy/?page=1&edid=2B02725C-37B0-D3D7-4D94-AB1AD657E0D1 HTTP/1.1" 200 71138
216.245.221.82 - - [13/Apr/2020:02:58:41 +0200] "HEAD /ticket2/opencms/ HTTP/1.1" 302 -
46.229.168.140 - - [13/Apr/2020:02:58:43 +0200] "GET /ticket2/opencms/nl/buy/?column=price&edid=D1EF0F6B-A1D9-3144-2C8D-BD026F6FEB3F&page=1&sortorder=desc HTTP/1.1" 200 71514
46.229.168.153 - - [13/Apr/2020:02:58:46 +0200] "GET /ticket2/opencms/sv/buy/?edid=F55FD46B-77AB-3FD2-8E77-5D8B9DF55395&page=1 HTTP/1.1" 200 71307
46.229.168.138 - - [13/Apr/2020:02:58:48 +0200] "GET /ticket2/opencms/fi/buy/?column=section&edid=E381DB65-F270-37B3-006A-65A82309F0C9&page=1&sortorder=desc HTTP/1.1" 200 73368
157.55.39.9 - - [13/Apr/2020:02:58:49 +0200] "GET /ticket2/opencms/dk/venue/?venueid=924F6A71-B6FB-26C5-04CA-1B49F86B9FF1 HTTP/1.1" 200 65270
46.229.168.130 - - [13/Apr/2020:02:58:56 +0200] "GET /ticket2/opencms/fi/buy/?column=row&edid=5F93E8E8-0A3C-E7C6-799E-7FAC313A5B3D&page=1&sortorder=desc HTTP/1.1" 200 72729
46.229.168.142 - - [13/Apr/2020:02:58:59 +0200] "GET /ticket2/opencms/fi/buy/?column=row&edid=4DA8BB7E-7B6D-2F44-7E06-8B92C40FFE63&page=1&sortorder=asc HTTP/1.1" 200 70635
144.76.56.124 - - [13/Apr/2020:02:59:02 +0200] "GET /ticket2/opencms/dk/buy/?page=1&edid=2B02725C-37B0-D3D7-4D94-AB1AD657E0D1&sortorder=desc&column=row HTTP/1.1" 200 71173
46.229.168.136 - - [13/Apr/2020:02:59:02 +0200] "GET /ticket2/opencms/robots.txt HTTP/1.1" 200 773
46.229.168.149 - - [13/Apr/2020:02:59:02 +0200] "GET /ticket2/opencms/fi/buy/?column=row&edid=80520F94-CD09-8A47-6BD3-D846BA0F2595&page=1&sortorder=desc HTTP/1.1" 200 70625
62.171.162.127 - - [13/Apr/2020:02:59:04 +0200] "GET /ticket2/opencms/dk/buy/?page=1&edid=27BF0321-A3A7-A0EB-DB6F-B3BB13320CA1&sortorder=asc&column=row HTTP/1.1" 200 69258
46.229.168.131 - - [13/Apr/2020:02:59:12 +0200] "GET /ticket2/opencms/nl/sell/?edid=CC5DF088-62DD-1368-F42E-D266F3812B5F HTTP/1.1" 302 -
46.229.168.135 - - [13/Apr/2020:02:59:14 +0200] "GET /ticket2/opencms/no/buy/?edid=0AC91052-66F1-98AF-E562-D5B9EF6D6780&page=1 HTTP/1.1" 200 84377
46.229.168.161 - - [13/Apr/2020:02:59:16 +0200] "GET /ticket2/opencms/no/buy/?edid=594D1460-F338-C3DC-268B-862093EA57FF&page=1 HTTP/1.1" 200 69807
62.171.162.127 - - [13/Apr/2020:02:59:16 +0200] "GET /ticket2/opencms/dk/buy/?page=1&edid=27BF0321-A3A7-A0EB-DB6F-B3BB13320CA1&sortorder=asc&column=section HTTP/1.1" 200 69258
144.76.56.124 - - [13/Apr/2020:02:59:18 +0200] "GET /ticket2/opencms/dk/buy/?page=1&edid=2B2BAFF9-7EEE-97F7-D5EF-F0478D6194BB&sortorder=desc&column=price HTTP/1.1" 200 69306
46.229.168.141 - - [13/Apr/2020:02:59:20 +0200] "GET /ticket2/opencms/sv/buy/?column=price&edid=E147E814-DDBC-A46E-9493-AE9F0C493DDF&page=1&sortorder=desc HTTP/1.1" 200 71559
67.225.220.120 - - [13/Apr/2020:02:59:28 +0200] "GET /ticket2/opencms/en/buy/?page=1&edid=FFA889B6-9240-4F46-70D3-4493AA2A2E30 HTTP/1.1" 200 69218
46.229.168.136 - - [13/Apr/2020:02:59:29 +0200] "GET /ticket2/opencms/ru/buy/?column=row&edid=A03EAA2C-2EFF-45A8-B381-DF86A299AA05&page=1&sortorder=asc HTTP/1.1" 200 72163
46.229.168.129 - - [13/Apr/2020:02:59:30 +0200] "GET /ticket2/opencms/dk/sell/?edid=8F4DD3FF-FC88-98BC-E54A-1542B36AD424 HTTP/1.1" 302 -
46.229.168.162 - - [13/Apr/2020:02:59:35 +0200] "GET /ticket2/opencms/sv/buy/?column=section&edid=BD7F7FC5-0DF5-7ACB-57B0-E3B92454A7B0&page=1&sortorder=asc HTTP/1.1" 200 71581
46.229.168.133 - - [13/Apr/2020:02:59:38 +0200] "GET /ticket2/opencms/robots.txt HTTP/1.1" 200 773
144.76.56.124 - - [13/Apr/2020:02:59:42 +0200] "GET /ticket2/opencms/dk/buy/?page=1&edid=2B2BAFF9-7EEE-97F7-D5EF-F0478D6194BB&sortorder=desc&column=price HTTP/1.1" 200 69306
62.171.162.127 - - [13/Apr/2020:02:59:43 +0200] "GET /ticket2/opencms/dk/buy/?page=1&edid=27BF0321-A3A7-A0EB-DB6F-B3BB13320CA1&sortorder=desc&column=price HTTP/1.1" 200 69257
46.229.168.131 - - [13/Apr/2020:02:59:46 +0200] "GET /ticket2/opencms/no/buy/?edid=4F679D59-A856-14F0-ECEF-29CBD5EE9427&page=1 HTTP/1.1" 200 71176
46.229.168.131 - - [13/Apr/2020:02:59:49 +0200] "GET /ticket2/opencms/dk/buy/?column=section&edid=59DA87F2-EE95-E19A-38B5-F05EF4C6E9CD&page=1&sortorder=desc HTTP/1.1" 200 71612
62.171.162.127 - - [13/Apr/2020:02:59:51 +0200] "GET /ticket2/opencms/dk/buy/?page=1&edid=27BF0321-A3A7-A0EB-DB6F-B3BB13320CA1&sortorder=desc&column=row HTTP/1.1" 200 69257
46.229.168.162 - - [13/Apr/2020:02:59:54 +0200] "GET /ticket2/opencms/sv/buy/?edid=F9FF1A93-E063-30B5-D018-721B7BF05409&page=1 HTTP/1.1" 200 71826
46.229.168.153 - - [13/Apr/2020:02:59:55 +0200] "GET /ticket2/opencms/nl/buy/?column=row&edid=95D527D7-A681-C22C-0004-08E23653C7F4&page=1&sortorder=asc HTTP/1.1" 200 70709
144.76.56.124 - - [13/Apr/2020:02:59:55 +0200] "GET /ticket2/opencms/dk/buy/?page=1&edid=2B2BAFF9-7EEE-97F7-D5EF-F0478D6194BB&sortorder=desc&column=section HTTP/1.1" 200 69306
54.36.149.47 - - [13/Apr/2020:02:59:58 +0200] "GET /ticket2/opencms/fi/venue/?venueid=09020355-FC21-7B01-28CB-650A5D998DEC HTTP/1.1" 200 66453
114.119.162.79 - - [13/Apr/2020:02:59:58 +0200] "GET /ticket2/opencms/sv/sport/hockeybiljetter/nhl/la-kings/ HTTP/1.1" 200 67332
46.229.168.135 - - [13/Apr/2020:03:00:03 +0200] "GET /ticket2/opencms/no/buy/?edid=0AC91052-66F1-98AF-E562-D5B9EF6D6780&page=1 HTTP/1.1" 200 84377
46.229.168.147 - - [13/Apr/2020:03:00:13 +0200] "GET /ticket2/opencms/sv/buy/?edid=8BA86FA9-C734-4E24-6C8F-AD29372A2A6B&page=1 HTTP/1.1" 200 71811
46.229.168.137 - - [13/Apr/2020:03:00:21 +0200] "GET /ticket2/opencms/no/buy/?column=row&edid=A89451B2-BC6C-DC3D-54DB-F195056B0913&page=1&sortorder=desc HTTP/1.1" 200 71456
144.76.56.124 - - [13/Apr/2020:03:00:21 +0200] "GET /ticket2/opencms/dk/buy/?page=1&edid=2B2BAFF9-7EEE-97F7-D5EF-F0478D6194BB&sortorder=desc&column=section HTTP/1.1" 200 69306
62.171.162.127 - - [13/Apr/2020:03:00:22 +0200] "GET /ticket2/opencms/dk/buy/?page=1&edid=27BF0321-A3A7-A0EB-DB6F-B3BB13320CA1&sortorder=desc&column=section HTTP/1.1" 200 69257
46.229.168.163 - - [13/Apr/2020:03:00:24 +0200] "GET /ticket2/opencms/sv/buy/?column=section&edid=DC15B801-FC41-85D8-B33F-8FF1EFE0758A&page=1&sortorder=asc HTTP/1.1" 200 72218
46.229.168.133 - - [13/Apr/2020:03:00:25 +0200] "GET /ticket2/opencms/ru/buy/?column=price&edid=ECAFD30A-D6B7-326B-9366-FA9494A40932&page=1&sortorder=desc HTTP/1.1" 200 72351
46.229.168.151 - - [13/Apr/2020:03:00:26 +0200] "GET /ticket2/opencms/nl/login/?url=%25252Fnl%25252Fsell%25252F HTTP/1.1" 200 66495
46.229.168.147 - - [13/Apr/2020:03:00:28 +0200] "GET /ticket2/opencms/sv/buy/?column=section&edid=DB844E51-4AEA-1DB6-3740-0D7CB9A74E07&page=1&sortorder=desc HTTP/1.1" 200 69456
46.229.168.133 - - [13/Apr/2020:03:00:30 +0200] "GET /ticket2/opencms/no/buy/?column=price&edid=596C9962-08B1-F451-67A0-7F710776E88D&page=1&sortorder=desc HTTP/1.1" 200 69861
46.229.168.144 - - [13/Apr/2020:03:00:31 +0200] "GET /ticket2/opencms/robots.txt HTTP/1.1" 200 773
144.76.56.124 - - [13/Apr/2020:03:00:32 +0200] "GET /ticket2/opencms/dk/buy/?page=1&edid=2B4EA6F6-5935-93A8-F337-D339F4A676AD HTTP/1.1" 200 72495
46.229.168.154 - - [13/Apr/2020:03:00:34 +0200] "GET /ticket2/opencms/en/buy/?edid=9B9311EB-B4D2-9499-BE79-EAD276FCD2D7&page=1 HTTP/1.1" 200 73511
46.229.168.141 - - [13/Apr/2020:03:00:34 +0200] "GET /ticket2/opencms/no/buy/?column=row&edid=746FA236-2FD4-7FF8-296E-D198AEED785C&page=1&sortorder=desc HTTP/1.1" 200 71918
46.229.168.153 - - [13/Apr/2020:03:00:43 +0200] "GET /ticket2/opencms/en/buy/?column=row&edid=7545A501-A74F-FCD9-6047-6417398923F8&page=1&sortorder=asc HTTP/1.1" 200 71179
67.225.220.120 - - [13/Apr/2020:03:00:48 +0200] "GET /ticket2/opencms/sv/buy/?page=1&edid=3F81A579-C5D8-A8AE-791F-F6F1E7AD279B HTTP/1.1" 200 71341
46.229.168.132 - - [13/Apr/2020:03:00:50 +0200] "GET /ticket2/opencms/fi/buy/?column=section&edid=B8736786-BDEB-839B-CA60-E0B1B63D3892&page=1&sortorder=asc HTTP/1.1" 200 72982
46.229.168.149 - - [13/Apr/2020:03:00:58 +0200] "GET /ticket2/opencms/nl/buy/?edid=44C48A0E-0A68-7D3F-8873-815B24226A4B&page=1 HTTP/1.1" 200 68263
144.76.56.124 - - [13/Apr/2020:03:01:00 +0200] "GET /ticket2/opencms/dk/buy/?page=1&edid=2B4EA6F6-5935-93A8-F337-D339F4A676AD HTTP/1.1" 200 72495
46.229.168.134 - - [13/Apr/2020:03:01:00 +0200] "GET /ticket2/opencms/fi/buy/?column=section&edid=D671AA4B-F4FE-4377-0CEE-00CC26515A20&page=1&sortorder=asc HTTP/1.1" 200 70631
62.171.162.127 - - [13/Apr/2020:03:01:01 +0200] "GET /ticket2/opencms/dk/buy/?page=1&edid=27C0790B-4DDD-0BF0-BD00-9399E87FB39C HTTP/1.1" 200 70886
46.229.168.162 - - [13/Apr/2020:03:01:01 +0200] "GET /ticket2/opencms/no/buy/?column=price&edid=A5425041-15AD-37BB-552C-D8E28A45D934&page=1&sortorder=desc HTTP/1.1" 200 72397
46.229.168.137 - - [13/Apr/2020:03:01:01 +0200] "GET /ticket2/opencms/en/sport/football-tickets/premier_league/ HTTP/1.1" 200 72551
46.229.168.137 - - [13/Apr/2020:03:01:03 +0200] "GET /ticket2/opencms/sv/buy/?column=price&edid=9FDDAE6E-2099-CA20-8A5D-FB81C4E4FF2C&page=1&sortorder=desc HTTP/1.1" 200 71559
46.229.168.150 - - [13/Apr/2020:03:01:05 +0200] "GET /ticket2/opencms/en/buy/?column=section&edid=DCA9216D-FB8E-C2CB-19F8-79E5FD21BD6D&page=1&sortorder=asc HTTP/1.1" 200 69272
46.229.168.151 - - [13/Apr/2020:03:01:05 +0200] "GET /ticket2/opencms/en/venue/?countryid=45F5A414-7E6A-581D-803C-BE75F86B0965 HTTP/1.1" 200 94598
46.229.168.141 - - [13/Apr/2020:03:01:06 +0200] "GET /ticket2/opencms/dk/buy/?column=row&edid=80EE9861-CE07-B7DE-A3DB-A6E5C8995BA8&page=1&sortorder=desc HTTP/1.1" 200 70980
144.76.56.124 - - [13/Apr/2020:03:01:07 +0200] "GET /ticket2/opencms/dk/buy/?page=1&edid=2B4EA6F6-5935-93A8-F337-D339F4A676AD&sortorder=asc&column=price HTTP/1.1" 200 72531
46.229.168.141 - - [13/Apr/2020:03:01:10 +0200] "GET /ticket2/opencms/no/buy/?edid=A2FF267A-5FC6-AA5D-3446-6D9BF83F1742&page=1 HTTP/1.1" 200 71867
46.229.168.148 - - [13/Apr/2020:03:01:11 +0200] "GET /ticket2/opencms/sv/buy/?column=price&edid=461F069E-E3EB-24CF-0D50-67F3F8E1F0F6&page=1&sortorder=desc HTTP/1.1" 200 72693
46.229.168.135 - - [13/Apr/2020:03:01:18 +0200] "GET /ticket2/opencms/dk/login/?url=%25252Fdk%25252Fsell%25252F HTTP/1.1" 200 67413
114.119.160.239 - - [13/Apr/2020:03:01:19 +0200] "GET /ticket2/opencms/sv/buy/?page=1&edid=45670560-DB28-BA77-4D60-8A7FA32D7E1B&sortorder=asc&column=row HTTP/1.1" 200 70891
46.229.168.154 - - [13/Apr/2020:03:01:22 +0200] "GET /ticket2/opencms/en/buy/?edid=9B9311EB-B4D2-9499-BE79-EAD276FCD2D7&page=1 HTTP/1.1" 200 73511
67.225.220.120 - - [13/Apr/2020:03:01:29 +0200] "GET /ticket2/opencms/sv/buy/?page=1&edid=74AFB488-3C09-C655-FDE8-D701D9A35954 HTTP/1.1" 200 71306
46.229.168.133 - - [13/Apr/2020:03:01:39 +0200] "GET /ticket2/opencms/sv/buy/?edid=679592A4-F209-DF56-5774-383426253C85&page=1 HTTP/1.1" 200 70842
46.229.168.144 - - [13/Apr/2020:03:01:39 +0200] "GET /ticket2/opencms/no/buy/?column=section&edid=45D0E964-F15A-16ED-D99F-8CFB40DF8662&page=1&sortorder=asc HTTP/1.1" 200 69841
144.76.56.124 - - [13/Apr/2020:03:01:40 +0200] "GET /ticket2/opencms/dk/buy/?page=1&edid=2B4EA6F6-5935-93A8-F337-D339F4A676AD&sortorder=asc&column=price HTTP/1.1" 200 72531
46.229.168.150 - - [13/Apr/2020:03:01:42 +0200] "GET /ticket2/opencms/sv/buy/?column=section&edid=C4C0CEFE-A8F1-501B-6E98-F6FC9EBE96A4&page=1&sortorder=desc HTTP/1.1" 200 71778
46.229.168.150 - - [13/Apr/2020:03:01:43 +0200] "GET /ticket2/opencms/en/buy/?column=section&edid=9BF622D0-346F-7329-11E1-DA3663315EAC&page=1&sortorder=asc HTTP/1.1" 200 69224
62.171.162.127 - - [13/Apr/2020:03:01:44 +0200] "GET /ticket2/opencms/dk/buy/?page=1&edid=27C0790B-4DDD-0BF0-BD00-9399E87FB39C HTTP/1.1" 200 70886
46.229.168.134 - - [13/Apr/2020:03:01:48 +0200] "GET /ticket2/opencms/en/buy/?column=price&edid=CD7DB093-60D9-BD12-A415-1D4CC21F76F9&page=1&sortorder=asc HTTP/1.1" 200 71820
46.229.168.134 - - [13/Apr/2020:03:01:49 +0200] "GET /ticket2/opencms/dk/buy/?catid=2DE12DDA-A5FB-C1C6-CB20-FBF873FB032B&comcatid=A17713B6-D984-201A-4143-ED4DB5ED5C2E HTTP/1.1" 200 75358
69.171.251.9 - - [13/Apr/2020:03:01:53 +0200] "GET /ticket2/opencms/en/ HTTP/1.1" 200 71871
66.249.79.87 - - [13/Apr/2020:03:01:57 +0200] "GET /ticket2/opencms/sv/venue/?venueid=51B4DE67-01CA-0B71-9885-4DA0B8DB7CF4 HTTP/1.1" 200 65510
46.229.168.144 - - [13/Apr/2020:03:01:59 +0200] "GET /ticket2/opencms/fi/buy/?column=section&edid=82F19FA2-FA7A-0459-E232-50321BC9E2B5&page=1&sortorder=desc HTTP/1.1" 200 70660
46.229.168.132 - - [13/Apr/2020:03:02:00 +0200] "GET /ticket2/opencms/nl/buy/?column=row&edid=AC8819A7-EE9F-4A10-55A9-EC0D01F8843F&page=1&sortorder=asc HTTP/1.1" 200 69756
46.229.168.134 - - [13/Apr/2020:03:02:01 +0200] "GET /ticket2/opencms/robots.txt HTTP/1.1" 200 773
46.229.168.161 - - [13/Apr/2020:03:02:03 +0200] "GET /ticket2/opencms/en/buy/?column=row&edid=D3A4B6FE-8DAF-B1CE-8D1E-9F2725CE6F3F&page=1&sortorder=asc HTTP/1.1" 200 71102
46.229.168.144 - - [13/Apr/2020:03:02:04 +0200] "GET /ticket2/opencms/en/buy/?column=section&edid=238BA976-8A36-F331-49F3-2B6F70416A65&page=1&sortorder=asc HTTP/1.1" 200 71524
157.55.39.12 - - [13/Apr/2020:03:02:05 +0200] "GET /ticket2/opencms/no/sport/ishockey/nhl/Anaheim_Ducks/ HTTP/1.1" 200 68161
46.229.168.133 - - [13/Apr/2020:03:02:14 +0200] "GET /ticket2/opencms/dk/buy/?column=price&edid=01361779-A215-4988-A0CA-B22E55ADBD38&page=1&sortorder=desc HTTP/1.1" 200 72530
62.171.162.127 - - [13/Apr/2020:03:02:16 +0200] "GET /ticket2/opencms/dk/buy/?page=1&edid=27C0790B-4DDD-0BF0-BD00-9399E87FB39C&sortorder=asc&column=price HTTP/1.1" 200 70922
46.229.168.145 - - [13/Apr/2020:03:02:16 +0200] "GET /ticket2/opencms/en/buy/?column=price&edid=EA4215C4-A531-3AA1-F5C8-7876150DB70F&page=1&sortorder=asc HTTP/1.1" 200 69242
144.76.56.124 - - [13/Apr/2020:03:02:20 +0200] "GET /ticket2/opencms/dk/buy/?page=1&edid=2B4EA6F6-5935-93A8-F337-D339F4A676AD&sortorder=asc&column=row HTTP/1.1" 200 72531
46.229.168.152 - - [13/Apr/2020:03:02:22 +0200] "GET /ticket2/opencms/sv/buy/?edid=30C89ECD-9C00-576C-AA0D-236F4C1FBD43&page=1 HTTP/1.1" 200 70908
46.229.168.131 - - [13/Apr/2020:03:02:24 +0200] "GET /ticket2/opencms/sv/buy/?column=price&edid=3DACF337-09ED-75B6-42AF-0003F910CB1B&page=1&sortorder=desc HTTP/1.1" 200 71352
216.245.221.82 - - [13/Apr/2020:03:02:29 +0200] "HEAD /ticket2/opencms/en/ HTTP/1.1" 200 -
46.229.168.150 - - [13/Apr/2020:03:02:31 +0200] "GET /ticket2/opencms/sv/buy/?column=section&edid=C4C0CEFE-A8F1-501B-6E98-F6FC9EBE96A4&page=1&sortorder=desc HTTP/1.1" 200 71778
46.229.168.140 - - [13/Apr/2020:03:02:34 +0200] "GET /ticket2/opencms/sv/buy/?column=price&edid=74EFCA32-6815-FF4B-4089-5178E45F69AE&page=1&sortorder=asc HTTP/1.1" 200 71338
46.229.168.134 - - [13/Apr/2020:03:02:36 +0200] "GET /ticket2/opencms/no/buy/?edid=69E94548-BA2A-A7B0-2E68-692DBBE997E5&page=1 HTTP/1.1" 200 71851
46.229.168.129 - - [13/Apr/2020:03:02:38 +0200] "GET /ticket2/opencms/en/buy/?column=price&edid=A18B7AA2-BC88-9685-D882-F3ACFA423D12&page=1&sortorder=desc HTTP/1.1" 200 69246
46.229.168.133 - - [13/Apr/2020:03:02:41 +0200] "GET /ticket2/opencms/sv/buy/?column=price&edid=D5FAB6ED-DF67-5E42-E533-2987B8B26208&page=1&sortorder=desc HTTP/1.1" 200 69508
46.229.168.138 - - [13/Apr/2020:03:02:41 +0200] "GET /ticket2/opencms/sv/buy/?column=price&edid=94C00F6B-FC53-0B34-A8F9-F3B70628243D&page=1&sortorder=desc HTTP/1.1" 200 69486
46.229.168.149 - - [13/Apr/2020:03:02:42 +0200] "GET /ticket2/opencms/sv/buy/?edid=633F0BF9-678F-0996-1DD1-D6E4D9F5D5DF&page=1 HTTP/1.1" 200 71529
216.245.221.82 - - [13/Apr/2020:03:02:42 +0200] "HEAD /ticket2/opencms/ HTTP/1.1" 302 -
216.245.221.82 - - [13/Apr/2020:03:02:43 +0200] "HEAD /ticket2/opencms/en/ HTTP/1.1" 200 -
46.229.168.161 - - [13/Apr/2020:03:02:45 +0200] "GET /ticket2/opencms/nl/buy/?column=section&edid=1F8937D3-B31E-D76E-F363-F7FC2195A907&page=1&sortorder=desc HTTP/1.1" 200 68321
46.229.168.129 - - [13/Apr/2020:03:02:48 +0200] "GET /ticket2/opencms/robots.txt HTTP/1.1" 200 773
46.229.168.136 - - [13/Apr/2020:03:02:49 +0200] "GET /ticket2/opencms/en/buy/?eventid=121DAAE3-090B-56E7-E96D-94ED485637F9&page=10&venueid=1F514823-A8B2-64F2-1969-4417BA1D08C9 HTTP/1.1" 200 67690
62.171.162.127 - - [13/Apr/2020:03:02:54 +0200] "GET /ticket2/opencms/dk/buy/?page=1&edid=27C0790B-4DDD-0BF0-BD00-9399E87FB39C&sortorder=asc&column=row HTTP/1.1" 200 70922
46.229.168.134 - - [13/Apr/2020:03:02:55 +0200] "GET /ticket2/opencms/sv/buy/?column=section&edid=448E97AD-A675-26E8-5DB2-B1923040DF7D&page=1&sortorder=asc HTTP/1.1" 200 71375
144.76.56.124 - - [13/Apr/2020:03:02:57 +0200] "GET /ticket2/opencms/dk/buy/?page=1&edid=2B4EA6F6-5935-93A8-F337-D339F4A676AD&sortorder=asc&column=row HTTP/1.1" 200 72531
66.249.79.85 - - [13/Apr/2020:03:02:59 +0200] "GET /ticket2/opencms/sv/venue/?countryid=00A745F5-9727-5A5E-55DB-C7A480FFD3CE HTTP/1.1" 200 94846
46.229.168.131 - - [13/Apr/2020:03:03:01 +0200] "GET /ticket2/opencms/sv/buy/?column=price&edid=BB21DFA8-A848-66A6-D76D-62DF6B2509C7&page=1&sortorder=asc HTTP/1.1" 200 69490
46.229.168.129 - - [13/Apr/2020:03:03:08 +0200] "GET /ticket2/opencms/en/buy/?column=section&edid=74EFCA32-6815-FF4B-4089-5178E45F69AE&page=1&sortorder=desc HTTP/1.1" 200 71111
46.229.168.138 - - [13/Apr/2020:03:03:12 +0200] "GET /ticket2/opencms/nl/buy/?column=price&edid=1D1F6410-E683-A360-6E10-EB3B1EDE1568&page=1&sortorder=desc HTTP/1.1" 200 68298
46.229.168.144 - - [13/Apr/2020:03:03:15 +0200] "GET /ticket2/opencms/sv/buy/?column=section&edid=ED81349D-86B2-C0F6-EF58-DEEDD0455CAC&page=1&sortorder=desc HTTP/1.1" 200 69484
46.229.168.149 - - [13/Apr/2020:03:03:22 +0200] "GET /ticket2/opencms/nl/buy/?edid=D8086CE4-ACF7-AAFD-046B-ED06E1A079AF&page=1 HTTP/1.1" 200 70397
54.36.150.23 - - [13/Apr/2020:03:03:23 +0200] "GET /ticket2/opencms/sv/sport/fotbollsbiljetter/premier_league/liverpool/ HTTP/1.1" 200 72042
46.229.168.133 - - [13/Apr/2020:03:03:31 +0200] "GET /ticket2/opencms/nl/buy/?column=row&edid=250DF718-C982-4EC7-0BE3-1735BA6AB0C1&page=1&sortorder=desc HTTP/1.1" 200 69979
144.76.56.124 - - [13/Apr/2020:03:03:35 +0200] "GET /ticket2/opencms/dk/buy/?page=1&edid=2B4EA6F6-5935-93A8-F337-D339F4A676AD&sortorder=asc&column=section HTTP/1.1" 200 72531
62.171.162.127 - - [13/Apr/2020:03:03:36 +0200] "GET /ticket2/opencms/dk/buy/?page=1&edid=27C0790B-4DDD-0BF0-BD00-9399E87FB39C&sortorder=asc&column=row HTTP/1.1" 200 70922
46.229.168.144 - - [13/Apr/2020:03:03:43 +0200] "GET /ticket2/opencms/en/standard/ HTTP/1.1" 200 78408
114.119.160.32 - - [13/Apr/2020:03:03:43 +0200] "GET /ticket2/opencms/dk/buy/?page=1&edid=EF4CA50E-B036-DD4B-A26E-1BFB83ACBD71&sortorder=asc&column=row HTTP/1.1" 200 71611
46.229.168.130 - - [13/Apr/2020:03:03:45 +0200] "GET /ticket2/opencms/nl/buy/?column=price&edid=03337102-274E-EF7A-5BBB-8B18B768E4C2&page=1&sortorder=asc HTTP/1.1" 200 69646
46.229.168.161 - - [13/Apr/2020:03:03:50 +0200] "GET /ticket2/opencms/sv/buy/?column=row&edid=3A07E5A5-3743-E1F7-98D4-69CCB7817E15&page=1&sortorder=asc HTTP/1.1" 200 72076
46.229.168.138 - - [13/Apr/2020:03:03:52 +0200] "GET /ticket2/opencms/robots.txt HTTP/1.1" 200 773
46.229.168.147 - - [13/Apr/2020:03:03:54 +0200] "GET /ticket2/opencms/no/sell/?edid=1F2C6035-7221-91B1-2C07-E16BB4C3CD69 HTTP/1.1" 302 -
66.249.79.85 - - [13/Apr/2020:03:03:56 +0200] "GET /ticket2/opencms/sv/venue/?venueid=37CBE37C-7D6F-4665-1B80-1F6AC01C8EBD HTTP/1.1" 200 65449
46.229.168.130 - - [13/Apr/2020:03:03:58 +0200] "GET /ticket2/opencms/nl/buy/?column=section&edid=BD7F7FC5-0DF5-7ACB-57B0-E3B92454A7B0&page=1&sortorder=asc HTTP/1.1" 200 70428
46.229.168.137 - - [13/Apr/2020:03:03:58 +0200] "GET /ticket2/opencms/nl/sell/?edid=FA4E5170-C0C1-9004-398F-3295256B617D HTTP/1.1" 302 -
46.229.168.149 - - [13/Apr/2020:03:04:05 +0200] "GET /ticket2/opencms/fi/buy/?column=price&edid=3A07E5A5-3743-E1F7-98D4-69CCB7817E15&page=1&sortorder=asc HTTP/1.1" 200 73244
62.171.162.127 - - [13/Apr/2020:03:04:10 +0200] "GET /ticket2/opencms/dk/buy/?page=1&edid=27C0790B-4DDD-0BF0-BD00-9399E87FB39C&sortorder=asc&column=section HTTP/1.1" 200 70922
144.76.56.124 - - [13/Apr/2020:03:04:15 +0200] "GET /ticket2/opencms/dk/buy/?page=1&edid=2B4EA6F6-5935-93A8-F337-D339F4A676AD&sortorder=asc&column=section HTTP/1.1" 200 72531
114.119.164.106 - - [13/Apr/2020:03:04:20 +0200] "GET /ticket2/opencms/dk/buy/?page=1&edid=4BA7B2F8-A96A-CBF2-384D-5B93955887C5&sortorder=desc&column=price HTTP/1.1" 200 70987
46.229.168.152 - - [13/Apr/2020:03:04:31 +0200] "GET /ticket2/opencms/no/buy/?edid=E19F6380-8030-6AD8-8710-C3F6BEB23E30&page=1 HTTP/1.1" 200 72148
46.229.168.163 - - [13/Apr/2020:03:04:32 +0200] "GET /ticket2/opencms/no/buy/?edid=4B8DF2AC-42E6-6C5D-F1CE-0DA3D8253356&page=1 HTTP/1.1" 200 72501
46.229.168.147 - - [13/Apr/2020:03:04:48 +0200] "GET /ticket2/opencms/nl/buy/?column=price&edid=311245E0-2979-F390-6B29-8221626371B5&page=1&sortorder=asc HTTP/1.1" 200 71317
144.76.56.124 - - [13/Apr/2020:03:04:50 +0200] "GET /ticket2/opencms/dk/buy/?page=1&edid=2B4EA6F6-5935-93A8-F337-D339F4A676AD&sortorder=desc&column=price HTTP/1.1" 200 72530
62.171.162.127 - - [13/Apr/2020:03:04:53 +0200] "GET /ticket2/opencms/dk/buy/?page=1&edid=27C0790B-4DDD-0BF0-BD00-9399E87FB39C&sortorder=desc&column=price HTTP/1.1" 200 70921
144.76.56.124 - - [13/Apr/2020:03:04:55 +0200] "GET /ticket2/opencms/dk/buy/?page=1&edid=2B4EA6F6-5935-93A8-F337-D339F4A676AD&sortorder=desc&column=price HTTP/1.1" 200 72530
46.229.168.135 - - [13/Apr/2020:03:04:58 +0200] "GET /ticket2/opencms/nl/buy/?column=section&edid=5F5BB855-5D9E-1E2C-72A6-69354D1848B9&page=1&sortorder=desc HTTP/1.1" 200 69759
46.229.168.162 - - [13/Apr/2020:03:05:00 +0200] "GET /ticket2/opencms/sv/buy/?edid=328CD364-5FBE-B6B9-C6DD-6B5ED1B81716&page=1 HTTP/1.1" 200 70862
46.229.168.130 - - [13/Apr/2020:03:05:05 +0200] "GET /ticket2/opencms/no/buy/?column=section&edid=BCDC90EA-C791-96A5-DAF9-E863584C211D&page=1&sortorder=desc HTTP/1.1" 200 69837
46.229.168.140 - - [13/Apr/2020:03:05:07 +0200] "GET /ticket2/opencms/sv/buy/?catid=21C3854B-901E-11F9-7B7D-6838CC6AFAA4&comcatid=A17713B6-D984-201A-4143-ED4DB5ED5C2E&eventid=6FF9EBE1-05EE-AA1E-A54F-A9D14CF13922&page=6 HTTP/1.1" 200 83012
46.229.168.149 - - [13/Apr/2020:03:05:11 +0200] "GET /ticket2/opencms/nl/buy/?column=row&edid=05263909-E58A-CC1E-4A21-131CDD340BE8&page=1&sortorder=desc HTTP/1.1" 200 70444
46.229.168.133 - - [13/Apr/2020:03:05:15 +0200] "GET /ticket2/opencms/sv/buy/?column=row&edid=4299C753-69F7-9BE0-CB4F-E99ABD6188AD&page=1&sortorder=asc HTTP/1.1" 200 71406
46.229.168.140 - - [13/Apr/2020:03:05:15 +0200] "GET /ticket2/opencms/nl/buy_safety/ HTTP/1.1" 200 65692
46.229.168.132 - - [13/Apr/2020:03:05:18 +0200] "GET /ticket2/opencms/no/buy/?column=price&edid=9F5746BD-7046-2B11-63BD-322149DF3926&page=1&sortorder=desc HTTP/1.1" 200 71186
46.229.168.140 - - [13/Apr/2020:03:05:22 +0200] "GET /ticket2/opencms/en/buy/?column=price&edid=27A86D6D-4361-DE9B-1D01-A471A84202BD&page=1&sortorder=asc HTTP/1.1" 200 69224
46.229.168.154 - - [13/Apr/2020:03:05:24 +0200] "GET /ticket2/opencms/sv/buy/?column=section&edid=F21380F7-75CF-8F6C-44E2-E3C7E626BAE7&page=1&sortorder=asc HTTP/1.1" 200 71552
62.171.162.127 - - [13/Apr/2020:03:05:26 +0200] "GET /ticket2/opencms/dk/buy/?page=1&edid=27C0790B-4DDD-0BF0-BD00-9399E87FB39C&sortorder=desc&column=row HTTP/1.1" 200 70921
144.76.56.124 - - [13/Apr/2020:03:05:27 +0200] "GET /ticket2/opencms/dk/buy/?page=1&edid=2B4EA6F6-5935-93A8-F337-D339F4A676AD&sortorder=desc&column=row HTTP/1.1" 200 72530
46.229.168.163 - - [13/Apr/2020:03:05:28 +0200] "GET /ticket2/opencms/sv/konsertbiljetter/john-mayer/ HTTP/1.1" 200 66340
67.225.220.120 - - [13/Apr/2020:03:05:29 +0200] "GET /ticket2/opencms/en/buy/?page=1&edid=D244D98C-A955-FD66-B94B-A61EAC22C3B6 HTTP/1.1" 200 69227
67.225.220.120 - - [13/Apr/2020:03:05:30 +0200] "GET /ticket2/opencms/en/buy/?page=1&edid=D5FAB6ED-DF67-5E42-E533-2987B8B26208 HTTP/1.1" 200 69236
67.225.220.120 - - [13/Apr/2020:03:05:30 +0200] "GET /ticket2/opencms/en/buy/?page=1&edid=A4AA9FAF-A900-49DB-5496-82F65D60D290 HTTP/1.1" 200 71596
157.55.39.159 - - [13/Apr/2020:03:05:34 +0200] "GET /ticket2/opencms/no/sport/fotballsbilletter/bundesliga/mainz/ HTTP/1.1" 200 66642
144.76.56.124 - - [13/Apr/2020:03:05:36 +0200] "GET /ticket2/opencms/dk/buy/?page=1&edid=2B4EA6F6-5935-93A8-F337-D339F4A676AD&sortorder=desc&column=row HTTP/1.1" 200 72530
54.36.148.10 - - [13/Apr/2020:03:05:41 +0200] "GET /ticket2/opencms/sv/sport/fotbollsbiljetter/uefa-champions-league/psg/ HTTP/1.1" 200 67055
46.229.168.147 - - [13/Apr/2020:03:05:41 +0200] "GET /ticket2/opencms/dk/buy/?column=row&edid=66C209AA-BB52-2AF5-35F3-336E85585A75&page=1&sortorder=asc HTTP/1.1" 200 70740
46.229.168.161 - - [13/Apr/2020:03:05:44 +0200] "GET /ticket2/opencms/no/buy/?edid=671CE644-9201-9B8A-7204-3D3D5A9B0840&page=1 HTTP/1.1" 200 69821
46.229.168.137 - - [13/Apr/2020:03:05:49 +0200] "GET /ticket2/opencms/sv/buy/?column=row&edid=2E351EEA-33B4-0E8E-6D73-E9AB91DE426F&page=1&sortorder=asc HTTP/1.1" 200 69490
46.229.168.162 - - [13/Apr/2020:03:05:56 +0200] "GET /ticket2/opencms/no/buy/?column=row&edid=50741BB5-AC41-8EDF-DDAB-6A055F5C5052&page=1&sortorder=desc HTTP/1.1" 200 72176
144.76.56.124 - - [13/Apr/2020:03:06:04 +0200] "GET /ticket2/opencms/dk/buy/?page=1&edid=2B4EA6F6-5935-93A8-F337-D339F4A676AD&sortorder=desc&column=section HTTP/1.1" 200 72530
46.229.168.148 - - [13/Apr/2020:03:06:05 +0200] "GET /ticket2/opencms/robots.txt HTTP/1.1" 200 773
46.229.168.130 - - [13/Apr/2020:03:06:08 +0200] "GET /ticket2/opencms/en/buy/?column=price&edid=013A3620-61B8-4C37-EC2F-1743972D2160&page=1&sortorder=asc HTTP/1.1" 200 69250
114.119.167.17 - - [13/Apr/2020:03:06:11 +0200] "GET /ticket2/opencms/no/buy/?page=1&edid=C56F217E-670F-9980-499A-7106D9A704AA&sortorder=asc&column=section HTTP/1.1" 200 71465
62.171.162.127 - - [13/Apr/2020:03:06:12 +0200] "GET /ticket2/opencms/dk/buy/?page=1&edid=27C0790B-4DDD-0BF0-BD00-9399E87FB39C&sortorder=desc&column=row HTTP/1.1" 200 70921
67.225.220.120 - - [13/Apr/2020:03:06:12 +0200] "GET /ticket2/opencms/en/buy/?page=1&edid=16B1D3A1-F16E-54A2-63C4-43295D45DD77 HTTP/1.1" 200 69186
46.229.168.131 - - [13/Apr/2020:03:06:14 +0200] "GET /ticket2/opencms/fi/buy/?column=price&edid=07335531-3B1A-2C29-2B43-B2D35810611E&page=1&sortorder=asc HTTP/1.1" 200 70643
144.76.56.124 - - [13/Apr/2020:03:06:16 +0200] "GET /ticket2/opencms/dk/buy/?page=1&edid=2B4EA6F6-5935-93A8-F337-D339F4A676AD&sortorder=desc&column=section HTTP/1.1" 200 72530
46.229.168.153 - - [13/Apr/2020:03:06:19 +0200] "GET /ticket2/opencms/no/buy/?column=row&edid=386D4B58-BBFD-0F68-7D7C-80B251A6EF10&page=1&sortorder=asc HTTP/1.1" 200 71670
46.229.168.131 - - [13/Apr/2020:03:06:22 +0200] "GET /ticket2/opencms/fi/buy/?column=section&edid=11EC6129-2F99-7195-7BFE-4C3510BAD9C9&page=1&sortorder=desc HTTP/1.1" 200 72284
157.55.39.9 - - [13/Apr/2020:03:06:27 +0200] "GET /ticket2/opencms/dk/venue/?venueid=A301B0C2-F71E-4DB0-24CC-ECF0C1A755C2 HTTP/1.1" 200 65184
46.229.168.137 - - [13/Apr/2020:03:06:27 +0200] "GET /ticket2/opencms/dk/buy/?edid=315002FB-85E2-CDB5-2059-50E117E86B34&page=1 HTTP/1.1" 200 72471
46.229.168.142 - - [13/Apr/2020:03:06:34 +0200] "GET /ticket2/opencms/en/buy/?column=section&edid=C10D9635-5494-FEA9-6350-024287F4715F&page=1&sortorder=asc HTTP/1.1" 200 71342
46.229.168.131 - - [13/Apr/2020:03:06:41 +0200] "GET /ticket2/opencms/no/buy/?edid=F78DC12D-B45B-D285-8414-628B02B61CCF&page=1 HTTP/1.1" 200 72503
144.76.56.124 - - [13/Apr/2020:03:06:42 +0200] "GET /ticket2/opencms/dk/buy/?page=1&edid=2B666AE0-F648-C7CE-C471-A22AC6906FD2 HTTP/1.1" 200 71146
46.229.168.152 - - [13/Apr/2020:03:06:44 +0200] "GET /ticket2/opencms/sv/buy/?column=price&edid=A8554C01-374E-C004-8D0C-2483EF2B4305&page=1&sortorder=desc HTTP/1.1" 200 71129
62.171.162.127 - - [13/Apr/2020:03:06:45 +0200] "GET /ticket2/opencms/dk/buy/?page=1&edid=27C0790B-4DDD-0BF0-BD00-9399E87FB39C&sortorder=desc&column=section HTTP/1.1" 200 70921
46.229.168.147 - - [13/Apr/2020:03:06:49 +0200] "GET /ticket2/opencms/en/buy/?column=section&edid=46F5EC85-5B62-6DBE-6122-EC5082A83D53&page=1&sortorder=desc HTTP/1.1" 200 70646
46.229.168.154 - - [13/Apr/2020:03:06:55 +0200] "GET /ticket2/opencms/sv/buy/?catid=F7FF413B-5FDF-82CF-E5BB-CD4AB6027974&comcatid=97ECA65A-72DA-F9AF-9DBB-245D3CFED1BE&page=6 HTTP/1.1" 200 70427
144.76.56.124 - - [13/Apr/2020:03:06:57 +0200] "GET /ticket2/opencms/dk/buy/?page=1&edid=2B666AE0-F648-C7CE-C471-A22AC6906FD2 HTTP/1.1" 200 71146
114.119.166.207 - - [13/Apr/2020:03:07:03 +0200] "GET /ticket2/opencms/no/buy/?page=1&edid=A18B7AA2-BC88-9685-D882-F3ACFA423D12&sortorder=desc&column=section HTTP/1.1" 200 69827
46.229.168.140 - - [13/Apr/2020:03:07:06 +0200] "GET /ticket2/opencms/fi/buy/?column=section&edid=EFE86C90-1F78-7ACD-9BE3-6153417E087A&page=1&sortorder=asc HTTP/1.1" 200 72054
46.229.168.143 - - [13/Apr/2020:03:07:11 +0200] "GET /ticket2/opencms/nl/buy/?column=price&edid=9C4836A1-BD2A-4D85-1156-08B8E0333D34&page=1&sortorder=desc HTTP/1.1" 200 70187
46.229.168.139 - - [13/Apr/2020:03:07:15 +0200] "GET /ticket2/opencms/fi/buy/?column=row&edid=F21380F7-75CF-8F6C-44E2-E3C7E626BAE7&page=1&sortorder=desc HTTP/1.1" 200 72722
144.76.56.124 - - [13/Apr/2020:03:07:23 +0200] "GET /ticket2/opencms/dk/buy/?page=1&edid=2B9A522C-A5D9-DDA1-01B0-9BDDA268C9B6 HTTP/1.1" 200 71670
62.171.162.127 - - [13/Apr/2020:03:07:31 +0200] "GET /ticket2/opencms/dk/buy/?page=1&edid=27C0790B-4DDD-0BF0-BD00-9399E87FB39C&sortorder=desc&column=section HTTP/1.1" 200 70921
46.229.168.135 - - [13/Apr/2020:03:07:36 +0200] "GET /ticket2/opencms/nl/buy/?column=price&edid=6CE73640-861F-E63B-F569-7CD77E2D3806&page=1&sortorder=desc HTTP/1.1" 200 69714
144.76.56.124 - - [13/Apr/2020:03:07:36 +0200] "GET /ticket2/opencms/dk/buy/?page=1&edid=2BA5A5B5-E3AF-2AED-CB65-2A1CCB8B9277 HTTP/1.1" 200 72469
67.225.220.120 - - [13/Apr/2020:03:07:39 +0200] "GET /ticket2/opencms/sv/buy/?page=1&edid=4DD2C600-8E26-117F-D48B-6E6499BB74CF HTTP/1.1" 200 71535
46.229.168.144 - - [13/Apr/2020:03:07:51 +0200] "GET /ticket2/opencms/fi/buy/?edid=DFFF3F7B-826C-1C0C-972C-8A839BCE5D67&page=1 HTTP/1.1" 200 72992
144.76.56.124 - - [13/Apr/2020:03:08:04 +0200] "GET /ticket2/opencms/dk/buy/?page=1&edid=2BA5A5B5-E3AF-2AED-CB65-2A1CCB8B9277 HTTP/1.1" 200 72469
40.77.167.208 - - [13/Apr/2020:03:08:05 +0200] "GET /ticket2/opencms/sv/sport/fotbollsbiljetter/premier_league/ HTTP/1.1" 200 73713
62.171.162.127 - - [13/Apr/2020:03:08:06 +0200] "GET /ticket2/opencms/dk/buy/?page=1&edid=27E722B7-DF70-9526-36C2-D7354E0E8726 HTTP/1.1" 200 69283
144.76.56.124 - - [13/Apr/2020:03:08:14 +0200] "GET /ticket2/opencms/dk/buy/?page=1&edid=2BD2D1CE-53E0-73E4-DC0C-ECBA56350583&sortorder=asc&column=row HTTP/1.1" 200 70731
46.229.168.145 - - [13/Apr/2020:03:08:19 +0200] "GET /ticket2/opencms/en/buy/?column=price&edid=B8933007-5D31-7CEB-E1B3-C3325AD8EBE3&page=1&sortorder=asc HTTP/1.1" 200 69249
46.229.168.136 - - [13/Apr/2020:03:08:24 +0200] "GET /ticket2/opencms/en/sport/football-tickets/serie_a/as_roma/ HTTP/1.1" 200 70451
