72.14.199.152 - - [13/Apr/2020:06:46:27 +0200] "GET /ticket2/opencms/dk/sport/fodboldbilletter/premier-league/liverpool/ HTTP/1.1" 200 71153
46.229.168.146 - - [13/Apr/2020:06:46:30 +0200] "GET /ticket2/opencms/en/buy/?column=price&edid=0CA3FD47-A06A-35B3-8EAB-9D836A2EC845&page=1&sortorder=asc HTTP/1.1" 200 69249
173.208.157.186 - - [13/Apr/2020:06:46:31 +0200] "GET /ticket2/opencms/en/login/ HTTP/1.1" 200 67300
5.9.140.242 - - [13/Apr/2020:06:46:32 +0200] "GET /ticket2/opencms/dk/buy/?page=1&edid=3726B968-2603-116B-477A-9E91ACB390B1&sortorder=desc&column=price HTTP/1.1" 200 69291
173.208.157.186 - - [13/Apr/2020:06:46:34 +0200] "GET /ticket2/opencms/en/newsletter/ HTTP/1.1" 200 68900
173.208.157.186 - - [13/Apr/2020:06:46:37 +0200] "GET /ticket2/opencms/en/selling_tickets/ HTTP/1.1" 200 65818
5.9.140.242 - - [13/Apr/2020:06:46:37 +0200] "GET /ticket2/opencms/dk/buy/?page=1&edid=3726B968-2603-116B-477A-9E91ACB390B1&sortorder=desc&column=row HTTP/1.1" 200 69291
46.229.168.133 - - [13/Apr/2020:06:46:39 +0200] "GET /ticket2/opencms/nl/buy/?edid=74AFB488-3C09-C655-FDE8-D701D9A35954&page=1 HTTP/1.1" 200 70132
173.208.157.186 - - [13/Apr/2020:06:46:41 +0200] "GET /ticket2/opencms/en/sport/football-tickets/la-liga/ HTTP/1.1" 200 72725
192.99.15.199 - - [13/Apr/2020:06:46:42 +0200] "GET /ticket2/opencms/sv/buy/?page=1&edid=711223BE-D05E-566D-FDDF-32EDF3B51832&sortorder=asc&column=section HTTP/1.1" 200 70942
192.99.37.116 - - [13/Apr/2020:06:46:43 +0200] "GET /ticket2/opencms/fi/buy/?page=1&edid=957914D1-52DE-8F66-FE37-052551257944&sortorder=desc&column=section HTTP/1.1" 200 72725
204.12.226.26 - - [13/Apr/2020:06:46:44 +0200] "GET /ticket2/opencms/fi/buy/?page=1&edid=EE0B5545-A4DD-24A5-CE2A-0376591DD1C7&sortorder=desc&column=price HTTP/1.1" 200 70635
5.9.70.72 - - [13/Apr/2020:06:46:48 +0200] "GET /ticket2/opencms/fi/buy/?page=1&edid=AE7AFEEB-34F7-6C11-5867-600D4D52A2A5&sortorder=asc&column=row HTTP/1.1" 200 72285
46.229.168.145 - - [13/Apr/2020:06:46:54 +0200] "GET /ticket2/opencms/sv/buy/?column=price&edid=CF8182D8-B9D0-5E9A-7104-23E69EAA2FEA&page=1&sortorder=asc HTTP/1.1" 200 70926
46.229.168.141 - - [13/Apr/2020:06:46:55 +0200] "GET /ticket2/opencms/no/buy/?column=section&edid=F183060F-6A15-5007-8907-73C9E4E5CC0A&page=1&sortorder=asc HTTP/1.1" 200 69837
192.99.4.168 - - [13/Apr/2020:06:46:56 +0200] "GET /ticket2/opencms/en/buy/?page=1&edid=F3A6023D-F8D4-B558-EED3-42F5CB61B4B4&sortorder=asc&column=row HTTP/1.1" 200 71975
46.229.168.131 - - [13/Apr/2020:06:46:57 +0200] "GET /ticket2/opencms/nl/buy/?catid=F7FF413B-5FDF-82CF-E5BB-CD4AB6027974&comcatid=97ECA65A-72DA-F9AF-9DBB-245D3CFED1BE HTTP/1.1" 200 69477
46.229.168.153 - - [13/Apr/2020:06:46:57 +0200] "GET /ticket2/opencms/no/buy/?column=row&edid=D672F7D1-01D6-F6D2-87C7-737510695195&page=1&sortorder=desc HTTP/1.1" 200 71674
5.9.70.72 - - [13/Apr/2020:06:47:00 +0200] "GET /ticket2/opencms/fi/buy/?page=1&edid=AE7AFEEB-34F7-6C11-5867-600D4D52A2A5&sortorder=asc&column=section HTTP/1.1" 200 72285
67.225.220.120 - - [13/Apr/2020:06:47:01 +0200] "GET /ticket2/opencms/en/buy/?page=1&edid=27A86D6D-4361-DE9B-1D01-A471A84202BD HTTP/1.1" 200 69188
67.225.220.120 - - [13/Apr/2020:06:47:01 +0200] "GET /ticket2/opencms/sv/buy/?page=1&edid=74AFB488-3C09-C655-FDE8-D701D9A35954 HTTP/1.1" 200 71306
46.229.168.136 - - [13/Apr/2020:06:47:03 +0200] "GET /ticket2/opencms/robots.txt HTTP/1.1" 200 773
46.229.168.143 - - [13/Apr/2020:06:47:08 +0200] "GET /ticket2/opencms/fi/buy/?column=row&edid=52D78D1F-00E1-58D3-5B65-29C4005FB34E&page=1&sortorder=desc HTTP/1.1" 200 72302
5.9.140.242 - - [13/Apr/2020:06:47:10 +0200] "GET /ticket2/opencms/dk/buy/?page=1&edid=3726B968-2603-116B-477A-9E91ACB390B1&sortorder=desc&column=section HTTP/1.1" 200 69291
46.229.168.149 - - [13/Apr/2020:06:47:11 +0200] "GET /ticket2/opencms/fi/buy/?column=section&edid=74AB5A47-FA53-0B09-3D6B-CA67984DC604&page=1&sortorder=desc HTTP/1.1" 200 72079
46.229.168.154 - - [13/Apr/2020:06:47:14 +0200] "GET /ticket2/opencms/en/search.html?searchQuery=barcelona&submit HTTP/1.1" 200 91412
46.229.168.151 - - [13/Apr/2020:06:47:15 +0200] "GET /ticket2/opencms/no/buy/?column=section&edid=BCFEEDAA-813D-8218-6D25-11A561123F64&page=1&sortorder=asc HTTP/1.1" 200 69846
46.229.168.134 - - [13/Apr/2020:06:47:15 +0200] "GET /ticket2/opencms/en/buy/?catid=64756941-02D2-3538-2077-8C2508F4A3A8&comcatid=A17713B6-D984-201A-4143-ED4DB5ED5C2E&page=6 HTTP/1.1" 200 75681
5.9.140.242 - - [13/Apr/2020:06:47:15 +0200] "GET /ticket2/opencms/dk/buy/?page=1&edid=376D44BE-6874-0837-33B9-391036CCB528&sortorder=asc&column=price HTTP/1.1" 200 69334
192.99.37.116 - - [13/Apr/2020:06:47:17 +0200] "GET /ticket2/opencms/fi/buy/?page=1&edid=95E6E611-0374-63DE-1FB9-733C295CC9A7&sortorder=desc&column=price HTTP/1.1" 200 72504
46.229.168.162 - - [13/Apr/2020:06:47:24 +0200] "GET /ticket2/opencms/en/buy/?edid=874D99C7-3DDA-AA32-0A78-CF9AB6A7DB66&page=1 HTTP/1.1" 200 70607
46.229.168.141 - - [13/Apr/2020:06:47:26 +0200] "GET /ticket2/opencms/sv/buy/?column=section&edid=897211BD-6892-D833-1096-CE6140C23AFB&page=1&sortorder=asc HTTP/1.1" 200 70917
5.9.70.72 - - [13/Apr/2020:06:47:27 +0200] "GET /ticket2/opencms/fi/buy/?page=1&edid=AE7AFEEB-34F7-6C11-5867-600D4D52A2A5&sortorder=desc&column=price HTTP/1.1" 200 72284
114.119.160.222 - - [13/Apr/2020:06:47:28 +0200] "GET /ticket2/opencms/no/buy/?page=1&edid=69ECA637-B1BC-8843-E3B6-6D2C7F410569&sortorder=desc&column=price HTTP/1.1" 200 72387
46.229.168.147 - - [13/Apr/2020:06:47:28 +0200] "GET /ticket2/opencms/sv/buy/?column=section&edid=1B38B4A4-98E6-DB42-102F-61A979EB7EDF&page=1&sortorder=desc HTTP/1.1" 200 69455
54.36.148.213 - - [13/Apr/2020:06:47:29 +0200] "GET /ticket2/opencms/ru/buy/?page=1&edid=C4C2A65A-40AE-982E-2427-F232C3866A5D HTTP/1.1" 200 71944
192.99.4.168 - - [13/Apr/2020:06:47:38 +0200] "GET /ticket2/opencms/en/buy/?page=1&edid=F3A6023D-F8D4-B558-EED3-42F5CB61B4B4&sortorder=asc&column=section HTTP/1.1" 200 71975
173.208.157.186 - - [13/Apr/2020:06:47:38 +0200] "GET /ticket2/opencms/en/sport/football-tickets/serie_a/ HTTP/1.1" 200 72891
5.9.70.72 - - [13/Apr/2020:06:47:38 +0200] "GET /ticket2/opencms/fi/buy/?page=1&edid=AE7AFEEB-34F7-6C11-5867-600D4D52A2A5&sortorder=desc&column=row HTTP/1.1" 200 72284
46.229.168.141 - - [13/Apr/2020:06:47:39 +0200] "GET /ticket2/opencms/no/buy/?column=row&edid=CAE92924-3FB7-0134-A118-0CF45131D58E&page=1&sortorder=asc HTTP/1.1" 200 69817
173.208.157.186 - - [13/Apr/2020:06:47:40 +0200] "GET /ticket2/opencms/en/standard/ HTTP/1.1" 200 78408
46.229.168.148 - - [13/Apr/2020:06:47:40 +0200] "GET /ticket2/opencms/sv/buy/?column=price&edid=D406C15E-C6B4-BA5E-C2BF-5F1A779243E9&page=1&sortorder=desc HTTP/1.1" 200 69505
192.99.15.199 - - [13/Apr/2020:06:47:40 +0200] "GET /ticket2/opencms/sv/buy/?page=1&edid=71698F2E-1C68-DC0D-22EE-FD9B2AEF4453&sortorder=asc&column=price HTTP/1.1" 200 69490
46.229.168.149 - - [13/Apr/2020:06:47:49 +0200] "GET /ticket2/opencms/ru/buy/?column=section&edid=D775D026-E685-2FDB-80C2-62D75C5665AD&page=1&sortorder=desc HTTP/1.1" 200 71972
5.9.140.242 - - [13/Apr/2020:06:47:49 +0200] "GET /ticket2/opencms/dk/buy/?page=1&edid=376D44BE-6874-0837-33B9-391036CCB528&sortorder=asc&column=row HTTP/1.1" 200 69334
46.229.168.131 - - [13/Apr/2020:06:47:52 +0200] "GET /ticket2/opencms/fi/buy/?column=row&edid=3D63CCAF-3F90-AC37-40FF-8478AE9C951E&page=1&sortorder=desc HTTP/1.1" 200 72040
5.9.140.242 - - [13/Apr/2020:06:47:53 +0200] "GET /ticket2/opencms/dk/buy/?page=1&edid=376D44BE-6874-0837-33B9-391036CCB528&sortorder=asc&column=section HTTP/1.1" 200 69334
46.229.168.154 - - [13/Apr/2020:06:47:55 +0200] "GET /ticket2/opencms/en/search.html?searchQuery=barcelona&submit HTTP/1.1" 200 91412
192.99.37.116 - - [13/Apr/2020:06:47:56 +0200] "GET /ticket2/opencms/fi/buy/?page=1&edid=95E6E611-0374-63DE-1FB9-733C295CC9A7&sortorder=desc&column=row HTTP/1.1" 200 72504
54.36.150.72 - - [13/Apr/2020:06:48:02 +0200] "GET /ticket2/opencms/dk/buy/?page=1&edid=D672F7D1-01D6-F6D2-87C7-737510695195 HTTP/1.1" 200 71159
72.14.199.152 - - [13/Apr/2020:06:48:02 +0200] "GET /ticket2/opencms/dk/sport/fodboldbilletter/premier-league/liverpool/ HTTP/1.1" 200 71153
72.14.199.150 - - [13/Apr/2020:06:48:02 +0200] "GET /ticket2/opencms/fi/urheilu/jalkapallo/premier_league/west_ham_united/ HTTP/1.1" 200 70972
173.208.157.186 - - [13/Apr/2020:06:48:03 +0200] "GET /ticket2/opencms/fi/buy/?page=1&edid=01148208-C5C5-644D-6BB7-97FA6BDD0B48&sortorder=asc&column=price HTTP/1.1" 200 72474
46.229.168.132 - - [13/Apr/2020:06:48:04 +0200] "GET /ticket2/opencms/en/buy/?column=section&edid=7A7AA818-DDC7-0640-E83C-722520D16871&page=1&sortorder=desc HTTP/1.1" 200 71972
46.229.168.143 - - [13/Apr/2020:06:48:05 +0200] "GET /ticket2/opencms/no/buy/?column=row&edid=258C096E-CB88-FAB5-BED7-1612D258C46A&page=1&sortorder=desc HTTP/1.1" 200 71901
5.9.70.72 - - [13/Apr/2020:06:48:06 +0200] "GET /ticket2/opencms/fi/buy/?page=1&edid=AE7AFEEB-34F7-6C11-5867-600D4D52A2A5&sortorder=desc&column=section HTTP/1.1" 200 72284
46.229.168.132 - - [13/Apr/2020:06:48:06 +0200] "GET /ticket2/opencms/en/buy/?catid=24AC1CA6-1C09-0BE5-C04A-9DCCDB15D5E9&comcatid=A17713B6-D984-201A-4143-ED4DB5ED5C2E HTTP/1.1" 200 75199
46.229.168.130 - - [13/Apr/2020:06:48:07 +0200] "GET /ticket2/opencms/sv/buy/?column=row&edid=0B1DFE74-E96C-992F-F64C-5709A1D86A1D&page=1&sortorder=asc HTTP/1.1" 200 70938
204.12.226.26 - - [13/Apr/2020:06:48:08 +0200] "GET /ticket2/opencms/fi/buy/?page=1&edid=F4C706FF-B771-A36A-06BB-0F38191F7D62 HTTP/1.1" 200 73333
46.229.168.145 - - [13/Apr/2020:06:48:12 +0200] "GET /ticket2/opencms/en/buy/?column=price&edid=14401888-B36E-4BB6-0F28-21D471EFEDFE&page=1&sortorder=desc HTTP/1.1" 200 72409
5.9.70.72 - - [13/Apr/2020:06:48:17 +0200] "GET /ticket2/opencms/fi/buy/?page=1&edid=AFF69298-1F5B-861B-DA2A-2FF8C352552F&sortorder=asc&column=price HTTP/1.1" 200 72520
173.208.157.186 - - [13/Apr/2020:06:48:17 +0200] "GET /ticket2/opencms/fi/buy/?page=1&edid=01148208-C5C5-644D-6BB7-97FA6BDD0B48&sortorder=asc&column=row HTTP/1.1" 200 72474
46.229.168.151 - - [13/Apr/2020:06:48:19 +0200] "GET /ticket2/opencms/dk/buy/?edid=8C2B67E4-8153-3736-E092-0CE2785F030B&page=1 HTTP/1.1" 200 71184
72.14.199.148 - - [13/Apr/2020:06:48:19 +0200] "GET /ticket2/opencms/fi/urheilu/jalkapallo/premier_league/west_ham_united/ HTTP/1.1" 200 70972
192.99.4.168 - - [13/Apr/2020:06:48:20 +0200] "GET /ticket2/opencms/en/buy/?page=1&edid=F43255AB-1595-DACE-116E-56411343B9B3&sortorder=asc&column=price HTTP/1.1" 200 69243
67.225.220.120 - - [13/Apr/2020:06:48:21 +0200] "GET /ticket2/opencms/en/buy/?page=1&edid=B45E1AD2-1369-CFCC-BA36-8169D6C56034 HTTP/1.1" 200 71611
67.225.220.120 - - [13/Apr/2020:06:48:22 +0200] "GET /ticket2/opencms/sv/buy/?page=1&edid=0318FBA9-8FFF-BC30-E67D-5568E5F27D3B HTTP/1.1" 200 71337
46.229.168.147 - - [13/Apr/2020:06:48:23 +0200] "GET /ticket2/opencms/nl/buy/?edid=BCDC90EA-C791-96A5-DAF9-E863584C211D&page=1 HTTP/1.1" 200 68295
173.208.157.186 - - [13/Apr/2020:06:48:23 +0200] "GET /ticket2/opencms/en/sport/football-tickets/la-liga/barcelona/ HTTP/1.1" 200 70114
5.9.140.242 - - [13/Apr/2020:06:48:29 +0200] "GET /ticket2/opencms/dk/buy/?page=1&edid=376D44BE-6874-0837-33B9-391036CCB528&sortorder=desc&column=row HTTP/1.1" 200 69333
46.229.168.139 - - [13/Apr/2020:06:48:29 +0200] "GET /ticket2/opencms/sv/buy/?column=row&edid=B4FC85CE-934D-C2FF-C197-68C576598958&page=1&sortorder=asc HTTP/1.1" 200 69477
114.119.164.41 - - [13/Apr/2020:06:48:31 +0200] "GET /ticket2/opencms/sv/sport/fotbollsbiljetter/uefa-champions-league/losc/ HTTP/1.1" 200 65740
46.229.168.149 - - [13/Apr/2020:06:48:31 +0200] "GET /ticket2/opencms/sv/buy/?column=price&edid=1641B98B-A297-1D9C-65B8-EC5F1450DCFE&page=1&sortorder=asc HTTP/1.1" 200 71378
5.9.140.242 - - [13/Apr/2020:06:48:33 +0200] "GET /ticket2/opencms/dk/buy/?page=1&edid=385F4CA2-91C7-3B11-884B-1460E89060BE HTTP/1.1" 200 69293
46.229.168.130 - - [13/Apr/2020:06:48:34 +0200] "GET /ticket2/opencms/fi/buy/?column=section&edid=AA8ACCF2-6F11-0649-AAE7-BD2964B0B78F&page=1&sortorder=desc HTTP/1.1" 200 72717
46.229.168.140 - - [13/Apr/2020:06:48:37 +0200] "GET /ticket2/opencms/sv/login/?url=%25252Fsv%25252Fsell%25252F HTTP/1.1" 200 67543
192.99.15.199 - - [13/Apr/2020:06:48:39 +0200] "GET /ticket2/opencms/sv/buy/?page=1&edid=71698F2E-1C68-DC0D-22EE-FD9B2AEF4453&sortorder=asc&column=row HTTP/1.1" 200 69490
46.229.168.147 - - [13/Apr/2020:06:48:40 +0200] "GET /ticket2/opencms/no/buy/?catid=D8B345C9-F7A5-E620-4B43-C34EB0D6885B&comcatid=A17713B6-D984-201A-4143-ED4DB5ED5C2E&eventid=78296403-093D-5D8F-011A-DB87D87C6529&page=6 HTTP/1.1" 200 80158
173.208.157.186 - - [13/Apr/2020:06:48:42 +0200] "GET /ticket2/opencms/fi/buy/?page=1&edid=01148208-C5C5-644D-6BB7-97FA6BDD0B48&sortorder=asc&column=section HTTP/1.1" 200 72474
5.9.70.72 - - [13/Apr/2020:06:48:43 +0200] "GET /ticket2/opencms/fi/buy/?page=1&edid=AFF69298-1F5B-861B-DA2A-2FF8C352552F&sortorder=asc&column=row HTTP/1.1" 200 72520
192.99.37.116 - - [13/Apr/2020:06:48:44 +0200] "GET /ticket2/opencms/fi/buy/?page=1&edid=95E6E611-0374-63DE-1FB9-733C295CC9A7&sortorder=desc&column=section HTTP/1.1" 200 72504
46.229.168.150 - - [13/Apr/2020:06:48:46 +0200] "GET /ticket2/opencms/en/buy/?column=section&edid=F55FD46B-77AB-3FD2-8E77-5D8B9DF55395&page=1&sortorder=desc HTTP/1.1" 200 71116
46.229.168.151 - - [13/Apr/2020:06:48:46 +0200] "GET /ticket2/opencms/sv/buy/?column=price&edid=E8B96A61-AE91-9A43-C22E-F62B2B03FCE0&page=1&sortorder=desc HTTP/1.1" 200 69479
204.12.226.26 - - [13/Apr/2020:06:48:50 +0200] "GET /ticket2/opencms/fi/buy/?page=1&edid=F4C706FF-B771-A36A-06BB-0F38191F7D62&sortorder=asc&column=row HTTP/1.1" 200 73369
173.208.157.186 - - [13/Apr/2020:06:48:53 +0200] "GET /ticket2/opencms/fi/buy/?page=1&edid=025FD187-2053-F99E-11DF-DFCE54A1DA14&sortorder=desc&column=price HTTP/1.1" 200 70639
46.229.168.162 - - [13/Apr/2020:06:48:54 +0200] "GET /ticket2/opencms/nl/buy/?column=section&edid=C19BDC6D-B9B2-2881-03CD-5E0FA6322EFC&page=1&sortorder=asc HTTP/1.1" 200 70689
5.9.70.72 - - [13/Apr/2020:06:48:57 +0200] "GET /ticket2/opencms/fi/buy/?page=1&edid=AFF69298-1F5B-861B-DA2A-2FF8C352552F&sortorder=asc&column=section HTTP/1.1" 200 72520
46.229.168.142 - - [13/Apr/2020:06:48:58 +0200] "GET /ticket2/opencms/en/buy/?column=section&edid=C10D9635-5494-FEA9-6350-024287F4715F&page=1&sortorder=asc HTTP/1.1" 200 71342
46.229.168.161 - - [13/Apr/2020:06:49:00 +0200] "GET /ticket2/opencms/sv/buy/?catid=CB847559-7ECA-CC50-D7D2-064AF0C06FB1&comcatid=0A6B8208-FDA4-E929-9D72-5312FD481B76&page=6 HTTP/1.1" 200 69169
46.229.168.143 - - [13/Apr/2020:06:49:02 +0200] "GET /ticket2/opencms/nl/buy/?column=section&edid=B7653BD0-33A8-8039-42B6-78FA5A3DEC82&page=1&sortorder=asc HTTP/1.1" 200 70650
46.229.168.152 - - [13/Apr/2020:06:49:04 +0200] "GET /ticket2/opencms/sv/buy/?catid=5A89E483-58AD-080E-F363-E16CE738916A&comcatid=A17713B6-D984-201A-4143-ED4DB5ED5C2E&eventid=8F215879-63BE-AF17-01A8-B4E3BBBD343D&page=6 HTTP/1.1" 200 75890
5.9.140.242 - - [13/Apr/2020:06:49:06 +0200] "GET /ticket2/opencms/dk/buy/?page=1&edid=385F4CA2-91C7-3B11-884B-1460E89060BE&sortorder=asc&column=price HTTP/1.1" 200 69329
46.229.168.130 - - [13/Apr/2020:06:49:08 +0200] "GET /ticket2/opencms/no/buy/?edid=5A9B32FB-C20E-2874-9C42-0B1D1553465A&page=1 HTTP/1.1" 200 72504
46.229.168.140 - - [13/Apr/2020:06:49:09 +0200] "GET /ticket2/opencms/sv/buy/?column=row&edid=10FB1C4A-BD03-D935-D381-D59A9F05AA1D&page=1&sortorder=asc HTTP/1.1" 200 71790
5.9.140.242 - - [13/Apr/2020:06:49:11 +0200] "GET /ticket2/opencms/dk/buy/?page=1&edid=385F4CA2-91C7-3B11-884B-1460E89060BE&sortorder=asc&column=row HTTP/1.1" 200 69329
46.229.168.147 - - [13/Apr/2020:06:49:12 +0200] "GET /ticket2/opencms/sv/sell/?edid=3CC17989-3033-10BE-F5C3-D729834B05F5 HTTP/1.1" 302 -
46.229.168.137 - - [13/Apr/2020:06:49:13 +0200] "GET /ticket2/opencms/fi/buy/?column=section&edid=6CE73640-861F-E63B-F569-7CD77E2D3806&page=1&sortorder=asc HTTP/1.1" 200 72039
46.229.168.132 - - [13/Apr/2020:06:49:14 +0200] "GET /ticket2/opencms/no/buy/?column=price&edid=C0FFA6FD-32FA-9A10-CB6E-3A2F4E87A6FA&page=1&sortorder=desc HTTP/1.1" 200 71462
54.36.150.29 - - [13/Apr/2020:06:49:14 +0200] "GET /ticket2/opencms/dk/venue/?venueid=2234B4AB-D18B-6264-2678-5219B17CC955 HTTP/1.1" 200 65270
192.99.37.116 - - [13/Apr/2020:06:49:15 +0200] "GET /ticket2/opencms/fi/buy/?page=1&edid=961EE537-EAD8-AD97-34EE-1F2B026BB178 HTTP/1.1" 200 72044
46.229.168.129 - - [13/Apr/2020:06:49:15 +0200] "GET /ticket2/opencms/robots.txt HTTP/1.1" 200 773
46.229.168.145 - - [13/Apr/2020:06:49:17 +0200] "GET /ticket2/opencms/fi/buy/?edid=1F004416-06F2-D58F-30CA-AF81FC35EEBF&page=1 HTTP/1.1" 200 70597
192.99.4.168 - - [13/Apr/2020:06:49:20 +0200] "GET /ticket2/opencms/en/buy/?page=1&edid=F43255AB-1595-DACE-116E-56411343B9B3&sortorder=asc&column=row HTTP/1.1" 200 69243
5.9.70.72 - - [13/Apr/2020:06:49:21 +0200] "GET /ticket2/opencms/fi/buy/?page=1&edid=AFF69298-1F5B-861B-DA2A-2FF8C352552F&sortorder=desc&column=price HTTP/1.1" 200 72519
46.229.168.131 - - [13/Apr/2020:06:49:22 +0200] "GET /ticket2/opencms/nl/buy/?column=price&edid=238BA976-8A36-F331-49F3-2B6F70416A65&page=1&sortorder=desc HTTP/1.1" 200 70599
173.208.157.186 - - [13/Apr/2020:06:49:23 +0200] "GET /ticket2/opencms/fi/buy/?page=1&edid=030DDF2F-DD7A-0173-2AC6-CABDCDC5EE6C&sortorder=asc&column=price HTTP/1.1" 200 73839
204.12.226.26 - - [13/Apr/2020:06:49:25 +0200] "GET /ticket2/opencms/fi/buy/?page=1&edid=F4C706FF-B771-A36A-06BB-0F38191F7D62&sortorder=asc&column=section HTTP/1.1" 200 73369
46.229.168.131 - - [13/Apr/2020:06:49:25 +0200] "GET /ticket2/opencms/no/buy/?column=row&edid=EC1CEE7F-0D0E-364E-1B36-05B890BB56A8&page=1&sortorder=asc HTTP/1.1" 200 71901
46.229.168.134 - - [13/Apr/2020:06:49:30 +0200] "GET /ticket2/opencms/sv/buy/?column=row&edid=3150A50C-406C-2280-37B6-F35D6C5A214C&page=1&sortorder=asc HTTP/1.1" 200 71578
46.229.168.161 - - [13/Apr/2020:06:49:31 +0200] "GET /ticket2/opencms/robots.txt HTTP/1.1" 200 773
46.229.168.143 - - [13/Apr/2020:06:49:31 +0200] "GET /ticket2/opencms/sv/sport/fotbollsbiljetter/uefa-champions-league/bayern_munchen/ HTTP/1.1" 200 66696
204.12.226.26 - - [13/Apr/2020:06:49:31 +0200] "GET /ticket2/opencms/fi/buy/?page=1&edid=F5C00C67-C227-30F3-0322-FCC4DCCC423B HTTP/1.1" 200 73803
173.208.157.186 - - [13/Apr/2020:06:49:33 +0200] "GET /ticket2/opencms/fi/buy/?page=1&edid=030DDF2F-DD7A-0173-2AC6-CABDCDC5EE6C&sortorder=asc&column=row HTTP/1.1" 200 73839
46.229.168.139 - - [13/Apr/2020:06:49:34 +0200] "GET /ticket2/opencms/dk/buy/?column=section&edid=20C1AD53-6A65-5759-88A8-7AC99619D561&page=1&sortorder=asc HTTP/1.1" 200 71611
5.9.70.72 - - [13/Apr/2020:06:49:35 +0200] "GET /ticket2/opencms/fi/buy/?page=1&edid=AFF69298-1F5B-861B-DA2A-2FF8C352552F&sortorder=desc&column=section HTTP/1.1" 200 72519
46.229.168.151 - - [13/Apr/2020:06:49:36 +0200] "GET /ticket2/opencms/nl/sell/?edid=7921910F-74F6-EA36-BF50-52319F322FAA HTTP/1.1" 302 -
46.229.168.137 - - [13/Apr/2020:06:49:39 +0200] "GET /ticket2/opencms/en/buy/?column=row&edid=46F5EC85-5B62-6DBE-6122-EC5082A83D53&page=1&sortorder=asc HTTP/1.1" 200 70647
46.229.168.140 - - [13/Apr/2020:06:49:43 +0200] "GET /ticket2/opencms/en/buy/?column=row&edid=4DE74A75-51ED-2AE4-54EC-ABBB0BAB5874&page=1&sortorder=desc HTTP/1.1" 200 70880
67.225.220.120 - - [13/Apr/2020:06:49:44 +0200] "GET /ticket2/opencms/en/buy/?page=1&edid=1BF80C33-B195-62CF-DC0D-7E03BCB8BD2C HTTP/1.1" 200 71575
5.9.140.242 - - [13/Apr/2020:06:49:45 +0200] "GET /ticket2/opencms/dk/buy/?page=1&edid=385F4CA2-91C7-3B11-884B-1460E89060BE&sortorder=asc&column=section HTTP/1.1" 200 69329
46.229.168.154 - - [13/Apr/2020:06:49:48 +0200] "GET /ticket2/opencms/fi/buy/?column=price&edid=21A86BB8-64D8-CBA2-3B98-AF717437C3CC&page=1&sortorder=desc HTTP/1.1" 200 72505
5.9.140.242 - - [13/Apr/2020:06:49:50 +0200] "GET /ticket2/opencms/dk/buy/?page=1&edid=385F4CA2-91C7-3B11-884B-1460E89060BE&sortorder=desc&column=price HTTP/1.1" 200 69328
46.229.168.144 - - [13/Apr/2020:06:49:51 +0200] "GET /ticket2/opencms/no/buy/?column=row&edid=5F5C3C79-AB0C-DE40-C11B-7D9D102A404A&page=1&sortorder=desc HTTP/1.1" 200 69839
114.119.167.117 - - [13/Apr/2020:06:49:52 +0200] "GET /ticket2/opencms/fi/buy/?page=1&edid=6A7CCC37-5F63-D2E0-8750-C9D98381AE77&sortorder=asc&column=section HTTP/1.1" 200 70655
46.229.168.146 - - [13/Apr/2020:06:49:56 +0200] "GET /ticket2/opencms/sv/buy/?edid=B6233164-B09D-2F93-ABBA-AC58AB9CD4E2&page=1 HTTP/1.1" 200 69439
46.229.168.147 - - [13/Apr/2020:06:49:57 +0200] "GET /ticket2/opencms/en/buy/?edid=595C46C0-D3BA-2547-81CC-6E8E4E9524D3&page=1 HTTP/1.1" 200 71140
173.208.157.186 - - [13/Apr/2020:06:49:59 +0200] "GET /ticket2/opencms/fi/buy/?page=1&edid=030DDF2F-DD7A-0173-2AC6-CABDCDC5EE6C&sortorder=asc&column=section HTTP/1.1" 200 73839
46.229.168.144 - - [13/Apr/2020:06:50:01 +0200] "GET /ticket2/opencms/no/buy/?column=row&edid=0ECEC175-ADD8-B26B-0BD6-3DD4DE0DB9DC&page=1&sortorder=desc HTTP/1.1" 200 72163
192.99.15.199 - - [13/Apr/2020:06:50:02 +0200] "GET /ticket2/opencms/sv/buy/?page=1&edid=72257B5A-D41C-D2B1-15C0-D04AC4E3D672&sortorder=asc&column=price HTTP/1.1" 200 69496
204.12.226.26 - - [13/Apr/2020:06:50:03 +0200] "GET /ticket2/opencms/fi/buy/?page=1&edid=F78DC12D-B45B-D285-8414-628B02B61CCF HTTP/1.1" 200 73332
46.229.168.153 - - [13/Apr/2020:06:50:04 +0200] "GET /ticket2/opencms/nl/buy/?column=section&edid=EAF5F943-A31A-E92D-61B3-6DC580C2EEDC&page=1&sortorder=desc HTTP/1.1" 200 70391
204.12.226.26 - - [13/Apr/2020:06:50:10 +0200] "GET /ticket2/opencms/fi/buy/?page=1&edid=F8B18577-657B-06AA-B5AB-A0043E2A4297 HTTP/1.1" 200 72473
46.229.168.144 - - [13/Apr/2020:06:50:12 +0200] "GET /ticket2/opencms/dk/buy/?column=section&edid=90C1A66E-428C-A76C-A159-667BE9685E00&page=1&sortorder=asc HTTP/1.1" 200 71226
46.229.168.132 - - [13/Apr/2020:06:50:12 +0200] "GET /ticket2/opencms/fi/buy/?column=price&edid=0321A71D-58D8-8ECD-3D87-C0C5B0A335D6&page=1&sortorder=asc HTTP/1.1" 200 70639
46.229.168.145 - - [13/Apr/2020:06:50:16 +0200] "GET /ticket2/opencms/sv/buy/?column=price&edid=2805E9FE-13AF-6EBE-1FDF-59005002ACB2&page=1&sortorder=asc HTTP/1.1" 200 69465
46.229.168.129 - - [13/Apr/2020:06:50:17 +0200] "GET /ticket2/opencms/en/buy/?column=row&edid=1BF80C33-B195-62CF-DC0D-7E03BCB8BD2C&page=1&sortorder=desc HTTP/1.1" 200 71610
46.229.168.134 - - [13/Apr/2020:06:50:18 +0200] "GET /ticket2/opencms/sv/buy/?column=row&edid=E8031708-E41C-1608-FAE1-137C89B30DDC&page=1&sortorder=asc HTTP/1.1" 200 71369
5.9.140.242 - - [13/Apr/2020:06:50:18 +0200] "GET /ticket2/opencms/dk/buy/?page=1&edid=385F4CA2-91C7-3B11-884B-1460E89060BE&sortorder=desc&column=row HTTP/1.1" 200 69328
192.99.4.168 - - [13/Apr/2020:06:50:23 +0200] "GET /ticket2/opencms/en/buy/?page=1&edid=F43255AB-1595-DACE-116E-56411343B9B3&sortorder=desc&column=section HTTP/1.1" 200 69242
46.229.168.143 - - [13/Apr/2020:06:50:24 +0200] "GET /ticket2/opencms/sv/sport/fotbollsbiljetter/uefa-champions-league/real_madrid.html HTTP/1.1" 200 67088
46.229.168.148 - - [13/Apr/2020:06:50:24 +0200] "GET /ticket2/opencms/dk/login/?url=%25252Fdk%25252Fsell%25252F HTTP/1.1" 200 67413
46.229.168.142 - - [13/Apr/2020:06:50:25 +0200] "GET /ticket2/opencms/sv/buy/?column=section&edid=97090501-1E61-49E3-928B-F233AE55277C&page=1&sortorder=desc HTTP/1.1" 200 71400
192.99.37.116 - - [13/Apr/2020:06:50:27 +0200] "GET /ticket2/opencms/fi/buy/?page=1&edid=961EE537-EAD8-AD97-34EE-1F2B026BB178&sortorder=asc&column=price HTTP/1.1" 200 72080
5.9.140.242 - - [13/Apr/2020:06:50:31 +0200] "GET /ticket2/opencms/dk/buy/?page=1&edid=385F4CA2-91C7-3B11-884B-1460E89060BE&sortorder=desc&column=section HTTP/1.1" 200 69328
196.52.84.5 - - [13/Apr/2020:06:50:31 +0200] "GET /ticket2/opencms/en/standard/ HTTP/1.0" 200 78408
54.36.150.56 - - [13/Apr/2020:06:50:34 +0200] "GET /ticket2/opencms/en/buy/?page=1&edid=679592A4-F209-DF56-5774-383426253C85 HTTP/1.1" 200 70596
196.52.84.5 - - [13/Apr/2020:06:50:34 +0200] "GET /ticket2/opencms/en/standard/ HTTP/1.0" 200 78408
196.52.84.5 - - [13/Apr/2020:06:50:35 +0200] "POST /ticket2/opencms/en/standard/ HTTP/1.0" 200 79864
46.229.168.142 - - [13/Apr/2020:06:50:35 +0200] "GET /ticket2/opencms/no/buy/?column=section&edid=3EE82812-88E0-47E5-57E4-6CB801A92703&page=1&sortorder=asc HTTP/1.1" 200 73007
46.229.168.137 - - [13/Apr/2020:06:50:37 +0200] "GET /ticket2/opencms/nl/buy/?column=row&edid=01361779-A215-4988-A0CA-B22E55ADBD38&page=1&sortorder=desc HTTP/1.1" 200 71518
204.12.226.26 - - [13/Apr/2020:06:50:41 +0200] "GET /ticket2/opencms/fi/buy/?page=1&edid=F8B18577-657B-06AA-B5AB-A0043E2A4297&sortorder=asc&column=price HTTP/1.1" 200 72509
173.208.157.186 - - [13/Apr/2020:06:50:43 +0200] "GET /ticket2/opencms/fi/buy/?page=1&edid=08E81FC5-D320-68EA-EE85-15968176C948&sortorder=desc&column=price HTTP/1.1" 200 72286
46.229.168.152 - - [13/Apr/2020:06:50:44 +0200] "GET /ticket2/opencms/sv/buy/?column=section&edid=396E73A1-46EC-AE78-6AE7-B586CDD32038&page=1&sortorder=asc HTTP/1.1" 200 69510
66.249.79.149 - - [13/Apr/2020:06:50:44 +0200] "GET /ticket2/opencms/ru/sport/football/la_liga/barcelona/ HTTP/1.1" 200 72542
173.208.157.186 - - [13/Apr/2020:06:50:46 +0200] "GET /ticket2/opencms/fi/buy/?page=1&edid=08E81FC5-D320-68EA-EE85-15968176C948&sortorder=desc&column=row HTTP/1.1" 200 72286
204.12.226.26 - - [13/Apr/2020:06:50:48 +0200] "GET /ticket2/opencms/fi/buy/?page=1&edid=F8B18577-657B-06AA-B5AB-A0043E2A4297&sortorder=asc&column=row HTTP/1.1" 200 72509
46.229.168.154 - - [13/Apr/2020:06:50:50 +0200] "GET /ticket2/opencms/nl/buy/?column=section&edid=0319A834-E4F8-1CF4-F8AD-79318D5E2742&page=1&sortorder=desc HTTP/1.1" 200 70174
46.229.168.143 - - [13/Apr/2020:06:50:52 +0200] "GET /ticket2/opencms/sv/buy/?column=price&edid=4F2CF2F7-766D-C068-1DF7-D79FFA6A3FFF&page=1&sortorder=desc HTTP/1.1" 200 71855
46.229.168.139 - - [13/Apr/2020:06:50:54 +0200] "GET /ticket2/opencms/sv/venue/?countryid=A4DD8A66-89A9-9256-5B01-F5C6EA7FFD86 HTTP/1.1" 200 95756
46.229.168.146 - - [13/Apr/2020:06:50:56 +0200] "GET /ticket2/opencms/no/buy/?column=price&edid=BFE53D25-DBC8-0D7D-E569-9301D905FE74&page=1&sortorder=asc HTTP/1.1" 200 72185
46.229.168.140 - - [13/Apr/2020:06:50:58 +0200] "GET /ticket2/opencms/sv/sell/?edid=F704C509-384F-2E4C-8072-D2A5A37C67FB HTTP/1.1" 302 -
5.9.140.242 - - [13/Apr/2020:06:50:59 +0200] "GET /ticket2/opencms/dk/buy/?page=1&edid=3915D06A-7208-4364-EA76-3E5239E90AE2&sortorder=asc&column=price HTTP/1.1" 200 69314
46.229.168.135 - - [13/Apr/2020:06:51:01 +0200] "GET /ticket2/opencms/fi/buy/?column=price&edid=43FBDCC0-1021-1A5F-6A9F-86C612FC472E&page=1&sortorder=asc HTTP/1.1" 200 72097
5.9.140.242 - - [13/Apr/2020:06:51:09 +0200] "GET /ticket2/opencms/dk/buy/?page=1&edid=3915D06A-7208-4364-EA76-3E5239E90AE2&sortorder=asc&column=row HTTP/1.1" 200 69314
192.99.15.199 - - [13/Apr/2020:06:51:10 +0200] "GET /ticket2/opencms/sv/buy/?page=1&edid=72257B5A-D41C-D2B1-15C0-D04AC4E3D672&sortorder=asc&column=row HTTP/1.1" 200 69496
46.229.168.139 - - [13/Apr/2020:06:51:10 +0200] "GET /ticket2/opencms/nl/buy/?column=row&edid=73D8189D-DEDA-4F8B-BA1C-9AC984A743C2&page=1&sortorder=asc HTTP/1.1" 200 68336
192.99.4.168 - - [13/Apr/2020:06:51:11 +0200] "GET /ticket2/opencms/en/buy/?page=1&edid=F5C00C67-C227-30F3-0322-FCC4DCCC423B&sortorder=asc&column=row HTTP/1.1" 200 72442
204.12.226.26 - - [13/Apr/2020:06:51:20 +0200] "GET /ticket2/opencms/fi/buy/?page=1&edid=F8B18577-657B-06AA-B5AB-A0043E2A4297&sortorder=asc&column=section HTTP/1.1" 200 72509
173.208.157.186 - - [13/Apr/2020:06:51:20 +0200] "GET /ticket2/opencms/fi/buy/?page=1&edid=08E81FC5-D320-68EA-EE85-15968176C948&sortorder=desc&column=section HTTP/1.1" 200 72286
46.229.168.143 - - [13/Apr/2020:06:51:20 +0200] "GET /ticket2/opencms/robots.txt HTTP/1.1" 200 773
192.99.37.116 - - [13/Apr/2020:06:51:21 +0200] "GET /ticket2/opencms/fi/buy/?page=1&edid=961EE537-EAD8-AD97-34EE-1F2B026BB178&sortorder=asc&column=row HTTP/1.1" 200 72080
173.208.157.186 - - [13/Apr/2020:06:51:26 +0200] "GET /ticket2/opencms/fi/buy/?page=1&edid=091ED28E-B448-A1BD-CAE0-E5D6D48D897A&sortorder=desc&column=price HTTP/1.1" 200 73369
204.12.226.26 - - [13/Apr/2020:06:51:27 +0200] "GET /ticket2/opencms/fi/buy/?page=1&edid=F96E6CAA-6B2C-A272-DA82-260C5860E403 HTTP/1.1" 200 72472
46.229.168.150 - - [13/Apr/2020:06:51:35 +0200] "GET /ticket2/opencms/en/buy/?column=row&edid=AD9481A5-A300-A43A-AA29-A475A26DF184&page=1&sortorder=desc HTTP/1.1" 200 70899
46.229.168.150 - - [13/Apr/2020:06:51:36 +0200] "GET /ticket2/opencms/fi/login/?url=%25252Ffi%25252Fsell%25252F HTTP/1.1" 200 68719
46.229.168.136 - - [13/Apr/2020:06:51:36 +0200] "GET /ticket2/opencms/sv/buy/?catid=515A9A29-35A0-2DB8-262B-AEF122DB04F6&comcatid=A17713B6-D984-201A-4143-ED4DB5ED5C2E&page=6 HTTP/1.1" 200 75884
46.229.168.141 - - [13/Apr/2020:06:51:37 +0200] "GET /ticket2/opencms/sv/buy/?column=section&edid=9108A0D1-4492-5675-1415-44028FC5FB8E&page=1&sortorder=desc HTTP/1.1" 200 70899
5.9.140.242 - - [13/Apr/2020:06:51:38 +0200] "GET /ticket2/opencms/dk/buy/?page=1&edid=3915D06A-7208-4364-EA76-3E5239E90AE2&sortorder=asc&column=section HTTP/1.1" 200 69314
72.14.199.152 - - [13/Apr/2020:06:51:39 +0200] "GET /ticket2/opencms/system/modules/com.gridnine.opencms.ticketbrokerage.site/resources/js/jquery/jquery-ui.js HTTP/1.1" 200 228088
5.9.140.242 - - [13/Apr/2020:06:51:48 +0200] "GET /ticket2/opencms/dk/buy/?page=1&edid=398C31D5-5ABC-38AA-D716-23C97AFD2D61&sortorder=asc&column=price HTTP/1.1" 200 69346
67.225.220.120 - - [13/Apr/2020:06:51:50 +0200] "GET /ticket2/opencms/en/buy/?page=1&edid=16B1D3A1-F16E-54A2-63C4-43295D45DD77 HTTP/1.1" 200 69186
192.99.4.168 - - [13/Apr/2020:06:51:50 +0200] "GET /ticket2/opencms/en/buy/?page=1&edid=F5C00C67-C227-30F3-0322-FCC4DCCC423B&sortorder=asc&column=section HTTP/1.1" 200 72442
114.119.165.130 - - [13/Apr/2020:06:51:50 +0200] "GET /ticket2/opencms/sv/konsertbiljetter/ HTTP/1.1" 200 66871
46.229.168.152 - - [13/Apr/2020:06:51:50 +0200] "GET /ticket2/opencms/dk/buy/?column=section&edid=2E9730F3-6A0C-5494-B36A-EE152EB9F836&page=1&sortorder=desc HTTP/1.1" 200 72529
46.229.168.144 - - [13/Apr/2020:06:51:56 +0200] "GET /ticket2/opencms/no/buy/?edid=AC9B2055-12DA-9E20-67F9-15ACACD7CC8B&page=1 HTTP/1.1" 200 71633
173.208.157.186 - - [13/Apr/2020:06:51:58 +0200] "GET /ticket2/opencms/fi/buy/?page=1&edid=0993F451-2A27-B97B-1E8A-397D4C7362D6&sortorder=asc&column=price HTTP/1.1" 200 72095
46.229.168.138 - - [13/Apr/2020:06:51:58 +0200] "GET /ticket2/opencms/no/sport/fotballsbilletter/bundesliga/ HTTP/1.1" 200 71983
204.12.226.26 - - [13/Apr/2020:06:51:59 +0200] "GET /ticket2/opencms/fi/buy/?page=1&edid=F96E6CAA-6B2C-A272-DA82-260C5860E403&sortorder=asc&column=price HTTP/1.1" 200 72508
66.249.79.85 - - [13/Apr/2020:06:52:00 +0200] "GET /ticket2/opencms/en/venue/?countryid=B2685E9F-F5FB-C584-F982-0FC8E094C1AC HTTP/1.1" 200 94598
192.99.15.199 - - [13/Apr/2020:06:52:06 +0200] "GET /ticket2/opencms/sv/buy/?page=1&edid=72257B5A-D41C-D2B1-15C0-D04AC4E3D672&sortorder=asc&column=section HTTP/1.1" 200 69496
204.12.226.26 - - [13/Apr/2020:06:52:06 +0200] "GET /ticket2/opencms/fi/buy/?page=1&edid=F96E6CAA-6B2C-A272-DA82-260C5860E403&sortorder=asc&column=row HTTP/1.1" 200 72508
46.229.168.152 - - [13/Apr/2020:06:52:06 +0200] "GET /ticket2/opencms/nl/login/?url=%25252Fnl%25252Fsell%25252F HTTP/1.1" 200 66495
192.99.37.116 - - [13/Apr/2020:06:52:14 +0200] "GET /ticket2/opencms/fi/buy/?page=1&edid=961EE537-EAD8-AD97-34EE-1F2B026BB178&sortorder=asc&column=section HTTP/1.1" 200 72080
46.229.168.144 - - [13/Apr/2020:06:52:14 +0200] "GET /ticket2/opencms/nl/buy/?column=row&edid=10FB1C4A-BD03-D935-D381-D59A9F05AA1D&page=1&sortorder=desc HTTP/1.1" 200 70631
5.9.140.242 - - [13/Apr/2020:06:52:17 +0200] "GET /ticket2/opencms/dk/buy/?page=1&edid=398C31D5-5ABC-38AA-D716-23C97AFD2D61&sortorder=asc&column=row HTTP/1.1" 200 69346
46.229.168.154 - - [13/Apr/2020:06:52:19 +0200] "GET /ticket2/opencms/no/sport/fotballsbilletter/serie_a/inter/ HTTP/1.1" 200 69527
72.14.199.148 - - [13/Apr/2020:06:52:27 +0200] "GET /ticket2/opencms/dk/ask-form.html HTTP/1.1" 200 2971
54.36.148.40 - - [13/Apr/2020:06:52:28 +0200] "GET /ticket2/opencms/fi/buy/?page=1&edid=6391B8D2-4805-E3DF-858D-572DEDE95203 HTTP/1.1" 200 73002
46.229.168.149 - - [13/Apr/2020:06:52:30 +0200] "GET /ticket2/opencms/sv/buy/?edid=03337102-274E-EF7A-5BBB-8B18B768E4C2&page=1 HTTP/1.1" 200 70780
204.12.226.26 - - [13/Apr/2020:06:52:34 +0200] "GET /ticket2/opencms/fi/buy/?page=1&edid=F96E6CAA-6B2C-A272-DA82-260C5860E403&sortorder=asc&column=section HTTP/1.1" 200 72508
46.229.168.134 - - [13/Apr/2020:06:52:41 +0200] "GET /ticket2/opencms/fi/buy/?edid=6CD7DFFC-8C83-7819-2B09-2552175CE812&page=1 HTTP/1.1" 200 72884
173.208.157.186 - - [13/Apr/2020:06:52:41 +0200] "GET /ticket2/opencms/fi/buy/?page=1&edid=0993F451-2A27-B97B-1E8A-397D4C7362D6&sortorder=asc&column=row HTTP/1.1" 200 72095
192.99.37.116 - - [13/Apr/2020:06:52:46 +0200] "GET /ticket2/opencms/fi/buy/?page=1&edid=961EE537-EAD8-AD97-34EE-1F2B026BB178&sortorder=desc&column=price HTTP/1.1" 200 72079
66.249.79.171 - - [13/Apr/2020:06:52:46 +0200] "GET /ticket2/opencms/no/sport/fotballsbilletter/ HTTP/1.1" 200 69489
204.12.226.26 - - [13/Apr/2020:06:52:46 +0200] "GET /ticket2/opencms/fi/buy/?page=1&edid=F97C1826-5392-3CE0-1ADA-E9A2A8C4A192 HTTP/1.1" 200 72703
46.229.168.154 - - [13/Apr/2020:06:52:51 +0200] "GET /ticket2/opencms/no/sport/fotballsbilletter/serie_a/inter/ HTTP/1.1" 200 69527
46.229.168.133 - - [13/Apr/2020:06:52:54 +0200] "GET /ticket2/opencms/en/buy/?column=price&edid=9436F676-D007-3EC8-B7AD-41F5E4AABF15&page=1&sortorder=desc HTTP/1.1" 200 69242
192.99.4.168 - - [13/Apr/2020:06:52:59 +0200] "GET /ticket2/opencms/en/buy/?page=1&edid=F5C00C67-C227-30F3-0322-FCC4DCCC423B&sortorder=desc&column=price HTTP/1.1" 200 72441
5.9.140.242 - - [13/Apr/2020:06:53:00 +0200] "GET /ticket2/opencms/dk/buy/?page=1&edid=398C31D5-5ABC-38AA-D716-23C97AFD2D61&sortorder=asc&column=section HTTP/1.1" 200 69346
46.229.168.131 - - [13/Apr/2020:06:53:01 +0200] "GET /ticket2/opencms/no/buy/?column=section&edid=52F96119-8DE8-02DF-9B26-6EB899FEED96&page=1&sortorder=desc HTTP/1.1" 200 69849
46.229.168.144 - - [13/Apr/2020:06:53:01 +0200] "GET /ticket2/opencms/robots.txt HTTP/1.1" 200 773
66.249.79.165 - - [13/Apr/2020:06:53:01 +0200] "GET /ticket2/opencms/system/modules/com.gridnine.opencms.ticketbrokerage.site/resources/js/calendar-setup.js HTTP/1.1" 200 4923
46.229.168.136 - - [13/Apr/2020:06:53:06 +0200] "GET /ticket2/opencms/en/buy/?column=section&edid=90B0A76B-3A0B-4556-74BE-A554C18176FF&page=1&sortorder=desc HTTP/1.1" 200 69240
46.229.168.129 - - [13/Apr/2020:06:53:06 +0200] "GET /ticket2/opencms/sv/buy/?column=section&edid=EB4914C5-00D4-AD74-5CF9-2868F9C2D86F&page=1&sortorder=asc HTTP/1.1" 200 71803
204.12.226.26 - - [13/Apr/2020:06:53:07 +0200] "GET /ticket2/opencms/fi/buy/?page=1&edid=F97C1826-5392-3CE0-1ADA-E9A2A8C4A192&sortorder=asc&column=price HTTP/1.1" 200 72739
173.208.157.186 - - [13/Apr/2020:06:53:13 +0200] "GET /ticket2/opencms/fi/buy/?page=1&edid=0993F451-2A27-B97B-1E8A-397D4C7362D6&sortorder=asc&column=section HTTP/1.1" 200 72095
46.229.168.134 - - [13/Apr/2020:06:53:15 +0200] "GET /ticket2/opencms/sv/buy/?edid=B45E1AD2-1369-CFCC-BA36-8169D6C56034&page=1 HTTP/1.1" 200 71835
46.229.168.144 - - [13/Apr/2020:06:53:20 +0200] "GET /ticket2/opencms/en/buy/?column=row&edid=96AC909E-5B9B-2325-5C76-5EFEF9923C58&page=1&sortorder=asc HTTP/1.1" 200 71126
192.99.37.116 - - [13/Apr/2020:06:53:25 +0200] "GET /ticket2/opencms/fi/buy/?page=1&edid=961EE537-EAD8-AD97-34EE-1F2B026BB178&sortorder=desc&column=row HTTP/1.1" 200 72079
173.208.157.186 - - [13/Apr/2020:06:53:29 +0200] "GET /ticket2/opencms/fi/buy/?page=1&edid=0BDDE4B9-AAB0-03E7-CA27-8EE4DAC570B1&sortorder=desc&column=section HTTP/1.1" 200 70651
204.12.226.26 - - [13/Apr/2020:06:53:30 +0200] "GET /ticket2/opencms/fi/buy/?page=1&edid=F97C1826-5392-3CE0-1ADA-E9A2A8C4A192&sortorder=asc&column=row HTTP/1.1" 200 72739
46.229.168.153 - - [13/Apr/2020:06:53:34 +0200] "GET /ticket2/opencms/en/buy/?edid=01361779-A215-4988-A0CA-B22E55ADBD38&page=1 HTTP/1.1" 200 72407
192.99.15.199 - - [13/Apr/2020:06:53:38 +0200] "GET /ticket2/opencms/sv/buy/?page=1&edid=722DA956-8F42-A240-7CA3-BEA14EEA1B61&sortorder=asc&column=price HTTP/1.1" 200 70902
46.229.168.152 - - [13/Apr/2020:06:53:39 +0200] "GET /ticket2/opencms/nl/buy/?column=row&edid=437F7F57-119B-3C88-4AE1-DB313FC6EF55&page=1&sortorder=desc HTTP/1.1" 200 68325
54.36.150.11 - - [13/Apr/2020:06:53:40 +0200] "GET /ticket2/opencms/sv/buy/?page=1&edid=517CB8F1-1013-72C0-7B50-AF0B26D8A5BE HTTP/1.1" 200 71342
72.14.199.148 - - [13/Apr/2020:06:53:40 +0200] "GET /ticket2/opencms/system/modules/com.gridnine.opencms.ticketbrokerage.site/resources/js/calendar.js HTTP/1.1" 200 49229
5.9.140.242 - - [13/Apr/2020:06:53:41 +0200] "GET /ticket2/opencms/dk/buy/?page=1&edid=398C31D5-5ABC-38AA-D716-23C97AFD2D61&sortorder=desc&column=price HTTP/1.1" 200 69345
5.9.140.242 - - [13/Apr/2020:06:53:43 +0200] "GET /ticket2/opencms/dk/buy/?page=1&edid=3A07E5A5-3743-E1F7-98D4-69CCB7817E15 HTTP/1.1" 200 71880
46.229.168.136 - - [13/Apr/2020:06:53:45 +0200] "GET /ticket2/opencms/sv/buy/?edid=0547F085-8C1B-46DF-AD9F-504A808516FF&page=1 HTTP/1.1" 200 69457
204.12.226.26 - - [13/Apr/2020:06:53:46 +0200] "GET /ticket2/opencms/fi/buy/?page=1&edid=F97C1826-5392-3CE0-1ADA-E9A2A8C4A192&sortorder=asc&column=section HTTP/1.1" 200 72739
173.208.157.186 - - [13/Apr/2020:06:53:50 +0200] "GET /ticket2/opencms/fi/buy/?page=1&edid=101C9D03-41F4-068B-AD6E-B79B3A86271B&sortorder=asc&column=price HTTP/1.1" 200 72526
72.14.199.150 - - [13/Apr/2020:06:53:50 +0200] "GET /ticket2/opencms/system/modules/com.gridnine.opencms.ticketbrokerage.site/resources/js/calendar-en.js HTTP/1.1" 200 3338
46.229.168.135 - - [13/Apr/2020:06:53:50 +0200] "GET /ticket2/opencms/no/sell/?edid=14DA1566-90A8-4735-ED04-CB82A77264BA HTTP/1.1" 302 -
46.229.168.152 - - [13/Apr/2020:06:53:51 +0200] "GET /ticket2/opencms/nl/buy/?column=price&edid=DCA9216D-FB8E-C2CB-19F8-79E5FD21BD6D&page=1&sortorder=asc HTTP/1.1" 200 68346
46.229.168.151 - - [13/Apr/2020:06:53:55 +0200] "GET /ticket2/opencms/fi/buy/?column=price&edid=16D8D8B6-E3B7-19D1-2440-03B3A2E90B73&page=1&sortorder=desc HTTP/1.1" 200 70642
111.202.100.85 - - [13/Apr/2020:06:53:57 +0200] "GET /ticket2/opencms/dk/ HTTP/1.1" 200 71866
46.229.168.129 - - [13/Apr/2020:06:53:59 +0200] "GET /ticket2/opencms/sv/buy/?column=row&edid=F3A6023D-F8D4-B558-EED3-42F5CB61B4B4&page=1&sortorder=asc HTTP/1.1" 200 72221
192.99.37.116 - - [13/Apr/2020:06:54:04 +0200] "GET /ticket2/opencms/fi/buy/?page=1&edid=961EE537-EAD8-AD97-34EE-1F2B026BB178&sortorder=desc&column=section HTTP/1.1" 200 72079
46.229.168.139 - - [13/Apr/2020:06:54:06 +0200] "GET /ticket2/opencms/nl/buy/?column=section&edid=4D2A2724-7797-6EBF-BAB8-69176E21CA79&page=1&sortorder=desc HTTP/1.1" 200 69951
46.229.168.139 - - [13/Apr/2020:06:54:06 +0200] "GET /ticket2/opencms/ru/buy/?column=section&edid=A83A5ABF-2C57-0520-8010-5DCE561EE55B&page=1&sortorder=desc HTTP/1.1" 200 72853
72.14.199.148 - - [13/Apr/2020:06:54:06 +0200] "GET /ticket2/opencms/system/modules/com.gridnine.opencms.ticketbrokerage.site/resources/js/calendar-setup.js HTTP/1.1" 200 4923
114.119.164.49 - - [13/Apr/2020:06:54:06 +0200] "GET /ticket2/opencms/sites/ticketbrokerage/nl/handbook_buyer/ HTTP/1.1" 404 -
173.208.157.186 - - [13/Apr/2020:06:54:08 +0200] "GET /ticket2/opencms/fi/buy/?page=1&edid=101C9D03-41F4-068B-AD6E-B79B3A86271B&sortorder=asc&column=row HTTP/1.1" 200 72526
46.229.168.152 - - [13/Apr/2020:06:54:11 +0200] "GET /ticket2/opencms/en/buy/?column=section&edid=76AFE58B-129B-67CE-0C8E-AD77FA862251&page=1&sortorder=desc HTTP/1.1" 200 71970
46.229.168.149 - - [13/Apr/2020:06:54:13 +0200] "GET /ticket2/opencms/sv/sport/fotbollsbiljetter/bundesliga/koln/ HTTP/1.1" 200 68112
72.14.199.148 - - [13/Apr/2020:06:54:15 +0200] "GET /ticket2/opencms/fi/ask-form.html HTTP/1.1" 200 3012
204.12.226.26 - - [13/Apr/2020:06:54:15 +0200] "GET /ticket2/opencms/fi/buy/?page=1&edid=FA871E67-06F0-55A8-454C-1B47E7E4E6F0 HTTP/1.1" 200 72471
5.9.140.242 - - [13/Apr/2020:06:54:18 +0200] "GET /ticket2/opencms/dk/buy/?page=1&edid=3A07E5A5-3743-E1F7-98D4-69CCB7817E15&sortorder=desc&column=price HTTP/1.1" 200 71915
192.99.4.168 - - [13/Apr/2020:06:54:20 +0200] "GET /ticket2/opencms/en/buy/?page=1&edid=FA871E67-06F0-55A8-454C-1B47E7E4E6F0&sortorder=desc&column=section HTTP/1.1" 200 71084
5.9.140.242 - - [13/Apr/2020:06:54:22 +0200] "GET /ticket2/opencms/dk/buy/?page=1&edid=3A07E5A5-3743-E1F7-98D4-69CCB7817E15&sortorder=desc&column=row HTTP/1.1" 200 71915
46.229.168.138 - - [13/Apr/2020:06:54:24 +0200] "GET /ticket2/opencms/fi/buy/?column=row&edid=5419EEB9-7CF3-F00C-1255-FC5A4AAC90B0&page=1&sortorder=desc HTTP/1.1" 200 72977
204.12.226.26 - - [13/Apr/2020:06:54:24 +0200] "GET /ticket2/opencms/fi/buy/?page=1&edid=FA871E67-06F0-55A8-454C-1B47E7E4E6F0&sortorder=asc&column=price HTTP/1.1" 200 72507
46.229.168.144 - - [13/Apr/2020:06:54:26 +0200] "GET /ticket2/opencms/fi/sell/?edid=FE65CE07-7600-0CF6-1148-1B65F59F41F4 HTTP/1.1" 302 -
46.229.168.144 - - [13/Apr/2020:06:54:28 +0200] "GET /ticket2/opencms/sv/buy/?column=section&edid=E8FE2A15-0338-AD03-E820-3464EC7EA1F7&page=1&sortorder=desc HTTP/1.1" 200 71554
173.208.157.186 - - [13/Apr/2020:06:54:30 +0200] "GET /ticket2/opencms/fi/buy/?page=1&edid=101C9D03-41F4-068B-AD6E-B79B3A86271B&sortorder=asc&column=section HTTP/1.1" 200 72526
46.229.168.141 - - [13/Apr/2020:06:54:30 +0200] "GET /ticket2/opencms/dk/sell/?edid=3AE72A78-B706-3CB2-9472-6BFEE3BB1206 HTTP/1.1" 302 -
67.225.220.120 - - [13/Apr/2020:06:54:36 +0200] "GET /ticket2/opencms/en/buy/?page=1&edid=DA092D51-9FFC-84BE-97A0-4DF0E8B1E89B HTTP/1.1" 200 71579
67.225.220.120 - - [13/Apr/2020:06:54:36 +0200] "GET /ticket2/opencms/en/buy/?page=1&edid=21B00938-DE33-735F-AEF6-E79DC0D1781F HTTP/1.1" 200 69238
46.229.168.133 - - [13/Apr/2020:06:54:38 +0200] "GET /ticket2/opencms/sv/buy/?edid=9855A2C3-650C-23D8-F314-126B4A227928&page=1 HTTP/1.1" 200 69465
5.9.70.72 - - [13/Apr/2020:06:54:44 +0200] "GET /ticket2/opencms/fi/buy/?page=1&edid=B44FDB64-52B9-2FED-89FD-31A7E0881296&sortorder=asc&column=row HTTP/1.1" 200 72518
192.99.4.168 - - [13/Apr/2020:06:54:45 +0200] "GET /ticket2/opencms/en/buy/?page=1&edid=FC1BE44E-7A45-D3C1-478D-6E378C706536&sortorder=asc&column=row HTTP/1.1" 200 69263
173.208.157.186 - - [13/Apr/2020:06:54:48 +0200] "GET /ticket2/opencms/fi/buy/?page=1&edid=10BA5D39-7F27-45E8-D103-3E99604C4918&sortorder=asc&column=section HTTP/1.1" 200 70642
46.229.168.162 - - [13/Apr/2020:06:54:49 +0200] "GET /ticket2/opencms/no/buy/?column=price&edid=7057B2C9-74F4-D569-B6F7-77B58D68F437&page=1&sortorder=desc HTTP/1.1" 200 69830
40.77.167.51 - - [13/Apr/2020:06:54:50 +0200] "GET /ticket2/opencms/system/modules/com.gridnine.opencms.ticketbrokerage.site/resources/pics/banners/team/la_liga/sporting.png HTTP/1.1" 200 73202
46.229.168.146 - - [13/Apr/2020:06:54:51 +0200] "GET /ticket2/opencms/sv/buy/?edid=6391B8D2-4805-E3DF-858D-572DEDE95203&page=1 HTTP/1.1" 200 71828
192.99.37.116 - - [13/Apr/2020:06:54:53 +0200] "GET /ticket2/opencms/fi/buy/?page=1&edid=971049D5-C79B-BCDF-7226-868A850B80AA HTTP/1.1" 200 70602
192.99.15.199 - - [13/Apr/2020:06:54:54 +0200] "GET /ticket2/opencms/sv/buy/?page=1&edid=722DA956-8F42-A240-7CA3-BEA14EEA1B61&sortorder=asc&column=section HTTP/1.1" 200 70902
204.12.226.26 - - [13/Apr/2020:06:54:55 +0200] "GET /ticket2/opencms/fi/buy/?page=1&edid=FA871E67-06F0-55A8-454C-1B47E7E4E6F0&sortorder=asc&column=row HTTP/1.1" 200 72507
5.9.140.242 - - [13/Apr/2020:06:54:57 +0200] "GET /ticket2/opencms/dk/buy/?page=1&edid=3A07E5A5-3743-E1F7-98D4-69CCB7817E15&sortorder=desc&column=section HTTP/1.1" 200 71915
5.9.140.242 - - [13/Apr/2020:06:55:01 +0200] "GET /ticket2/opencms/dk/buy/?page=1&edid=3CC17989-3033-10BE-F5C3-D729834B05F5&sortorder=desc&column=price HTTP/1.1" 200 71408
204.12.226.26 - - [13/Apr/2020:06:55:03 +0200] "GET /ticket2/opencms/fi/buy/?page=1&edid=FA871E67-06F0-55A8-454C-1B47E7E4E6F0&sortorder=asc&column=section HTTP/1.1" 200 72507
46.229.168.151 - - [13/Apr/2020:06:55:04 +0200] "GET /ticket2/opencms/en/buy/?column=price&edid=4A7F2526-D1E7-F3F4-D914-86C3B72B4E87&page=1&sortorder=asc HTTP/1.1" 200 69263
173.208.157.186 - - [13/Apr/2020:06:55:08 +0200] "GET /ticket2/opencms/fi/buy/?page=1&edid=10BA5D39-7F27-45E8-D103-3E99604C4918&sortorder=desc&column=row HTTP/1.1" 200 70641
5.9.70.72 - - [13/Apr/2020:06:55:14 +0200] "GET /ticket2/opencms/fi/buy/?page=1&edid=B44FDB64-52B9-2FED-89FD-31A7E0881296&sortorder=asc&column=section HTTP/1.1" 200 72518
46.229.168.146 - - [13/Apr/2020:06:55:17 +0200] "GET /ticket2/opencms/nl/buy/?column=row&edid=BDACF8A9-BAB3-8280-514A-8268B08E2DCD&page=1&sortorder=desc HTTP/1.1" 200 70174
46.229.168.139 - - [13/Apr/2020:06:55:19 +0200] "GET /ticket2/opencms/sv/buy/?column=row&edid=774A7EEA-D1B2-9FDE-0959-EF9630E0C317&page=1&sortorder=desc HTTP/1.1" 200 70939
67.225.220.120 - - [13/Apr/2020:06:55:20 +0200] "GET /ticket2/opencms/sv/buy/?page=1&edid=70AA95CC-0F01-4970-97B9-5BD4C290D6AC HTTP/1.1" 200 71314
5.9.70.72 - - [13/Apr/2020:06:55:22 +0200] "GET /ticket2/opencms/fi/buy/?page=1&edid=B44FDB64-52B9-2FED-89FD-31A7E0881296&sortorder=desc&column=price HTTP/1.1" 200 72517
192.99.4.168 - - [13/Apr/2020:06:55:26 +0200] "GET /ticket2/opencms/en/buy/?page=1&edid=FC1BE44E-7A45-D3C1-478D-6E378C706536&sortorder=asc&column=section HTTP/1.1" 200 69263
173.208.157.186 - - [13/Apr/2020:06:55:27 +0200] "GET /ticket2/opencms/fi/buy/?page=1&edid=10BA5D39-7F27-45E8-D103-3E99604C4918&sortorder=desc&column=section HTTP/1.1" 200 70641
46.229.168.142 - - [13/Apr/2020:06:55:31 +0200] "GET /ticket2/opencms/sv/buy/?column=price&edid=BDEBDFC7-284E-9E6E-D1BB-65EBB5818C8B&page=1&sortorder=asc HTTP/1.1" 200 71138
204.12.226.26 - - [13/Apr/2020:06:55:33 +0200] "GET /ticket2/opencms/fi/buy/?page=1&edid=FBB50624-B32A-B7F0-C315-0584FA25CBE8 HTTP/1.1" 200 73334
5.9.140.242 - - [13/Apr/2020:06:55:35 +0200] "GET /ticket2/opencms/dk/buy/?page=1&edid=3CC17989-3033-10BE-F5C3-D729834B05F5&sortorder=desc&column=row HTTP/1.1" 200 71408
5.9.140.242 - - [13/Apr/2020:06:55:40 +0200] "GET /ticket2/opencms/dk/buy/?page=1&edid=3CC17989-3033-10BE-F5C3-D729834B05F5&sortorder=desc&column=section HTTP/1.1" 200 71408
204.12.226.26 - - [13/Apr/2020:06:55:42 +0200] "GET /ticket2/opencms/fi/buy/?page=1&edid=FBB50624-B32A-B7F0-C315-0584FA25CBE8&sortorder=asc&column=price HTTP/1.1" 200 73370
46.229.168.162 - - [13/Apr/2020:06:55:45 +0200] "GET /ticket2/opencms/no/buy/?column=row&edid=68259A3C-CF4C-844C-9035-35AC0CB3C672&page=1&sortorder=asc HTTP/1.1" 200 73477
173.208.157.186 - - [13/Apr/2020:06:55:46 +0200] "GET /ticket2/opencms/fi/buy/?page=1&edid=1345F2A2-9308-20D2-82DB-74E8C87658E5&sortorder=asc&column=price HTTP/1.1" 200 72716
46.229.168.162 - - [13/Apr/2020:06:55:50 +0200] "GET /ticket2/opencms/nl/buy/?column=section&edid=5B22F83A-2ADE-82C8-21F3-C11998BADC97&page=1&sortorder=desc HTTP/1.1" 200 71045
114.119.166.121 - - [13/Apr/2020:06:55:52 +0200] "GET /ticket2/opencms/fi/buy/?page=1&edid=C7A7C915-381D-19BD-EDE4-9DFD4C1BFCFC&sortorder=asc&column=row HTTP/1.1" 200 72743
5.9.70.72 - - [13/Apr/2020:06:55:53 +0200] "GET /ticket2/opencms/fi/buy/?page=1&edid=B44FDB64-52B9-2FED-89FD-31A7E0881296&sortorder=desc&column=row HTTP/1.1" 200 72517
192.99.37.116 - - [13/Apr/2020:06:55:56 +0200] "GET /ticket2/opencms/fi/buy/?page=1&edid=98AE05DF-7259-780C-B8A1-9BDC5E73E210&sortorder=asc&column=price HTTP/1.1" 200 72087
46.229.168.148 - - [13/Apr/2020:06:55:58 +0200] "GET /ticket2/opencms/sv/buy/?edid=A8974CD8-4E6D-0BDD-D285-3496CA18553C&page=1 HTTP/1.1" 200 71318
173.208.157.186 - - [13/Apr/2020:06:55:59 +0200] "GET /ticket2/opencms/fi/buy/?page=1&edid=1345F2A2-9308-20D2-82DB-74E8C87658E5&sortorder=asc&column=row HTTP/1.1" 200 72716
204.12.226.26 - - [13/Apr/2020:06:56:04 +0200] "GET /ticket2/opencms/fi/buy/?page=1&edid=FBB50624-B32A-B7F0-C315-0584FA25CBE8&sortorder=asc&column=row HTTP/1.1" 200 73370
192.99.15.199 - - [13/Apr/2020:06:56:05 +0200] "GET /ticket2/opencms/sv/buy/?page=1&edid=B0039853-0FD8-C84B-1730-6B53C69DB496&sortorder=asc&column=row HTTP/1.1" 200 72072
5.9.71.213 - - [13/Apr/2020:06:56:06 +0200] "GET /ticket2/opencms/robots.txt HTTP/1.1" 200 773
46.229.168.140 - - [13/Apr/2020:06:56:10 +0200] "GET /ticket2/opencms/ru/buy/?column=price&edid=E8D37283-D56B-FD6C-F174-24BB3094D0C7&page=1&sortorder=desc HTTP/1.1" 200 72367
192.99.4.168 - - [13/Apr/2020:06:56:14 +0200] "GET /ticket2/opencms/en/buy/?page=1&edid=FC1BE44E-7A45-D3C1-478D-6E378C706536&sortorder=desc&column=price HTTP/1.1" 200 69262
5.9.140.242 - - [13/Apr/2020:06:56:14 +0200] "GET /ticket2/opencms/dk/buy/?page=1&edid=3D63CCAF-3F90-AC37-40FF-8478AE9C951E&sortorder=desc&column=price HTTP/1.1" 200 70722
5.9.140.242 - - [13/Apr/2020:06:56:19 +0200] "GET /ticket2/opencms/dk/buy/?page=1&edid=3D63CCAF-3F90-AC37-40FF-8478AE9C951E&sortorder=desc&column=row HTTP/1.1" 200 70722
5.9.71.213 - - [13/Apr/2020:06:56:21 +0200] "GET /ticket2/opencms/dk/buy/?page=1&edid=2D77D5E8-F469-AAA2-8433-36A939B8305F&sortorder=desc&column=section HTTP/1.1" 200 71418
204.12.226.26 - - [13/Apr/2020:06:56:24 +0200] "GET /ticket2/opencms/fi/buy/?page=1&edid=FBB50624-B32A-B7F0-C315-0584FA25CBE8&sortorder=asc&column=section HTTP/1.1" 200 73370
173.208.157.186 - - [13/Apr/2020:06:56:29 +0200] "GET /ticket2/opencms/fi/buy/?page=1&edid=1668013F-3B82-FE85-2AEC-4B43F85BF774&sortorder=desc&column=row HTTP/1.1" 200 70658
46.229.168.137 - - [13/Apr/2020:06:56:31 +0200] "GET /ticket2/opencms/fi/buy/?column=section&edid=D7C0DA77-DBEA-6309-806C-0F1B3D98F5E1&page=1&sortorder=asc HTTP/1.1" 200 72570
46.229.168.135 - - [13/Apr/2020:06:56:33 +0200] "GET /ticket2/opencms/nl/buy/?column=price&edid=4DD2C600-8E26-117F-D48B-6E6499BB74CF&page=1&sortorder=desc HTTP/1.1" 200 70417
46.229.168.144 - - [13/Apr/2020:06:56:33 +0200] "GET /ticket2/opencms/tb/opencms/en/archive/events/mora_ik/2007_01_01_19_00/ HTTP/1.1" 404 -
5.9.70.72 - - [13/Apr/2020:06:56:35 +0200] "GET /ticket2/opencms/fi/buy/?page=1&edid=B6233164-B09D-2F93-ABBA-AC58AB9CD4E2&sortorder=asc&column=price HTTP/1.1" 200 70626
