204.12.226.26 - - [13/Apr/2020:05:28:44 +0200] "GET /ticket2/opencms/fi/buy/?page=1&edid=CD7DB093-60D9-BD12-A415-1D4CC21F76F9 HTTP/1.1" 200 73203
144.76.7.79 - - [13/Apr/2020:05:28:48 +0200] "GET /ticket2/opencms/dk/buy/?page=1&edid=09DBE843-AC01-1747-3DBE-F411D6DF0264&sortorder=asc&column=section HTTP/1.1" 200 71217
192.99.5.225 - - [13/Apr/2020:05:28:51 +0200] "GET /ticket2/opencms/sv/venue/?venueid=5E4247B1-038D-69C7-681E-59A3027FAB84 HTTP/1.1" 200 65488
46.229.168.136 - - [13/Apr/2020:05:28:52 +0200] "GET /ticket2/opencms/no/buy/?edid=CF8182D8-B9D0-5E9A-7104-23E69EAA2FEA&page=1 HTTP/1.1" 200 71213
46.229.168.131 - - [13/Apr/2020:05:28:54 +0200] "GET /ticket2/opencms/en/buy/?column=price&edid=5C822312-AD78-519B-498C-5A897678D6CE&page=1&sortorder=desc HTTP/1.1" 200 71084
67.225.220.120 - - [13/Apr/2020:05:29:00 +0200] "GET /ticket2/opencms/en/buy/?page=1&edid=74EFCA32-6815-FF4B-4089-5178E45F69AE HTTP/1.1" 200 71076
204.12.226.26 - - [13/Apr/2020:05:29:02 +0200] "GET /ticket2/opencms/fi/buy/?page=1&edid=CD7DB093-60D9-BD12-A415-1D4CC21F76F9&sortorder=desc&column=price HTTP/1.1" 200 73238
46.229.168.150 - - [13/Apr/2020:05:29:03 +0200] "GET /ticket2/opencms/no/buy/?column=row&edid=5E394636-BF24-8546-4F48-C95E49B131BE&page=1&sortorder=asc HTTP/1.1" 200 71901
192.99.4.168 - - [13/Apr/2020:05:29:03 +0200] "GET /ticket2/opencms/en/buy/?page=1&edid=AE103B06-1DCE-BEFE-4D39-C1E8490548BB&sortorder=asc&column=row HTTP/1.1" 200 71652
173.208.157.186 - - [13/Apr/2020:05:29:05 +0200] "GET /ticket2/opencms/dk/buy/?page=1&edid=D244D98C-A955-FD66-B94B-A61EAC22C3B6&sortorder=desc&column=row HTTP/1.1" 200 69328
192.99.37.116 - - [13/Apr/2020:05:29:09 +0200] "GET /ticket2/opencms/fi/buy/?page=1&edid=6DB046DB-410B-73D4-9D8B-16FCC7635D61&sortorder=asc&column=section HTTP/1.1" 200 72478
66.249.79.89 - - [13/Apr/2020:05:29:09 +0200] "GET /ticket2/opencms/set_aff_cookie.jsp?partner=CB5C1FDF-20CB-5842-DF85-F71A926EC804&url=%2Fen%2Fbuy%2Findex.html%3Fpage%3D1%26edid%3D6B362B16-3138-C077-A4D8-7508DEEA6E81%26hlv%3D5d0cefcc-57a0-4ad6-af55-5bbd0a010004%23v_1019569679 HTTP/1.1" 200 226
5.9.70.72 - - [13/Apr/2020:05:29:11 +0200] "GET /ticket2/opencms/dk/buy/?page=1&edid=E3118800-A96C-AB59-99C3-1CFA30B79001&sortorder=asc&column=price HTTP/1.1" 200 70782
173.252.87.38 - - [13/Apr/2020:05:29:14 +0200] "GET /ticket2/opencms/en/ HTTP/1.1" 200 71871
173.208.157.186 - - [13/Apr/2020:05:29:15 +0200] "GET /ticket2/opencms/dk/buy/?page=1&edid=D244D98C-A955-FD66-B94B-A61EAC22C3B6&sortorder=desc&column=section HTTP/1.1" 200 69328
54.36.150.4 - - [13/Apr/2020:05:29:17 +0200] "GET /ticket2/opencms/sv/buy/?page=1&edid=32BA6030-A67A-1835-C2E2-950898229860 HTTP/1.1" 200 71526
46.229.168.149 - - [13/Apr/2020:05:29:21 +0200] "GET /ticket2/opencms/en/buy/?column=row&edid=82A37505-231E-F9C1-D725-CF8D739AAF42&page=1&sortorder=desc HTTP/1.1" 200 71101
192.99.5.225 - - [13/Apr/2020:05:29:21 +0200] "GET /ticket2/opencms/sv/venue/?venueid=5F67BA22-DBBD-331F-861A-48DEE262DDA1 HTTP/1.1" 200 65486
204.12.226.26 - - [13/Apr/2020:05:29:22 +0200] "GET /ticket2/opencms/fi/buy/?page=1&edid=CD7DB093-60D9-BD12-A415-1D4CC21F76F9&sortorder=desc&column=section HTTP/1.1" 200 73238
46.229.168.145 - - [13/Apr/2020:05:29:22 +0200] "GET /ticket2/opencms/sv/buy/?column=section&edid=99E4E057-784A-91C1-7B12-45802B1F86CF&page=1&sortorder=asc HTTP/1.1" 200 69479
192.99.15.199 - - [13/Apr/2020:05:29:24 +0200] "GET /ticket2/opencms/sv/buy/?page=1&edid=C7115D30-B8A3-CC93-65A1-FAEE93E7AAFA&sortorder=desc&column=price HTTP/1.1" 200 69497
46.229.168.151 - - [13/Apr/2020:05:29:27 +0200] "GET /ticket2/opencms/fi/buy/?column=price&edid=D77508F6-9331-A006-851B-5A867CA79BF7&page=1&sortorder=desc HTTP/1.1" 200 72725
46.229.168.132 - - [13/Apr/2020:05:29:28 +0200] "GET /ticket2/opencms/sv/buy/?column=row&edid=476991E3-90E8-4131-2EC2-B8E28BB43BFC&page=1&sortorder=asc HTTP/1.1" 200 69507
144.76.7.79 - - [13/Apr/2020:05:29:31 +0200] "GET /ticket2/opencms/dk/buy/?page=1&edid=09DBE843-AC01-1747-3DBE-F411D6DF0264&sortorder=desc&column=price HTTP/1.1" 200 71216
46.229.168.147 - - [13/Apr/2020:05:29:33 +0200] "GET /ticket2/opencms/sv/buy/?column=price&edid=2AF69BD4-F184-D39C-9003-BFC19DC4F8FB&page=1&sortorder=desc HTTP/1.1" 200 69510
46.229.168.151 - - [13/Apr/2020:05:29:37 +0200] "GET /ticket2/opencms/no/buy/?column=row&edid=69E0B732-CB5B-1B6A-C087-CBA2F63F2CD1&page=1&sortorder=asc HTTP/1.1" 200 71448
46.229.168.136 - - [13/Apr/2020:05:29:40 +0200] "GET /ticket2/opencms/sv/buy/?edid=916F2EF4-6FE1-7E81-87CE-194E3C0EB782&page=1 HTTP/1.1" 200 71334
204.12.226.26 - - [13/Apr/2020:05:29:41 +0200] "GET /ticket2/opencms/fi/buy/?page=1&edid=CD843574-821F-BD11-D02D-75E35292AAE0 HTTP/1.1" 200 73803
173.208.157.186 - - [13/Apr/2020:05:29:43 +0200] "GET /ticket2/opencms/dk/buy/?page=1&edid=D53C14AE-0EBF-8581-75EE-52BDB1483CBF&sortorder=desc&column=price HTTP/1.1" 200 70989
5.9.70.72 - - [13/Apr/2020:05:29:47 +0200] "GET /ticket2/opencms/dk/buy/?page=1&edid=E3118800-A96C-AB59-99C3-1CFA30B79001&sortorder=asc&column=row HTTP/1.1" 200 70782
192.99.4.168 - - [13/Apr/2020:05:29:50 +0200] "GET /ticket2/opencms/en/buy/?page=1&edid=AE103B06-1DCE-BEFE-4D39-C1E8490548BB&sortorder=asc&column=section HTTP/1.1" 200 71652
192.99.37.116 - - [13/Apr/2020:05:29:53 +0200] "GET /ticket2/opencms/fi/buy/?page=1&edid=6DB046DB-410B-73D4-9D8B-16FCC7635D61&sortorder=desc&column=row HTTP/1.1" 200 72477
46.229.168.151 - - [13/Apr/2020:05:29:54 +0200] "GET /ticket2/opencms/en/buy/?column=section&edid=C19BDC6D-B9B2-2881-03CD-5E0FA6322EFC&page=1&sortorder=asc HTTP/1.1" 200 71611
204.12.226.26 - - [13/Apr/2020:05:29:55 +0200] "GET /ticket2/opencms/fi/buy/?page=1&edid=CD843574-821F-BD11-D02D-75E35292AAE0&sortorder=asc&column=price HTTP/1.1" 200 73839
192.99.5.225 - - [13/Apr/2020:05:29:56 +0200] "GET /ticket2/opencms/sv/venue/?venueid=5FB47966-11AA-41E3-0F78-B8983ED6CEDC HTTP/1.1" 200 65468
192.99.15.199 - - [13/Apr/2020:05:29:57 +0200] "GET /ticket2/opencms/sv/buy/?page=1&edid=C7115D30-B8A3-CC93-65A1-FAEE93E7AAFA&sortorder=desc&column=row HTTP/1.1" 200 69497
46.229.168.133 - - [13/Apr/2020:05:30:00 +0200] "GET /ticket2/opencms/fi/buy/?column=row&edid=D5CEC1AF-7456-A530-2177-1F59A4D45052&page=1&sortorder=desc HTTP/1.1" 200 70610
46.229.168.134 - - [13/Apr/2020:05:30:02 +0200] "GET /ticket2/opencms/dk/sell/?edid=AAD207DF-0B15-262F-86DB-7503DEF799D6 HTTP/1.1" 302 -
144.76.7.79 - - [13/Apr/2020:05:30:02 +0200] "GET /ticket2/opencms/dk/buy/?page=1&edid=09ED8DF3-C653-B267-B259-14B41ED1D432 HTTP/1.1" 200 71136
46.229.168.145 - - [13/Apr/2020:05:30:03 +0200] "GET /ticket2/opencms/fi/buy/?column=section&edid=930DA63B-B6EB-C65F-6A39-F4240571C002&page=1&sortorder=asc HTTP/1.1" 200 73373
114.119.163.96 - - [13/Apr/2020:05:30:05 +0200] "GET /ticket2/opencms/dk/buy/?page=1&edid=813B0545-20A1-788F-99C1-8F2B03516D33&sortorder=asc&column=price HTTP/1.1" 200 71211
46.229.168.137 - - [13/Apr/2020:05:30:10 +0200] "GET /ticket2/opencms/sv/buy/?column=section&edid=6440E7CC-E56C-CD13-BB09-A84D83EDDD53&page=1&sortorder=desc HTTP/1.1" 200 71564
144.76.7.79 - - [13/Apr/2020:05:30:13 +0200] "GET /ticket2/opencms/dk/buy/?page=1&edid=09ED8DF3-C653-B267-B259-14B41ED1D432&sortorder=asc&column=price HTTP/1.1" 200 71172
192.99.4.168 - - [13/Apr/2020:05:30:13 +0200] "GET /ticket2/opencms/en/buy/?page=1&edid=AFC32FFD-1720-90C6-B617-5D601DF0900B&sortorder=desc&column=price HTTP/1.1" 200 71318
192.99.5.225 - - [13/Apr/2020:05:30:14 +0200] "GET /ticket2/opencms/sv/venue/?venueid=5FE37D7C-8CDB-E2A6-C954-AEAA09190FF8 HTTP/1.1" 200 65530
46.229.168.148 - - [13/Apr/2020:05:30:17 +0200] "GET /ticket2/opencms/dk/buy/?column=row&edid=C9C1865A-DE34-5640-AA00-B81C127F699C&page=1&sortorder=desc HTTP/1.1" 200 71398
67.225.220.120 - - [13/Apr/2020:05:30:21 +0200] "GET /ticket2/opencms/en/buy/?page=1&edid=92D7B757-A51C-01B4-DEF0-576B5ED68075 HTTP/1.1" 200 69215
67.225.220.120 - - [13/Apr/2020:05:30:22 +0200] "GET /ticket2/opencms/en/buy/?page=1&edid=71496077-5B1C-FE48-E8D7-00D3EF8F08C6 HTTP/1.1" 200 70623
46.229.168.130 - - [13/Apr/2020:05:30:23 +0200] "GET /ticket2/opencms/nl/buy/?column=price&edid=56B6B6E6-C7E2-379B-D9F5-F289D890A616&page=1&sortorder=asc HTTP/1.1" 200 68302
204.12.226.26 - - [13/Apr/2020:05:30:24 +0200] "GET /ticket2/opencms/fi/buy/?page=1&edid=CD843574-821F-BD11-D02D-75E35292AAE0&sortorder=asc&column=row HTTP/1.1" 200 73839
46.229.168.138 - - [13/Apr/2020:05:30:24 +0200] "GET /ticket2/opencms/dk/about/contact/ HTTP/1.1" 200 64625
46.229.168.147 - - [13/Apr/2020:05:30:25 +0200] "GET /ticket2/opencms/no/buy/?column=section&edid=D672F7D1-01D6-F6D2-87C7-737510695195&page=1&sortorder=desc HTTP/1.1" 200 71674
5.9.70.72 - - [13/Apr/2020:05:30:26 +0200] "GET /ticket2/opencms/dk/buy/?page=1&edid=E3118800-A96C-AB59-99C3-1CFA30B79001&sortorder=asc&column=section HTTP/1.1" 200 70782
173.208.157.186 - - [13/Apr/2020:05:30:27 +0200] "GET /ticket2/opencms/dk/buy/?page=1&edid=D53C14AE-0EBF-8581-75EE-52BDB1483CBF&sortorder=desc&column=row HTTP/1.1" 200 70989
46.229.168.137 - - [13/Apr/2020:05:30:28 +0200] "GET /ticket2/opencms/sv/buy/?column=price&edid=3930902F-44C9-0DA4-854E-41262D5A61CF&page=1&sortorder=desc HTTP/1.1" 200 72491
46.229.168.131 - - [13/Apr/2020:05:30:33 +0200] "GET /ticket2/opencms/nl/buy/?column=section&edid=8CE01479-BCC2-0B5F-B3DC-BA13BF09B4A5&page=1&sortorder=desc HTTP/1.1" 200 68295
173.208.157.186 - - [13/Apr/2020:05:30:33 +0200] "GET /ticket2/opencms/dk/buy/?page=1&edid=D53C14AE-0EBF-8581-75EE-52BDB1483CBF&sortorder=desc&column=section HTTP/1.1" 200 70989
204.12.226.26 - - [13/Apr/2020:05:30:34 +0200] "GET /ticket2/opencms/fi/buy/?page=1&edid=CD843574-821F-BD11-D02D-75E35292AAE0&sortorder=asc&column=section HTTP/1.1" 200 73839
192.99.5.225 - - [13/Apr/2020:05:30:35 +0200] "GET /ticket2/opencms/sv/venue/?venueid=605DA297-0563-4D5B-80C8-29136936D7A1 HTTP/1.1" 200 65438
46.229.168.137 - - [13/Apr/2020:05:30:36 +0200] "GET /ticket2/opencms/robots.txt HTTP/1.1" 200 773
192.99.15.199 - - [13/Apr/2020:05:30:38 +0200] "GET /ticket2/opencms/sv/buy/?page=1&edid=C7115D30-B8A3-CC93-65A1-FAEE93E7AAFA&sortorder=desc&column=section HTTP/1.1" 200 69497
46.229.168.161 - - [13/Apr/2020:05:30:39 +0200] "GET /ticket2/opencms/sv/buy/?column=price&edid=FC1BE44E-7A45-D3C1-478D-6E378C706536&page=1&sortorder=asc HTTP/1.1" 200 69500
144.76.7.79 - - [13/Apr/2020:05:30:41 +0200] "GET /ticket2/opencms/dk/buy/?page=1&edid=0A62BF15-B9CD-0774-0313-C1E52B5B4C04&sortorder=asc&column=price HTTP/1.1" 200 70727
114.119.167.95 - - [13/Apr/2020:05:30:45 +0200] "GET /ticket2/opencms/sv/search.html?searchQuery=group%2Bd&submit HTTP/1.1" 200 85372
46.229.168.130 - - [13/Apr/2020:05:30:45 +0200] "GET /ticket2/opencms/en/buy/?column=section&edid=56B6B6E6-C7E2-379B-D9F5-F289D890A616&page=1&sortorder=asc HTTP/1.1" 200 69228
144.76.7.79 - - [13/Apr/2020:05:30:51 +0200] "GET /ticket2/opencms/dk/buy/?page=1&edid=178EB572-C315-129C-6A67-8556011FE317 HTTP/1.1" 200 72510
46.229.168.161 - - [13/Apr/2020:05:30:51 +0200] "GET /ticket2/opencms/sv/buy/?column=row&edid=B98B0C58-4ECA-B5D7-8311-25882EE8CC08&page=1&sortorder=asc HTTP/1.1" 200 69498
192.99.4.168 - - [13/Apr/2020:05:30:56 +0200] "GET /ticket2/opencms/en/buy/?page=1&edid=AFC32FFD-1720-90C6-B617-5D601DF0900B&sortorder=desc&column=row HTTP/1.1" 200 71318
192.99.5.225 - - [13/Apr/2020:05:30:57 +0200] "GET /ticket2/opencms/sv/venue/?venueid=624AC056-160F-0167-065E-997275B2D428 HTTP/1.1" 200 65443
46.229.168.144 - - [13/Apr/2020:05:30:57 +0200] "GET /ticket2/opencms/no/buy/?column=price&edid=30DFF5A6-5801-42E1-F124-0EA64463049D&page=1&sortorder=asc HTTP/1.1" 200 71700
216.245.221.82 - - [13/Apr/2020:05:31:01 +0200] "HEAD /ticket2/opencms/ HTTP/1.1" 302 -
173.208.157.186 - - [13/Apr/2020:05:31:03 +0200] "GET /ticket2/opencms/dk/buy/?page=1&edid=D5FAB6ED-DF67-5E42-E533-2987B8B26208&sortorder=desc&column=row HTTP/1.1" 200 69337
46.229.168.138 - - [13/Apr/2020:05:31:03 +0200] "GET /ticket2/opencms/nl/buy/?column=section&edid=7252A51A-97AC-D81E-2DC0-946206EF80FD&page=1&sortorder=desc HTTP/1.1" 200 70419
46.229.168.130 - - [13/Apr/2020:05:31:04 +0200] "GET /ticket2/opencms/en/buy/?edid=F607E087-2558-2D9A-8793-E6AAB607D346&page=1 HTTP/1.1" 200 69196
5.9.70.72 - - [13/Apr/2020:05:31:06 +0200] "GET /ticket2/opencms/dk/buy/?page=1&edid=E4909145-00FF-6001-90F1-1FF62B4EBAA6&sortorder=asc&column=price HTTP/1.1" 200 70721
46.229.168.161 - - [13/Apr/2020:05:31:08 +0200] "GET /ticket2/opencms/ru/buy/?column=section&edid=3499FEE4-EBAE-2DC8-2BF3-44C7835D2575&page=1&sortorder=desc HTTP/1.1" 200 72338
46.229.168.148 - - [13/Apr/2020:05:31:08 +0200] "GET /ticket2/opencms/en/buy/?catid=A05A53F7-423D-23BE-575E-EA7B67DE22D9&comcatid=0A6B8208-FDA4-E929-9D72-5312FD481B76 HTTP/1.1" 200 69206
173.208.157.186 - - [13/Apr/2020:05:31:12 +0200] "GET /ticket2/opencms/dk/buy/?page=1&edid=D5FAB6ED-DF67-5E42-E533-2987B8B26208&sortorder=desc&column=section HTTP/1.1" 200 69337
192.99.15.199 - - [13/Apr/2020:05:31:17 +0200] "GET /ticket2/opencms/sv/buy/?page=1&edid=C87D073B-AE67-CB2F-38A2-458D7BBFFECB HTTP/1.1" 200 70854
144.76.7.79 - - [13/Apr/2020:05:31:21 +0200] "GET /ticket2/opencms/dk/buy/?page=1&edid=1D37BA09-C305-846D-EDD4-0046D1E26EC2 HTTP/1.1" 200 70931
46.229.168.152 - - [13/Apr/2020:05:31:23 +0200] "GET /ticket2/opencms/dk/buy/?edid=B3E810E8-D051-B949-4289-ACAD08512B5A&page=1 HTTP/1.1" 200 69252
173.208.157.186 - - [13/Apr/2020:05:31:32 +0200] "GET /ticket2/opencms/dk/buy/?page=1&edid=D671AA4B-F4FE-4377-0CEE-00CC26515A20&sortorder=asc&column=price HTTP/1.1" 200 69309
46.229.168.134 - - [13/Apr/2020:05:31:34 +0200] "GET /ticket2/opencms/sv/buy/?edid=0ED421D5-7883-F3F6-6140-60A891D6FA14&page=1 HTTP/1.1" 200 71527
67.225.220.120 - - [13/Apr/2020:05:31:38 +0200] "GET /ticket2/opencms/en/buy/?page=1&edid=74AB5A47-FA53-0B09-3D6B-CA67984DC604 HTTP/1.1" 200 70639
67.225.220.120 - - [13/Apr/2020:05:31:42 +0200] "GET /ticket2/opencms/en/buy/?page=1&edid=C134F748-F9E7-30B4-A24D-C22CD460B13B HTTP/1.1" 200 69201
5.9.70.72 - - [13/Apr/2020:05:31:43 +0200] "GET /ticket2/opencms/dk/buy/?page=1&edid=E4909145-00FF-6001-90F1-1FF62B4EBAA6&sortorder=asc&column=row HTTP/1.1" 200 70721
192.99.5.225 - - [13/Apr/2020:05:31:43 +0200] "GET /ticket2/opencms/sv/venue/?venueid=627689FB-7CBA-64B6-7657-6F6CD9393A37 HTTP/1.1" 200 65456
46.229.168.143 - - [13/Apr/2020:05:31:45 +0200] "GET /ticket2/opencms/sv/buy/?edid=6B6D252D-7905-47FC-7A02-DBC6FFA89A32&page=1 HTTP/1.1" 200 70857
173.208.157.186 - - [13/Apr/2020:05:31:49 +0200] "GET /ticket2/opencms/dk/buy/?page=1&edid=D671AA4B-F4FE-4377-0CEE-00CC26515A20&sortorder=asc&column=row HTTP/1.1" 200 69309
144.76.7.79 - - [13/Apr/2020:05:31:50 +0200] "GET /ticket2/opencms/dk/buy/?page=1&edid=1D37BA09-C305-846D-EDD4-0046D1E26EC2&sortorder=asc&column=price HTTP/1.1" 200 70967
46.229.168.140 - - [13/Apr/2020:05:31:51 +0200] "GET /ticket2/opencms/nl/buy/?edid=56EAD9EB-11E6-EA69-93EA-802006772F2F&page=1 HTTP/1.1" 200 68266
46.229.168.147 - - [13/Apr/2020:05:31:56 +0200] "GET /ticket2/opencms/dk/buy/?edid=A60952DA-299F-820E-67E8-C4650D264DE5&page=1 HTTP/1.1" 200 72978
192.99.4.168 - - [13/Apr/2020:05:32:02 +0200] "GET /ticket2/opencms/en/buy/?page=1&edid=AFC32FFD-1720-90C6-B617-5D601DF0900B&sortorder=desc&column=section HTTP/1.1" 200 71318
46.229.168.130 - - [13/Apr/2020:05:32:10 +0200] "GET /ticket2/opencms/fi/buy/?column=price&edid=09DE46D7-1C1F-33BE-37FA-869EBDC3AD7C&page=1&sortorder=asc HTTP/1.1" 200 72298
192.99.37.116 - - [13/Apr/2020:05:32:21 +0200] "GET /ticket2/opencms/fi/buy/?page=1&edid=6DF37A9E-22D9-513C-6DAE-4A3EAB281B73&sortorder=asc&column=price HTTP/1.1" 200 72498
46.229.168.144 - - [13/Apr/2020:05:32:22 +0200] "GET /ticket2/opencms/sv/buy/?column=row&edid=DC15B801-FC41-85D8-B33F-8FF1EFE0758A&page=1&sortorder=asc HTTP/1.1" 200 72218
192.99.15.199 - - [13/Apr/2020:05:32:23 +0200] "GET /ticket2/opencms/sv/buy/?page=1&edid=C87D073B-AE67-CB2F-38A2-458D7BBFFECB&sortorder=asc&column=price HTTP/1.1" 200 70890
5.9.140.242 - - [13/Apr/2020:05:32:27 +0200] "GET /ticket2/opencms/dk/buy/?page=1&edid=26591706-2A8B-283B-4457-5A4421914D77&sortorder=desc&column=section HTTP/1.1" 200 70966
173.208.157.186 - - [13/Apr/2020:05:32:36 +0200] "GET /ticket2/opencms/dk/buy/?page=1&edid=D671AA4B-F4FE-4377-0CEE-00CC26515A20&sortorder=asc&column=section HTTP/1.1" 200 69309
5.9.70.72 - - [13/Apr/2020:05:32:39 +0200] "GET /ticket2/opencms/dk/buy/?page=1&edid=E4909145-00FF-6001-90F1-1FF62B4EBAA6&sortorder=asc&column=section HTTP/1.1" 200 70721
192.99.5.225 - - [13/Apr/2020:05:32:39 +0200] "GET /ticket2/opencms/sv/venue/?venueid=62E87565-D10E-37EE-660F-D1D9C793A251 HTTP/1.1" 200 65485
46.229.168.133 - - [13/Apr/2020:05:32:41 +0200] "GET /ticket2/opencms/sv/buy/?column=section&edid=6107D58F-F85C-BA86-16B2-9BB9429A0FCE&page=1&sortorder=asc HTTP/1.1" 200 69473
216.245.221.82 - - [13/Apr/2020:05:32:41 +0200] "GET /ticket2/opencms/ HTTP/1.1" 302 -
72.14.199.152 - - [13/Apr/2020:05:32:41 +0200] "GET /ticket2/opencms/fi/urheilu/jalkapallo/serie_a/ HTTP/1.1" 200 72582
46.229.168.148 - - [13/Apr/2020:05:32:41 +0200] "GET /ticket2/opencms/en/venue/?venueid=924F6A71-B6FB-26C5-04CA-1B49F86B9FF1 HTTP/1.1" 200 65245
46.229.168.144 - - [13/Apr/2020:05:32:49 +0200] "GET /ticket2/opencms/en/buy/?column=section&edid=F920C9EB-FBBB-08CB-045F-AA52A8ABB18F&page=1&sortorder=asc HTTP/1.1" 200 69263
54.36.148.110 - - [13/Apr/2020:05:32:49 +0200] "GET /ticket2/opencms/dk/venue/?venueid=0EB0D100-3DC6-5264-8D3B-F5AE296F5DFE HTTP/1.1" 200 65315
46.229.168.144 - - [13/Apr/2020:05:32:49 +0200] "GET /ticket2/opencms/no/buy/?column=row&edid=63084C78-5263-1A7A-C66E-4C63F55B8243&page=1&sortorder=desc HTTP/1.1" 200 72807
144.76.7.79 - - [13/Apr/2020:05:32:54 +0200] "GET /ticket2/opencms/dk/buy/?page=1&edid=21864DD1-06B6-914E-55C3-EE8A66B7F27C&sortorder=desc&column=row HTTP/1.1" 200 70980
46.229.168.147 - - [13/Apr/2020:05:33:02 +0200] "GET /ticket2/opencms/dk/buy/?edid=A60952DA-299F-820E-67E8-C4650D264DE5&page=1 HTTP/1.1" 200 72978
46.229.168.140 - - [13/Apr/2020:05:33:03 +0200] "GET /ticket2/opencms/dk/sport/fodboldbilletter/la-liga/athletic_bilbao/ HTTP/1.1" 200 69100
173.208.157.186 - - [13/Apr/2020:05:33:05 +0200] "GET /ticket2/opencms/dk/buy/?page=1&edid=D671AA4B-F4FE-4377-0CEE-00CC26515A20&sortorder=desc&column=row HTTP/1.1" 200 69308
54.36.150.150 - - [13/Apr/2020:05:33:07 +0200] "GET /ticket2/opencms/ru/buy/?page=1&edid=F4F81297-94B2-0428-F74B-F60B2283F029 HTTP/1.1" 200 72583
5.9.140.242 - - [13/Apr/2020:05:33:15 +0200] "GET /ticket2/opencms/dk/buy/?page=1&edid=267D7E7E-2B4B-B70E-FD3F-7E62B307BD16&sortorder=asc&column=row HTTP/1.1" 200 69285
67.225.220.120 - - [13/Apr/2020:05:33:18 +0200] "GET /ticket2/opencms/en/buy/?page=1&edid=1C562745-1431-CFB1-8C43-89D2BFF085C5 HTTP/1.1" 200 69241
67.225.220.120 - - [13/Apr/2020:05:33:20 +0200] "GET /ticket2/opencms/en/buy/?page=1&edid=EE632555-6082-7BDB-C3A6-CC4420D9FB41 HTTP/1.1" 200 69213
192.99.37.116 - - [13/Apr/2020:05:33:28 +0200] "GET /ticket2/opencms/fi/buy/?page=1&edid=6DF37A9E-22D9-513C-6DAE-4A3EAB281B73&sortorder=asc&column=row HTTP/1.1" 200 72498
46.229.168.133 - - [13/Apr/2020:05:33:33 +0200] "GET /ticket2/opencms/sv/buy/?column=section&edid=6107D58F-F85C-BA86-16B2-9BB9429A0FCE&page=1&sortorder=asc HTTP/1.1" 200 69473
114.119.166.224 - - [13/Apr/2020:05:33:40 +0200] "GET /ticket2/opencms/no/buy/?page=1&edid=EA1E6ECE-423D-F005-AB70-0EA4DE8B6848&sortorder=desc&column=row HTTP/1.1" 200 73015
192.99.4.168 - - [13/Apr/2020:05:33:42 +0200] "GET /ticket2/opencms/en/buy/?page=1&edid=B04F9C9F-0B5E-1B41-4BEE-8594CB1D3CAC&sortorder=asc&column=price HTTP/1.1" 200 71120
5.9.70.72 - - [13/Apr/2020:05:33:44 +0200] "GET /ticket2/opencms/dk/buy/?page=1&edid=EA22A313-8EAF-86C7-31A1-A4D029D5E9C9&sortorder=asc&column=price HTTP/1.1" 200 70733
46.229.168.150 - - [13/Apr/2020:05:33:44 +0200] "GET /ticket2/opencms/en/login/?url=%25252Fen%25252Fsell%25252F HTTP/1.1" 200 67300
46.229.168.136 - - [13/Apr/2020:05:33:46 +0200] "GET /ticket2/opencms/fi/buy/?column=row&edid=43FBDCC0-1021-1A5F-6A9F-86C612FC472E&page=1&sortorder=asc HTTP/1.1" 200 72097
46.229.168.138 - - [13/Apr/2020:05:33:54 +0200] "GET /ticket2/opencms/nl/buy/?column=price&edid=6A6056BA-19AF-AC1A-2F7F-9B4602A4B6A3&page=1&sortorder=desc HTTP/1.1" 200 71521
192.99.15.199 - - [13/Apr/2020:05:33:59 +0200] "GET /ticket2/opencms/sv/buy/?page=1&edid=CA13B269-5EB2-5619-8870-07E80D27434D&sortorder=desc&column=price HTTP/1.1" 200 71557
54.36.150.164 - - [13/Apr/2020:05:34:03 +0200] "GET /ticket2/opencms/dk/venue/?venueid=A2C3B653-26FA-47C6-9144-32901C878EBE HTTP/1.1" 200 65241
192.99.5.225 - - [13/Apr/2020:05:34:03 +0200] "GET /ticket2/opencms/sv/venue/?venueid=644AC771-2186-260E-75E7-7F6B39C5B86B HTTP/1.1" 200 65495
72.14.199.148 - - [13/Apr/2020:05:34:03 +0200] "GET /ticket2/opencms/system/modules/com.gridnine.opencms.ticketbrokerage.site/resources/css/ticketbrokerage.css HTTP/1.1" 200 39285
46.229.168.140 - - [13/Apr/2020:05:34:08 +0200] "GET /ticket2/opencms/dk/sport/fodboldbilletter/la-liga/athletic_bilbao/ HTTP/1.1" 200 69100
144.76.7.79 - - [13/Apr/2020:05:34:19 +0200] "GET /ticket2/opencms/dk/buy/?page=1&edid=21864DD1-06B6-914E-55C3-EE8A66B7F27C&sortorder=desc&column=section HTTP/1.1" 200 70980
54.36.150.12 - - [13/Apr/2020:05:34:25 +0200] "GET /ticket2/opencms/ru/buy/?page=1&edid=72D5103D-5252-5D0E-5EEF-39FB0BB4BED9 HTTP/1.1" 200 70199
46.229.168.138 - - [13/Apr/2020:05:34:25 +0200] "GET /ticket2/opencms/robots.txt HTTP/1.1" 200 773
46.229.168.161 - - [13/Apr/2020:05:34:26 +0200] "GET /ticket2/opencms/en/buy/?column=row&edid=1C58C470-D3F9-186C-B32F-4F4A4C479079&page=1&sortorder=asc HTTP/1.1" 200 71866
72.14.199.148 - - [13/Apr/2020:05:34:26 +0200] "GET /ticket2/opencms/system/modules/com.gridnine.opencms.ticketbrokerage.site/resources/js/common-ajax.js HTTP/1.1" 200 20175
46.229.168.138 - - [13/Apr/2020:05:34:26 +0200] "GET /ticket2/opencms/robots.txt HTTP/1.1" 200 773
5.9.140.242 - - [13/Apr/2020:05:34:36 +0200] "GET /ticket2/opencms/dk/buy/?page=1&edid=267D7E7E-2B4B-B70E-FD3F-7E62B307BD16&sortorder=asc&column=section HTTP/1.1" 200 69285
173.208.157.186 - - [13/Apr/2020:05:34:41 +0200] "GET /ticket2/opencms/dk/buy/?page=1&edid=D671AA4B-F4FE-4377-0CEE-00CC26515A20&sortorder=desc&column=section HTTP/1.1" 200 69308
46.229.168.138 - - [13/Apr/2020:05:34:42 +0200] "GET /ticket2/opencms/nl/buy/?column=price&edid=6A6056BA-19AF-AC1A-2F7F-9B4602A4B6A3&page=1&sortorder=desc HTTP/1.1" 200 71521
46.229.168.136 - - [13/Apr/2020:05:34:47 +0200] "GET /ticket2/opencms/fi/buy/?column=row&edid=43FBDCC0-1021-1A5F-6A9F-86C612FC472E&page=1&sortorder=asc HTTP/1.1" 200 72097
46.229.168.150 - - [13/Apr/2020:05:34:47 +0200] "GET /ticket2/opencms/en/login/?url=%25252Fen%25252Fsell%25252F HTTP/1.1" 200 67300
216.245.221.82 - - [13/Apr/2020:05:34:54 +0200] "HEAD /ticket2/opencms/en/ HTTP/1.1" 200 -
46.229.168.142 - - [13/Apr/2020:05:34:57 +0200] "GET /ticket2/opencms/no/buy/?column=section&edid=641BEECB-F7D4-30E5-61C7-A9976E3D0361&page=1&sortorder=desc HTTP/1.1" 200 71460
192.99.4.168 - - [13/Apr/2020:05:34:58 +0200] "GET /ticket2/opencms/en/buy/?page=1&edid=B04F9C9F-0B5E-1B41-4BEE-8594CB1D3CAC&sortorder=asc&column=row HTTP/1.1" 200 71120
46.229.168.137 - - [13/Apr/2020:05:35:01 +0200] "GET /ticket2/opencms/en/buy/?catid=8AA488FA-6797-D710-8108-3088D6948FC1&comcatid=A17713B6-D984-201A-4143-ED4DB5ED5C2E&page=6 HTTP/1.1" 200 75664
192.99.15.199 - - [13/Apr/2020:05:35:03 +0200] "GET /ticket2/opencms/sv/buy/?page=1&edid=CA13B269-5EB2-5619-8870-07E80D27434D&sortorder=desc&column=row HTTP/1.1" 200 71557
5.9.70.72 - - [13/Apr/2020:05:35:04 +0200] "GET /ticket2/opencms/dk/buy/?page=1&edid=EA22A313-8EAF-86C7-31A1-A4D029D5E9C9&sortorder=asc&column=row HTTP/1.1" 200 70733
192.99.5.225 - - [13/Apr/2020:05:35:05 +0200] "GET /ticket2/opencms/sv/venue/?venueid=647BD788-7B05-E059-BBD3-E91B79E1D17A HTTP/1.1" 200 65447
72.14.199.148 - - [13/Apr/2020:05:35:05 +0200] "GET /ticket2/opencms/fi/ask-form.html HTTP/1.1" 200 3012
192.99.37.116 - - [13/Apr/2020:05:35:14 +0200] "GET /ticket2/opencms/fi/buy/?page=1&edid=6DF37A9E-22D9-513C-6DAE-4A3EAB281B73&sortorder=desc&column=section HTTP/1.1" 200 72497
67.225.220.120 - - [13/Apr/2020:05:35:19 +0200] "GET /ticket2/opencms/en/buy/?page=1&edid=ED81349D-86B2-C0F6-EF58-DEEDD0455CAC HTTP/1.1" 200 69212
46.229.168.142 - - [13/Apr/2020:05:35:21 +0200] "GET /ticket2/opencms/sv/buy/?edid=238BA976-8A36-F331-49F3-2B6F70416A65&page=1 HTTP/1.1" 200 71734
46.229.168.142 - - [13/Apr/2020:05:35:21 +0200] "GET /ticket2/opencms/no/buy/?column=section&edid=641BEECB-F7D4-30E5-61C7-A9976E3D0361&page=1&sortorder=desc HTTP/1.1" 200 71460
46.229.168.136 - - [13/Apr/2020:05:35:21 +0200] "GET /ticket2/opencms/nl/login/?url=%25252Fnl%25252Fsell%25252F HTTP/1.1" 200 66495
46.229.168.144 - - [13/Apr/2020:05:35:22 +0200] "GET /ticket2/opencms/nl/sport/voetbal-tickets/serie_a/napoli/ HTTP/1.1" 200 65227
144.76.7.79 - - [13/Apr/2020:05:35:26 +0200] "GET /ticket2/opencms/dk/buy/?page=1&edid=21A86BB8-64D8-CBA2-3B98-AF717437C3CC HTTP/1.1" 200 71141
46.229.168.137 - - [13/Apr/2020:05:35:26 +0200] "GET /ticket2/opencms/en/buy/?catid=8AA488FA-6797-D710-8108-3088D6948FC1&comcatid=A17713B6-D984-201A-4143-ED4DB5ED5C2E&page=6 HTTP/1.1" 200 75664
46.229.168.135 - - [13/Apr/2020:05:35:36 +0200] "GET /ticket2/opencms/sv/buy/?column=row&edid=7129CBF6-201C-EACF-0C4B-85B145E5B96A&page=1&sortorder=desc HTTP/1.1" 200 72219
5.9.140.242 - - [13/Apr/2020:05:35:37 +0200] "GET /ticket2/opencms/dk/buy/?page=1&edid=2726D1A4-E82E-5B8F-1A2A-9D68D5495BFB&sortorder=asc&column=price HTTP/1.1" 200 69298
46.229.168.132 - - [13/Apr/2020:05:35:37 +0200] "GET /ticket2/opencms/sv/sell/?edid=A7645FE8-0CC9-5772-44BF-2E3DB97A6070 HTTP/1.1" 302 -
173.208.157.186 - - [13/Apr/2020:05:35:37 +0200] "GET /ticket2/opencms/dk/buy/?page=1&edid=D6B51F92-7F42-35FF-B701-6773C358DBC4&sortorder=asc&column=price HTTP/1.1" 200 71915
46.229.168.161 - - [13/Apr/2020:05:35:42 +0200] "GET /ticket2/opencms/en/buy/?column=row&edid=1C58C470-D3F9-186C-B32F-4F4A4C479079&page=1&sortorder=asc HTTP/1.1" 200 71866
192.99.4.168 - - [13/Apr/2020:05:35:42 +0200] "GET /ticket2/opencms/en/buy/?page=1&edid=B04F9C9F-0B5E-1B41-4BEE-8594CB1D3CAC&sortorder=asc&column=section HTTP/1.1" 200 71120
54.36.150.178 - - [13/Apr/2020:05:35:42 +0200] "GET /ticket2/opencms/ru/buy/?page=1&edid=7A3FA477-85FC-B8DC-D245-B224FB4AD223 HTTP/1.1" 200 70205
173.208.157.186 - - [13/Apr/2020:05:35:43 +0200] "GET /ticket2/opencms/dk/buy/?page=1&edid=D6B51F92-7F42-35FF-B701-6773C358DBC4&sortorder=asc&column=row HTTP/1.1" 200 71915
66.249.68.19 - - [13/Apr/2020:05:35:52 +0200] "GET /ticket2/opencms/fi/urheilu/jalkapallo/ligue_1/ HTTP/1.1" 200 72603
192.99.15.199 - - [13/Apr/2020:05:35:53 +0200] "GET /ticket2/opencms/sv/buy/?page=1&edid=CA13B269-5EB2-5619-8870-07E80D27434D&sortorder=desc&column=section HTTP/1.1" 200 71557
192.99.5.225 - - [13/Apr/2020:05:35:53 +0200] "GET /ticket2/opencms/sv/venue/?venueid=66310A18-45F7-A89D-BD9F-A3196DFA666D HTTP/1.1" 200 65461
5.9.140.242 - - [13/Apr/2020:05:35:57 +0200] "GET /ticket2/opencms/dk/buy/?page=1&edid=2726D1A4-E82E-5B8F-1A2A-9D68D5495BFB&sortorder=asc&column=section HTTP/1.1" 200 69298
46.229.168.139 - - [13/Apr/2020:05:35:57 +0200] "GET /ticket2/opencms/sv/buy/?column=price&edid=3CC669F6-0C63-5743-F1E5-8F5E9C2AB45D&page=1&sortorder=desc HTTP/1.1" 200 70889
46.229.168.142 - - [13/Apr/2020:05:36:00 +0200] "GET /ticket2/opencms/sv/buy/?edid=238BA976-8A36-F331-49F3-2B6F70416A65&page=1 HTTP/1.1" 200 71734
173.208.157.186 - - [13/Apr/2020:05:36:05 +0200] "GET /ticket2/opencms/dk/buy/?page=1&edid=D6B51F92-7F42-35FF-B701-6773C358DBC4&sortorder=asc&column=section HTTP/1.1" 200 71915
5.9.70.72 - - [13/Apr/2020:05:36:05 +0200] "GET /ticket2/opencms/dk/buy/?page=1&edid=F820E6E8-08EB-7308-36DD-F8C38F8FB7F4&sortorder=asc&column=price HTTP/1.1" 200 69318
54.36.148.232 - - [13/Apr/2020:05:36:05 +0200] "GET /ticket2/opencms/ HTTP/1.1" 302 -
46.229.168.135 - - [13/Apr/2020:05:36:14 +0200] "GET /ticket2/opencms/sv/buy/?column=row&edid=7129CBF6-201C-EACF-0C4B-85B145E5B96A&page=1&sortorder=desc HTTP/1.1" 200 72219
192.99.37.116 - - [13/Apr/2020:05:36:15 +0200] "GET /ticket2/opencms/fi/buy/?page=1&edid=6DFD8F8B-B309-A5E8-A530-959D20F8D336&sortorder=desc&column=price HTTP/1.1" 200 72049
67.225.220.120 - - [13/Apr/2020:05:36:16 +0200] "GET /ticket2/opencms/en/buy/?page=1&edid=E5717319-73D8-DE0E-B7AA-AA889F763447 HTTP/1.1" 200 71151
67.225.220.120 - - [13/Apr/2020:05:36:16 +0200] "GET /ticket2/opencms/en/buy/?page=1&edid=1D56AF1A-7D6E-030F-ACD4-88928B4A029A HTTP/1.1" 200 69227
46.229.168.132 - - [13/Apr/2020:05:36:16 +0200] "GET /ticket2/opencms/sv/sell/?edid=A7645FE8-0CC9-5772-44BF-2E3DB97A6070 HTTP/1.1" 302 -
192.99.4.168 - - [13/Apr/2020:05:36:19 +0200] "GET /ticket2/opencms/en/buy/?page=1&edid=B0B70E5A-B67E-70BD-7774-60314068D0D1&sortorder=asc&column=price HTTP/1.1" 200 70686
46.229.168.139 - - [13/Apr/2020:05:36:20 +0200] "GET /ticket2/opencms/sv/buy/?column=section&edid=679592A4-F209-DF56-5774-383426253C85&page=1&sortorder=asc HTTP/1.1" 200 70878
192.99.15.199 - - [13/Apr/2020:05:36:21 +0200] "GET /ticket2/opencms/sv/buy/?page=1&edid=CFE1ACC1-EEB0-7819-3B31-5885A0D8724F&sortorder=asc&column=price HTTP/1.1" 200 71355
66.249.79.87 - - [13/Apr/2020:05:36:21 +0200] "GET /ticket2/opencms/set_aff_cookie.jsp?partner=CB5C1FDF-20CB-5842-DF85-F71A926EC804&url=%2Fen%2Fbuy%2Findex.html%3Fpage%3D1%26edid%3DBAB6F3FC-ACBF-25D4-C354-1BB75EC7FF7F%26hlv%3D5dea403c-39ac-4e23-adb7-24e60a01000f%23v1377680388 HTTP/1.1" 200 225
46.229.168.147 - - [13/Apr/2020:05:36:21 +0200] "GET /ticket2/opencms/dk/buy/?column=price&edid=AB91963E-A7D7-C3DA-E3EB-5CCCC4025944&page=1&sortorder=desc HTTP/1.1" 200 71178
144.76.7.79 - - [13/Apr/2020:05:36:28 +0200] "GET /ticket2/opencms/dk/buy/?page=1&edid=21A86BB8-64D8-CBA2-3B98-AF717437C3CC&sortorder=asc&column=price HTTP/1.1" 200 71177
46.229.168.139 - - [13/Apr/2020:05:36:31 +0200] "GET /ticket2/opencms/sv/buy/?column=price&edid=3CC669F6-0C63-5743-F1E5-8F5E9C2AB45D&page=1&sortorder=desc HTTP/1.1" 200 70889
46.229.168.139 - - [13/Apr/2020:05:36:35 +0200] "GET /ticket2/opencms/en/buy/?column=price&edid=C0E47183-9E04-397D-4EA3-DF57D3D08EA0&page=1&sortorder=desc HTTP/1.1" 200 72439
46.229.168.161 - - [13/Apr/2020:05:36:40 +0200] "GET /ticket2/opencms/sv/buy/?column=row&edid=A53DD4D4-5550-1BDF-998A-437CE126B517&page=1&sortorder=desc HTTP/1.1" 200 69480
5.9.140.242 - - [13/Apr/2020:05:36:46 +0200] "GET /ticket2/opencms/dk/buy/?page=1&edid=2780A5A8-28E9-C64D-652F-2BFB7602C631&sortorder=asc&column=price HTTP/1.1" 200 72500
173.208.157.186 - - [13/Apr/2020:05:36:54 +0200] "GET /ticket2/opencms/dk/buy/?page=1&edid=D6B51F92-7F42-35FF-B701-6773C358DBC4&sortorder=desc&column=price HTTP/1.1" 200 71914
192.99.37.116 - - [13/Apr/2020:05:36:54 +0200] "GET /ticket2/opencms/fi/buy/?page=1&edid=6DFD8F8B-B309-A5E8-A530-959D20F8D336&sortorder=desc&column=row HTTP/1.1" 200 72049
46.229.168.152 - - [13/Apr/2020:05:36:54 +0200] "GET /ticket2/opencms/sv/buy/?catid=2CCC191C-F37F-B9CA-D41C-1204E575B328&comcatid=97ECA65A-72DA-F9AF-9DBB-245D3CFED1BE HTTP/1.1" 200 70631
46.229.168.153 - - [13/Apr/2020:05:36:55 +0200] "GET /ticket2/opencms/en/buy/?edid=D61D354B-F215-E04D-E63F-DA7A292BF693&page=1 HTTP/1.1" 200 71295
204.12.226.26 - - [13/Apr/2020:05:36:56 +0200] "GET /ticket2/opencms/fi/buy/?page=1&edid=CF8182D8-B9D0-5E9A-7104-23E69EAA2FEA HTTP/1.1" 200 72049
5.9.140.242 - - [13/Apr/2020:05:36:56 +0200] "GET /ticket2/opencms/dk/buy/?page=1&edid=2726D1A4-E82E-5B8F-1A2A-9D68D5495BFB&sortorder=desc&column=row HTTP/1.1" 200 69297
46.229.168.146 - - [13/Apr/2020:05:36:58 +0200] "GET /ticket2/opencms/fi/buy/?edid=BB786D37-9A63-734D-1EB8-BE43F552023D&page=1 HTTP/1.1" 200 73807
192.99.5.225 - - [13/Apr/2020:05:36:58 +0200] "GET /ticket2/opencms/sv/venue/?venueid=66CAA8A1-0259-F3AA-7522-0F138635803F HTTP/1.1" 200 65449
46.229.168.142 - - [13/Apr/2020:05:36:59 +0200] "GET /ticket2/opencms/nl/buy/?column=price&edid=BCCE5493-7F07-107D-7782-B1E85DBB415D&page=1&sortorder=asc HTTP/1.1" 200 68322
204.12.226.26 - - [13/Apr/2020:05:37:00 +0200] "GET /ticket2/opencms/fi/buy/?page=1&edid=CF8182D8-B9D0-5E9A-7104-23E69EAA2FEA&sortorder=asc&column=price HTTP/1.1" 200 72085
46.229.168.147 - - [13/Apr/2020:05:37:07 +0200] "GET /ticket2/opencms/dk/buy/?column=price&edid=AB91963E-A7D7-C3DA-E3EB-5CCCC4025944&page=1&sortorder=desc HTTP/1.1" 200 71178
95.163.255.183 - - [13/Apr/2020:05:37:07 +0200] "GET /ticket2/opencms/robots.txt HTTP/1.0" 200 773
216.245.221.82 - - [13/Apr/2020:05:37:11 +0200] "GET /ticket2/opencms/en/ HTTP/1.1" 200 71871
66.249.79.149 - - [13/Apr/2020:05:37:11 +0200] "GET /ticket2/opencms/fi/venue/?venueid=03CDE5C1-6C85-4333-AD6E-F14ADEB9C5AB HTTP/1.1" 200 66436
46.229.168.139 - - [13/Apr/2020:05:37:14 +0200] "GET /ticket2/opencms/en/buy/?column=price&edid=C0E47183-9E04-397D-4EA3-DF57D3D08EA0&page=1&sortorder=desc HTTP/1.1" 200 72439
46.229.168.130 - - [13/Apr/2020:05:37:19 +0200] "GET /ticket2/opencms/dk/buy/?column=price&edid=556D8185-2C7D-1D55-B8E3-986EC0CA0CD9&page=1&sortorder=asc HTTP/1.1" 200 71213
46.229.168.152 - - [13/Apr/2020:05:37:19 +0200] "GET /ticket2/opencms/nl/buy/?catid=465306FD-802C-5175-10FF-40E426DD2769&comcatid=0A6B8208-FDA4-E929-9D72-5312FD481B76 HTTP/1.1" 200 68367
204.12.226.26 - - [13/Apr/2020:05:37:22 +0200] "GET /ticket2/opencms/fi/buy/?page=1&edid=CF8182D8-B9D0-5E9A-7104-23E69EAA2FEA&sortorder=asc&column=section HTTP/1.1" 200 72085
46.229.168.139 - - [13/Apr/2020:05:37:24 +0200] "GET /ticket2/opencms/no/buy/?column=section&edid=FCDEE0D5-8A78-E67A-3598-6D8F08248119&page=1&sortorder=asc HTTP/1.1" 200 71875
5.9.140.242 - - [13/Apr/2020:05:37:25 +0200] "GET /ticket2/opencms/dk/buy/?page=1&edid=2780A5A8-28E9-C64D-652F-2BFB7602C631&sortorder=asc&column=row HTTP/1.1" 200 72500
192.99.4.168 - - [13/Apr/2020:05:37:26 +0200] "GET /ticket2/opencms/en/buy/?page=1&edid=B0B70E5A-B67E-70BD-7774-60314068D0D1&sortorder=asc&column=row HTTP/1.1" 200 70686
95.163.255.192 - - [13/Apr/2020:05:37:26 +0200] "GET /ticket2/opencms/ru/sport/ HTTP/1.1" 200 73791
46.229.168.153 - - [13/Apr/2020:05:37:26 +0200] "GET /ticket2/opencms/en/buy/?edid=D61D354B-F215-E04D-E63F-DA7A292BF693&page=1 HTTP/1.1" 200 71295
173.208.157.186 - - [13/Apr/2020:05:37:29 +0200] "GET /ticket2/opencms/dk/buy/?page=1&edid=D6B51F92-7F42-35FF-B701-6773C358DBC4&sortorder=desc&column=row HTTP/1.1" 200 71914
192.99.15.199 - - [13/Apr/2020:05:37:34 +0200] "GET /ticket2/opencms/sv/buy/?page=1&edid=CFE1ACC1-EEB0-7819-3B31-5885A0D8724F&sortorder=asc&column=row HTTP/1.1" 200 71355
144.76.7.79 - - [13/Apr/2020:05:37:35 +0200] "GET /ticket2/opencms/dk/buy/?page=1&edid=21A86BB8-64D8-CBA2-3B98-AF717437C3CC&sortorder=asc&column=section HTTP/1.1" 200 71177
46.229.168.163 - - [13/Apr/2020:05:37:37 +0200] "GET /ticket2/opencms/en/buy/?edid=5C822312-AD78-519B-498C-5A897678D6CE&page=1 HTTP/1.1" 200 71049
192.99.37.116 - - [13/Apr/2020:05:37:53 +0200] "GET /ticket2/opencms/fi/buy/?page=1&edid=6DFD8F8B-B309-A5E8-A530-959D20F8D336&sortorder=desc&column=section HTTP/1.1" 200 72049
5.9.140.242 - - [13/Apr/2020:05:37:58 +0200] "GET /ticket2/opencms/dk/buy/?page=1&edid=2780A5A8-28E9-C64D-652F-2BFB7602C631&sortorder=asc&column=section HTTP/1.1" 200 72500
192.99.5.225 - - [13/Apr/2020:05:37:59 +0200] "GET /ticket2/opencms/sv/venue/?venueid=6715D129-7F99-046D-7040-DEB649AA3A0C HTTP/1.1" 200 65480
204.12.226.26 - - [13/Apr/2020:05:38:03 +0200] "GET /ticket2/opencms/fi/buy/?page=1&edid=CF8182D8-B9D0-5E9A-7104-23E69EAA2FEA&sortorder=desc&column=price HTTP/1.1" 200 72084
173.208.157.186 - - [13/Apr/2020:05:38:12 +0200] "GET /ticket2/opencms/dk/buy/?page=1&edid=D7034D7E-B33E-22C0-30B0-254A4071E831&sortorder=desc&column=price HTTP/1.1" 200 69345
46.229.168.133 - - [13/Apr/2020:05:38:14 +0200] "GET /ticket2/opencms/sv/buy/?edid=89D89E9E-8D04-F641-B1B5-F18BACE2A9FB&page=1 HTTP/1.1" 200 69437
114.119.161.131 - - [13/Apr/2020:05:38:16 +0200] "GET /ticket2/opencms/fi/buy/?page=1&edid=EA6DAAD2-200A-052A-B4F6-5898239F72D4&sortorder=asc&column=section HTTP/1.1" 200 72509
46.229.168.145 - - [13/Apr/2020:05:38:18 +0200] "GET /ticket2/opencms/nl/buy/?edid=B5487927-5D9E-47A1-7B61-6B84BE8D3FED&page=1 HTTP/1.1" 200 71454
196.52.84.5 - - [13/Apr/2020:05:38:18 +0200] "GET /ticket2/opencms/en/standard/ HTTP/1.0" 200 78408
192.99.4.168 - - [13/Apr/2020:05:38:21 +0200] "GET /ticket2/opencms/en/buy/?page=1&edid=B0B70E5A-B67E-70BD-7774-60314068D0D1&sortorder=desc&column=section HTTP/1.1" 200 70685
144.76.7.79 - - [13/Apr/2020:05:38:26 +0200] "GET /ticket2/opencms/dk/buy/?page=1&edid=21A86BB8-64D8-CBA2-3B98-AF717437C3CC&sortorder=desc&column=price HTTP/1.1" 200 71176
192.99.15.199 - - [13/Apr/2020:05:38:26 +0200] "GET /ticket2/opencms/sv/buy/?page=1&edid=CFE1ACC1-EEB0-7819-3B31-5885A0D8724F&sortorder=asc&column=section HTTP/1.1" 200 71355
46.229.168.140 - - [13/Apr/2020:05:38:29 +0200] "GET /ticket2/opencms/en/buy/?column=section&edid=38B35C60-3642-D9FF-D23B-B799877F4C81&page=1&sortorder=desc HTTP/1.1" 200 69271
54.36.148.140 - - [13/Apr/2020:05:38:30 +0200] "GET /ticket2/opencms/fi/buy/?page=1&edid=96AC909E-5B9B-2325-5C76-5EFEF9923C58 HTTP/1.1" 200 72487
46.229.168.148 - - [13/Apr/2020:05:38:32 +0200] "GET /ticket2/opencms/sv/buy/?column=section&edid=6EE67C79-47B0-3BFF-FB3B-A7C2DD158FA7&page=1&sortorder=asc HTTP/1.1" 200 71344
204.12.226.26 - - [13/Apr/2020:05:38:39 +0200] "GET /ticket2/opencms/fi/buy/?page=1&edid=CF8182D8-B9D0-5E9A-7104-23E69EAA2FEA&sortorder=desc&column=section HTTP/1.1" 200 72084
173.208.157.186 - - [13/Apr/2020:05:38:39 +0200] "GET /ticket2/opencms/dk/buy/?page=1&edid=D8086CE4-ACF7-AAFD-046B-ED06E1A079AF&sortorder=desc&column=section HTTP/1.1" 200 71444
157.55.39.12 - - [13/Apr/2020:05:38:47 +0200] "GET /ticket2/opencms/dk/buy/?page=1&edid=C2E2A345-1805-9628-50E3-0D8B812CD139 HTTP/1.1" 200 69272
196.52.84.5 - - [13/Apr/2020:05:38:47 +0200] "GET /ticket2/opencms/en/standard/ HTTP/1.0" 200 78408
46.229.168.132 - - [13/Apr/2020:05:38:59 +0200] "GET /ticket2/opencms/ru/buy/?column=section&edid=33B4D21A-76B6-3B7A-0CFB-A0A3BAC27DB5&page=1&sortorder=asc HTTP/1.1" 200 72190
192.99.37.116 - - [13/Apr/2020:05:39:00 +0200] "GET /ticket2/opencms/fi/buy/?page=1&edid=6EA9C6C1-4A98-9DDB-09DD-280525870AC5&sortorder=asc&column=price HTTP/1.1" 200 73382
192.99.5.225 - - [13/Apr/2020:05:39:00 +0200] "GET /ticket2/opencms/sv/venue/?venueid=67DA257D-26D2-0E2E-4524-14E8E3D430E4 HTTP/1.1" 200 65423
46.229.168.148 - - [13/Apr/2020:05:39:08 +0200] "GET /ticket2/opencms/sv/buy/?column=section&edid=6EE67C79-47B0-3BFF-FB3B-A7C2DD158FA7&page=1&sortorder=asc HTTP/1.1" 200 71344
46.229.168.144 - - [13/Apr/2020:05:39:09 +0200] "GET /ticket2/opencms/sv/buy/?column=price&edid=A18B7AA2-BC88-9685-D882-F3ACFA423D12&page=1&sortorder=desc HTTP/1.1" 200 69483
46.229.168.133 - - [13/Apr/2020:05:39:12 +0200] "GET /ticket2/opencms/sv/buy/?edid=89D89E9E-8D04-F641-B1B5-F18BACE2A9FB&page=1 HTTP/1.1" 200 69437
204.12.226.26 - - [13/Apr/2020:05:39:14 +0200] "GET /ticket2/opencms/fi/buy/?page=1&edid=CFC2AA71-77AF-B6F9-E3AC-B5C5B74CC33A&sortorder=desc&column=price HTTP/1.1" 200 72282
192.99.4.168 - - [13/Apr/2020:05:39:15 +0200] "GET /ticket2/opencms/en/buy/?page=1&edid=B36BDAB4-5EB1-A013-C6F6-87527CDF5E2D&sortorder=desc&column=price HTTP/1.1" 200 71092
67.225.220.120 - - [13/Apr/2020:05:39:17 +0200] "GET /ticket2/opencms/sv/buy/?page=1&edid=24A282BA-CC6E-1C13-AE23-912C708E8D54 HTTP/1.1" 200 71539
46.229.168.140 - - [13/Apr/2020:05:39:18 +0200] "GET /ticket2/opencms/en/buy/?column=section&edid=38B35C60-3642-D9FF-D23B-B799877F4C81&page=1&sortorder=desc HTTP/1.1" 200 69271
196.52.84.5 - - [13/Apr/2020:05:39:18 +0200] "POST /ticket2/opencms/en/standard/ HTTP/1.0" 200 79690
46.229.168.150 - - [13/Apr/2020:05:39:19 +0200] "GET /ticket2/opencms/nl/buy/?catid=5A89E483-58AD-080E-F363-E16CE738916A&comcatid=A17713B6-D984-201A-4143-ED4DB5ED5C2E&eventid=8F215879-63BE-AF17-01A8-B4E3BBBD343D&page=6 HTTP/1.1" 200 74894
144.76.7.79 - - [13/Apr/2020:05:39:27 +0200] "GET /ticket2/opencms/dk/buy/?page=1&edid=21A86BB8-64D8-CBA2-3B98-AF717437C3CC&sortorder=desc&column=row HTTP/1.1" 200 71176
5.9.140.242 - - [13/Apr/2020:05:39:28 +0200] "GET /ticket2/opencms/dk/buy/?page=1&edid=2780A5A8-28E9-C64D-652F-2BFB7602C631&sortorder=desc&column=price HTTP/1.1" 200 72499
46.229.168.145 - - [13/Apr/2020:05:39:28 +0200] "GET /ticket2/opencms/nl/sport/voetbal-tickets/serie_a/ HTTP/1.1" 200 69718
54.36.148.32 - - [13/Apr/2020:05:39:35 +0200] "GET /ticket2/opencms/dk/search.html?searchQuery=chelsea&submit= HTTP/1.1" 200 97967
46.229.168.144 - - [13/Apr/2020:05:39:39 +0200] "GET /ticket2/opencms/sv/buy/?column=price&edid=A18B7AA2-BC88-9685-D882-F3ACFA423D12&page=1&sortorder=desc HTTP/1.1" 200 69483
5.9.140.242 - - [13/Apr/2020:05:39:43 +0200] "GET /ticket2/opencms/dk/buy/?page=1&edid=2780A5A8-28E9-C64D-652F-2BFB7602C631&sortorder=desc&column=row HTTP/1.1" 200 72499
46.229.168.134 - - [13/Apr/2020:05:39:48 +0200] "GET /ticket2/opencms/dk/buy/?column=row&edid=97A6F983-CE12-526E-2DF4-50C758C31A49&page=1&sortorder=asc HTTP/1.1" 200 71645
46.229.168.149 - - [13/Apr/2020:05:39:49 +0200] "GET /ticket2/opencms/fi/buy/?column=section&edid=49C08FA0-ED06-3265-70AE-3BEE76F3DD9E&page=1&sortorder=asc HTTP/1.1" 200 72308
192.99.15.199 - - [13/Apr/2020:05:39:52 +0200] "GET /ticket2/opencms/sv/buy/?page=1&edid=D0C0BBA9-AE8D-E0E2-57CD-EF4F8F9B1521&sortorder=desc&column=price HTTP/1.1" 200 71578
46.229.168.130 - - [13/Apr/2020:05:39:52 +0200] "GET /ticket2/opencms/sites/ticketbrokerage/sv/buy/?edid=4FAF26A5-8F25-F9C7-D181-55FAC7C09D60&page=1 HTTP/1.1" 404 -
192.99.5.225 - - [13/Apr/2020:05:39:52 +0200] "GET /ticket2/opencms/sv/venue/?venueid=689B24E3-EC07-27D9-31E9-D3BC81562DCF HTTP/1.1" 200 65447
144.76.7.79 - - [13/Apr/2020:05:39:55 +0200] "GET /ticket2/opencms/dk/buy/?page=1&edid=21A86BB8-64D8-CBA2-3B98-AF717437C3CC&sortorder=desc&column=section HTTP/1.1" 200 71176
5.9.70.72 - - [13/Apr/2020:05:39:59 +0200] "GET /ticket2/opencms/fi/buy/?page=1&edid=1B60BEE4-B5C3-315B-4A97-0C0CA8AE813C&sortorder=asc&column=price HTTP/1.1" 200 70640
204.12.226.26 - - [13/Apr/2020:05:40:03 +0200] "GET /ticket2/opencms/fi/buy/?page=1&edid=CFC2AA71-77AF-B6F9-E3AC-B5C5B74CC33A&sortorder=desc&column=row HTTP/1.1" 200 72282
46.229.168.161 - - [13/Apr/2020:05:40:07 +0200] "GET /ticket2/opencms/en/buy/?column=section&edid=EA6DAAD2-200A-052A-B4F6-5898239F72D4&page=1&sortorder=desc HTTP/1.1" 200 71109
46.229.168.149 - - [13/Apr/2020:05:40:18 +0200] "GET /ticket2/opencms/fi/buy/?column=section&edid=49C08FA0-ED06-3265-70AE-3BEE76F3DD9E&page=1&sortorder=asc HTTP/1.1" 200 72308
192.99.37.116 - - [13/Apr/2020:05:40:22 +0200] "GET /ticket2/opencms/fi/buy/?page=1&edid=6EA9C6C1-4A98-9DDB-09DD-280525870AC5&sortorder=asc&column=section HTTP/1.1" 200 73382
192.99.15.199 - - [13/Apr/2020:05:40:23 +0200] "GET /ticket2/opencms/sv/buy/?page=1&edid=D0C0BBA9-AE8D-E0E2-57CD-EF4F8F9B1521&sortorder=desc&column=row HTTP/1.1" 200 71578
46.229.168.142 - - [13/Apr/2020:05:40:27 +0200] "GET /ticket2/opencms/no/buy/?column=row&edid=523501E5-3030-71B1-ED39-97EA81BD353D&page=1&sortorder=desc HTTP/1.1" 200 71904
216.244.66.238 - - [13/Apr/2020:05:40:27 +0200] "GET /ticket2/opencms/sv/sport/fotbollsbiljetter/serie_a/sampdoria/ HTTP/1.1" 200 67789
192.99.4.168 - - [13/Apr/2020:05:40:31 +0200] "GET /ticket2/opencms/en/buy/?page=1&edid=B36BDAB4-5EB1-A013-C6F6-87527CDF5E2D&sortorder=desc&column=row HTTP/1.1" 200 71092
5.9.70.72 - - [13/Apr/2020:05:40:34 +0200] "GET /ticket2/opencms/fi/buy/?page=1&edid=1B60BEE4-B5C3-315B-4A97-0C0CA8AE813C&sortorder=asc&column=row HTTP/1.1" 200 70640
204.12.226.26 - - [13/Apr/2020:05:40:38 +0200] "GET /ticket2/opencms/fi/buy/?page=1&edid=CFC2AA71-77AF-B6F9-E3AC-B5C5B74CC33A&sortorder=desc&column=section HTTP/1.1" 200 72282
46.229.168.129 - - [13/Apr/2020:05:40:41 +0200] "GET /ticket2/opencms/fi/buy/?edid=1FD00E9B-3A03-E379-9B08-FF7D16F1A6A6&page=1 HTTP/1.1" 200 72537
69.171.251.10 - - [13/Apr/2020:05:40:41 +0200] "GET /ticket2/opencms/?fbclid=IwAR0DpS7MuMx0cvCdo64QqrtQim9X8-ZADbGbNXO5pEWFHOhxjj9yhHRM3Ec HTTP/1.1" 302 -
67.225.220.120 - - [13/Apr/2020:05:40:46 +0200] "GET /ticket2/opencms/en/buy/?page=1&edid=C0FFA6FD-32FA-9A10-CB6E-3A2F4E87A6FA HTTP/1.1" 200 70847
46.229.168.161 - - [13/Apr/2020:05:40:57 +0200] "GET /ticket2/opencms/en/buy/?column=section&edid=EA6DAAD2-200A-052A-B4F6-5898239F72D4&page=1&sortorder=desc HTTP/1.1" 200 71109
144.76.7.79 - - [13/Apr/2020:05:41:06 +0200] "GET /ticket2/opencms/dk/buy/?page=1&edid=21AF03A2-2F1D-66D0-BFA2-40F5742741D8 HTTP/1.1" 200 70698
5.9.140.242 - - [13/Apr/2020:05:41:10 +0200] "GET /ticket2/opencms/dk/buy/?page=1&edid=27A86D6D-4361-DE9B-1D01-A471A84202BD&sortorder=asc&column=price HTTP/1.1" 200 69290
46.229.168.143 - - [13/Apr/2020:05:41:12 +0200] "GET /ticket2/opencms/fi/buy/?column=price&edid=5E394636-BF24-8546-4F48-C95E49B131BE&page=1&sortorder=asc HTTP/1.1" 200 72730
46.229.168.142 - - [13/Apr/2020:05:41:14 +0200] "GET /ticket2/opencms/no/buy/?column=row&edid=523501E5-3030-71B1-ED39-97EA81BD353D&page=1&sortorder=desc HTTP/1.1" 200 71904
54.36.150.116 - - [13/Apr/2020:05:41:16 +0200] "GET /ticket2/opencms/sv/buy/?page=1&edid=43D88884-7748-D9CD-309C-B4C043F1EC3C HTTP/1.1" 200 70847
192.99.5.225 - - [13/Apr/2020:05:41:25 +0200] "GET /ticket2/opencms/sv/venue/?venueid=696CF794-7D31-9FC6-0B42-8ABB3E78F390 HTTP/1.1" 200 66033
54.36.148.205 - - [13/Apr/2020:05:41:25 +0200] "GET /ticket2/opencms/robots.txt HTTP/1.1" 200 773
46.229.168.148 - - [13/Apr/2020:05:41:29 +0200] "GET /ticket2/opencms/sv/sport/fotbollsbiljetter/bundesliga/bayern-munchen/ HTTP/1.1" 200 71213
192.99.4.168 - - [13/Apr/2020:05:41:31 +0200] "GET /ticket2/opencms/en/buy/?page=1&edid=B36BDAB4-5EB1-A013-C6F6-87527CDF5E2D&sortorder=desc&column=section HTTP/1.1" 200 71092
204.12.226.26 - - [13/Apr/2020:05:41:35 +0200] "GET /ticket2/opencms/fi/buy/?page=1&edid=D14E786C-C869-8112-70DA-17875583047D&sortorder=asc&column=price HTTP/1.1" 200 70613
5.9.140.242 - - [13/Apr/2020:05:41:36 +0200] "GET /ticket2/opencms/dk/buy/?page=1&edid=27A86D6D-4361-DE9B-1D01-A471A84202BD&sortorder=asc&column=row HTTP/1.1" 200 69290
5.9.70.72 - - [13/Apr/2020:05:41:38 +0200] "GET /ticket2/opencms/fi/buy/?page=1&edid=1B60BEE4-B5C3-315B-4A97-0C0CA8AE813C&sortorder=asc&column=section HTTP/1.1" 200 70640
192.99.15.199 - - [13/Apr/2020:05:41:48 +0200] "GET /ticket2/opencms/sv/buy/?page=1&edid=D0C0BBA9-AE8D-E0E2-57CD-EF4F8F9B1521&sortorder=desc&column=section HTTP/1.1" 200 71578
192.99.37.116 - - [13/Apr/2020:05:41:49 +0200] "GET /ticket2/opencms/fi/buy/?page=1&edid=6EA9C6C1-4A98-9DDB-09DD-280525870AC5&sortorder=desc&column=price HTTP/1.1" 200 73381
46.229.168.148 - - [13/Apr/2020:05:41:51 +0200] "GET /ticket2/opencms/dk/buy/?column=row&edid=EAC4C962-551C-BF6F-C642-D440AD7943F5&page=1&sortorder=asc HTTP/1.1" 200 72534
46.229.168.153 - - [13/Apr/2020:05:41:51 +0200] "GET /ticket2/opencms/sv/buy/?column=section&edid=D671AA4B-F4FE-4377-0CEE-00CC26515A20&page=1&sortorder=desc HTTP/1.1" 200 69479
216.245.221.82 - - [13/Apr/2020:05:41:54 +0200] "HEAD /ticket2/opencms/ HTTP/1.1" 302 -
54.36.148.154 - - [13/Apr/2020:05:42:00 +0200] "GET /ticket2/opencms/fi/venue/?venueid=119E4BA1-98C5-E36E-192F-2176B379FB25 HTTP/1.1" 200 66430
46.229.168.134 - - [13/Apr/2020:05:42:00 +0200] "GET /ticket2/opencms/sv/sport/fotbollsbiljetter/ligue_1/bordeaux/ HTTP/1.1" 200 66976
67.225.220.120 - - [13/Apr/2020:05:42:00 +0200] "GET /ticket2/opencms/en/buy/?page=1&edid=9C4836A1-BD2A-4D85-1156-08B8E0333D34 HTTP/1.1" 200 71076
192.99.5.225 - - [13/Apr/2020:05:42:00 +0200] "GET /ticket2/opencms/sv/venue/?venueid=69923349-A528-C93F-2999-4DA35CF7FB58 HTTP/1.1" 200 65485
67.225.220.120 - - [13/Apr/2020:05:42:02 +0200] "GET /ticket2/opencms/sv/buy/?page=1&edid=33B4D21A-76B6-3B7A-0CFB-A0A3BAC27DB5 HTTP/1.1" 200 71314
54.36.149.105 - - [13/Apr/2020:05:42:04 +0200] "GET /ticket2/opencms/ru/buy/?page=1&edid=9FFDAC01-B0FC-4CC8-75F3-62FF03E006BC HTTP/1.1" 200 72313
46.229.168.129 - - [13/Apr/2020:05:42:08 +0200] "GET /ticket2/opencms/fi/buy/?edid=1FD00E9B-3A03-E379-9B08-FF7D16F1A6A6&page=1 HTTP/1.1" 200 72537
46.229.168.132 - - [13/Apr/2020:05:42:10 +0200] "GET /ticket2/opencms/sv/sport/fotbollsbiljetter/english-championship/sheffield-united/ HTTP/1.1" 200 69281
192.99.37.116 - - [13/Apr/2020:05:42:16 +0200] "GET /ticket2/opencms/fi/buy/?page=1&edid=6EA9C6C1-4A98-9DDB-09DD-280525870AC5&sortorder=desc&column=row HTTP/1.1" 200 73381
192.99.15.199 - - [13/Apr/2020:05:42:16 +0200] "GET /ticket2/opencms/sv/buy/?page=1&edid=D107AF81-2625-16F6-4945-BFED75601468&sortorder=desc&column=row HTTP/1.1" 200 70933
204.12.226.26 - - [13/Apr/2020:05:42:18 +0200] "GET /ticket2/opencms/fi/buy/?page=1&edid=D14E786C-C869-8112-70DA-17875583047D&sortorder=asc&column=row HTTP/1.1" 200 70613
5.9.140.242 - - [13/Apr/2020:05:42:18 +0200] "GET /ticket2/opencms/dk/buy/?page=1&edid=27A86D6D-4361-DE9B-1D01-A471A84202BD&sortorder=asc&column=section HTTP/1.1" 200 69290
46.229.168.148 - - [13/Apr/2020:05:42:19 +0200] "GET /ticket2/opencms/sv/sport/fotbollsbiljetter/bundesliga/bayern-munchen/ HTTP/1.1" 200 71213
144.76.7.79 - - [13/Apr/2020:05:42:27 +0200] "GET /ticket2/opencms/dk/buy/?page=1&edid=21AF03A2-2F1D-66D0-BFA2-40F5742741D8&sortorder=asc&column=price HTTP/1.1" 200 70734
192.99.4.168 - - [13/Apr/2020:05:42:38 +0200] "GET /ticket2/opencms/en/buy/?page=1&edid=B842CED4-C1DE-506F-90DF-3CC307E2FC4A&sortorder=asc&column=row HTTP/1.1" 200 69253
46.229.168.148 - - [13/Apr/2020:05:42:38 +0200] "GET /ticket2/opencms/dk/buy/?column=row&edid=EAC4C962-551C-BF6F-C642-D440AD7943F5&page=1&sortorder=asc HTTP/1.1" 200 72534
46.229.168.153 - - [13/Apr/2020:05:42:40 +0200] "GET /ticket2/opencms/sv/buy/?column=section&edid=D671AA4B-F4FE-4377-0CEE-00CC26515A20&page=1&sortorder=desc HTTP/1.1" 200 69479
216.244.66.238 - - [13/Apr/2020:05:42:41 +0200] "GET /ticket2/opencms/dk/buy/?page=1&edid=12968C36-EF0E-52F6-FF93-EF3AF0F97431 HTTP/1.1" 200 71675
54.36.148.65 - - [13/Apr/2020:05:42:41 +0200] "GET /ticket2/opencms/dk/venue/?venueid=81019620-2AA3-B707-CDBF-B5932D491F06 HTTP/1.1" 200 65276
46.229.168.148 - - [13/Apr/2020:05:42:41 +0200] "GET /ticket2/opencms/fi/buy/?column=price&edid=F183060F-6A15-5007-8907-73C9E4E5CC0A&page=1&sortorder=asc HTTP/1.1" 200 70644
