192.99.37.116 - - [13/Apr/2020:09:23:53 +0200] "GET /ticket2/opencms/fi/buy/?page=1&edid=FB730AA6-A470-8EFB-27FE-924D530AC7B8&sortorder=desc&column=section HTTP/1.1" 200 72509
173.208.130.202 - - [13/Apr/2020:09:23:59 +0200] "GET /ticket2/opencms/fi/buy/?page=1&edid=1B4F6C5B-BAFB-1ABF-BC73-B86FEBD8CF90&sortorder=desc&column=price HTTP/1.1" 200 70650
95.216.20.54 - - [13/Apr/2020:09:23:59 +0200] "GET /ticket2/opencms/fi/sell/?edid=959C78A0-FD4F-927B-91FE-B14712A9B8D2 HTTP/1.1" 302 -
46.229.168.141 - - [13/Apr/2020:09:24:00 +0200] "GET /ticket2/opencms/no/buy/?column=row&edid=2575916B-6579-ECDB-CD33-6F8E4E970260&page=1&sortorder=desc HTTP/1.1" 200 69824
114.119.163.29 - - [13/Apr/2020:09:24:04 +0200] "GET /ticket2/opencms/en/buy/?page=1&edid=10AAD649-5E5E-EE36-2E17-DDA964C1719C&sortorder=asc&column=row HTTP/1.1" 200 70645
46.229.168.148 - - [13/Apr/2020:09:24:06 +0200] "GET /ticket2/opencms/sv/buy/?column=price&edid=8AD96918-4845-F025-BEBF-8271DEECF8F7&page=1&sortorder=desc HTTP/1.1" 200 70891
95.216.20.54 - - [13/Apr/2020:09:24:06 +0200] "GET /ticket2/opencms/fi/login/?edid=959C78A0-FD4F-927B-91FE-B14712A9B8D2 HTTP/1.1" 200 68719
46.229.168.141 - - [13/Apr/2020:09:24:06 +0200] "GET /ticket2/opencms/robots.txt HTTP/1.1" 200 773
46.229.168.132 - - [13/Apr/2020:09:24:09 +0200] "GET /ticket2/opencms/sv/buy/?edid=1C58C470-D3F9-186C-B32F-4F4A4C479079&page=1 HTTP/1.1" 200 72080
46.229.168.141 - - [13/Apr/2020:09:24:13 +0200] "GET /ticket2/opencms/dk/buy/?column=price&edid=09BCEBCD-087A-9ADA-95C7-1647396B134E&page=1&sortorder=asc HTTP/1.1" 200 70979
95.216.20.54 - - [13/Apr/2020:09:24:17 +0200] "GET /ticket2/opencms/fi/sell/?edid=95E4E2A2-4247-D538-792A-CB077C5BE454 HTTP/1.1" 302 -
46.229.168.147 - - [13/Apr/2020:09:24:17 +0200] "GET /ticket2/opencms/en/sell/?edid=DA80AC96-9D5B-51F7-D55B-EACBDC4E7995 HTTP/1.1" 302 -
192.99.15.199 - - [13/Apr/2020:09:24:17 +0200] "GET /ticket2/opencms/sv/venue/?venueid=1781EF85-5958-DE3C-8638-41C4B27C134F HTTP/1.1" 200 65473
46.229.168.132 - - [13/Apr/2020:09:24:19 +0200] "GET /ticket2/opencms/no/buy/?column=section&edid=416DE971-B897-5140-B141-FE881AD61026&page=1&sortorder=asc HTTP/1.1" 200 72117
46.229.168.140 - - [13/Apr/2020:09:24:19 +0200] "GET /ticket2/opencms/fi/login/?url=%25252Ffi%25252Fsell%25252F HTTP/1.1" 200 68719
173.208.130.202 - - [13/Apr/2020:09:24:20 +0200] "GET /ticket2/opencms/fi/buy/?page=1&edid=1B4F6C5B-BAFB-1ABF-BC73-B86FEBD8CF90&sortorder=desc&column=row HTTP/1.1" 200 70650
192.99.5.228 - - [13/Apr/2020:09:24:20 +0200] "GET /ticket2/opencms/dk/buy/?page=1&edid=112B8EBB-2603-9B36-8924-2995808A83B2&sortorder=desc&column=row HTTP/1.1" 200 71608
95.216.20.54 - - [13/Apr/2020:09:24:22 +0200] "GET /ticket2/opencms/fi/login/?edid=95E4E2A2-4247-D538-792A-CB077C5BE454 HTTP/1.1" 200 68719
47.54.35.136 - - [13/Apr/2020:09:24:25 +0200] "GET /ticket2/opencms/en/buy/?page=1&edid=7EB7BD2E-35BC-AFEE-4299-6D56D0CD8BF2&sortorder=asc&column=row HTTP/1.1" 200 72251
208.110.93.78 - - [13/Apr/2020:09:24:29 +0200] "GET /ticket2/opencms/no/buy/?page=1&edid=C624B2E6-D832-C748-3C71-308D0CDEE890&sortorder=desc&column=price HTTP/1.1" 200 71216
95.216.20.54 - - [13/Apr/2020:09:24:31 +0200] "GET /ticket2/opencms/fi/sell/?edid=963219A7-E7A4-B62C-96E6-73E898823459 HTTP/1.1" 302 -
47.54.35.136 - - [13/Apr/2020:09:24:31 +0200] "GET /ticket2/opencms/en/buy/?page=1&edid=7EB7BD2E-35BC-AFEE-4299-6D56D0CD8BF2&sortorder=asc&column=section HTTP/1.1" 200 72251
46.229.168.136 - - [13/Apr/2020:09:24:32 +0200] "GET /ticket2/opencms/nl/buy/?column=row&edid=68F6DF5F-225F-6870-1D3C-2C713E27C2C8&page=1&sortorder=desc HTTP/1.1" 200 68313
46.229.168.132 - - [13/Apr/2020:09:24:35 +0200] "GET /ticket2/opencms/sv/buy/?edid=1C58C470-D3F9-186C-B32F-4F4A4C479079&page=1 HTTP/1.1" 200 72080
46.229.168.134 - - [13/Apr/2020:09:24:36 +0200] "GET /ticket2/opencms/ru/buy/?column=section&edid=D70A41B1-6D3D-85F0-D287-441C9260855D&page=1&sortorder=desc HTTP/1.1" 200 70249
95.216.20.54 - - [13/Apr/2020:09:24:40 +0200] "GET /ticket2/opencms/fi/login/?edid=963219A7-E7A4-B62C-96E6-73E898823459 HTTP/1.1" 200 68719
46.229.168.149 - - [13/Apr/2020:09:24:41 +0200] "GET /ticket2/opencms/fi/buy/?edid=C88C01DC-81E2-C2B6-2BAB-A6CE3F261F58&page=1 HTTP/1.1" 200 70606
95.216.20.54 - - [13/Apr/2020:09:24:45 +0200] "GET /ticket2/opencms/fi/sell/?edid=96AC909E-5B9B-2325-5C76-5EFEF9923C58 HTTP/1.1" 302 -
192.99.37.116 - - [13/Apr/2020:09:24:46 +0200] "GET /ticket2/opencms/fi/buy/?page=10&eventid=0D1BB4CD-5C11-02A5-CB8D-385683194F54&venueid=66B7684A-34D7-B171-288C-D950D3063FA0 HTTP/1.1" 200 67927
69.30.198.186 - - [13/Apr/2020:09:24:47 +0200] "GET /ticket2/opencms/dk/buy/?page=1&edid=05AD4242-CCA8-FAB4-A58F-BA368D10F11A&sortorder=desc&column=row HTTP/1.1" 200 69307
46.229.168.137 - - [13/Apr/2020:09:24:47 +0200] "GET /ticket2/opencms/no/buy/?edid=9617F64E-1CD5-5694-C586-13BBE4F219BD&page=1 HTTP/1.1" 200 73459
54.36.148.6 - - [13/Apr/2020:09:24:49 +0200] "GET /ticket2/opencms/dk/venue/?venueid=DABDC4D6-A186-DAE6-C644-5DB9CB011EEC HTTP/1.1" 200 65312
192.99.15.199 - - [13/Apr/2020:09:24:51 +0200] "GET /ticket2/opencms/sv/venue/?venueid=17AD70CD-06E0-2606-B2B4-860C9CBEAC08 HTTP/1.1" 200 65535
95.216.20.54 - - [13/Apr/2020:09:24:55 +0200] "GET /ticket2/opencms/fi/login/?edid=96AC909E-5B9B-2325-5C76-5EFEF9923C58 HTTP/1.1" 200 68719
46.229.168.129 - - [13/Apr/2020:09:25:03 +0200] "GET /ticket2/opencms/sv/buy/?edid=C3DECC82-3913-4A09-A7B2-D4DC592CF8F8&page=1 HTTP/1.1" 200 71331
47.54.35.136 - - [13/Apr/2020:09:25:04 +0200] "GET /ticket2/opencms/en/buy/?page=1&edid=8334F8CD-C200-CB12-70F3-B3071995B999&sortorder=asc&column=price HTTP/1.1" 200 70698
95.216.20.54 - - [13/Apr/2020:09:25:04 +0200] "GET /ticket2/opencms/fi/sell/?edid=9A349FA8-C8F9-3DE1-AD45-86AAEECD4F79 HTTP/1.1" 302 -
208.110.93.78 - - [13/Apr/2020:09:25:07 +0200] "GET /ticket2/opencms/no/buy/?page=1&edid=C624B2E6-D832-C748-3C71-308D0CDEE890&sortorder=desc&column=row HTTP/1.1" 200 71216
47.54.35.136 - - [13/Apr/2020:09:25:09 +0200] "GET /ticket2/opencms/en/buy/?page=1&edid=8334F8CD-C200-CB12-70F3-B3071995B999&sortorder=asc&column=row HTTP/1.1" 200 70698
95.216.20.54 - - [13/Apr/2020:09:25:09 +0200] "GET /ticket2/opencms/fi/login/?edid=9A349FA8-C8F9-3DE1-AD45-86AAEECD4F79 HTTP/1.1" 200 68719
46.229.168.137 - - [13/Apr/2020:09:25:10 +0200] "GET /ticket2/opencms/no/buy/?edid=9617F64E-1CD5-5694-C586-13BBE4F219BD&page=1 HTTP/1.1" 200 73459
46.229.168.137 - - [13/Apr/2020:09:25:13 +0200] "GET /ticket2/opencms/fi/buy/?column=section&edid=347094AB-E088-27A3-B788-AFF5D8BA2F99&page=1&sortorder=asc HTTP/1.1" 200 70633
46.229.168.149 - - [13/Apr/2020:09:25:15 +0200] "GET /ticket2/opencms/sv/buy/?edid=CD97B46D-31B3-D365-9D7B-CFA9CBECBD48&page=1 HTTP/1.1" 200 69436
95.216.20.54 - - [13/Apr/2020:09:25:23 +0200] "GET /ticket2/opencms/fi/sell/?edid=9A519B52-57C0-3D7D-0745-09A3763A01B1 HTTP/1.1" 302 -
46.229.168.142 - - [13/Apr/2020:09:25:27 +0200] "GET /ticket2/opencms/no/buy/?column=section&edid=C03521F2-41EE-6C48-45C4-DE14E2CF6CA2&page=1&sortorder=asc HTTP/1.1" 200 72809
46.229.168.137 - - [13/Apr/2020:09:25:33 +0200] "GET /ticket2/opencms/fi/buy/?column=price&edid=8CE01479-BCC2-0B5F-B3DC-BA13BF09B4A5&page=1&sortorder=desc HTTP/1.1" 200 70609
46.229.168.134 - - [13/Apr/2020:09:25:41 +0200] "GET /ticket2/opencms/fi/buy/?column=row&edid=4B8DF2AC-42E6-6C5D-F1CE-0DA3D8253356&page=1&sortorder=desc HTTP/1.1" 200 73365
95.216.20.54 - - [13/Apr/2020:09:25:41 +0200] "GET /ticket2/opencms/fi/login/?edid=9A519B52-57C0-3D7D-0745-09A3763A01B1 HTTP/1.1" 200 68719
47.54.35.136 - - [13/Apr/2020:09:25:44 +0200] "GET /ticket2/opencms/en/buy/?page=1&edid=8334F8CD-C200-CB12-70F3-B3071995B999&sortorder=asc&column=section HTTP/1.1" 200 70698
208.110.93.78 - - [13/Apr/2020:09:25:47 +0200] "GET /ticket2/opencms/no/buy/?page=1&edid=C624B2E6-D832-C748-3C71-308D0CDEE890&sortorder=desc&column=section HTTP/1.1" 200 71216
69.30.198.186 - - [13/Apr/2020:09:25:48 +0200] "GET /ticket2/opencms/dk/buy/?page=1&edid=05AD4242-CCA8-FAB4-A58F-BA368D10F11A&sortorder=desc&column=section HTTP/1.1" 200 69307
192.99.15.199 - - [13/Apr/2020:09:25:48 +0200] "GET /ticket2/opencms/sv/venue/?venueid=17D0DFA9-77AB-EBCA-484F-CEB853AA41A8 HTTP/1.1" 200 65503
192.99.4.168 - - [13/Apr/2020:09:25:49 +0200] "GET /ticket2/opencms/en/buy/?page=1&edid=11D1149A-F4B7-F104-E5AE-C70D8A130A49&sortorder=asc&column=section HTTP/1.1" 200 70688
192.99.5.228 - - [13/Apr/2020:09:25:52 +0200] "GET /ticket2/opencms/dk/buy/?page=1&edid=114E8367-495D-2921-581D-A5757D17A2D8&sortorder=asc&column=row HTTP/1.1" 200 69297
46.229.168.130 - - [13/Apr/2020:09:25:54 +0200] "GET /ticket2/opencms/nl/buy/?column=price&edid=179D9FBB-D85B-57CD-ADB2-320E069FE8CE&page=1&sortorder=desc HTTP/1.1" 200 71522
192.99.37.116 - - [13/Apr/2020:09:25:57 +0200] "GET /ticket2/opencms/fi/buy/?page=10&eventid=5023CBDF-2FF5-242C-CAB6-26209CB66540&venueid=66B7684A-34D7-B171-288C-D950D3063FA0 HTTP/1.1" 200 67926
46.229.168.133 - - [13/Apr/2020:09:26:03 +0200] "GET /ticket2/opencms/dk/buy/?column=row&edid=9FB7859D-DDE8-10E7-3804-37A1874573F9&page=1&sortorder=asc HTTP/1.1" 200 70765
95.216.20.54 - - [13/Apr/2020:09:26:14 +0200] "GET /ticket2/opencms/fi/sell/?edid=9B6C7A6D-9617-9B22-4988-8D29FAC16B71 HTTP/1.1" 302 -
208.110.93.78 - - [13/Apr/2020:09:26:18 +0200] "GET /ticket2/opencms/no/buy/?page=1&edid=C76A9772-92FF-7A40-AA24-5508D12B7DDD HTTP/1.1" 200 71219
47.54.35.136 - - [13/Apr/2020:09:26:23 +0200] "GET /ticket2/opencms/en/buy/?page=1&edid=85DC3B34-6EA3-546F-88A4-2D429B77C714&sortorder=desc&column=price HTTP/1.1" 200 71328
67.225.220.120 - - [13/Apr/2020:09:26:27 +0200] "GET /ticket2/opencms/en/buy/?page=1&edid=21AF03A2-2F1D-66D0-BFA2-40F5742741D8 HTTP/1.1" 200 70611
46.229.168.139 - - [13/Apr/2020:09:26:27 +0200] "GET /ticket2/opencms/en/buy/?column=price&edid=D08A9B60-3429-ACA1-D8CD-E29D3C6E537F&page=1&sortorder=desc HTTP/1.1" 200 72411
208.110.93.78 - - [13/Apr/2020:09:26:28 +0200] "GET /ticket2/opencms/no/buy/?page=1&edid=C7DF64BC-E72C-BF39-4E14-CC88E6DB4005 HTTP/1.1" 200 69808
69.30.198.186 - - [13/Apr/2020:09:26:32 +0200] "GET /ticket2/opencms/dk/buy/?page=1&edid=05BDF663-CBF6-7C6A-275B-0A0C7AEDB74E HTTP/1.1" 200 70415
46.229.168.136 - - [13/Apr/2020:09:26:37 +0200] "GET /ticket2/opencms/fi/buy/?edid=340A227B-027A-687B-A527-5DFEEC2E27A4&page=1 HTTP/1.1" 200 70578
66.249.79.79 - - [13/Apr/2020:09:26:37 +0200] "GET /ticket2/opencms/fi/venue/?venueid=6215BF0C-EB8F-CBD7-E039-846055B527B8 HTTP/1.1" 200 66457
95.216.20.54 - - [13/Apr/2020:09:26:37 +0200] "GET /ticket2/opencms/fi/login/?edid=9B6C7A6D-9617-9B22-4988-8D29FAC16B71 HTTP/1.1" 200 68719
46.229.168.148 - - [13/Apr/2020:09:26:40 +0200] "GET /ticket2/opencms/sv/buy/?column=row&edid=F3A6023D-F8D4-B558-EED3-42F5CB61B4B4&page=1&sortorder=asc HTTP/1.1" 200 72221
46.229.168.153 - - [13/Apr/2020:09:26:42 +0200] "GET /ticket2/opencms/en/buy/?edid=B7CD03F3-78D0-257F-84AD-A4BE61864779&page=1 HTTP/1.1" 200 72409
46.229.168.136 - - [13/Apr/2020:09:26:55 +0200] "GET /ticket2/opencms/en/buy/?column=row&edid=F5C00C67-C227-30F3-0322-FCC4DCCC423B&page=1&sortorder=desc HTTP/1.1" 200 72441
114.119.160.32 - - [13/Apr/2020:09:26:58 +0200] "GET /ticket2/opencms/en/buy/?page=1&edid=3CC669F6-0C63-5743-F1E5-8F5E9C2AB45D&sortorder=asc&column=price HTTP/1.1" 200 70644
192.99.15.199 - - [13/Apr/2020:09:26:58 +0200] "GET /ticket2/opencms/sv/venue/?venueid=17E7C622-E012-3663-44A8-95BA7DB84F40 HTTP/1.1" 200 65456
192.99.37.116 - - [13/Apr/2020:09:26:58 +0200] "GET /ticket2/opencms/fi/buy/?page=10&eventid=B026A38E-69FB-0556-F4C3-7339D2736C52&venueid=66B7684A-34D7-B171-288C-D950D3063FA0 HTTP/1.1" 200 67922
173.208.130.202 - - [13/Apr/2020:09:27:03 +0200] "GET /ticket2/opencms/fi/buy/?page=1&edid=C3DECC82-3913-4A09-A7B2-D4DC592CF8F8&sortorder=desc&column=price HTTP/1.1" 200 72517
46.229.168.163 - - [13/Apr/2020:09:27:07 +0200] "GET /ticket2/opencms/dk/buy/?column=price&edid=09BCEBCD-087A-9ADA-95C7-1647396B134E&page=1&sortorder=asc HTTP/1.1" 200 70979
95.216.20.54 - - [13/Apr/2020:09:27:07 +0200] "GET /ticket2/opencms/fi/sell/?edid=9B811E9B-3C95-EFED-B35F-7CEE6EE5AD36 HTTP/1.1" 302 -
46.229.168.141 - - [13/Apr/2020:09:27:08 +0200] "GET /ticket2/opencms/sv/buy/?column=section&edid=CA9AAE6B-14C9-271A-740D-70C28D59704E&page=1&sortorder=asc HTTP/1.1" 200 71133
216.245.221.82 - - [13/Apr/2020:09:27:19 +0200] "HEAD /ticket2/opencms/ HTTP/1.1" 302 -
208.110.93.78 - - [13/Apr/2020:09:27:20 +0200] "GET /ticket2/opencms/no/buy/?page=1&edid=C7DF64BC-E72C-BF39-4E14-CC88E6DB4005&sortorder=asc&column=row HTTP/1.1" 200 69844
46.229.168.133 - - [13/Apr/2020:09:27:22 +0200] "GET /ticket2/opencms/sv/buy/?edid=D7193451-9A3A-74F4-A8C7-6E587A08462E&page=1 HTTP/1.1" 200 71361
46.229.168.129 - - [13/Apr/2020:09:27:22 +0200] "GET /ticket2/opencms/nl/buy/?column=row&edid=0F83FD2D-DF0D-CF92-8048-49F08118BC88&page=1&sortorder=asc HTTP/1.1" 200 70423
173.208.130.202 - - [13/Apr/2020:09:27:32 +0200] "GET /ticket2/opencms/fi/buy/?page=1&edid=C3DECC82-3913-4A09-A7B2-D4DC592CF8F8&sortorder=desc&column=row HTTP/1.1" 200 72517
46.229.168.132 - - [13/Apr/2020:09:27:32 +0200] "GET /ticket2/opencms/no/buy/?edid=5E394636-BF24-8546-4F48-C95E49B131BE&page=1 HTTP/1.1" 200 71865
171.67.70.85 - - [13/Apr/2020:09:27:32 +0200] "GET /ticket2/opencms/ HTTP/1.1" 302 -
46.229.168.149 - - [13/Apr/2020:09:27:32 +0200] "GET /ticket2/opencms/sv/sell/?edid=0A3A3B81-829B-DE3B-CDF7-708ADA56FFA3 HTTP/1.1" 302 -
157.55.39.92 - - [13/Apr/2020:09:27:33 +0200] "GET /ticket2/opencms/dk/venue/?venueid=7A7B066D-6749-0EC8-5A95-BB4DEF5BC7FC HTTP/1.1" 200 65294
46.229.168.144 - - [13/Apr/2020:09:27:33 +0200] "GET /ticket2/opencms/robots.txt HTTP/1.1" 200 773
67.225.220.120 - - [13/Apr/2020:09:27:34 +0200] "GET /ticket2/opencms/en/buy/?page=1&edid=1C562745-1431-CFB1-8C43-89D2BFF085C5 HTTP/1.1" 200 69241
69.30.198.186 - - [13/Apr/2020:09:27:36 +0200] "GET /ticket2/opencms/dk/buy/?page=1&edid=05BDF663-CBF6-7C6A-275B-0A0C7AEDB74E&sortorder=asc&column=price HTTP/1.1" 200 70451
46.229.168.153 - - [13/Apr/2020:09:27:40 +0200] "GET /ticket2/opencms/nl/buy/?edid=4299C753-69F7-9BE0-CB4F-E99ABD6188AD&page=1 HTTP/1.1" 200 70220
95.216.20.54 - - [13/Apr/2020:09:27:40 +0200] "GET /ticket2/opencms/fi/login/?edid=9B811E9B-3C95-EFED-B35F-7CEE6EE5AD36 HTTP/1.1" 200 68719
46.229.168.154 - - [13/Apr/2020:09:27:47 +0200] "GET /ticket2/opencms/nl/buy/?column=section&edid=5F56230C-1D50-AA08-B627-595D000E7ED7&page=1&sortorder=desc HTTP/1.1" 200 70170
46.229.168.133 - - [13/Apr/2020:09:27:47 +0200] "GET /ticket2/opencms/sv/buy/?edid=D7193451-9A3A-74F4-A8C7-6E587A08462E&page=1 HTTP/1.1" 200 71361
46.229.168.144 - - [13/Apr/2020:09:27:47 +0200] "GET /ticket2/opencms/robots.txt HTTP/1.1" 200 773
192.99.15.199 - - [13/Apr/2020:09:27:51 +0200] "GET /ticket2/opencms/sv/venue/?venueid=18267CD0-0660-EC77-6783-F80F8F5E2113 HTTP/1.1" 200 65471
46.229.168.129 - - [13/Apr/2020:09:27:54 +0200] "GET /ticket2/opencms/nl/buy/?column=row&edid=0F83FD2D-DF0D-CF92-8048-49F08118BC88&page=1&sortorder=asc HTTP/1.1" 200 70423
192.99.37.116 - - [13/Apr/2020:09:27:55 +0200] "GET /ticket2/opencms/fi/buy/?page=10&eventid=F2EBEE74-F753-D44A-FB65-0A2D3E3F4D37&venueid=86F0DC08-5FD1-E5A8-C05C-1DCBCBDEB57F HTTP/1.1" 200 67917
46.229.168.162 - - [13/Apr/2020:09:27:55 +0200] "GET /ticket2/opencms/robots.txt HTTP/1.1" 200 773
46.229.168.144 - - [13/Apr/2020:09:27:58 +0200] "GET /ticket2/opencms/no/buy/?column=row&edid=3499FEE4-EBAE-2DC8-2BF3-44C7835D2575&page=1&sortorder=desc HTTP/1.1" 200 71876
208.110.93.78 - - [13/Apr/2020:09:28:00 +0200] "GET /ticket2/opencms/no/buy/?page=1&edid=C7DF64BC-E72C-BF39-4E14-CC88E6DB4005&sortorder=asc&column=section HTTP/1.1" 200 69844
46.229.168.129 - - [13/Apr/2020:09:28:00 +0200] "GET /ticket2/opencms/sv/festivalbiljetter/arenal-sound-festival/ HTTP/1.1" 200 66226
192.99.5.228 - - [13/Apr/2020:09:28:02 +0200] "GET /ticket2/opencms/dk/buy/?page=1&edid=11A49E69-EBA2-59C6-D214-0F928A95A29D&sortorder=desc&column=row HTTP/1.1" 200 69328
46.229.168.151 - - [13/Apr/2020:09:28:11 +0200] "GET /ticket2/opencms/no/buy/?column=section&edid=9617F64E-1CD5-5694-C586-13BBE4F219BD&page=1&sortorder=desc HTTP/1.1" 200 73494
95.216.20.54 - - [13/Apr/2020:09:28:11 +0200] "GET /ticket2/opencms/fi/sell/?edid=9C91C697-B406-6838-E8EE-67CCBD777A69 HTTP/1.1" 302 -
46.229.168.162 - - [13/Apr/2020:09:28:11 +0200] "GET /ticket2/opencms/robots.txt HTTP/1.1" 200 773
46.229.168.139 - - [13/Apr/2020:09:28:12 +0200] "GET /ticket2/opencms/fi/buy/?column=section&edid=B9F9CE32-25DB-1194-85B9-1C89FC923D28&page=1&sortorder=asc HTTP/1.1" 200 72921
46.229.168.131 - - [13/Apr/2020:09:28:15 +0200] "GET /ticket2/opencms/en/buy/?column=section&edid=027A8B66-DB53-72A0-2389-10E60933343B&page=1&sortorder=asc HTTP/1.1" 200 71316
46.229.168.153 - - [13/Apr/2020:09:28:17 +0200] "GET /ticket2/opencms/nl/buy/?edid=4299C753-69F7-9BE0-CB4F-E99ABD6188AD&page=1 HTTP/1.1" 200 70220
173.208.130.202 - - [13/Apr/2020:09:28:17 +0200] "GET /ticket2/opencms/fi/buy/?page=1&edid=C3DECC82-3913-4A09-A7B2-D4DC592CF8F8&sortorder=desc&column=section HTTP/1.1" 200 72517
46.229.168.154 - - [13/Apr/2020:09:28:21 +0200] "GET /ticket2/opencms/nl/buy/?column=section&edid=5F56230C-1D50-AA08-B627-595D000E7ED7&page=1&sortorder=desc HTTP/1.1" 200 70170
46.229.168.129 - - [13/Apr/2020:09:28:21 +0200] "GET /ticket2/opencms/sv/tickets/everton/ HTTP/1.1" 200 68858
192.99.4.168 - - [13/Apr/2020:09:28:28 +0200] "GET /ticket2/opencms/en/buy/?page=1&edid=11EC6129-2F99-7195-7BFE-4C3510BAD9C9&sortorder=asc&column=price HTTP/1.1" 200 70877
67.225.220.120 - - [13/Apr/2020:09:28:28 +0200] "GET /ticket2/opencms/sv/buy/?page=1&edid=33B4D21A-76B6-3B7A-0CFB-A0A3BAC27DB5 HTTP/1.1" 200 71314
114.119.163.5 - - [13/Apr/2020:09:28:32 +0200] "GET /ticket2/opencms/dk/?page=10&eventid=88125886-B9B5-9F59-AF43-51EE7A6E60C4&venueid=E649B15F-1340-1561-C110-0CA0784E39A8 HTTP/1.1" 200 71866
67.225.220.120 - - [13/Apr/2020:09:28:33 +0200] "GET /ticket2/opencms/en/buy/?page=1&edid=EE632555-6082-7BDB-C3A6-CC4420D9FB41 HTTP/1.1" 200 69213
46.229.168.135 - - [13/Apr/2020:09:28:35 +0200] "GET /ticket2/opencms/en/buy/?column=price&edid=EA1E6ECE-423D-F005-AB70-0EA4DE8B6848&page=1&sortorder=desc HTTP/1.1" 200 72447
95.216.20.54 - - [13/Apr/2020:09:28:35 +0200] "GET /ticket2/opencms/fi/login/?edid=9C91C697-B406-6838-E8EE-67CCBD777A69 HTTP/1.1" 200 68719
46.229.168.148 - - [13/Apr/2020:09:28:39 +0200] "GET /ticket2/opencms/nl/buy/?column=row&edid=50741BB5-AC41-8EDF-DDAB-6A055F5C5052&page=1&sortorder=desc HTTP/1.1" 200 70697
46.229.168.149 - - [13/Apr/2020:09:28:39 +0200] "GET /ticket2/opencms/no/login/?url=%25252Fno%25252Fsell%25252F HTTP/1.1" 200 67873
66.249.79.203 - - [13/Apr/2020:09:28:39 +0200] "GET /ticket2/opencms/no/ask-form.html HTTP/1.1" 200 2919
54.36.150.14 - - [13/Apr/2020:09:28:39 +0200] "GET /ticket2/opencms/en/buy/?page=1&edid=1E335627-D7FD-734F-B689-58C4BF9CE161 HTTP/1.1" 200 70847
192.99.15.199 - - [13/Apr/2020:09:28:39 +0200] "GET /ticket2/opencms/sv/venue/?venueid=1897207C-3727-A548-885A-3B8700CE1CBE HTTP/1.1" 200 65485
208.110.93.78 - - [13/Apr/2020:09:28:41 +0200] "GET /ticket2/opencms/no/buy/?page=1&edid=C7DF64BC-E72C-BF39-4E14-CC88E6DB4005&sortorder=desc&column=price HTTP/1.1" 200 69843
46.229.168.134 - - [13/Apr/2020:09:28:43 +0200] "GET /ticket2/opencms/sv/buy/?column=section&edid=1FD00E9B-3A03-E379-9B08-FF7D16F1A6A6&page=1&sortorder=desc HTTP/1.1" 200 71404
69.30.198.186 - - [13/Apr/2020:09:28:43 +0200] "GET /ticket2/opencms/dk/buy/?page=1&edid=07158DDF-DB8B-B72D-992D-3FB73091060A&sortorder=asc&column=section HTTP/1.1" 200 70729
114.119.167.17 - - [13/Apr/2020:09:28:44 +0200] "GET /ticket2/opencms/sv/buy/?page=1&edid=2385A97C-ADBC-714E-058F-F9D1A81366A6&sortorder=desc&column=price HTTP/1.1" 200 69462
148.251.9.145 - - [13/Apr/2020:09:28:44 +0200] "GET /ticket2/opencms/robots.txt HTTP/1.1" 200 773
95.216.20.54 - - [13/Apr/2020:09:28:44 +0200] "GET /ticket2/opencms/fi/sell/?edid=9D28F9B9-6904-1ABE-2B7B-B5AAE0BDC058 HTTP/1.1" 302 -
46.229.168.163 - - [13/Apr/2020:09:28:44 +0200] "GET /ticket2/opencms/fi/urheilu/jalkapallo/la-liga/rayo_vallecano/ HTTP/1.1" 200 67463
46.229.168.147 - - [13/Apr/2020:09:28:52 +0200] "GET /ticket2/opencms/en/buy/?column=section&edid=051EDD02-8EDA-8C0C-68F7-CA698F1E060A&page=1&sortorder=asc HTTP/1.1" 200 71568
46.229.168.143 - - [13/Apr/2020:09:28:52 +0200] "GET /ticket2/opencms/sv/buy/?edid=D280A599-2D4A-0E12-6081-4777391BE566&page=1 HTTP/1.1" 200 71521
192.99.37.116 - - [13/Apr/2020:09:28:52 +0200] "GET /ticket2/opencms/fi/buy/?page=10&eventid=F2EBEE74-F753-D44A-FB65-0A2D3E3F4D37&venueid=C897D480-9FC2-C3FB-538C-8F78F6DAA600 HTTP/1.1" 200 67917
46.229.168.151 - - [13/Apr/2020:09:28:53 +0200] "GET /ticket2/opencms/sv/buy/?column=row&edid=465242F9-029A-06C6-C79F-CA8B331B3D42&page=1&sortorder=desc HTTP/1.1" 200 70888
95.216.20.54 - - [13/Apr/2020:09:28:53 +0200] "GET /ticket2/opencms/fi/login/?edid=9D28F9B9-6904-1ABE-2B7B-B5AAE0BDC058 HTTP/1.1" 200 68719
47.54.35.136 - - [13/Apr/2020:09:28:55 +0200] "GET /ticket2/opencms/fi/buy/?page=1&edid=01361779-A215-4988-A0CA-B22E55ADBD38 HTTP/1.1" 200 73804
208.110.93.78 - - [13/Apr/2020:09:28:56 +0200] "GET /ticket2/opencms/no/buy/?page=1&edid=C7DF64BC-E72C-BF39-4E14-CC88E6DB4005&sortorder=desc&column=row HTTP/1.1" 200 69843
46.229.168.147 - - [13/Apr/2020:09:28:56 +0200] "GET /ticket2/opencms/no/buy/?edid=72EA71D3-6F9C-57D5-7B7F-73AA197889AE&page=1 HTTP/1.1" 200 71689
46.229.168.132 - - [13/Apr/2020:09:29:00 +0200] "GET /ticket2/opencms/dk/buy/?edid=EAF5F943-A31A-E92D-61B3-6DC580C2EEDC&page=1 HTTP/1.1" 200 71360
46.229.168.142 - - [13/Apr/2020:09:29:02 +0200] "GET /ticket2/opencms/en/buy/?column=price&edid=F65DD1A0-A0E9-09FB-3F5D-33F639C42265&page=1&sortorder=desc HTTP/1.1" 200 72413
173.208.130.202 - - [13/Apr/2020:09:29:03 +0200] "GET /ticket2/opencms/fi/buy/?page=1&edid=C585BD1B-7334-51AA-91F2-A36533EF6912&sortorder=desc&column=price HTTP/1.1" 200 73813
40.77.167.61 - - [13/Apr/2020:09:29:05 +0200] "GET /ticket2/opencms/sv/sport/fotbollsbiljetter/la_liga/athletic-bilbao/ HTTP/1.1" 200 70617
95.216.20.54 - - [13/Apr/2020:09:29:05 +0200] "GET /ticket2/opencms/fi/sell/?edid=9D741AD8-6686-3598-9ED2-A1E65C34EAB3 HTTP/1.1" 302 -
46.229.168.132 - - [13/Apr/2020:09:29:05 +0200] "GET /ticket2/opencms/sv/buy/?catid=95AE85B5-8979-BB11-643C-430ACC6D50F9&comcatid=810BB404-4103-77F2-A6C2-12D5E6C338E2&page=6 HTTP/1.1" 200 66891
46.229.168.136 - - [13/Apr/2020:09:29:05 +0200] "GET /ticket2/opencms/sv/buy/?column=section&edid=AC9B2055-12DA-9E20-67F9-15ACACD7CC8B&page=1&sortorder=desc HTTP/1.1" 200 71344
114.119.160.103 - - [13/Apr/2020:09:29:06 +0200] "GET /ticket2/opencms/fi/buy/?page=6&comcatid=A17713B6-D984-201A-4143-ED4DB5ED5C2E&catid=D8B345C9-F7A5-E620-4B43-C34EB0D6885B HTTP/1.1" 200 107940
67.225.220.120 - - [13/Apr/2020:09:29:07 +0200] "GET /ticket2/opencms/en/buy/?page=1&edid=D5CEC1AF-7456-A530-2177-1F59A4D45052 HTTP/1.1" 200 69187
46.229.168.149 - - [13/Apr/2020:09:29:09 +0200] "GET /ticket2/opencms/en/buy/?column=price&edid=F21380F7-75CF-8F6C-44E2-E3C7E626BAE7&page=1&sortorder=asc HTTP/1.1" 200 71316
173.208.130.202 - - [13/Apr/2020:09:29:11 +0200] "GET /ticket2/opencms/fi/buy/?page=1&edid=C585BD1B-7334-51AA-91F2-A36533EF6912&sortorder=desc&column=row HTTP/1.1" 200 73813
208.110.93.78 - - [13/Apr/2020:09:29:12 +0200] "GET /ticket2/opencms/no/buy/?page=1&edid=C7DF64BC-E72C-BF39-4E14-CC88E6DB4005&sortorder=desc&column=section HTTP/1.1" 200 69843
95.216.20.54 - - [13/Apr/2020:09:29:13 +0200] "GET /ticket2/opencms/fi/login/?edid=9D741AD8-6686-3598-9ED2-A1E65C34EAB3 HTTP/1.1" 200 68719
46.229.168.151 - - [13/Apr/2020:09:29:13 +0200] "GET /ticket2/opencms/no/buy/?column=section&edid=9617F64E-1CD5-5694-C586-13BBE4F219BD&page=1&sortorder=desc HTTP/1.1" 200 73494
47.54.35.136 - - [13/Apr/2020:09:29:18 +0200] "GET /ticket2/opencms/fi/buy/?page=1&edid=01361779-A215-4988-A0CA-B22E55ADBD38&sortorder=desc&column=price HTTP/1.1" 200 73839
69.30.198.186 - - [13/Apr/2020:09:29:19 +0200] "GET /ticket2/opencms/dk/buy/?page=1&edid=07158DDF-DB8B-B72D-992D-3FB73091060A&sortorder=desc&column=price HTTP/1.1" 200 70728
46.229.168.134 - - [13/Apr/2020:09:29:20 +0200] "GET /ticket2/opencms/en/buy/?column=section&edid=926BFD29-18E3-952E-0BD4-BEAEB20DA20D&page=1&sortorder=desc HTTP/1.1" 200 72449
46.229.168.163 - - [13/Apr/2020:09:29:21 +0200] "GET /ticket2/opencms/nl/buy/?column=price&edid=488C37FC-6519-6AF0-F3EE-9B75BD9E1334&page=1&sortorder=asc HTTP/1.1" 200 70208
148.251.9.145 - - [13/Apr/2020:09:29:23 +0200] "GET /ticket2/opencms/dk/buy/?page=1&edid=0321A71D-58D8-8ECD-3D87-C0C5B0A335D6&sortorder=desc&column=section HTTP/1.1" 200 69316
95.216.20.54 - - [13/Apr/2020:09:29:23 +0200] "GET /ticket2/opencms/fi/sell/?edid=9D9F75F2-1C85-5AEE-0B71-545915B49E49 HTTP/1.1" 302 -
40.118.4.85 - - [13/Apr/2020:09:29:24 +0200] "GET /ticket2/opencms/wp-login.php HTTP/1.1" 404 -
46.229.168.134 - - [13/Apr/2020:09:29:26 +0200] "GET /ticket2/opencms/sv/buy/?column=section&edid=1FD00E9B-3A03-E379-9B08-FF7D16F1A6A6&page=1&sortorder=desc HTTP/1.1" 200 71404
148.251.9.145 - - [13/Apr/2020:09:29:28 +0200] "GET /ticket2/opencms/dk/buy/?page=1&edid=24AF829E-10D1-5180-8437-2DA5F16AB60A&sortorder=asc&column=price HTTP/1.1" 200 72086
95.216.20.54 - - [13/Apr/2020:09:29:29 +0200] "GET /ticket2/opencms/fi/login/?edid=9D9F75F2-1C85-5AEE-0B71-545915B49E49 HTTP/1.1" 200 68719
67.225.220.120 - - [13/Apr/2020:09:29:30 +0200] "GET /ticket2/opencms/en/buy/?page=1&edid=1E1C5946-F8C3-C657-AAD9-AD882D8A36FB HTTP/1.1" 200 69216
192.99.15.199 - - [13/Apr/2020:09:29:30 +0200] "GET /ticket2/opencms/sv/venue/?venueid=196999C5-886C-4588-9491-CE0295A8D3C2 HTTP/1.1" 200 65444
67.225.220.120 - - [13/Apr/2020:09:29:31 +0200] "GET /ticket2/opencms/en/buy/?page=1&edid=D7034D7E-B33E-22C0-30B0-254A4071E831 HTTP/1.1" 200 69244
46.229.168.133 - - [13/Apr/2020:09:29:31 +0200] "GET /ticket2/opencms/nl/buy/?column=price&edid=5FB42A24-9598-632B-4AE7-41A2A99513C3&page=1&sortorder=desc HTTP/1.1" 200 68343
192.99.4.168 - - [13/Apr/2020:09:29:31 +0200] "GET /ticket2/opencms/en/buy/?page=1&edid=11EC6129-2F99-7195-7BFE-4C3510BAD9C9&sortorder=asc&column=row HTTP/1.1" 200 70877
95.216.20.54 - - [13/Apr/2020:09:29:33 +0200] "GET /ticket2/opencms/fi/sell/?edid=A0FF03C8-8420-0877-2FE6-0C9E8902BC6D HTTP/1.1" 302 -
47.54.35.136 - - [13/Apr/2020:09:29:34 +0200] "GET /ticket2/opencms/fi/buy/?page=1&edid=01361779-A215-4988-A0CA-B22E55ADBD38&sortorder=desc&column=section HTTP/1.1" 200 73839
46.229.168.144 - - [13/Apr/2020:09:29:37 +0200] "GET /ticket2/opencms/no/konsertbilletter/bruce_springsteen/ HTTP/1.1" 200 68443
192.99.5.228 - - [13/Apr/2020:09:29:38 +0200] "GET /ticket2/opencms/dk/buy/?page=1&edid=11C4CCD7-63C8-3CBA-976E-E1B3E9A47DFB&sortorder=desc&column=section HTTP/1.1" 200 71184
173.208.130.202 - - [13/Apr/2020:09:29:39 +0200] "GET /ticket2/opencms/fi/buy/?page=1&edid=C585BD1B-7334-51AA-91F2-A36533EF6912&sortorder=desc&column=section HTTP/1.1" 200 73813
208.110.93.78 - - [13/Apr/2020:09:29:39 +0200] "GET /ticket2/opencms/no/buy/?page=1&edid=C8BE8B3C-DCF5-5A10-3072-9A1A6B964BF1&sortorder=asc&column=row HTTP/1.1" 200 69809
46.229.168.151 - - [13/Apr/2020:09:29:45 +0200] "GET /ticket2/opencms/no/buy/?edid=9E00FB70-B262-7D95-9558-FFEE9A3EC7E3&page=1 HTTP/1.1" 200 72971
95.216.20.54 - - [13/Apr/2020:09:29:49 +0200] "GET /ticket2/opencms/fi/login/?edid=A0FF03C8-8420-0877-2FE6-0C9E8902BC6D HTTP/1.1" 200 68719
208.110.93.78 - - [13/Apr/2020:09:29:51 +0200] "GET /ticket2/opencms/no/buy/?page=1&edid=C8BE8B3C-DCF5-5A10-3072-9A1A6B964BF1&sortorder=asc&column=section HTTP/1.1" 200 69809
173.208.130.202 - - [13/Apr/2020:09:29:52 +0200] "GET /ticket2/opencms/fi/buy/?page=1&edid=C5A1A03B-96D4-6596-0A10-BBFFF2557083&sortorder=desc&column=price HTTP/1.1" 200 73815
46.229.168.147 - - [13/Apr/2020:09:29:52 +0200] "GET /ticket2/opencms/nl/buy/?column=section&edid=7FE490CD-464D-67AE-71E1-12FA49D9BB78&page=1&sortorder=asc HTTP/1.1" 200 68339
95.216.20.54 - - [13/Apr/2020:09:29:55 +0200] "GET /ticket2/opencms/fi/sell/?edid=A63B1890-86E1-9F60-54D7-09AEE785F38E HTTP/1.1" 302 -
47.54.35.136 - - [13/Apr/2020:09:29:57 +0200] "GET /ticket2/opencms/fi/buy/?page=1&edid=017877D6-AD6D-7619-CD21-72EA53A1F341&sortorder=desc&column=price HTTP/1.1" 200 72553
95.216.20.54 - - [13/Apr/2020:09:30:00 +0200] "GET /ticket2/opencms/fi/login/?edid=A63B1890-86E1-9F60-54D7-09AEE785F38E HTTP/1.1" 200 68719
148.251.9.145 - - [13/Apr/2020:09:30:02 +0200] "GET /ticket2/opencms/dk/buy/?page=1&edid=24AF829E-10D1-5180-8437-2DA5F16AB60A&sortorder=asc&column=section HTTP/1.1" 200 72086
148.251.9.145 - - [13/Apr/2020:09:30:07 +0200] "GET /ticket2/opencms/dk/buy/?page=1&edid=24AF829E-10D1-5180-8437-2DA5F16AB60A&sortorder=desc&column=row HTTP/1.1" 200 72085
95.216.20.54 - - [13/Apr/2020:09:30:09 +0200] "GET /ticket2/opencms/fi/sell/?edid=A66DD741-1307-2752-B483-B25D748C7344 HTTP/1.1" 302 -
47.54.35.136 - - [13/Apr/2020:09:30:12 +0200] "GET /ticket2/opencms/fi/buy/?page=1&edid=017877D6-AD6D-7619-CD21-72EA53A1F341&sortorder=desc&column=row HTTP/1.1" 200 72553
95.216.20.54 - - [13/Apr/2020:09:30:14 +0200] "GET /ticket2/opencms/fi/login/?edid=A66DD741-1307-2752-B483-B25D748C7344 HTTP/1.1" 200 68719
46.229.168.129 - - [13/Apr/2020:09:30:15 +0200] "GET /ticket2/opencms/sv/buy/?column=row&edid=570BC029-41A3-AC83-7093-0DFFF0210D10&page=1&sortorder=asc HTTP/1.1" 200 71788
173.208.130.202 - - [13/Apr/2020:09:30:18 +0200] "GET /ticket2/opencms/fi/buy/?page=1&edid=C5A1A03B-96D4-6596-0A10-BBFFF2557083&sortorder=desc&column=row HTTP/1.1" 200 73815
95.216.20.54 - - [13/Apr/2020:09:30:18 +0200] "GET /ticket2/opencms/fi/sell/?edid=A7F1A7EE-4449-7331-753F-36F9CB2473E4 HTTP/1.1" 302 -
208.110.93.78 - - [13/Apr/2020:09:30:18 +0200] "GET /ticket2/opencms/no/buy/?page=1&edid=C8BE8B3C-DCF5-5A10-3072-9A1A6B964BF1&sortorder=desc&column=price HTTP/1.1" 200 69808
95.216.20.54 - - [13/Apr/2020:09:30:23 +0200] "GET /ticket2/opencms/fi/login/?edid=A7F1A7EE-4449-7331-753F-36F9CB2473E4 HTTP/1.1" 200 68719
46.229.168.136 - - [13/Apr/2020:09:30:25 +0200] "GET /ticket2/opencms/ru/buy/?column=row&edid=88A9DB29-DA7F-5892-01EC-B646B52763FF&page=1&sortorder=desc HTTP/1.1" 200 70222
173.208.130.202 - - [13/Apr/2020:09:30:29 +0200] "GET /ticket2/opencms/fi/buy/?page=1&edid=C601E922-6CF2-8C03-3687-E9E1DBD1FC31&sortorder=desc&column=row HTTP/1.1" 200 72289
208.110.93.78 - - [13/Apr/2020:09:30:30 +0200] "GET /ticket2/opencms/no/buy/?page=1&edid=C8BE8B3C-DCF5-5A10-3072-9A1A6B964BF1&sortorder=desc&column=row HTTP/1.1" 200 69808
95.216.20.54 - - [13/Apr/2020:09:30:30 +0200] "GET /ticket2/opencms/fi/sell/?edid=A83A5ABF-2C57-0520-8010-5DCE561EE55B HTTP/1.1" 302 -
192.99.15.199 - - [13/Apr/2020:09:30:30 +0200] "GET /ticket2/opencms/sv/venue/?venueid=196FB588-3DD3-A39A-5871-20BDD46513E4 HTTP/1.1" 200 65441
192.99.37.116 - - [13/Apr/2020:09:30:33 +0200] "GET /ticket2/opencms/fi/buy/?page=1&edid=8B685A36-BC77-1128-E7A0-2D75DB546DB5&sortorder=desc&column=price HTTP/1.1" 200 70645
47.54.35.136 - - [13/Apr/2020:09:30:36 +0200] "GET /ticket2/opencms/fi/buy/?page=1&edid=017877D6-AD6D-7619-CD21-72EA53A1F341&sortorder=desc&column=section HTTP/1.1" 200 72553
95.216.20.54 - - [13/Apr/2020:09:30:36 +0200] "GET /ticket2/opencms/fi/login/?edid=A83A5ABF-2C57-0520-8010-5DCE561EE55B HTTP/1.1" 200 68719
148.251.9.145 - - [13/Apr/2020:09:30:42 +0200] "GET /ticket2/opencms/dk/buy/?page=1&edid=3915D06A-7208-4364-EA76-3E5239E90AE2&sortorder=desc&column=section HTTP/1.1" 200 69313
67.225.220.120 - - [13/Apr/2020:09:30:49 +0200] "GET /ticket2/opencms/en/buy/?page=1&edid=BD31577E-89AE-21C8-EC43-EC092DF762EE HTTP/1.1" 200 71580
46.229.168.135 - - [13/Apr/2020:09:30:54 +0200] "GET /ticket2/opencms/fi/buy/?edid=1FD00E9B-3A03-E379-9B08-FF7D16F1A6A6&page=1 HTTP/1.1" 200 72537
46.229.168.132 - - [13/Apr/2020:09:30:54 +0200] "GET /ticket2/opencms/robots.txt HTTP/1.1" 200 773
95.216.20.54 - - [13/Apr/2020:09:30:54 +0200] "GET /ticket2/opencms/fi/sell/?edid=A8B6F5B8-721B-A21E-AB6C-76915BC32CAD HTTP/1.1" 302 -
208.110.93.78 - - [13/Apr/2020:09:30:56 +0200] "GET /ticket2/opencms/no/buy/?page=1&edid=C8BE8B3C-DCF5-5A10-3072-9A1A6B964BF1&sortorder=desc&column=section HTTP/1.1" 200 69808
173.208.130.202 - - [13/Apr/2020:09:30:59 +0200] "GET /ticket2/opencms/fi/buy/?page=1&edid=CAE92924-3FB7-0134-A118-0CF45131D58E&sortorder=desc&column=price HTTP/1.1" 200 70623
46.229.168.143 - - [13/Apr/2020:09:31:00 +0200] "GET /ticket2/opencms/sv/buy/?column=section&edid=5DC5F4BB-E0CD-B313-C354-E3A2601E78F2&page=1&sortorder=asc HTTP/1.1" 200 69479
192.99.4.168 - - [13/Apr/2020:09:31:03 +0200] "GET /ticket2/opencms/en/buy/?page=1&edid=11EC6129-2F99-7195-7BFE-4C3510BAD9C9&sortorder=asc&column=section HTTP/1.1" 200 70877
46.229.168.129 - - [13/Apr/2020:09:31:09 +0200] "GET /ticket2/opencms/sv/buy/?column=row&edid=570BC029-41A3-AC83-7093-0DFFF0210D10&page=1&sortorder=asc HTTP/1.1" 200 71788
46.229.168.134 - - [13/Apr/2020:09:31:11 +0200] "GET /ticket2/opencms/en/buy/?column=price&edid=238BA976-8A36-F331-49F3-2B6F70416A65&page=1&sortorder=asc HTTP/1.1" 200 71524
114.119.163.240 - - [13/Apr/2020:09:31:11 +0200] "GET /ticket2/opencms/no/buy/?page=6&comcatid=0A6B8208-FDA4-E929-9D72-5312FD481B76&catid=1DB7F66B-473B-B427-F752-358FEEFE8EC0 HTTP/1.1" 200 69498
148.251.9.145 - - [13/Apr/2020:09:31:16 +0200] "GET /ticket2/opencms/dk/buy/?page=1&edid=3F230B6C-1156-63A7-CD56-84FFF19FC0D1&sortorder=asc&column=section HTTP/1.1" 200 71217
95.216.20.54 - - [13/Apr/2020:09:31:16 +0200] "GET /ticket2/opencms/fi/login/?edid=A8B6F5B8-721B-A21E-AB6C-76915BC32CAD HTTP/1.1" 200 68719
47.54.35.136 - - [13/Apr/2020:09:31:21 +0200] "GET /ticket2/opencms/fi/buy/?page=1&edid=02AD6CF6-0346-F238-B4BF-C7DC48FB5E1F&sortorder=asc&column=price HTTP/1.1" 200 70633
192.99.5.228 - - [13/Apr/2020:09:31:33 +0200] "GET /ticket2/opencms/dk/buy/?page=1&edid=11EC6129-2F99-7195-7BFE-4C3510BAD9C9&sortorder=desc&column=section HTTP/1.1" 200 70965
208.110.93.78 - - [13/Apr/2020:09:31:38 +0200] "GET /ticket2/opencms/no/buy/?page=1&edid=C911FAED-AB24-3D1E-9FCD-5C4460E1968C HTTP/1.1" 200 69775
66.249.79.87 - - [13/Apr/2020:09:31:38 +0200] "GET /ticket2/opencms/sv/venue/?countryid=9F359E38-9140-4AB1-4689-B4648FEDC1F9 HTTP/1.1" 200 94846
46.229.168.139 - - [13/Apr/2020:09:31:53 +0200] "GET /ticket2/opencms/nl/buy/?column=section&edid=DD99BFEC-4846-922C-64A2-1661CA2CB452&page=1&sortorder=asc HTTP/1.1" 200 70647
192.99.15.199 - - [13/Apr/2020:09:31:53 +0200] "GET /ticket2/opencms/sv/venue/?venueid=1ADAD548-6002-61B9-940A-33048BFCB4CD HTTP/1.1" 200 65468
173.208.130.202 - - [13/Apr/2020:09:31:56 +0200] "GET /ticket2/opencms/fi/buy/?page=1&edid=CAE92924-3FB7-0134-A118-0CF45131D58E&sortorder=desc&column=row HTTP/1.1" 200 70623
95.216.20.54 - - [13/Apr/2020:09:32:05 +0200] "GET /ticket2/opencms/fi/sell/?edid=A917185F-FCCF-F49F-FDB1-2FF147298D69 HTTP/1.1" 302 -
148.251.9.145 - - [13/Apr/2020:09:32:13 +0200] "GET /ticket2/opencms/dk/buy/?page=1&edid=5131D260-B1D3-49FA-7E88-CA34DC215EA7&sortorder=asc&column=price HTTP/1.1" 200 71227
46.229.168.151 - - [13/Apr/2020:09:32:27 +0200] "GET /ticket2/opencms/sv/sport/fotbollsbiljetter/premier_league/birmingham/ HTTP/1.1" 200 65648
46.229.168.163 - - [13/Apr/2020:09:32:31 +0200] "GET /ticket2/opencms/sv/buy/?column=price&edid=570BC029-41A3-AC83-7093-0DFFF0210D10&page=1&sortorder=asc HTTP/1.1" 200 71788
208.110.93.78 - - [13/Apr/2020:09:32:35 +0200] "GET /ticket2/opencms/no/buy/?page=1&edid=C911FAED-AB24-3D1E-9FCD-5C4460E1968C&sortorder=asc&column=price HTTP/1.1" 200 69811
47.54.35.136 - - [13/Apr/2020:09:32:43 +0200] "GET /ticket2/opencms/fi/buy/?page=1&edid=02AD6CF6-0346-F238-B4BF-C7DC48FB5E1F&sortorder=asc&column=row HTTP/1.1" 200 70633
46.229.168.138 - - [13/Apr/2020:09:32:45 +0200] "GET /ticket2/opencms/no/buy/?column=row&edid=137C96C9-C65D-C937-99B2-0464EAF1DB76&page=1&sortorder=asc HTTP/1.1" 200 69812
66.249.79.71 - - [13/Apr/2020:09:32:47 +0200] "GET /ticket2/opencms/fi/venue/?venueid=0B6647D6-AF36-CFCA-FE75-9D696BBAFD20 HTTP/1.1" 200 66492
69.30.198.186 - - [13/Apr/2020:09:32:52 +0200] "GET /ticket2/opencms/dk/buy/?page=1&edid=07335531-3B1A-2C29-2B43-B2D35810611E&sortorder=desc&column=section HTTP/1.1" 200 69320
46.229.168.151 - - [13/Apr/2020:09:32:55 +0200] "GET /ticket2/opencms/sv/tickets/aston_villa/manchester_united.html HTTP/1.1" 200 71019
95.216.20.54 - - [13/Apr/2020:09:33:00 +0200] "GET /ticket2/opencms/fi/sell/?edid=A9DB1DE6-01D7-BC62-CF57-554A2AD423E4 HTTP/1.1" 302 -
173.208.130.202 - - [13/Apr/2020:09:33:01 +0200] "GET /ticket2/opencms/fi/buy/?page=1&edid=CAE92924-3FB7-0134-A118-0CF45131D58E&sortorder=desc&column=section HTTP/1.1" 200 70623
192.99.4.168 - - [13/Apr/2020:09:33:06 +0200] "GET /ticket2/opencms/en/buy/?page=1&edid=14DC85A8-0F78-E63B-3823-C6D5EDB81837&sortorder=asc&column=price HTTP/1.1" 200 71335
114.119.162.214 - - [13/Apr/2020:09:33:09 +0200] "GET /ticket2/opencms/fi/buy/?page=1&edid=3E844C64-2B32-A35E-237A-EDAC48338BDA&sortorder=asc&column=section HTTP/1.1" 200 72505
148.251.9.145 - - [13/Apr/2020:09:33:12 +0200] "GET /ticket2/opencms/dk/buy/?page=1&edid=5131D260-B1D3-49FA-7E88-CA34DC215EA7&sortorder=asc&column=row HTTP/1.1" 200 71227
46.229.168.153 - - [13/Apr/2020:09:33:20 +0200] "GET /ticket2/opencms/ru/buy/?column=price&edid=EA6DAAD2-200A-052A-B4F6-5898239F72D4&page=1&sortorder=desc HTTP/1.1" 200 72139
46.229.168.163 - - [13/Apr/2020:09:33:22 +0200] "GET /ticket2/opencms/sv/buy/?column=price&edid=570BC029-41A3-AC83-7093-0DFFF0210D10&page=1&sortorder=asc HTTP/1.1" 200 71788
46.229.168.134 - - [13/Apr/2020:09:33:28 +0200] "GET /ticket2/opencms/en/buy/?column=row&edid=9855A2C3-650C-23D8-F314-126B4A227928&page=1&sortorder=asc HTTP/1.1" 200 69264
192.99.15.199 - - [13/Apr/2020:09:33:30 +0200] "GET /ticket2/opencms/sv/venue/?venueid=1B420ACB-199A-5424-E698-08BE6CB8B69A HTTP/1.1" 200 65440
192.99.5.228 - - [13/Apr/2020:09:33:32 +0200] "GET /ticket2/opencms/dk/buy/?page=1&edid=11FD6A0D-DBDD-2EB1-4BAA-FE0CA8F88A9E&sortorder=desc&column=price HTTP/1.1" 200 72527
208.110.93.78 - - [13/Apr/2020:09:33:38 +0200] "GET /ticket2/opencms/no/buy/?page=1&edid=C911FAED-AB24-3D1E-9FCD-5C4460E1968C&sortorder=asc&column=row HTTP/1.1" 200 69811
192.99.37.116 - - [13/Apr/2020:09:33:40 +0200] "GET /ticket2/opencms/fi/buy/?page=1&edid=8B685A36-BC77-1128-E7A0-2D75DB546DB5&sortorder=desc&column=row HTTP/1.1" 200 70645
47.54.35.136 - - [13/Apr/2020:09:33:41 +0200] "GET /ticket2/opencms/fi/buy/?page=1&edid=02AD6CF6-0346-F238-B4BF-C7DC48FB5E1F&sortorder=asc&column=section HTTP/1.1" 200 70633
46.229.168.153 - - [13/Apr/2020:09:33:47 +0200] "GET /ticket2/opencms/ru/buy/?column=price&edid=EA6DAAD2-200A-052A-B4F6-5898239F72D4&page=1&sortorder=desc HTTP/1.1" 200 72139
66.249.79.87 - - [13/Apr/2020:09:33:47 +0200] "GET /ticket2/opencms/ads.txt HTTP/1.1" 404 -
46.229.168.152 - - [13/Apr/2020:09:33:48 +0200] "GET /ticket2/opencms/en/buy/?column=row&edid=9C6F6F9E-235F-4D71-065A-2772E8DEA143&page=1&sortorder=desc HTTP/1.1" 200 69228
95.216.20.54 - - [13/Apr/2020:09:33:48 +0200] "GET /ticket2/opencms/fi/sell/?edid=AA98F677-D021-59B7-E72A-DFC2DEA2070E HTTP/1.1" 302 -
148.251.9.145 - - [13/Apr/2020:09:33:50 +0200] "GET /ticket2/opencms/dk/buy/?page=1&edid=5131D260-B1D3-49FA-7E88-CA34DC215EA7&sortorder=asc&column=section HTTP/1.1" 200 71227
47.54.35.136 - - [13/Apr/2020:09:33:55 +0200] "GET /ticket2/opencms/fi/buy/?page=1&edid=02AD6CF6-0346-F238-B4BF-C7DC48FB5E1F&sortorder=desc&column=price HTTP/1.1" 200 70632
46.229.168.140 - - [13/Apr/2020:09:33:58 +0200] "GET /ticket2/opencms/no/buy/?column=price&edid=8EFE8A71-5F67-3802-3BCC-41DE3A06C76D&page=1&sortorder=desc HTTP/1.1" 200 69821
46.229.168.138 - - [13/Apr/2020:09:34:00 +0200] "GET /ticket2/opencms/no/buy/?column=row&edid=137C96C9-C65D-C937-99B2-0464EAF1DB76&page=1&sortorder=asc HTTP/1.1" 200 69812
46.229.168.134 - - [13/Apr/2020:09:34:08 +0200] "GET /ticket2/opencms/en/buy/?column=row&edid=9855A2C3-650C-23D8-F314-126B4A227928&page=1&sortorder=asc HTTP/1.1" 200 69264
46.229.168.151 - - [13/Apr/2020:09:34:11 +0200] "GET /ticket2/opencms/sv/tickets/aston_villa/manchester_united.html HTTP/1.1" 200 71019
46.229.168.147 - - [13/Apr/2020:09:34:11 +0200] "GET /ticket2/opencms/dk/login/?url=%25252Fdk%25252Fsell%25252F HTTP/1.1" 200 67413
46.229.168.137 - - [13/Apr/2020:09:34:11 +0200] "GET /ticket2/opencms/en/buy/?column=row&edid=112B8EBB-2603-9B36-8924-2995808A83B2&page=1&sortorder=asc HTTP/1.1" 200 71521
208.110.93.78 - - [13/Apr/2020:09:34:12 +0200] "GET /ticket2/opencms/no/buy/?page=1&edid=C911FAED-AB24-3D1E-9FCD-5C4460E1968C&sortorder=desc&column=section HTTP/1.1" 200 69810
46.229.168.149 - - [13/Apr/2020:09:34:18 +0200] "GET /ticket2/opencms/nl/buy/?column=section&edid=68B92CC4-CCEC-BC83-95A2-78E88459C604&page=1&sortorder=asc HTTP/1.1" 200 68314
67.225.220.120 - - [13/Apr/2020:09:34:20 +0200] "GET /ticket2/opencms/en/buy/?page=1&edid=9C4836A1-BD2A-4D85-1156-08B8E0333D34 HTTP/1.1" 200 71076
69.30.198.186 - - [13/Apr/2020:09:34:21 +0200] "GET /ticket2/opencms/dk/buy/?page=1&edid=074ADD6F-675A-452C-058E-AAA3D3253B4C&sortorder=asc&column=row HTTP/1.1" 200 70734
208.110.93.78 - - [13/Apr/2020:09:34:25 +0200] "GET /ticket2/opencms/no/buy/?page=1&edid=C95A4E23-D889-BB67-D76E-78077A10F0E1&sortorder=asc&column=price HTTP/1.1" 200 69833
95.216.20.54 - - [13/Apr/2020:09:34:25 +0200] "GET /ticket2/opencms/fi/sell/?edid=AB50204C-215A-4600-59BC-2DA2AB6F3782 HTTP/1.1" 302 -
192.99.4.168 - - [13/Apr/2020:09:34:27 +0200] "GET /ticket2/opencms/en/buy/?page=1&edid=14DC85A8-0F78-E63B-3823-C6D5EDB81837&sortorder=asc&column=row HTTP/1.1" 200 71335
47.54.35.136 - - [13/Apr/2020:09:34:27 +0200] "GET /ticket2/opencms/fi/buy/?page=1&edid=02AD6CF6-0346-F238-B4BF-C7DC48FB5E1F&sortorder=desc&column=row HTTP/1.1" 200 70632
192.99.15.199 - - [13/Apr/2020:09:34:27 +0200] "GET /ticket2/opencms/sv/venue/?venueid=1BBA4161-876F-505A-41A9-3DCAB11C11AD HTTP/1.1" 200 65453
114.119.162.214 - - [13/Apr/2020:09:34:28 +0200] "GET /ticket2/opencms/dk/buy/?page=1&edid=6B2EA6CD-7553-8F73-30CB-5A807E0727F2&sortorder=desc&column=section HTTP/1.1" 200 72055
46.229.168.133 - - [13/Apr/2020:09:34:28 +0200] "GET /ticket2/opencms/no/buy/?column=row&edid=570BC029-41A3-AC83-7093-0DFFF0210D10&page=1&sortorder=asc HTTP/1.1" 200 72133
46.229.168.145 - - [13/Apr/2020:09:34:30 +0200] "GET /ticket2/opencms/sv/buy/?edid=02A00A05-668A-B57A-1A9F-B82023F1983A&page=1 HTTP/1.1" 200 72034
46.229.168.152 - - [13/Apr/2020:09:34:36 +0200] "GET /ticket2/opencms/en/buy/?column=row&edid=9C6F6F9E-235F-4D71-065A-2772E8DEA143&page=1&sortorder=desc HTTP/1.1" 200 69228
46.229.168.140 - - [13/Apr/2020:09:34:36 +0200] "GET /ticket2/opencms/no/buy/?column=price&edid=8EFE8A71-5F67-3802-3BCC-41DE3A06C76D&page=1&sortorder=desc HTTP/1.1" 200 69821
148.251.9.145 - - [13/Apr/2020:09:34:44 +0200] "GET /ticket2/opencms/dk/buy/?page=1&edid=59BCB73D-8EFE-145C-3694-3C89547AA350&sortorder=asc&column=price HTTP/1.1" 200 71912
69.30.198.186 - - [13/Apr/2020:09:34:45 +0200] "GET /ticket2/opencms/dk/buy/?page=1&edid=0750C6FE-B11D-02C8-6F08-958B2A2EF455&sortorder=asc&column=price HTTP/1.1" 200 71439
46.229.168.147 - - [13/Apr/2020:09:34:45 +0200] "GET /ticket2/opencms/fi/buy/?column=section&edid=46D76B29-FAEB-68DD-CFAD-97926EF88CBB&page=1&sortorder=asc HTTP/1.1" 200 73366
46.229.168.152 - - [13/Apr/2020:09:34:52 +0200] "GET /ticket2/opencms/fi/buy/?column=row&edid=EFE86C90-1F78-7ACD-9BE3-6153417E087A&page=1&sortorder=desc HTTP/1.1" 200 72053
46.229.168.133 - - [13/Apr/2020:09:34:52 +0200] "GET /ticket2/opencms/nl/buy/?column=section&edid=B93BACFA-D4BE-FD44-7471-80CB70722A0B&page=1&sortorder=desc HTTP/1.1" 200 68329
95.216.20.54 - - [13/Apr/2020:09:34:52 +0200] "GET /ticket2/opencms/fi/sell/?edid=AD39096E-3EA5-643E-0039-C25A5267917A HTTP/1.1" 302 -
67.225.220.120 - - [13/Apr/2020:09:34:58 +0200] "GET /ticket2/opencms/en/buy/?page=1&edid=5A53D059-2717-7212-ED4E-000015E5862F HTTP/1.1" 200 71605
67.225.220.120 - - [13/Apr/2020:09:35:01 +0200] "GET /ticket2/opencms/en/buy/?page=1&edid=424EF7C2-EA43-6C2B-5DFC-FDAAF8467F7B HTTP/1.1" 200 69212
148.251.9.145 - - [13/Apr/2020:09:35:01 +0200] "GET /ticket2/opencms/dk/buy/?page=1&edid=59BCB73D-8EFE-145C-3694-3C89547AA350&sortorder=asc&column=row HTTP/1.1" 200 71912
47.54.35.136 - - [13/Apr/2020:09:35:02 +0200] "GET /ticket2/opencms/fi/buy/?page=1&edid=02AD6CF6-0346-F238-B4BF-C7DC48FB5E1F&sortorder=desc&column=section HTTP/1.1" 200 70632
207.46.13.182 - - [13/Apr/2020:09:35:02 +0200] "GET /ticket2/opencms/sv/konsertbiljetter/pink/ HTTP/1.1" 200 66514
46.229.168.137 - - [13/Apr/2020:09:35:02 +0200] "GET /ticket2/opencms/en/buy/?column=row&edid=112B8EBB-2603-9B36-8924-2995808A83B2&page=1&sortorder=asc HTTP/1.1" 200 71521
46.229.168.149 - - [13/Apr/2020:09:35:04 +0200] "GET /ticket2/opencms/nl/buy/?column=section&edid=68B92CC4-CCEC-BC83-95A2-78E88459C604&page=1&sortorder=asc HTTP/1.1" 200 68314
46.229.168.134 - - [13/Apr/2020:09:35:06 +0200] "GET /ticket2/opencms/en/buy/?column=section&edid=1B85E671-6747-EEED-C5AD-3D35965D294E&page=1&sortorder=asc HTTP/1.1" 200 71553
47.54.35.136 - - [13/Apr/2020:09:35:08 +0200] "GET /ticket2/opencms/fi/buy/?page=1&edid=0321A71D-58D8-8ECD-3D87-C0C5B0A335D6 HTTP/1.1" 200 70603
192.99.37.116 - - [13/Apr/2020:09:35:08 +0200] "GET /ticket2/opencms/fi/buy/?page=1&edid=8B685A36-BC77-1128-E7A0-2D75DB546DB5&sortorder=desc&column=section HTTP/1.1" 200 70645
192.99.5.228 - - [13/Apr/2020:09:35:09 +0200] "GET /ticket2/opencms/dk/buy/?page=1&edid=12200247-16D8-2856-A450-483F60D8BDB8 HTTP/1.1" 200 69287
46.229.168.149 - - [13/Apr/2020:09:35:09 +0200] "GET /ticket2/opencms/nl/login/?url=%25252Fnl%25252Fsell%25252F HTTP/1.1" 200 66495
54.36.148.201 - - [13/Apr/2020:09:35:09 +0200] "GET /ticket2/opencms/fi/buy/?page=1&edid=C67BE960-1F2D-0A80-6212-2F1D929BC887 HTTP/1.1" 200 72475
95.216.20.54 - - [13/Apr/2020:09:35:09 +0200] "GET /ticket2/opencms/fi/login/?edid=AD39096E-3EA5-643E-0039-C25A5267917A HTTP/1.1" 200 68719
46.229.168.149 - - [13/Apr/2020:09:35:11 +0200] "GET /ticket2/opencms/dk/buy/?column=section&edid=FB258716-98B5-9120-93E8-787488A6CE47&page=1&sortorder=asc HTTP/1.1" 200 71248
46.229.168.142 - - [13/Apr/2020:09:35:17 +0200] "GET /ticket2/opencms/en/buy/?column=row&edid=10AAD649-5E5E-EE36-2E17-DDA964C1719C&page=1&sortorder=asc HTTP/1.1" 200 70645
208.110.93.78 - - [13/Apr/2020:09:35:24 +0200] "GET /ticket2/opencms/no/buy/?page=1&edid=C95A4E23-D889-BB67-D76E-78077A10F0E1&sortorder=asc&column=row HTTP/1.1" 200 69833
46.229.168.134 - - [13/Apr/2020:09:35:26 +0200] "GET /ticket2/opencms/ru/buy/?edid=059D0B9F-E09C-E206-AB1B-0C50CA0C4BFC&page=1 HTTP/1.1" 200 70197
47.54.35.136 - - [13/Apr/2020:09:35:28 +0200] "GET /ticket2/opencms/fi/buy/?page=1&edid=0321A71D-58D8-8ECD-3D87-C0C5B0A335D6&sortorder=asc&column=price HTTP/1.1" 200 70639
95.216.20.54 - - [13/Apr/2020:09:35:28 +0200] "GET /ticket2/opencms/fi/sell/?edid=AFC32FFD-1720-90C6-B617-5D601DF0900B HTTP/1.1" 302 -
208.110.93.78 - - [13/Apr/2020:09:35:33 +0200] "GET /ticket2/opencms/no/buy/?page=1&edid=C95A4E23-D889-BB67-D76E-78077A10F0E1&sortorder=asc&column=section HTTP/1.1" 200 69833
192.99.15.199 - - [13/Apr/2020:09:35:35 +0200] "GET /ticket2/opencms/sv/venue/?venueid=1CD780E5-F5E0-3E6E-0FBD-DA930D5E7A83 HTTP/1.1" 200 65494
69.30.198.186 - - [13/Apr/2020:09:35:40 +0200] "GET /ticket2/opencms/dk/buy/?page=1&edid=0750C6FE-B11D-02C8-6F08-958B2A2EF455&sortorder=asc&column=row HTTP/1.1" 200 71439
46.229.168.130 - - [13/Apr/2020:09:35:41 +0200] "GET /ticket2/opencms/en/buy/?column=section&edid=4D2A2724-7797-6EBF-BAB8-69176E21CA79&page=1&sortorder=desc HTTP/1.1" 200 70876
46.229.168.145 - - [13/Apr/2020:09:35:41 +0200] "GET /ticket2/opencms/robots.txt HTTP/1.1" 200 773
46.229.168.137 - - [13/Apr/2020:09:35:41 +0200] "GET /ticket2/opencms/fi/buy/?column=section&edid=EAF5F943-A31A-E92D-61B3-6DC580C2EEDC&page=1&sortorder=asc HTTP/1.1" 200 72723
46.229.168.153 - - [13/Apr/2020:09:35:42 +0200] "GET /ticket2/opencms/nl/buy/?column=price&edid=4B8DF2AC-42E6-6C5D-F1CE-0DA3D8253356&page=1&sortorder=asc HTTP/1.1" 200 71045
148.251.9.145 - - [13/Apr/2020:09:35:44 +0200] "GET /ticket2/opencms/dk/buy/?page=1&edid=59BCB73D-8EFE-145C-3694-3C89547AA350&sortorder=asc&column=section HTTP/1.1" 200 71912
67.225.220.120 - - [13/Apr/2020:09:35:45 +0200] "GET /ticket2/opencms/en/buy/?page=1&edid=97090501-1E61-49E3-928B-F233AE55277C HTTP/1.1" 200 71139
67.225.220.120 - - [13/Apr/2020:09:35:48 +0200] "GET /ticket2/opencms/en/buy/?page=1&edid=F9FF1A93-E063-30B5-D018-721B7BF05409 HTTP/1.1" 200 71590
46.229.168.154 - - [13/Apr/2020:09:35:48 +0200] "GET /ticket2/opencms/nl/buy/?column=price&edid=2D726398-C836-8BED-AF4C-01D0E7436418&page=1&sortorder=asc HTTP/1.1" 200 70409
192.99.4.168 - - [13/Apr/2020:09:35:49 +0200] "GET /ticket2/opencms/en/buy/?page=1&edid=14DC85A8-0F78-E63B-3823-C6D5EDB81837&sortorder=asc&column=section HTTP/1.1" 200 71335
95.216.20.54 - - [13/Apr/2020:09:35:49 +0200] "GET /ticket2/opencms/fi/login/?edid=AFC32FFD-1720-90C6-B617-5D601DF0900B HTTP/1.1" 200 68719
46.229.168.145 - - [13/Apr/2020:09:35:49 +0200] "GET /ticket2/opencms/robots.txt HTTP/1.1" 200 773
46.229.168.135 - - [13/Apr/2020:09:35:49 +0200] "GET /ticket2/opencms/en/buy/?column=section&edid=DC15B801-FC41-85D8-B33F-8FF1EFE0758A&page=1&sortorder=asc HTTP/1.1" 200 71972
46.229.168.163 - - [13/Apr/2020:09:35:55 +0200] "GET /ticket2/opencms/no/buy/?column=row&edid=D5E9A801-4597-FB68-95D5-A4CE1BC9C0D9&page=1&sortorder=asc HTTP/1.1" 200 71898
46.229.168.133 - - [13/Apr/2020:09:35:57 +0200] "GET /ticket2/opencms/no/buy/?column=row&edid=570BC029-41A3-AC83-7093-0DFFF0210D10&page=1&sortorder=asc HTTP/1.1" 200 72133
114.119.163.240 - - [13/Apr/2020:09:36:04 +0200] "GET /ticket2/opencms/no/buy/?page=1&edid=82C986F9-0D6E-C921-C10B-10465651AE1E&sortorder=asc&column=row HTTP/1.1" 200 69817
95.216.20.54 - - [13/Apr/2020:09:36:04 +0200] "GET /ticket2/opencms/fi/sell/?edid=B2E5BFF4-A3CD-3EDE-214C-30C8A05EA888 HTTP/1.1" 302 -
46.229.168.162 - - [13/Apr/2020:09:36:05 +0200] "GET /ticket2/opencms/sv/buy/?column=section&edid=C2E2A345-1805-9628-50E3-0D8B812CD139&page=1&sortorder=asc HTTP/1.1" 200 69479
157.55.39.12 - - [13/Apr/2020:09:36:16 +0200] "GET /ticket2/opencms/sv/sport/fotbollsbiljetter/premier_league/manchester_united/blackburn_rovers.html HTTP/1.1" 200 70098
