67.225.220.120 - - [13/Apr/2020:08:58:09 +0200] "GET /ticket2/opencms/en/buy/?page=1&edid=82C986F9-0D6E-C921-C10B-10465651AE1E HTTP/1.1" 200 69200
95.216.20.54 - - [13/Apr/2020:08:58:09 +0200] "GET /ticket2/opencms/fi/login/?edid=C1DD80C7-8D4B-6F54-604C-75017AA9D563 HTTP/1.1" 200 68719
46.229.168.130 - - [13/Apr/2020:08:58:15 +0200] "GET /ticket2/opencms/sv/buy/?column=price&edid=AF803F6A-0017-610F-0DC2-F7B24937C777&page=1&sortorder=asc HTTP/1.1" 200 69493
46.229.168.134 - - [13/Apr/2020:08:58:19 +0200] "GET /ticket2/opencms/sv/buy/?column=price&edid=E37D9788-59C6-DADE-FC63-F7F06CE589EF&page=1&sortorder=desc HTTP/1.1" 200 71566
95.216.20.54 - - [13/Apr/2020:08:58:20 +0200] "GET /ticket2/opencms/fi/login/?edid=C21BBDF3-4920-5DD7-6F70-746B52EF0099 HTTP/1.1" 200 68719
46.229.168.154 - - [13/Apr/2020:08:58:20 +0200] "GET /ticket2/opencms/robots.txt HTTP/1.1" 200 773
46.229.168.140 - - [13/Apr/2020:08:58:21 +0200] "GET /ticket2/opencms/sv/buy/?column=section&edid=E94EB3D4-47F8-5B4B-AFCC-5DA76D6F5A89&page=1&sortorder=asc HTTP/1.1" 200 71855
46.229.168.134 - - [13/Apr/2020:08:58:22 +0200] "GET /ticket2/opencms/en/buy/?column=price&edid=56F7A79F-ED6D-503D-46E5-CD44AF89319D&page=1&sortorder=asc HTTP/1.1" 200 71970
46.229.168.130 - - [13/Apr/2020:08:58:32 +0200] "GET /ticket2/opencms/no/buy/?edid=CFC2AA71-77AF-B6F9-E3AC-B5C5B74CC33A&page=1 HTTP/1.1" 200 71408
95.216.20.54 - - [13/Apr/2020:08:58:32 +0200] "GET /ticket2/opencms/fi/login/?edid=C2230841-0CF8-C133-1EF6-FA21C3B60704 HTTP/1.1" 200 68719
216.245.221.82 - - [13/Apr/2020:08:58:32 +0200] "HEAD /ticket2/opencms/ HTTP/1.1" 302 -
208.110.93.78 - - [13/Apr/2020:08:58:36 +0200] "GET /ticket2/opencms/no/buy/?page=1&edid=C439FA23-3FE7-CDC9-A39E-4CD3D19ACA8D&sortorder=desc&column=row HTTP/1.1" 200 71722
46.229.168.131 - - [13/Apr/2020:08:58:36 +0200] "GET /ticket2/opencms/fi/venue/?venueid=81019620-2AA3-B707-CDBF-B5932D491F06 HTTP/1.1" 200 66486
69.30.198.186 - - [13/Apr/2020:08:58:37 +0200] "GET /ticket2/opencms/dk/buy/?page=1&edid=04C73364-27DF-BC1F-A84D-29BF88D4FF51&sortorder=desc&column=section HTTP/1.1" 200 70742
95.216.20.54 - - [13/Apr/2020:08:58:37 +0200] "GET /ticket2/opencms/fi/login/?edid=C2337D3B-DD3B-8FF2-A5FB-EB122D3933CE HTTP/1.1" 200 68719
46.229.168.134 - - [13/Apr/2020:08:58:43 +0200] "GET /ticket2/opencms/en/buy/?column=row&edid=D7C0DA77-DBEA-6309-806C-0F1B3D98F5E1&page=1&sortorder=asc HTTP/1.1" 200 71176
192.99.15.199 - - [13/Apr/2020:08:58:43 +0200] "GET /ticket2/opencms/sv/login/?edid=FC8166F8-5150-95FE-6FDF-33A45AACF965 HTTP/1.1" 200 67543
192.99.5.228 - - [13/Apr/2020:08:58:44 +0200] "GET /ticket2/opencms/dk/buy/?page=1&edid=0F17BCAD-3084-AC58-8EE9-146E1CEBAC51&sortorder=desc&column=price HTTP/1.1" 200 71198
95.216.20.54 - - [13/Apr/2020:08:58:44 +0200] "GET /ticket2/opencms/fi/login/?edid=C3DECC82-3913-4A09-A7B2-D4DC592CF8F8 HTTP/1.1" 200 68719
46.229.168.149 - - [13/Apr/2020:08:58:44 +0200] "GET /ticket2/opencms/nl/sell/?edid=20C1AD53-6A65-5759-88A8-7AC99619D561 HTTP/1.1" 302 -
46.229.168.162 - - [13/Apr/2020:08:58:58 +0200] "GET /ticket2/opencms/sv/buy/?column=section&edid=BF642258-F488-099D-EB1B-271BB8539B44&page=1&sortorder=desc HTTP/1.1" 200 71551
95.216.20.54 - - [13/Apr/2020:08:58:58 +0200] "GET /ticket2/opencms/fi/login/?edid=C4D150F7-E051-16FD-EDF0-67C520051F22 HTTP/1.1" 200 68719
46.229.168.162 - - [13/Apr/2020:08:58:59 +0200] "GET /ticket2/opencms/en/buy/?column=row&edid=BD6EF8A5-80EE-2A0A-B771-821A51089189&page=1&sortorder=desc HTTP/1.1" 200 69251
46.229.168.143 - - [13/Apr/2020:08:59:01 +0200] "GET /ticket2/opencms/fi/buy/?column=section&edid=EBA49F8A-33E9-0C95-472B-EF6292B7073A&page=1&sortorder=asc HTTP/1.1" 200 72522
46.229.168.152 - - [13/Apr/2020:08:59:01 +0200] "GET /ticket2/opencms/fi/buy/?column=price&edid=DDC7599B-D07F-381D-5227-9E1873654D32&page=1&sortorder=desc HTTP/1.1" 200 70655
192.99.15.199 - - [13/Apr/2020:08:59:07 +0200] "GET /ticket2/opencms/sv/venue/?venueid=075172A0-B019-D420-5B98-9F3BF7203A11 HTTP/1.1" 200 65495
95.216.20.54 - - [13/Apr/2020:08:59:08 +0200] "GET /ticket2/opencms/fi/login/?edid=C5A0BA3B-4B90-33DE-6EB5-7B76992E9B42 HTTP/1.1" 200 68719
208.110.93.78 - - [13/Apr/2020:08:59:16 +0200] "GET /ticket2/opencms/no/buy/?page=1&edid=C439FA23-3FE7-CDC9-A39E-4CD3D19ACA8D&sortorder=desc&column=section HTTP/1.1" 200 71722
95.216.20.54 - - [13/Apr/2020:08:59:22 +0200] "GET /ticket2/opencms/fi/login/?edid=CD8C65AB-F506-0A9E-001A-2A1B6DBD3092 HTTP/1.1" 200 68719
69.30.198.186 - - [13/Apr/2020:08:59:23 +0200] "GET /ticket2/opencms/dk/buy/?page=1&edid=04D1C3F2-5033-E271-37EC-B4756F2AC9E4&sortorder=asc&column=price HTTP/1.1" 200 71477
46.229.168.151 - - [13/Apr/2020:08:59:28 +0200] "GET /ticket2/opencms/fi/buy/?column=row&edid=E8B96A61-AE91-9A43-C22E-F62B2B03FCE0&page=1&sortorder=desc HTTP/1.1" 200 70630
46.229.168.151 - - [13/Apr/2020:08:59:38 +0200] "GET /ticket2/opencms/no/buy/?column=row&edid=49C08FA0-ED06-3265-70AE-3BEE76F3DD9E&page=1&sortorder=asc HTTP/1.1" 200 71466
95.216.20.54 - - [13/Apr/2020:08:59:43 +0200] "GET /ticket2/opencms/fi/login/?edid=CE46419D-8212-4E80-4D96-946A95260D8F HTTP/1.1" 200 68719
208.110.93.78 - - [13/Apr/2020:08:59:51 +0200] "GET /ticket2/opencms/no/buy/?page=1&edid=C4BA00AB-BDFC-3A0A-FE36-2E6A52B5950E HTTP/1.1" 200 71186
180.163.220.62 - - [13/Apr/2020:08:59:51 +0200] "GET /ticket2/opencms/en/ HTTP/1.1" 200 71871
46.229.168.145 - - [13/Apr/2020:08:59:55 +0200] "GET /ticket2/opencms/en/buy/?column=row&edid=01361779-A215-4988-A0CA-B22E55ADBD38&page=1&sortorder=asc HTTP/1.1" 200 72443
114.119.163.240 - - [13/Apr/2020:08:59:57 +0200] "GET /ticket2/opencms/dk/buy/?page=1&edid=606531C5-CF71-89DE-0E4C-EEBAF097DA09&sortorder=asc&column=price HTTP/1.1" 200 69319
95.216.20.54 - - [13/Apr/2020:08:59:57 +0200] "GET /ticket2/opencms/fi/login/?edid=CFB00141-297E-C048-020A-09E02D385501 HTTP/1.1" 200 68719
208.110.93.78 - - [13/Apr/2020:08:59:59 +0200] "GET /ticket2/opencms/no/buy/?page=1&edid=C4BA00AB-BDFC-3A0A-FE36-2E6A52B5950E&sortorder=asc&column=price HTTP/1.1" 200 71222
192.99.5.228 - - [13/Apr/2020:09:00:01 +0200] "GET /ticket2/opencms/dk/buy/?page=1&edid=0F695EC3-6F93-0672-2AA7-1B781C50C903&sortorder=desc&column=section HTTP/1.1" 200 69305
46.229.168.146 - - [13/Apr/2020:09:00:02 +0200] "GET /ticket2/opencms/sv/buy/?eventid=8089A138-5EE7-E43F-C342-AAB9352CA1D1&page=10&venueid=152137BD-51FA-C49F-6002-B503D5181B54 HTTP/1.1" 200 69994
192.99.15.199 - - [13/Apr/2020:09:00:02 +0200] "GET /ticket2/opencms/sv/venue/?venueid=076920E1-F452-B8E6-450C-A259979AD263 HTTP/1.1" 200 65444
46.229.168.133 - - [13/Apr/2020:09:00:07 +0200] "GET /ticket2/opencms/sv/buy/?column=price&edid=85DC3B34-6EA3-546F-88A4-2D429B77C714&page=1&sortorder=asc HTTP/1.1" 200 71575
95.216.20.54 - - [13/Apr/2020:09:00:24 +0200] "GET /ticket2/opencms/fi/login/?edid=CFD9BEFF-0C02-6799-1A51-C299BFF6CF88 HTTP/1.1" 200 68719
208.110.93.78 - - [13/Apr/2020:09:00:37 +0200] "GET /ticket2/opencms/no/buy/?page=1&edid=C4BA00AB-BDFC-3A0A-FE36-2E6A52B5950E&sortorder=asc&column=row HTTP/1.1" 200 71222
69.30.198.186 - - [13/Apr/2020:09:01:03 +0200] "GET /ticket2/opencms/dk/buy/?page=1&edid=04D1C3F2-5033-E271-37EC-B4756F2AC9E4&sortorder=asc&column=row HTTP/1.1" 200 71477
95.216.20.54 - - [13/Apr/2020:09:01:30 +0200] "GET /ticket2/opencms/fi/login/?edid=D1432DC5-8C12-57F3-7E74-A2642DC12ED3 HTTP/1.1" 200 68719
67.225.220.120 - - [13/Apr/2020:09:01:32 +0200] "GET /ticket2/opencms/en/buy/?page=1&edid=A60952DA-299F-820E-67E8-C4650D264DE5 HTTP/1.1" 200 72889
46.229.168.147 - - [13/Apr/2020:09:01:36 +0200] "GET /ticket2/opencms/fi/buy/?column=row&edid=56F7A79F-ED6D-503D-46E5-CD44AF89319D&page=1&sortorder=asc HTTP/1.1" 200 73367
5.9.71.213 - - [13/Apr/2020:09:01:36 +0200] "GET /ticket2/opencms/robots.txt HTTP/1.1" 200 773
208.110.93.78 - - [13/Apr/2020:09:01:43 +0200] "GET /ticket2/opencms/no/buy/?page=1&edid=C4BA00AB-BDFC-3A0A-FE36-2E6A52B5950E&sortorder=asc&column=section HTTP/1.1" 200 71222
192.99.15.199 - - [13/Apr/2020:09:01:43 +0200] "GET /ticket2/opencms/sv/venue/?venueid=0770F9FB-0E35-27C1-D9DF-FC3108832BC5 HTTP/1.1" 200 65503
114.119.164.130 - - [13/Apr/2020:09:01:46 +0200] "GET /ticket2/opencms/sv/buy/?page=1&edid=B6519826-8267-EC30-B1D9-4C457BE51657&sortorder=desc&column=row HTTP/1.1" 200 69489
46.229.168.163 - - [13/Apr/2020:09:01:46 +0200] "GET /ticket2/opencms/robots.txt HTTP/1.1" 200 773
46.229.168.154 - - [13/Apr/2020:09:01:48 +0200] "GET /ticket2/opencms/sv/buy/?column=price&edid=5A53D059-2717-7212-ED4E-000015E5862F&page=1&sortorder=desc HTTP/1.1" 200 71864
46.229.168.139 - - [13/Apr/2020:09:01:53 +0200] "GET /ticket2/opencms/no/buy/?column=section&edid=5432ED02-FAD8-0258-AF31-52B1290A487D&page=1&sortorder=desc HTTP/1.1" 200 71902
46.229.168.130 - - [13/Apr/2020:09:02:05 +0200] "GET /ticket2/opencms/fi/buy/?column=row&edid=E169F5DB-C811-39FE-D2C1-0C94563BAA9E&page=1&sortorder=asc HTTP/1.1" 200 72286
46.229.168.163 - - [13/Apr/2020:09:02:09 +0200] "GET /ticket2/opencms/robots.txt HTTP/1.1" 200 773
46.229.168.161 - - [13/Apr/2020:09:02:11 +0200] "GET /ticket2/opencms/ru/buy/?catid=E3105E1E-3982-291E-5523-1C1DF161E9B7&comcatid=97ECA65A-72DA-F9AF-9DBB-245D3CFED1BE&eventid=3AA06760-BE6F-790C-7158-9203CB26A8CA&page=6 HTTP/1.1" 200 83650
54.36.149.1 - - [13/Apr/2020:09:02:13 +0200] "GET /ticket2/opencms/en/buy/?page=1&edid=D7C0DA77-DBEA-6309-806C-0F1B3D98F5E1 HTTP/1.1" 200 71140
192.99.37.116 - - [13/Apr/2020:09:02:15 +0200] "GET /ticket2/opencms/fi/buy/?page=1&edid=E8D37283-D56B-FD6C-F174-24BB3094D0C7&sortorder=asc&column=row HTTP/1.1" 200 72735
216.245.221.82 - - [13/Apr/2020:09:02:15 +0200] "HEAD /ticket2/opencms/ HTTP/1.1" 302 -
46.229.168.139 - - [13/Apr/2020:09:02:23 +0200] "GET /ticket2/opencms/no/buy/?column=section&edid=5432ED02-FAD8-0258-AF31-52B1290A487D&page=1&sortorder=desc HTTP/1.1" 200 71902
5.9.71.213 - - [13/Apr/2020:09:02:23 +0200] "GET /ticket2/opencms/robots.txt HTTP/1.0" 200 773
46.229.168.147 - - [13/Apr/2020:09:02:25 +0200] "GET /ticket2/opencms/fi/buy/?column=row&edid=56F7A79F-ED6D-503D-46E5-CD44AF89319D&page=1&sortorder=asc HTTP/1.1" 200 73367
192.99.5.228 - - [13/Apr/2020:09:02:29 +0200] "GET /ticket2/opencms/dk/buy/?page=1&edid=0FA74890-A85F-201C-0B2B-F2DB2DF0CC76&sortorder=desc&column=row HTTP/1.1" 200 72528
95.216.20.54 - - [13/Apr/2020:09:02:39 +0200] "GET /ticket2/opencms/fi/login/?edid=D46E0578-2C40-B575-6691-BBD6C7BC77BE HTTP/1.1" 200 68719
46.229.168.150 - - [13/Apr/2020:09:02:39 +0200] "GET /ticket2/opencms/robots.txt HTTP/1.1" 200 773
46.229.168.130 - - [13/Apr/2020:09:02:40 +0200] "GET /ticket2/opencms/fi/buy/?column=row&edid=E169F5DB-C811-39FE-D2C1-0C94563BAA9E&page=1&sortorder=asc HTTP/1.1" 200 72286
192.99.15.199 - - [13/Apr/2020:09:02:40 +0200] "GET /ticket2/opencms/sv/venue/?venueid=084C5FFD-59D7-DA1B-5EFC-5854672C42AB HTTP/1.1" 200 65476
46.229.168.150 - - [13/Apr/2020:09:02:40 +0200] "GET /ticket2/opencms/robots.txt HTTP/1.1" 200 773
69.30.198.186 - - [13/Apr/2020:09:02:40 +0200] "GET /ticket2/opencms/dk/buy/?page=1&edid=04D1C3F2-5033-E271-37EC-B4756F2AC9E4&sortorder=asc&column=section HTTP/1.1" 200 71477
67.225.220.120 - - [13/Apr/2020:09:02:46 +0200] "GET /ticket2/opencms/en/buy/?page=1&edid=6D659B0C-D907-0405-67DC-00DF3824F864 HTTP/1.1" 200 69214
46.229.168.161 - - [13/Apr/2020:09:02:46 +0200] "GET /ticket2/opencms/ru/buy/?catid=E3105E1E-3982-291E-5523-1C1DF161E9B7&comcatid=97ECA65A-72DA-F9AF-9DBB-245D3CFED1BE&eventid=3AA06760-BE6F-790C-7158-9203CB26A8CA&page=6 HTTP/1.1" 200 83650
67.225.220.120 - - [13/Apr/2020:09:02:47 +0200] "GET /ticket2/opencms/en/buy/?page=1&edid=F98A7298-B6AE-74CA-1979-60ECE40631DA HTTP/1.1" 200 69236
46.229.168.139 - - [13/Apr/2020:09:02:49 +0200] "GET /ticket2/opencms/fi/buy/?column=section&edid=05C0128A-02F8-C30A-2654-0B16EDFDCD9B&page=1&sortorder=asc HTTP/1.1" 200 72519
208.110.93.78 - - [13/Apr/2020:09:02:53 +0200] "GET /ticket2/opencms/no/buy/?page=1&edid=C4BA00AB-BDFC-3A0A-FE36-2E6A52B5950E&sortorder=desc&column=price HTTP/1.1" 200 71221
46.229.168.154 - - [13/Apr/2020:09:02:55 +0200] "GET /ticket2/opencms/sv/buy/?column=price&edid=5A53D059-2717-7212-ED4E-000015E5862F&page=1&sortorder=desc HTTP/1.1" 200 71864
46.229.168.151 - - [13/Apr/2020:09:03:03 +0200] "GET /ticket2/opencms/no/buy/?column=section&edid=112B8EBB-2603-9B36-8924-2995808A83B2&page=1&sortorder=asc HTTP/1.1" 200 72089
208.110.93.78 - - [13/Apr/2020:09:03:03 +0200] "GET /ticket2/opencms/no/buy/?page=1&edid=C4BA00AB-BDFC-3A0A-FE36-2E6A52B5950E&sortorder=desc&column=row HTTP/1.1" 200 71221
46.229.168.150 - - [13/Apr/2020:09:03:09 +0200] "GET /ticket2/opencms/sv/buy/?column=price&edid=465242F9-029A-06C6-C79F-CA8B331B3D42&page=1&sortorder=desc HTTP/1.1" 200 70888
46.229.168.154 - - [13/Apr/2020:09:03:18 +0200] "GET /ticket2/opencms/sv/buy/?column=section&edid=F54D8C8D-5C06-7A10-2302-6EF73D28A9FF&page=1&sortorder=desc HTTP/1.1" 200 70894
192.99.37.116 - - [13/Apr/2020:09:03:18 +0200] "GET /ticket2/opencms/fi/buy/?page=1&edid=E8D37283-D56B-FD6C-F174-24BB3094D0C7&sortorder=asc&column=section HTTP/1.1" 200 72735
67.225.220.120 - - [13/Apr/2020:09:03:20 +0200] "GET /ticket2/opencms/en/buy/?page=1&edid=94C00F6B-FC53-0B34-A8F9-F3B70628243D HTTP/1.1" 200 69214
95.216.20.54 - - [13/Apr/2020:09:03:20 +0200] "GET /ticket2/opencms/fi/login/?edid=D54EDA96-F67D-2426-66BF-D765D5E1AF7A HTTP/1.1" 200 68719
66.249.79.87 - - [13/Apr/2020:09:03:22 +0200] "GET /ticket2/opencms/en/venue/?countryid=A6670E01-CE49-A608-C597-250C3D48D088 HTTP/1.1" 200 94598
95.217.77.97 - - [13/Apr/2020:09:03:22 +0200] "GET /ticket2/opencms/ HTTP/1.0" 302 -
46.229.168.130 - - [13/Apr/2020:09:03:28 +0200] "GET /ticket2/opencms/en/buy/?column=section&edid=D671AA4B-F4FE-4377-0CEE-00CC26515A20&page=1&sortorder=desc HTTP/1.1" 200 69242
192.99.4.168 - - [13/Apr/2020:09:03:30 +0200] "GET /ticket2/opencms/en/buy/?page=1&edid=104C3244-DF16-AE6C-1D80-9200EA2CEADE&sortorder=asc&column=row HTTP/1.1" 200 70695
114.119.161.144 - - [13/Apr/2020:09:03:30 +0200] "GET /ticket2/opencms/no/buy/?page=1&edid=7F28348B-69FB-2132-341A-600FD197AF0A HTTP/1.1" 200 69785
46.229.168.139 - - [13/Apr/2020:09:03:35 +0200] "GET /ticket2/opencms/fi/buy/?column=section&edid=05C0128A-02F8-C30A-2654-0B16EDFDCD9B&page=1&sortorder=asc HTTP/1.1" 200 72519
46.229.168.162 - - [13/Apr/2020:09:03:36 +0200] "GET /ticket2/opencms/sv/buy/?column=row&edid=9EB6A254-5786-FAE4-D689-87650556B208&page=1&sortorder=desc HTTP/1.1" 200 69477
46.229.168.162 - - [13/Apr/2020:09:03:42 +0200] "GET /ticket2/opencms/sv/buy/?column=row&edid=9EB6A254-5786-FAE4-D689-87650556B208&page=1&sortorder=desc HTTP/1.1" 200 69477
192.99.15.199 - - [13/Apr/2020:09:03:42 +0200] "GET /ticket2/opencms/sv/venue/?venueid=08AC19FE-7229-CD50-252B-5A429B19BA98 HTTP/1.1" 200 65467
46.229.168.151 - - [13/Apr/2020:09:03:43 +0200] "GET /ticket2/opencms/no/buy/?column=section&edid=112B8EBB-2603-9B36-8924-2995808A83B2&page=1&sortorder=asc HTTP/1.1" 200 72089
192.99.5.228 - - [13/Apr/2020:09:03:47 +0200] "GET /ticket2/opencms/dk/buy/?page=1&edid=0FB0E314-7724-B9C7-6FA0-35E67023F72E&sortorder=asc&column=price HTTP/1.1" 200 69290
208.110.93.78 - - [13/Apr/2020:09:03:48 +0200] "GET /ticket2/opencms/no/buy/?page=1&edid=C4BA00AB-BDFC-3A0A-FE36-2E6A52B5950E&sortorder=desc&column=section HTTP/1.1" 200 71221
95.216.20.54 - - [13/Apr/2020:09:03:48 +0200] "GET /ticket2/opencms/fi/login/?edid=D5E9A801-4597-FB68-95D5-A4CE1BC9C0D9 HTTP/1.1" 200 68719
46.229.168.150 - - [13/Apr/2020:09:03:50 +0200] "GET /ticket2/opencms/sv/buy/?column=price&edid=465242F9-029A-06C6-C79F-CA8B331B3D42&page=1&sortorder=desc HTTP/1.1" 200 70888
46.229.168.154 - - [13/Apr/2020:09:03:57 +0200] "GET /ticket2/opencms/sv/buy/?column=section&edid=F54D8C8D-5C06-7A10-2302-6EF73D28A9FF&page=1&sortorder=desc HTTP/1.1" 200 70894
69.30.198.186 - - [13/Apr/2020:09:03:57 +0200] "GET /ticket2/opencms/dk/buy/?page=1&edid=04D1C3F2-5033-E271-37EC-B4756F2AC9E4&sortorder=desc&column=price HTTP/1.1" 200 71476
208.110.93.78 - - [13/Apr/2020:09:04:00 +0200] "GET /ticket2/opencms/no/buy/?page=1&edid=C4C2A65A-40AE-982E-2427-F232C3866A5D HTTP/1.1" 200 71427
46.229.168.130 - - [13/Apr/2020:09:04:00 +0200] "GET /ticket2/opencms/en/buy/?column=section&edid=D671AA4B-F4FE-4377-0CEE-00CC26515A20&page=1&sortorder=desc HTTP/1.1" 200 69242
46.229.168.148 - - [13/Apr/2020:09:04:07 +0200] "GET /ticket2/opencms/sv/buy/?column=section&edid=0AB20BDC-9FF9-D7F9-B52D-D99550E68013&page=1&sortorder=desc HTTP/1.1" 200 71583
192.99.37.116 - - [13/Apr/2020:09:04:09 +0200] "GET /ticket2/opencms/fi/buy/?page=1&edid=E9E2EF64-D379-DD67-D513-D0AD1E29ED2D&sortorder=asc&column=price HTTP/1.1" 200 72525
95.216.20.54 - - [13/Apr/2020:09:04:09 +0200] "GET /ticket2/opencms/fi/login/?edid=D5F77514-6365-CD51-9AFB-D0DD3E873E69 HTTP/1.1" 200 68719
46.229.168.154 - - [13/Apr/2020:09:04:14 +0200] "GET /ticket2/opencms/no/buy/?edid=96631622-BA02-0E24-E1A0-9F44A4397FEB&page=1 HTTP/1.1" 200 71208
46.229.168.149 - - [13/Apr/2020:09:04:22 +0200] "GET /ticket2/opencms/sv/buy/?column=row&edid=0AB3DF35-C143-1804-D7B0-4D3E0C806A26&page=1&sortorder=asc HTTP/1.1" 200 71553
46.229.168.151 - - [13/Apr/2020:09:04:27 +0200] "GET /ticket2/opencms/sv/buy/?column=row&edid=AC9B2055-12DA-9E20-67F9-15ACACD7CC8B&page=1&sortorder=desc HTTP/1.1" 200 71344
46.229.168.141 - - [13/Apr/2020:09:04:29 +0200] "GET /ticket2/opencms/no/buy/?column=price&edid=5419EEB9-7CF3-F00C-1255-FC5A4AAC90B0&page=1&sortorder=desc HTTP/1.1" 200 72120
95.217.77.97 - - [13/Apr/2020:09:04:30 +0200] "GET /ticket2/opencms/ HTTP/1.0" 302 -
157.55.39.92 - - [13/Apr/2020:09:04:30 +0200] "GET /ticket2/opencms/sv/konsertbiljetter/dimmu-borgir/ HTTP/1.1" 200 66522
46.229.168.130 - - [13/Apr/2020:09:04:34 +0200] "GET /ticket2/opencms/nl/buy/?column=price&edid=2B6D3461-C9C0-9978-9EF6-117AE7BAD9C4&page=1&sortorder=asc HTTP/1.1" 200 68336
114.119.165.54 - - [13/Apr/2020:09:04:37 +0200] "GET /ticket2/opencms/dk/buy/?page=1&edid=69ECA637-B1BC-8843-E3B6-6D2C7F410569&sortorder=desc&column=section HTTP/1.1" 200 71907
66.249.79.75 - - [13/Apr/2020:09:04:37 +0200] "GET /ticket2/opencms/dk/buy/?page=1&edid=8C6C738E-963E-E4C2-A89C-7AE088866860 HTTP/1.1" 200 69275
95.216.20.54 - - [13/Apr/2020:09:04:37 +0200] "GET /ticket2/opencms/fi/login/?edid=D7C3AD84-A63D-4BF3-F25A-FE60AC4BA077 HTTP/1.1" 200 68719
192.99.37.116 - - [13/Apr/2020:09:04:39 +0200] "GET /ticket2/opencms/fi/buy/?page=1&edid=E9E2EF64-D379-DD67-D513-D0AD1E29ED2D&sortorder=asc&column=row HTTP/1.1" 200 72525
46.229.168.154 - - [13/Apr/2020:09:04:49 +0200] "GET /ticket2/opencms/no/buy/?edid=96631622-BA02-0E24-E1A0-9F44A4397FEB&page=1 HTTP/1.1" 200 71208
192.99.15.199 - - [13/Apr/2020:09:04:50 +0200] "GET /ticket2/opencms/sv/venue/?venueid=08E4EC60-00C9-C497-9F21-DF811FAE4DEC HTTP/1.1" 200 65473
208.110.93.78 - - [13/Apr/2020:09:04:54 +0200] "GET /ticket2/opencms/no/buy/?page=1&edid=C4C2A65A-40AE-982E-2427-F232C3866A5D&sortorder=asc&column=price HTTP/1.1" 200 71463
69.30.198.186 - - [13/Apr/2020:09:04:55 +0200] "GET /ticket2/opencms/dk/buy/?page=1&edid=04D1C3F2-5033-E271-37EC-B4756F2AC9E4&sortorder=desc&column=section HTTP/1.1" 200 71476
192.99.5.228 - - [13/Apr/2020:09:05:01 +0200] "GET /ticket2/opencms/dk/buy/?page=1&edid=0FB0E314-7724-B9C7-6FA0-35E67023F72E&sortorder=asc&column=row HTTP/1.1" 200 69290
46.229.168.129 - - [13/Apr/2020:09:05:03 +0200] "GET /ticket2/opencms/fi/buy/?column=price&edid=00059B5F-DE26-4FE8-9C34-25454FE29501&page=1&sortorder=desc HTTP/1.1" 200 72500
95.216.20.54 - - [13/Apr/2020:09:05:08 +0200] "GET /ticket2/opencms/fi/login/?edid=D83D543C-26F5-1FF2-6B40-9A4027C56CF1 HTTP/1.1" 200 68719
46.229.168.130 - - [13/Apr/2020:09:05:16 +0200] "GET /ticket2/opencms/nl/buy/?column=price&edid=2B6D3461-C9C0-9978-9EF6-117AE7BAD9C4&page=1&sortorder=asc HTTP/1.1" 200 68336
213.180.203.102 - - [13/Apr/2020:09:05:18 +0200] "GET /ticket2/opencms/fi/urheilu/jalkapallo/serie_a/frosinone/ HTTP/1.1" 200 67403
208.110.93.78 - - [13/Apr/2020:09:05:19 +0200] "GET /ticket2/opencms/no/buy/?page=1&edid=C4C2A65A-40AE-982E-2427-F232C3866A5D&sortorder=asc&column=row HTTP/1.1" 200 71463
46.229.168.134 - - [13/Apr/2020:09:05:27 +0200] "GET /ticket2/opencms/sv/buy/?edid=6F78F5BA-89FB-5B06-1C2C-8FCC6B5F632B&page=1 HTTP/1.1" 200 72180
192.99.4.168 - - [13/Apr/2020:09:05:32 +0200] "GET /ticket2/opencms/en/buy/?page=1&edid=104C3244-DF16-AE6C-1D80-9200EA2CEADE&sortorder=asc&column=section HTTP/1.1" 200 70695
46.229.168.129 - - [13/Apr/2020:09:05:34 +0200] "GET /ticket2/opencms/sv/buy/?column=section&edid=E5717319-73D8-DE0E-B7AA-AA889F763447&page=1&sortorder=asc HTTP/1.1" 200 71413
67.225.220.120 - - [13/Apr/2020:09:05:43 +0200] "GET /ticket2/opencms/sv/buy/?page=1&edid=8BD60387-4E3F-89EB-86CE-11AA91ED3E74 HTTP/1.1" 200 71337
95.216.20.54 - - [13/Apr/2020:09:05:45 +0200] "GET /ticket2/opencms/fi/login/?edid=D9590EEA-A3BA-EAE9-0517-4EA431179E08 HTTP/1.1" 200 68719
2.248.99.32 - - [13/Apr/2020:09:05:45 +0200] "GET /ticket2/opencms/sv/sport/fotbollsbiljetter/premier_league/manchester_united/?gclid=EAIaIQobChMIgbXig-zk6AIVA8AYCh3rfAZjEAAYASAAEgKM3PD_BwE HTTP/1.1" 200 72463
2.248.99.32 - - [13/Apr/2020:09:05:46 +0200] "GET /ticket2/opencms/sv/sport/fotbollsbiljetter/premier_league/manchester_united/?gclid=EAIaIQobChMIgbXig-zk6AIVA8AYCh3rfAZjEAAYASAAEgKM3PD_BwE HTTP/1.1" 200 72463
69.30.198.186 - - [13/Apr/2020:09:05:47 +0200] "GET /ticket2/opencms/dk/buy/?page=1&edid=05198BB9-FC34-0FEB-F0BA-F2DEC7F22AF1 HTTP/1.1" 200 71138
46.229.168.136 - - [13/Apr/2020:09:05:47 +0200] "GET /ticket2/opencms/robots.txt HTTP/1.1" 200 773
192.99.15.199 - - [13/Apr/2020:09:05:47 +0200] "GET /ticket2/opencms/robots.txt HTTP/1.1" 200 773
46.229.168.129 - - [13/Apr/2020:09:05:56 +0200] "GET /ticket2/opencms/fi/buy/?edid=6A88913D-7B48-99C2-5EDE-808910AB282E&page=1 HTTP/1.1" 200 72483
46.229.168.145 - - [13/Apr/2020:09:05:56 +0200] "GET /ticket2/opencms/sv/sell/?edid=9D00920C-2E3F-5BEF-6B01-689827B960FF HTTP/1.1" 302 -
46.229.168.153 - - [13/Apr/2020:09:05:58 +0200] "GET /ticket2/opencms/nl/buy/?column=section&edid=F0D5F29E-1462-8C5E-5D34-E19B8A4EADAE&page=1&sortorder=desc HTTP/1.1" 200 69664
46.229.168.129 - - [13/Apr/2020:09:06:08 +0200] "GET /ticket2/opencms/sv/buy/?column=section&edid=E5717319-73D8-DE0E-B7AA-AA889F763447&page=1&sortorder=asc HTTP/1.1" 200 71413
46.229.168.136 - - [13/Apr/2020:09:06:08 +0200] "GET /ticket2/opencms/robots.txt HTTP/1.1" 200 773
208.110.93.78 - - [13/Apr/2020:09:06:09 +0200] "GET /ticket2/opencms/no/buy/?page=1&edid=C4C2A65A-40AE-982E-2427-F232C3866A5D&sortorder=asc&column=section HTTP/1.1" 200 71463
46.229.168.152 - - [13/Apr/2020:09:06:10 +0200] "GET /ticket2/opencms/sv/buy/?column=section&edid=290CBF40-7E56-D6CB-CC78-308707AA99A3&page=1&sortorder=desc HTTP/1.1" 200 69480
173.208.130.202 - - [13/Apr/2020:09:06:25 +0200] "GET /ticket2/opencms/dk/buy/?page=1&edid=6EB89E9D-BF45-2307-D154-47CDC64ABF4D&sortorder=asc&column=row HTTP/1.1" 200 71610
95.216.20.54 - - [13/Apr/2020:09:06:25 +0200] "GET /ticket2/opencms/fi/login/?edid=D9CE0B59-251A-E38E-8401-FAA2223E06E9 HTTP/1.1" 200 68719
114.119.166.116 - - [13/Apr/2020:09:06:27 +0200] "GET /ticket2/opencms/sv/buy/?page=1&edid=D210E338-439A-D82B-80DD-B03F52201487&sortorder=desc&column=row HTTP/1.1" 200 69497
46.229.168.129 - - [13/Apr/2020:09:06:27 +0200] "GET /ticket2/opencms/fi/buy/?edid=6A88913D-7B48-99C2-5EDE-808910AB282E&page=1 HTTP/1.1" 200 72483
92.101.225.65 - - [13/Apr/2020:09:06:29 +0200] "GET /ticket2/opencms/ HTTP/1.0" 302 -
207.46.13.182 - - [13/Apr/2020:09:06:29 +0200] "GET /ticket2/opencms/dk/venue/?venueid=555014B0-08D8-515D-B9A4-B900DC7639D7 HTTP/1.1" 200 65222
46.229.168.130 - - [13/Apr/2020:09:06:36 +0200] "GET /ticket2/opencms/nl/buy/?column=section&edid=5C822312-AD78-519B-498C-5A897678D6CE&page=1&sortorder=desc HTTP/1.1" 200 70167
46.229.168.137 - - [13/Apr/2020:09:06:36 +0200] "GET /ticket2/opencms/en/buy/?catid=7EF04817-972D-18B1-F941-DE800D088075&comcatid=A17713B6-D984-201A-4143-ED4DB5ED5C2E&eventid=A8C3CD81-201D-B4A4-E52D-57A2F254AB92&page=6 HTTP/1.1" 200 77359
94.234.37.211 - - [13/Apr/2020:09:06:38 +0200] "GET /ticket2/opencms/sv/sport/fotbollsbiljetter/premier_league/manchester_united/?gclid=EAIaIQobChMIgbXig-zk6AIVA8AYCh3rfAZjEAAYASAAEgKM3PD_BwE HTTP/1.1" 200 72463
46.229.168.132 - - [13/Apr/2020:09:06:39 +0200] "GET /ticket2/opencms/sv/buy/?column=price&edid=30C89ECD-9C00-576C-AA0D-236F4C1FBD43&page=1&sortorder=asc HTTP/1.1" 200 70944
208.110.93.78 - - [13/Apr/2020:09:06:46 +0200] "GET /ticket2/opencms/no/buy/?page=1&edid=C4C2A65A-40AE-982E-2427-F232C3866A5D&sortorder=desc&column=price HTTP/1.1" 200 71462
46.229.168.141 - - [13/Apr/2020:09:06:48 +0200] "GET /ticket2/opencms/dk/buy/?column=row&edid=A4DDC6F5-CEA1-C6AF-F819-DE8EED766D18&page=1&sortorder=desc HTTP/1.1" 200 72531
192.99.15.199 - - [13/Apr/2020:09:06:48 +0200] "GET /ticket2/opencms/sv/venue/?venueid=09020355-FC21-7B01-28CB-650A5D998DEC HTTP/1.1" 200 65470
46.229.168.163 - - [13/Apr/2020:09:06:48 +0200] "GET /ticket2/opencms/sv/buy/?column=price&edid=0E6A79B9-CFE2-795E-3105-46DDF635E5DC&page=1&sortorder=asc HTTP/1.1" 200 71327
46.229.168.130 - - [13/Apr/2020:09:06:50 +0200] "GET /ticket2/opencms/no/buy/?column=price&edid=930DA63B-B6EB-C65F-6A39-F4240571C002&page=1&sortorder=desc HTTP/1.1" 200 72543
69.30.198.186 - - [13/Apr/2020:09:06:50 +0200] "GET /ticket2/opencms/dk/buy/?page=1&edid=05198BB9-FC34-0FEB-F0BA-F2DEC7F22AF1&sortorder=desc&column=price HTTP/1.1" 200 71173
95.163.255.185 - - [13/Apr/2020:09:07:01 +0200] "GET /ticket2/opencms/robots.txt HTTP/1.0" 200 773
46.229.168.130 - - [13/Apr/2020:09:07:05 +0200] "GET /ticket2/opencms/nl/buy/?column=section&edid=5C822312-AD78-519B-498C-5A897678D6CE&page=1&sortorder=desc HTTP/1.1" 200 70167
173.208.130.202 - - [13/Apr/2020:09:07:05 +0200] "GET /ticket2/opencms/dk/buy/?page=1&edid=6EB89E9D-BF45-2307-D154-47CDC64ABF4D&sortorder=asc&column=section HTTP/1.1" 200 71610
95.216.20.54 - - [13/Apr/2020:09:07:05 +0200] "GET /ticket2/opencms/fi/login/?edid=DA205E04-65EE-7F78-067D-CBCBD424C79F HTTP/1.1" 200 68719
66.249.79.87 - - [13/Apr/2020:09:07:06 +0200] "GET /ticket2/opencms/no/sport/fotballsbilletter/premier_league/manchester_united/ HTTP/1.1" 200 72130
192.99.5.228 - - [13/Apr/2020:09:07:07 +0200] "GET /ticket2/opencms/dk/buy/?page=1&edid=0FB0E314-7724-B9C7-6FA0-35E67023F72E&sortorder=asc&column=section HTTP/1.1" 200 69290
67.225.220.120 - - [13/Apr/2020:09:07:07 +0200] "GET /ticket2/opencms/sv/buy/?page=1&edid=1DFA0E22-C962-FF1B-3BAF-2883C20EA7B5 HTTP/1.1" 200 71341
67.225.220.120 - - [13/Apr/2020:09:07:09 +0200] "GET /ticket2/opencms/en/buy/?page=1&edid=EA94D3D4-FFFA-F63F-1970-2CE5FF8D4442 HTTP/1.1" 200 71526
192.99.4.168 - - [13/Apr/2020:09:07:17 +0200] "GET /ticket2/opencms/en/buy/?page=1&edid=10CEF099-02C7-E20B-5B86-024400E771C3&sortorder=asc&column=price HTTP/1.1" 200 70670
46.229.168.141 - - [13/Apr/2020:09:07:18 +0200] "GET /ticket2/opencms/no/buy/?column=section&edid=D61D354B-F215-E04D-E63F-DA7A292BF693&page=1&sortorder=asc HTTP/1.1" 200 71879
46.229.168.132 - - [13/Apr/2020:09:07:25 +0200] "GET /ticket2/opencms/en/buy/?column=section&edid=C1AA3CD8-9B92-9EEB-74B5-3A5D9E84C8B5&page=1&sortorder=asc HTTP/1.1" 200 71318
46.229.168.142 - - [13/Apr/2020:09:07:27 +0200] "GET /ticket2/opencms/sv/buy/?column=section&edid=6D7A8123-61E5-5833-B05E-2C23906BD89C&page=1&sortorder=desc HTTP/1.1" 200 71123
46.229.168.129 - - [13/Apr/2020:09:07:27 +0200] "GET /ticket2/opencms/robots.txt HTTP/1.1" 200 773
46.229.168.130 - - [13/Apr/2020:09:07:28 +0200] "GET /ticket2/opencms/no/buy/?column=price&edid=930DA63B-B6EB-C65F-6A39-F4240571C002&page=1&sortorder=desc HTTP/1.1" 200 72543
46.229.168.163 - - [13/Apr/2020:09:07:29 +0200] "GET /ticket2/opencms/sv/buy/?column=price&edid=0E6A79B9-CFE2-795E-3105-46DDF635E5DC&page=1&sortorder=asc HTTP/1.1" 200 71327
95.216.20.54 - - [13/Apr/2020:09:07:29 +0200] "GET /ticket2/opencms/fi/login/?edid=DA55EA94-C407-D79D-D7C5-6A263E676A12 HTTP/1.1" 200 68719
94.234.37.211 - - [13/Apr/2020:09:07:29 +0200] "GET /ticket2/opencms/sv/sport/fotbollsbiljetter/premier_league/manchester_united/?gclid=EAIaIQobChMIgbXig-zk6AIVA8AYCh3rfAZjEAAYASAAEgKM3PD_BwE HTTP/1.1" 200 72463
92.101.225.65 - - [13/Apr/2020:09:07:29 +0200] "GET /ticket2/opencms/ HTTP/1.0" 302 -
157.55.39.92 - - [13/Apr/2020:09:07:29 +0200] "GET /ticket2/opencms/dk/venue/?venueid=7016E11C-AD7B-34CA-B499-2039C86B9809 HTTP/1.1" 200 65252
46.229.168.129 - - [13/Apr/2020:09:07:29 +0200] "GET /ticket2/opencms/robots.txt HTTP/1.1" 200 773
208.110.93.78 - - [13/Apr/2020:09:07:29 +0200] "GET /ticket2/opencms/no/buy/?page=1&edid=C4C2A65A-40AE-982E-2427-F232C3866A5D&sortorder=desc&column=row HTTP/1.1" 200 71462
69.30.198.186 - - [13/Apr/2020:09:07:29 +0200] "GET /ticket2/opencms/dk/buy/?page=1&edid=05198BB9-FC34-0FEB-F0BA-F2DEC7F22AF1&sortorder=desc&column=row HTTP/1.1" 200 71173
46.229.168.129 - - [13/Apr/2020:09:07:33 +0200] "GET /ticket2/opencms/no/buy/?edid=AA8ACCF2-6F11-0649-AAE7-BD2964B0B78F&page=1 HTTP/1.1" 200 71853
46.229.168.145 - - [13/Apr/2020:09:07:41 +0200] "GET /ticket2/opencms/dk/buy/?column=price&edid=5BB515D6-4A71-F83B-2070-837601175DFA&page=1&sortorder=asc HTTP/1.1" 200 69287
192.99.15.199 - - [13/Apr/2020:09:07:41 +0200] "GET /ticket2/opencms/sv/venue/?venueid=092C7A07-429A-6BEE-0D63-A862EA12705E HTTP/1.1" 200 65441
46.229.168.140 - - [13/Apr/2020:09:07:44 +0200] "GET /ticket2/opencms/no/buy/?edid=F3EAB77E-5223-86F1-9947-9F306D6E6D43&page=1 HTTP/1.1" 200 69790
208.110.93.78 - - [13/Apr/2020:09:07:45 +0200] "GET /ticket2/opencms/no/buy/?page=1&edid=C4C2A65A-40AE-982E-2427-F232C3866A5D&sortorder=desc&column=section HTTP/1.1" 200 71462
46.229.168.129 - - [13/Apr/2020:09:07:45 +0200] "GET /ticket2/opencms/no/buy/?edid=AA8ACCF2-6F11-0649-AAE7-BD2964B0B78F&page=1 HTTP/1.1" 200 71853
54.36.150.169 - - [13/Apr/2020:09:07:45 +0200] "GET /ticket2/opencms/fi/buy/?page=1&edid=69ECA637-B1BC-8843-E3B6-6D2C7F410569 HTTP/1.1" 200 73200
95.216.20.54 - - [13/Apr/2020:09:07:45 +0200] "GET /ticket2/opencms/fi/login/?edid=DAFDD77A-6D0A-08E5-2794-012E560891FE HTTP/1.1" 200 68719
95.217.77.97 - - [13/Apr/2020:09:07:47 +0200] "GET /ticket2/opencms/en/ HTTP/1.0" 200 71871
173.208.130.202 - - [13/Apr/2020:09:07:47 +0200] "GET /ticket2/opencms/dk/buy/?page=1&edid=6EF54CBA-5DCA-5833-4E9A-B83BE735B97A&sortorder=asc&column=price HTTP/1.1" 200 71213
173.208.130.202 - - [13/Apr/2020:09:07:57 +0200] "GET /ticket2/opencms/dk/buy/?page=1&edid=6EF54CBA-5DCA-5833-4E9A-B83BE735B97A&sortorder=asc&column=row HTTP/1.1" 200 71213
95.216.20.54 - - [13/Apr/2020:09:07:57 +0200] "GET /ticket2/opencms/fi/sell/?edid=F4C706FF-B771-A36A-06BB-0F38191F7D62 HTTP/1.1" 302 -
208.110.93.78 - - [13/Apr/2020:09:07:57 +0200] "GET /ticket2/opencms/no/buy/?page=1&edid=C4D150F7-E051-16FD-EDF0-67C520051F22 HTTP/1.1" 200 69810
46.229.168.149 - - [13/Apr/2020:09:08:09 +0200] "GET /ticket2/opencms/sv/buy/?column=price&edid=736BD66B-437C-04AF-E221-4773B900AE5E&page=1&sortorder=asc HTTP/1.1" 200 71376
46.229.168.148 - - [13/Apr/2020:09:08:09 +0200] "GET /ticket2/opencms/sv/buy/?edid=3A07E5A5-3743-E1F7-98D4-69CCB7817E15&page=1 HTTP/1.1" 200 72040
46.229.168.150 - - [13/Apr/2020:09:08:09 +0200] "GET /ticket2/opencms/sv/buy/?edid=10AAD649-5E5E-EE36-2E17-DDA964C1719C&page=1 HTTP/1.1" 200 70855
192.99.4.168 - - [13/Apr/2020:09:08:10 +0200] "GET /ticket2/opencms/en/buy/?page=1&edid=10CEF099-02C7-E20B-5B86-024400E771C3&sortorder=asc&column=row HTTP/1.1" 200 70670
46.229.168.133 - - [13/Apr/2020:09:08:13 +0200] "GET /ticket2/opencms/nl/buy/?column=price&edid=7299D7C8-4B31-7044-9874-03CCEE394EC0&page=1&sortorder=desc HTTP/1.1" 200 69965
46.229.168.148 - - [13/Apr/2020:09:08:15 +0200] "GET /ticket2/opencms/sv/buy/?column=section&edid=7BE233C4-AA61-5D71-5E6B-A4D135AEC569&page=1&sortorder=desc HTTP/1.1" 200 69486
95.216.20.54 - - [13/Apr/2020:09:08:16 +0200] "GET /ticket2/opencms/fi/login/?edid=F4C706FF-B771-A36A-06BB-0F38191F7D62 HTTP/1.1" 200 68719
114.119.163.72 - - [13/Apr/2020:09:08:16 +0200] "GET /ticket2/opencms/tb/opencms/en/archive/events/inter/ HTTP/1.1" 404 -
69.30.198.186 - - [13/Apr/2020:09:08:18 +0200] "GET /ticket2/opencms/dk/buy/?page=1&edid=051EDD02-8EDA-8C0C-68F7-CA698F1E060A&sortorder=asc&column=section HTTP/1.1" 200 71649
173.208.130.202 - - [13/Apr/2020:09:08:18 +0200] "GET /ticket2/opencms/dk/buy/?page=1&edid=6EF54CBA-5DCA-5833-4E9A-B83BE735B97A&sortorder=asc&column=section HTTP/1.1" 200 71213
208.110.93.78 - - [13/Apr/2020:09:08:24 +0200] "GET /ticket2/opencms/no/buy/?page=1&edid=C4D150F7-E051-16FD-EDF0-67C520051F22&sortorder=asc&column=price HTTP/1.1" 200 69846
95.216.20.54 - - [13/Apr/2020:09:08:24 +0200] "GET /ticket2/opencms/fi/sell/?edid=F8B18577-657B-06AA-B5AB-A0043E2A4297 HTTP/1.1" 302 -
192.99.5.228 - - [13/Apr/2020:09:08:24 +0200] "GET /ticket2/opencms/dk/buy/?page=1&edid=1055D4C3-6294-B312-F201-0E11C346F796&sortorder=desc&column=price HTTP/1.1" 200 69315
46.229.168.144 - - [13/Apr/2020:09:08:24 +0200] "GET /ticket2/opencms/no/buy/?edid=674A96E1-4B9C-1EEC-4D35-A637DDEAF802&page=1 HTTP/1.1" 200 72153
192.99.15.199 - - [13/Apr/2020:09:08:24 +0200] "GET /ticket2/opencms/sv/venue/?venueid=09E03E16-187C-4DF2-8E48-7E3967D626E7 HTTP/1.1" 200 65465
46.229.168.139 - - [13/Apr/2020:09:08:25 +0200] "GET /ticket2/opencms/sv/buy/?column=price&edid=09E39E18-DB9D-9181-82D5-02F92B498E01&page=1&sortorder=asc HTTP/1.1" 200 72498
95.216.20.54 - - [13/Apr/2020:09:08:27 +0200] "GET /ticket2/opencms/fi/login/?edid=F8B18577-657B-06AA-B5AB-A0043E2A4297 HTTP/1.1" 200 68719
54.36.150.181 - - [13/Apr/2020:09:08:36 +0200] "GET /ticket2/opencms/dk/buy/?page=1&edid=6109DB42-8448-AF8C-0413-27987C97E070 HTTP/1.1" 200 69247
95.216.20.54 - - [13/Apr/2020:09:08:36 +0200] "GET /ticket2/opencms/fi/sell/?edid=00E508FC-1033-094A-7EAC-AE9917DCD863 HTTP/1.1" 302 -
46.229.168.148 - - [13/Apr/2020:09:08:44 +0200] "GET /ticket2/opencms/en/buy/?edid=D75E23E2-3BF9-8794-031B-AF07751CB0C8&page=1 HTTP/1.1" 200 72405
46.229.168.131 - - [13/Apr/2020:09:08:48 +0200] "GET /ticket2/opencms/fi/buy/?column=row&edid=A8B6F5B8-721B-A21E-AB6C-76915BC32CAD&page=1&sortorder=desc HTTP/1.1" 200 72515
173.208.130.202 - - [13/Apr/2020:09:08:49 +0200] "GET /ticket2/opencms/dk/buy/?page=1&edid=E5717319-73D8-DE0E-B7AA-AA889F763447&sortorder=asc&column=price HTTP/1.1" 200 71257
95.216.20.54 - - [13/Apr/2020:09:08:49 +0200] "GET /ticket2/opencms/fi/login/?edid=00E508FC-1033-094A-7EAC-AE9917DCD863 HTTP/1.1" 200 68719
46.229.168.144 - - [13/Apr/2020:09:08:49 +0200] "GET /ticket2/opencms/sv/buy/?column=price&edid=DB844E51-4AEA-1DB6-3740-0D7CB9A74E07&page=1&sortorder=desc HTTP/1.1" 200 69456
46.229.168.131 - - [13/Apr/2020:09:08:55 +0200] "GET /ticket2/opencms/nl/buy/?column=row&edid=EB4914C5-00D4-AD74-5CF9-2868F9C2D86F&page=1&sortorder=asc HTTP/1.1" 200 70645
46.229.168.148 - - [13/Apr/2020:09:08:55 +0200] "GET /ticket2/opencms/sv/buy/?column=row&edid=97688022-64E2-C322-BF2D-348E11C2E2E3&page=1&sortorder=asc HTTP/1.1" 200 72693
46.229.168.163 - - [13/Apr/2020:09:08:57 +0200] "GET /ticket2/opencms/no/buy/?edid=1BD05895-AEA0-0F14-BA7F-7B591B0CDA55&page=1 HTTP/1.1" 200 72503
95.216.20.54 - - [13/Apr/2020:09:08:57 +0200] "GET /ticket2/opencms/fi/sell/?edid=023AD109-F894-EFD4-D5CA-0D6D561D2D6F HTTP/1.1" 302 -
46.229.168.163 - - [13/Apr/2020:09:08:57 +0200] "GET /ticket2/opencms/nl/buy/?column=price&edid=F43255AB-1595-DACE-116E-56411343B9B3&page=1&sortorder=asc HTTP/1.1" 200 68317
46.229.168.141 - - [13/Apr/2020:09:09:04 +0200] "GET /ticket2/opencms/nl/buy/?edid=5B22F83A-2ADE-82C8-21F3-C11998BADC97&page=1 HTTP/1.1" 200 71010
95.216.20.54 - - [13/Apr/2020:09:09:07 +0200] "GET /ticket2/opencms/fi/login/?edid=023AD109-F894-EFD4-D5CA-0D6D561D2D6F HTTP/1.1" 200 68719
69.30.198.186 - - [13/Apr/2020:09:09:08 +0200] "GET /ticket2/opencms/dk/buy/?page=1&edid=051EDD02-8EDA-8C0C-68F7-CA698F1E060A&sortorder=desc&column=section HTTP/1.1" 200 71648
192.99.15.199 - - [13/Apr/2020:09:09:08 +0200] "GET /ticket2/opencms/sv/venue/?venueid=0A2EDAFB-8085-94A5-B853-AD005381D9D2 HTTP/1.1" 200 65482
208.110.93.78 - - [13/Apr/2020:09:09:23 +0200] "GET /ticket2/opencms/no/buy/?page=1&edid=C4D150F7-E051-16FD-EDF0-67C520051F22&sortorder=asc&column=section HTTP/1.1" 200 69846
46.229.168.139 - - [13/Apr/2020:09:09:23 +0200] "GET /ticket2/opencms/sv/buy/?catid=21C3854B-901E-11F9-7B7D-6838CC6AFAA4&comcatid=A17713B6-D984-201A-4143-ED4DB5ED5C2E&page=6 HTTP/1.1" 200 102343
95.216.20.54 - - [13/Apr/2020:09:09:23 +0200] "GET /ticket2/opencms/fi/sell/?edid=02A00A05-668A-B57A-1A9F-B82023F1983A HTTP/1.1" 302 -
46.229.168.141 - - [13/Apr/2020:09:09:25 +0200] "GET /ticket2/opencms/ru/buy/?edid=43C8C89A-EBA2-AC5D-8C6D-E2CF3D4F2F4A&page=1 HTTP/1.1" 200 72626
95.163.255.175 - - [13/Apr/2020:09:09:26 +0200] "GET /ticket2/opencms/ru/sport/football/premier_league/aston_villa/ HTTP/1.1" 200 72265
46.229.168.130 - - [13/Apr/2020:09:09:27 +0200] "GET /ticket2/opencms/fi/buy/?edid=75E180B2-F524-DD2F-53A6-55E274F1003A&page=1 HTTP/1.1" 200 73331
46.229.168.147 - - [13/Apr/2020:09:09:33 +0200] "GET /ticket2/opencms/no/buy/?edid=E5717319-73D8-DE0E-B7AA-AA889F763447&page=1 HTTP/1.1" 200 71701
173.208.130.202 - - [13/Apr/2020:09:09:34 +0200] "GET /ticket2/opencms/dk/buy/?page=1&edid=E5717319-73D8-DE0E-B7AA-AA889F763447&sortorder=asc&column=row HTTP/1.1" 200 71257
46.229.168.139 - - [13/Apr/2020:09:09:36 +0200] "GET /ticket2/opencms/nl/buy/?column=price&edid=D3DBBF75-5523-8FBF-5E1B-1496E6028BAC&page=1&sortorder=desc HTTP/1.1" 200 68314
95.216.20.54 - - [13/Apr/2020:09:09:36 +0200] "GET /ticket2/opencms/fi/login/?edid=02A00A05-668A-B57A-1A9F-B82023F1983A HTTP/1.1" 200 68719
46.229.168.148 - - [13/Apr/2020:09:09:36 +0200] "GET /ticket2/opencms/no/sell/?edid=39B326AB-21FF-74B7-0EC9-A295A721BD30 HTTP/1.1" 302 -
208.110.93.78 - - [13/Apr/2020:09:09:38 +0200] "GET /ticket2/opencms/no/buy/?page=1&edid=C4D150F7-E051-16FD-EDF0-67C520051F22&sortorder=desc&column=price HTTP/1.1" 200 69845
46.229.168.142 - - [13/Apr/2020:09:09:41 +0200] "GET /ticket2/opencms/robots.txt HTTP/1.1" 200 773
54.36.148.108 - - [13/Apr/2020:09:09:43 +0200] "GET /ticket2/opencms/dk/buy/?page=1&edid=9F91F11B-386E-12F3-068E-E0525405BD77 HTTP/1.1" 200 70959
37.187.91.117 - - [13/Apr/2020:09:09:48 +0200] "GET /ticket2/opencms/en HTTP/1.1" 200 71871
46.229.168.148 - - [13/Apr/2020:09:10:07 +0200] "GET /ticket2/opencms/no/buy/?column=row&edid=D6B51F92-7F42-35FF-B701-6773C358DBC4&page=1&sortorder=asc HTTP/1.1" 200 72395
69.30.198.186 - - [13/Apr/2020:09:10:08 +0200] "GET /ticket2/opencms/dk/buy/?page=1&edid=0526AB7D-1492-E0D1-E5E6-6BADBF530B48&sortorder=asc&column=price HTTP/1.1" 200 71219
114.119.162.93 - - [13/Apr/2020:09:10:12 +0200] "GET /ticket2/opencms/sv/buy/?page=1&edid=D09C9F62-3A26-C6F5-28E1-54E4AB6B0A72&sortorder=desc&column=section HTTP/1.1" 200 71558
95.216.20.54 - - [13/Apr/2020:09:10:14 +0200] "GET /ticket2/opencms/fi/sell/?edid=0318FBA9-8FFF-BC30-E67D-5568E5F27D3B HTTP/1.1" 302 -
192.99.15.199 - - [13/Apr/2020:09:10:14 +0200] "GET /ticket2/opencms/sv/venue/?venueid=0A39CE99-4F26-18C0-6480-39447ABAF827 HTTP/1.1" 200 65450
192.99.4.168 - - [13/Apr/2020:09:10:14 +0200] "GET /ticket2/opencms/en/buy/?page=1&edid=10CEF099-02C7-E20B-5B86-024400E771C3&sortorder=asc&column=section HTTP/1.1" 200 70670
46.229.168.154 - - [13/Apr/2020:09:10:14 +0200] "GET /ticket2/opencms/sv/buy/?column=row&edid=E54A3979-F7E0-7FC8-2BFD-B8614708F1D4&page=1&sortorder=asc HTTP/1.1" 200 69487
173.208.130.202 - - [13/Apr/2020:09:10:17 +0200] "GET /ticket2/opencms/dk/buy/?page=1&edid=E5717319-73D8-DE0E-B7AA-AA889F763447&sortorder=asc&column=section HTTP/1.1" 200 71257
208.110.93.78 - - [13/Apr/2020:09:10:21 +0200] "GET /ticket2/opencms/no/buy/?page=1&edid=C4D150F7-E051-16FD-EDF0-67C520051F22&sortorder=desc&column=row HTTP/1.1" 200 69845
46.229.168.147 - - [13/Apr/2020:09:10:22 +0200] "GET /ticket2/opencms/nl/buy/?edid=5A199E76-C4FC-8F64-3C45-54BD1FC99C87&page=1 HTTP/1.1" 200 69690
46.229.168.147 - - [13/Apr/2020:09:10:22 +0200] "GET /ticket2/opencms/ru/login/?url=%25252Fru%25252Fsell%25252F HTTP/1.1" 200 68444
95.216.20.54 - - [13/Apr/2020:09:10:25 +0200] "GET /ticket2/opencms/fi/login/?edid=0318FBA9-8FFF-BC30-E67D-5568E5F27D3B HTTP/1.1" 200 68719
46.229.168.139 - - [13/Apr/2020:09:10:43 +0200] "GET /ticket2/opencms/nl/buy/?edid=B8736786-BDEB-839B-CA60-E0B1B63D3892&page=1 HTTP/1.1" 200 70608
46.229.168.130 - - [13/Apr/2020:09:10:46 +0200] "GET /ticket2/opencms/dk/buy/?column=section&edid=97A6F983-CE12-526E-2DF4-50C758C31A49&page=1&sortorder=asc HTTP/1.1" 200 71645
46.229.168.142 - - [13/Apr/2020:09:10:46 +0200] "GET /ticket2/opencms/no/sport/ishockey/nhl/Buffalo_Sabres/ HTTP/1.1" 200 68320
46.229.168.147 - - [13/Apr/2020:09:10:48 +0200] "GET /ticket2/opencms/fi/buy/?column=section&edid=F55FD46B-77AB-3FD2-8E77-5D8B9DF55395&page=1&sortorder=asc HTTP/1.1" 200 72516
92.101.225.65 - - [13/Apr/2020:09:10:49 +0200] "GET /ticket2/opencms/en/ HTTP/1.0" 200 71871
192.99.5.228 - - [13/Apr/2020:09:10:51 +0200] "GET /ticket2/opencms/dk/buy/?page=1&edid=1055D4C3-6294-B312-F201-0E11C346F796&sortorder=desc&column=section HTTP/1.1" 200 69315
216.245.221.82 - - [13/Apr/2020:09:10:52 +0200] "HEAD /ticket2/opencms/ HTTP/1.1" 302 -
46.229.168.142 - - [13/Apr/2020:09:11:05 +0200] "GET /ticket2/opencms/nl/buy/?column=price&edid=5EE257CD-6CFD-C3AA-E97B-8BF12044F3A7&page=1&sortorder=asc HTTP/1.1" 200 68341
95.216.20.54 - - [13/Apr/2020:09:11:05 +0200] "GET /ticket2/opencms/fi/sell/?edid=0319A834-E4F8-1CF4-F8AD-79318D5E2742 HTTP/1.1" 302 -
208.110.93.78 - - [13/Apr/2020:09:11:11 +0200] "GET /ticket2/opencms/no/buy/?page=1&edid=C4D150F7-E051-16FD-EDF0-67C520051F22&sortorder=desc&column=section HTTP/1.1" 200 69845
46.229.168.148 - - [13/Apr/2020:09:11:14 +0200] "GET /ticket2/opencms/sv/buy/?column=section&edid=C4C0CEFE-A8F1-501B-6E98-F6FC9EBE96A4&page=1&sortorder=asc HTTP/1.1" 200 71779
46.229.168.144 - - [13/Apr/2020:09:11:14 +0200] "GET /ticket2/opencms/sv/buy/?column=section&edid=5F5BB855-5D9E-1E2C-72A6-69354D1848B9&page=1&sortorder=desc HTTP/1.1" 200 70924
46.229.168.152 - - [13/Apr/2020:09:11:15 +0200] "GET /ticket2/opencms/fi/buy/?column=price&edid=A8974CD8-4E6D-0BDD-D285-3496CA18553C&page=1&sortorder=asc HTTP/1.1" 200 72522
46.229.168.147 - - [13/Apr/2020:09:11:16 +0200] "GET /ticket2/opencms/fi/buy/?column=section&edid=F55FD46B-77AB-3FD2-8E77-5D8B9DF55395&page=1&sortorder=asc HTTP/1.1" 200 72516
69.30.198.186 - - [13/Apr/2020:09:11:22 +0200] "GET /ticket2/opencms/dk/buy/?page=1&edid=0526AB7D-1492-E0D1-E5E6-6BADBF530B48&sortorder=asc&column=row HTTP/1.1" 200 71219
192.99.15.199 - - [13/Apr/2020:09:11:22 +0200] "GET /ticket2/opencms/sv/venue/?venueid=0A5827CF-E7EA-E40C-108E-9376F19C9B55 HTTP/1.1" 200 65440
67.225.220.120 - - [13/Apr/2020:09:11:43 +0200] "GET /ticket2/opencms/en/buy/?page=1&edid=672A3C6F-40D0-0A91-661F-3F64D5642035 HTTP/1.1" 200 69188
192.99.4.168 - - [13/Apr/2020:09:11:44 +0200] "GET /ticket2/opencms/en/buy/?page=1&edid=1118CA9D-86D0-FF33-6F80-5DE6EAD42BE8&sortorder=asc&column=price HTTP/1.1" 200 71123
95.216.20.54 - - [13/Apr/2020:09:11:44 +0200] "GET /ticket2/opencms/fi/login/?edid=0319A834-E4F8-1CF4-F8AD-79318D5E2742 HTTP/1.1" 200 68719
208.110.93.78 - - [13/Apr/2020:09:11:49 +0200] "GET /ticket2/opencms/no/buy/?page=1&edid=C58087C9-0464-2443-9995-9C5C02D4C88F HTTP/1.1" 200 69774
114.119.161.212 - - [13/Apr/2020:09:11:50 +0200] "GET /ticket2/opencms/dk/buy/?page=1&edid=02013735-73ED-40FA-90F3-7305F7F53475&sortorder=asc&column=price HTTP/1.1" 200 71399
46.229.168.137 - - [13/Apr/2020:09:11:51 +0200] "GET /ticket2/opencms/en/buy/?column=row&edid=D4AC13D6-94F6-4D57-E253-C52E8FB7E099&page=1&sortorder=asc HTTP/1.1" 200 69223
46.229.168.132 - - [13/Apr/2020:09:11:52 +0200] "GET /ticket2/opencms/fi/buy/?column=price&edid=BB394FD3-070C-1E2C-9920-F550F89B00A2&page=1&sortorder=asc HTTP/1.1" 200 70652
46.229.168.132 - - [13/Apr/2020:09:11:53 +0200] "GET /ticket2/opencms/fi/buy/?column=price&edid=BB394FD3-070C-1E2C-9920-F550F89B00A2&page=1&sortorder=asc HTTP/1.1" 200 70652
46.229.168.142 - - [13/Apr/2020:09:11:54 +0200] "GET /ticket2/opencms/fi/buy/?column=section&edid=64BD559B-614F-083E-80BA-E7DAF6245135&page=1&sortorder=asc HTTP/1.1" 200 72558
192.99.37.116 - - [13/Apr/2020:09:11:55 +0200] "GET /ticket2/opencms/fi/buy/?page=1&edid=E9E2EF64-D379-DD67-D513-D0AD1E29ED2D&sortorder=asc&column=section HTTP/1.1" 200 72525
46.229.168.138 - - [13/Apr/2020:09:11:56 +0200] "GET /ticket2/opencms/fi/buy/?column=section&edid=6B2EA6CD-7553-8F73-30CB-5A807E0727F2&page=1&sortorder=desc HTTP/1.1" 200 73364
46.229.168.144 - - [13/Apr/2020:09:12:01 +0200] "GET /ticket2/opencms/fi/buy/?edid=D5299377-114D-E85A-E06B-1E0425900906&page=1 HTTP/1.1" 200 72506
95.216.20.54 - - [13/Apr/2020:09:12:03 +0200] "GET /ticket2/opencms/fi/sell/?edid=05C0128A-02F8-C30A-2654-0B16EDFDCD9B HTTP/1.1" 302 -
46.229.168.148 - - [13/Apr/2020:09:12:05 +0200] "GET /ticket2/opencms/sv/buy/?column=section&edid=C4C0CEFE-A8F1-501B-6E98-F6FC9EBE96A4&page=1&sortorder=asc HTTP/1.1" 200 71779
192.99.15.199 - - [13/Apr/2020:09:12:06 +0200] "GET /ticket2/opencms/sv/venue/?venueid=0B62AF84-0F0F-19DA-57AE-3882EFB8ABC4 HTTP/1.1" 200 65471
67.225.220.120 - - [13/Apr/2020:09:12:08 +0200] "GET /ticket2/opencms/en/buy/?page=1&edid=7BFAA4DD-59F4-CFC0-8A75-4C1976E082E5 HTTP/1.1" 200 71600
46.229.168.135 - - [13/Apr/2020:09:12:18 +0200] "GET /ticket2/opencms/fi/buy/?edid=8C2B67E4-8153-3736-E092-0CE2785F030B&page=1 HTTP/1.1" 200 72513
46.229.168.137 - - [13/Apr/2020:09:12:20 +0200] "GET /ticket2/opencms/nl/buy/?column=row&edid=69E94548-BA2A-A7B0-2E68-692DBBE997E5&page=1&sortorder=asc HTTP/1.1" 200 70395
95.216.20.54 - - [13/Apr/2020:09:12:20 +0200] "GET /ticket2/opencms/fi/login/?edid=05C0128A-02F8-C30A-2654-0B16EDFDCD9B HTTP/1.1" 200 68719
46.229.168.142 - - [13/Apr/2020:09:12:22 +0200] "GET /ticket2/opencms/fi/buy/?column=section&edid=50741BB5-AC41-8EDF-DDAB-6A055F5C5052&page=1&sortorder=desc HTTP/1.1" 200 73027
46.229.168.137 - - [13/Apr/2020:09:12:24 +0200] "GET /ticket2/opencms/en/buy/?column=row&edid=D4AC13D6-94F6-4D57-E253-C52E8FB7E099&page=1&sortorder=asc HTTP/1.1" 200 69223
95.216.20.54 - - [13/Apr/2020:09:12:26 +0200] "GET /ticket2/opencms/fi/sell/?edid=060C0EE9-3660-B6E5-7141-2D93961E8D86 HTTP/1.1" 302 -
69.30.198.186 - - [13/Apr/2020:09:12:27 +0200] "GET /ticket2/opencms/dk/buy/?page=1&edid=0526AB7D-1492-E0D1-E5E6-6BADBF530B48&sortorder=asc&column=section HTTP/1.1" 200 71219
46.229.168.142 - - [13/Apr/2020:09:12:28 +0200] "GET /ticket2/opencms/fi/urheilu/hockey/nhl/la-kings/ HTTP/1.1" 200 69441
208.110.93.78 - - [13/Apr/2020:09:12:29 +0200] "GET /ticket2/opencms/no/buy/?page=1&edid=C58087C9-0464-2443-9995-9C5C02D4C88F&sortorder=asc&column=price HTTP/1.1" 200 69810
95.216.20.54 - - [13/Apr/2020:09:12:31 +0200] "GET /ticket2/opencms/fi/login/?edid=060C0EE9-3660-B6E5-7141-2D93961E8D86 HTTP/1.1" 200 68719
192.99.5.228 - - [13/Apr/2020:09:12:31 +0200] "GET /ticket2/opencms/dk/buy/?page=1&edid=10AF4A44-F0BC-B332-8793-ED38C57FC28B&sortorder=asc&column=price HTTP/1.1" 200 69337
95.216.20.54 - - [13/Apr/2020:09:12:37 +0200] "GET /ticket2/opencms/fi/sell/?edid=06C670DB-A8D1-B9FA-3FE6-95D8F01937B4 HTTP/1.1" 302 -
208.110.93.78 - - [13/Apr/2020:09:12:39 +0200] "GET /ticket2/opencms/no/buy/?page=1&edid=C58087C9-0464-2443-9995-9C5C02D4C88F&sortorder=asc&column=row HTTP/1.1" 200 69810
46.229.168.138 - - [13/Apr/2020:09:12:40 +0200] "GET /ticket2/opencms/sv/buy/?column=section&edid=7299D7C8-4B31-7044-9874-03CCEE394EC0&page=1&sortorder=desc HTTP/1.1" 200 71139
67.225.220.120 - - [13/Apr/2020:09:12:43 +0200] "GET /ticket2/opencms/sv/buy/?page=1&edid=09DBE843-AC01-1747-3DBE-F411D6DF0264 HTTP/1.1" 200 71337
95.216.20.54 - - [13/Apr/2020:09:12:43 +0200] "GET /ticket2/opencms/fi/login/?edid=06C670DB-A8D1-B9FA-3FE6-95D8F01937B4 HTTP/1.1" 200 68719
46.229.168.131 - - [13/Apr/2020:09:12:45 +0200] "GET /ticket2/opencms/sv/buy/?edid=EB4914C5-00D4-AD74-5CF9-2868F9C2D86F&page=1 HTTP/1.1" 200 71767
46.229.168.144 - - [13/Apr/2020:09:12:47 +0200] "GET /ticket2/opencms/fi/buy/?edid=D5299377-114D-E85A-E06B-1E0425900906&page=1 HTTP/1.1" 200 72506
199.58.86.211 - - [13/Apr/2020:09:12:52 +0200] "GET /ticket2/opencms/robots.txt HTTP/1.1" 200 773
95.216.20.54 - - [13/Apr/2020:09:12:52 +0200] "GET /ticket2/opencms/fi/sell/?edid=07032C66-ECCC-8B3A-18FE-F2D4E467100E HTTP/1.1" 302 -
46.229.168.153 - - [13/Apr/2020:09:12:53 +0200] "GET /ticket2/opencms/fi/buy/?column=section&edid=3E844C64-2B32-A35E-237A-EDAC48338BDA&page=1&sortorder=asc HTTP/1.1" 200 72505
95.216.20.54 - - [13/Apr/2020:09:12:57 +0200] "GET /ticket2/opencms/fi/login/?edid=07032C66-ECCC-8B3A-18FE-F2D4E467100E HTTP/1.1" 200 68719
46.229.168.152 - - [13/Apr/2020:09:13:01 +0200] "GET /ticket2/opencms/robots.txt HTTP/1.1" 200 773
192.99.15.199 - - [13/Apr/2020:09:13:01 +0200] "GET /ticket2/opencms/sv/venue/?venueid=0B6647D6-AF36-CFCA-FE75-9D696BBAFD20 HTTP/1.1" 200 65509
46.229.168.146 - - [13/Apr/2020:09:13:02 +0200] "GET /ticket2/opencms/sv/buy/?edid=B6519826-8267-EC30-B1D9-4C457BE51657&page=1 HTTP/1.1" 200 69454
208.110.93.78 - - [13/Apr/2020:09:13:03 +0200] "GET /ticket2/opencms/no/buy/?page=1&edid=C58087C9-0464-2443-9995-9C5C02D4C88F&sortorder=asc&column=section HTTP/1.1" 200 69810
95.216.20.54 - - [13/Apr/2020:09:13:05 +0200] "GET /ticket2/opencms/fi/sell/?edid=07D063F2-E88B-66B3-2176-A8CD7061F92B HTTP/1.1" 302 -
46.229.168.137 - - [13/Apr/2020:09:13:05 +0200] "GET /ticket2/opencms/nl/buy/?column=section&edid=504DCAFD-590A-5865-0E7B-51575F78C6D6&page=1&sortorder=asc HTTP/1.1" 200 70597
46.229.168.140 - - [13/Apr/2020:09:13:05 +0200] "GET /ticket2/opencms/en/sell/?edid=6C4D36C5-EFA1-F636-4F3C-C14C85BECB14 HTTP/1.1" 302 -
192.99.37.116 - - [13/Apr/2020:09:13:15 +0200] "GET /ticket2/opencms/fi/buy/?page=1&edid=EBA49F8A-33E9-0C95-472B-EF6292B7073A&sortorder=desc&column=price HTTP/1.1" 200 72521
46.229.168.133 - - [13/Apr/2020:09:13:16 +0200] "GET /ticket2/opencms/en/buy/?column=price&edid=2AF1EC6A-A053-50DA-A4C5-C6E00D2010E6&page=1&sortorder=asc HTTP/1.1" 200 72414
95.216.20.54 - - [13/Apr/2020:09:13:16 +0200] "GET /ticket2/opencms/fi/login/?edid=07D063F2-E88B-66B3-2176-A8CD7061F92B HTTP/1.1" 200 68719
208.110.93.78 - - [13/Apr/2020:09:13:18 +0200] "GET /ticket2/opencms/no/buy/?page=1&edid=C58087C9-0464-2443-9995-9C5C02D4C88F&sortorder=desc&column=price HTTP/1.1" 200 69809
