5.9.70.72 - - [13/Apr/2020:07:17:00 +0200] "GET /ticket2/opencms/fi/buy/?page=1&edid=BB1EC027-667A-D516-1408-190AC626767E&sortorder=desc&column=price HTTP/1.1" 200 72514
178.151.245.174 - - [13/Apr/2020:07:17:00 +0200] "GET /ticket2/opencms/sv/venue/?venueid=701663DC-2455-294E-2D99-0CDACEA4F260 HTTP/1.1" 200 65443
192.99.4.168 - - [13/Apr/2020:07:17:01 +0200] "GET /ticket2/opencms/en/buy/?page=6&comcatid=A17713B6-D984-201A-4143-ED4DB5ED5C2E&catid=A4D9EA9A-192D-0274-BF26-9C98D8B902AB HTTP/1.1" 200 79419
157.55.39.92 - - [13/Apr/2020:07:17:02 +0200] "GET /ticket2/opencms/system/modules/com.gridnine.opencms.ticketbrokerage.site/resources/js/calendar-setup.js HTTP/1.1" 200 4923
46.229.168.138 - - [13/Apr/2020:07:17:02 +0200] "GET /ticket2/opencms/en/login/?url=%25252Fen%25252Fsell%25252F HTTP/1.1" 200 67300
72.14.199.148 - - [13/Apr/2020:07:17:06 +0200] "GET /ticket2/opencms/system/modules/com.gridnine.opencms.ticketbrokerage.site/resources/css/ticketbrokerage.css HTTP/1.1" 200 39285
5.9.71.213 - - [13/Apr/2020:07:17:06 +0200] "GET /ticket2/opencms/dk/buy/?page=1&edid=38C5F8C8-F6C2-BA94-BDF5-C45BF1FEC28E&sortorder=asc&column=section HTTP/1.1" 200 72502
40.77.167.131 - - [13/Apr/2020:07:17:06 +0200] "GET /ticket2/opencms/nl/ask-form.html HTTP/1.1" 200 3015
46.229.168.133 - - [13/Apr/2020:07:17:08 +0200] "GET /ticket2/opencms/ru/buy/?edid=490618CE-2093-9232-6EFE-E2FDF84D0DEE&page=1 HTTP/1.1" 200 70213
5.9.140.242 - - [13/Apr/2020:07:17:09 +0200] "GET /ticket2/opencms/dk/buy/?page=1&edid=4BA7B2F8-A96A-CBF2-384D-5B93955887C5&sortorder=desc&column=section HTTP/1.1" 200 70987
46.229.168.145 - - [13/Apr/2020:07:17:09 +0200] "GET /ticket2/opencms/ru/selling_tickets/ HTTP/1.1" 200 67774
46.229.168.150 - - [13/Apr/2020:07:17:09 +0200] "GET /ticket2/opencms/nl/buy/?column=section&edid=9787F786-35D4-6ADC-889A-06C7F0901AE1&page=1&sortorder=asc HTTP/1.1" 200 70608
178.151.245.174 - - [13/Apr/2020:07:17:09 +0200] "GET /ticket2/opencms/sv/venue/?venueid=734040E5-A24F-A3CB-551E-29ED256DF723 HTTP/1.1" 200 65476
46.229.168.130 - - [13/Apr/2020:07:17:11 +0200] "GET /ticket2/opencms/en/venue/?countryid=7EE0FE36-9C17-F539-5F8E-1F2CFF8A0D7B HTTP/1.1" 200 94598
5.9.71.213 - - [13/Apr/2020:07:17:13 +0200] "GET /ticket2/opencms/dk/buy/?page=1&edid=3930902F-44C9-0DA4-854E-41262D5A61CF&sortorder=asc&column=row HTTP/1.1" 200 72330
5.9.70.72 - - [13/Apr/2020:07:17:16 +0200] "GET /ticket2/opencms/fi/buy/?page=1&edid=BB1EC027-667A-D516-1408-190AC626767E&sortorder=desc&column=row HTTP/1.1" 200 72514
178.151.245.174 - - [13/Apr/2020:07:17:16 +0200] "GET /ticket2/opencms/sv/venue/?venueid=73886E8B-D0CE-D693-4D83-304172C400FE HTTP/1.1" 200 65461
192.99.4.168 - - [13/Apr/2020:07:17:16 +0200] "GET /ticket2/opencms/en/buy/?page=6&comcatid=A17713B6-D984-201A-4143-ED4DB5ED5C2E&catid=A7674DEA-B39E-502C-2F76-760AE08947E9 HTTP/1.1" 200 78627
192.99.15.199 - - [13/Apr/2020:07:17:22 +0200] "GET /ticket2/opencms/sv/buy/?page=1&edid=E8FE2A15-0338-AD03-E820-3464EC7EA1F7&sortorder=asc&column=section HTTP/1.1" 200 71555
173.208.157.186 - - [13/Apr/2020:07:17:22 +0200] "GET /ticket2/opencms/fi/buy/?page=1&edid=383E4867-E755-BCF5-AFE7-05FB5FFCA658&sortorder=desc&column=price HTTP/1.1" 200 72525
46.229.168.135 - - [13/Apr/2020:07:17:26 +0200] "GET /ticket2/opencms/nl/buy/?column=section&edid=54BF7B38-1191-4855-07DB-8DE87C08BACB&page=1&sortorder=desc HTTP/1.1" 200 70246
178.151.245.174 - - [13/Apr/2020:07:17:27 +0200] "GET /ticket2/opencms/sv/venue/?venueid=77AE86FB-D354-0E5F-2F8B-54B74EAA6DBC HTTP/1.1" 200 65440
72.14.199.148 - - [13/Apr/2020:07:17:27 +0200] "GET /ticket2/opencms/system/modules/com.gridnine.opencms.ticketbrokerage.site/resources/css/calendar.css HTTP/1.1" 200 6871
173.208.157.186 - - [13/Apr/2020:07:17:29 +0200] "GET /ticket2/opencms/fi/buy/?page=1&edid=383E4867-E755-BCF5-AFE7-05FB5FFCA658&sortorder=desc&column=row HTTP/1.1" 200 72525
46.229.168.131 - - [13/Apr/2020:07:17:30 +0200] "GET /ticket2/opencms/sv/buy/?column=price&edid=A082D9A0-E4D1-0360-423C-F14EC7DAC615&page=1&sortorder=asc HTTP/1.1" 200 69498
192.99.4.168 - - [13/Apr/2020:07:17:30 +0200] "GET /ticket2/opencms/en/buy/?page=6&comcatid=A17713B6-D984-201A-4143-ED4DB5ED5C2E&catid=D8B345C9-F7A5-E620-4B43-C34EB0D6885B HTTP/1.1" 200 106136
178.151.245.174 - - [13/Apr/2020:07:17:32 +0200] "GET /ticket2/opencms/sv/venue/?venueid=78FDA09C-41E1-3EB5-FA25-29EBD1B668CE HTTP/1.1" 200 65503
5.9.70.72 - - [13/Apr/2020:07:17:34 +0200] "GET /ticket2/opencms/fi/buy/?page=1&edid=BB1EC027-667A-D516-1408-190AC626767E&sortorder=desc&column=section HTTP/1.1" 200 72514
5.9.71.213 - - [13/Apr/2020:07:17:40 +0200] "GET /ticket2/opencms/dk/buy/?page=1&edid=399E20D2-D6C6-17F4-9377-4D7D8F4272F3 HTTP/1.1" 200 71367
67.225.220.120 - - [13/Apr/2020:07:17:42 +0200] "GET /ticket2/opencms/en/buy/?page=1&edid=27B5C52A-A7F8-FFF2-CD66-BA61BDE1F885 HTTP/1.1" 200 70640
178.151.245.174 - - [13/Apr/2020:07:17:42 +0200] "GET /ticket2/opencms/sv/venue/?venueid=79ABCF29-8849-375A-51D4-EF1F6E582A69 HTTP/1.1" 200 65467
46.229.168.134 - - [13/Apr/2020:07:17:44 +0200] "GET /ticket2/opencms/nl/buy/?column=price&edid=CF8182D8-B9D0-5E9A-7104-23E69EAA2FEA&page=1&sortorder=asc HTTP/1.1" 200 69761
192.99.37.116 - - [13/Apr/2020:07:17:44 +0200] "GET /ticket2/opencms/fi/buy/?page=1&edid=AA3BD881-A55F-E51B-DC23-668F218B8E4E&sortorder=desc&column=section HTTP/1.1" 200 70641
46.229.168.139 - - [13/Apr/2020:07:17:47 +0200] "GET /ticket2/opencms/fi/buy/?edid=4F679D59-A856-14F0-ECEF-29CBD5EE9427&page=1 HTTP/1.1" 200 72012
5.9.71.213 - - [13/Apr/2020:07:17:53 +0200] "GET /ticket2/opencms/dk/buy/?page=1&edid=39B326AB-21FF-74B7-0EC9-A295A721BD30 HTTP/1.1" 200 70931
178.151.245.174 - - [13/Apr/2020:07:17:53 +0200] "GET /ticket2/opencms/sv/venue/?venueid=7A93BED8-ECFC-8BF7-F201-A6433D9EB679 HTTP/1.1" 200 65428
46.229.168.150 - - [13/Apr/2020:07:17:53 +0200] "GET /ticket2/opencms/robots.txt HTTP/1.1" 200 773
192.99.4.168 - - [13/Apr/2020:07:17:53 +0200] "GET /ticket2/opencms/en/buy/?page=6&comcatid=A17713B6-D984-201A-4143-ED4DB5ED5C2E&catid=E92E6B1B-7CD1-74B1-312C-265A7D8125D0 HTTP/1.1" 200 75670
72.14.199.148 - - [13/Apr/2020:07:17:54 +0200] "GET /ticket2/opencms/system/modules/com.gridnine.opencms.ticketbrokerage.site/resources/js/common-ajax.js HTTP/1.1" 200 20175
157.55.39.12 - - [13/Apr/2020:07:17:57 +0200] "GET /ticket2/opencms/no/sport/fotballsbilletter/serie_a/milan/ HTTP/1.1" 200 72240
178.151.245.174 - - [13/Apr/2020:07:18:00 +0200] "GET /ticket2/opencms/sv/venue/?venueid=7C7F73F8-7DD5-5AD2-5D98-6873788781BA HTTP/1.1" 200 65512
46.229.168.132 - - [13/Apr/2020:07:18:01 +0200] "GET /ticket2/opencms/sv/buy/?column=price&edid=78BD40EF-49BE-5D68-4B5D-1EDC5A7F5BC3&page=1&sortorder=desc HTTP/1.1" 200 71351
46.229.168.130 - - [13/Apr/2020:07:18:03 +0200] "GET /ticket2/opencms/nl/buy/?column=section&edid=58EBFF00-F33B-5E80-9C45-9C4F4E051249&page=1&sortorder=desc HTTP/1.1" 200 69694
173.208.157.186 - - [13/Apr/2020:07:18:04 +0200] "GET /ticket2/opencms/fi/buy/?page=1&edid=383E4867-E755-BCF5-AFE7-05FB5FFCA658&sortorder=desc&column=section HTTP/1.1" 200 72525
54.36.149.7 - - [13/Apr/2020:07:18:05 +0200] "GET /ticket2/opencms/fi/buy/?page=1&edid=32A94776-FE00-228B-7B34-31E5A640D10B HTTP/1.1" 200 72483
46.229.168.161 - - [13/Apr/2020:07:18:06 +0200] "GET /ticket2/opencms/sv/buy/?column=row&edid=E19F6380-8030-6AD8-8710-C3F6BEB23E30&page=1&sortorder=asc HTTP/1.1" 200 71863
46.229.168.154 - - [13/Apr/2020:07:18:06 +0200] "GET /ticket2/opencms/no/sell/?edid=76854C9C-B592-CA0A-F67C-231FB6E47209 HTTP/1.1" 302 -
178.151.245.174 - - [13/Apr/2020:07:18:07 +0200] "GET /ticket2/opencms/sv/venue/?venueid=7D0F0DC6-7ECD-E2A4-C5CD-DFF5AEF26B1F HTTP/1.1" 200 65512
46.229.168.142 - - [13/Apr/2020:07:18:08 +0200] "GET /ticket2/opencms/robots.txt HTTP/1.1" 200 773
46.229.168.145 - - [13/Apr/2020:07:18:08 +0200] "GET /ticket2/opencms/ HTTP/1.1" 302 -
173.208.157.186 - - [13/Apr/2020:07:18:09 +0200] "GET /ticket2/opencms/fi/buy/?page=1&edid=42B4FA5E-16E8-1BBB-7074-4F94B4A8F703&sortorder=asc&column=price HTTP/1.1" 200 72462
192.99.37.116 - - [13/Apr/2020:07:18:10 +0200] "GET /ticket2/opencms/fi/buy/?page=1&edid=AA9A8326-629A-D733-663A-5FA5E38D3919 HTTP/1.1" 200 72504
46.229.168.152 - - [13/Apr/2020:07:18:11 +0200] "GET /ticket2/opencms/fi/buy/?column=price&edid=14DC85A8-0F78-E63B-3823-C6D5EDB81837&page=1&sortorder=desc HTTP/1.1" 200 72731
192.99.4.168 - - [13/Apr/2020:07:18:12 +0200] "GET /ticket2/opencms/en/buy/?page=6&comcatid=A17713B6-D984-201A-4143-ED4DB5ED5C2E&catid=E961462E-5AC2-64D6-5850-A310C9DEAA06 HTTP/1.1" 200 75676
192.99.15.199 - - [13/Apr/2020:07:18:12 +0200] "GET /ticket2/opencms/sv/buy/?page=1&edid=E9E2EF64-D379-DD67-D513-D0AD1E29ED2D&sortorder=asc&column=row HTTP/1.1" 200 71374
178.151.245.174 - - [13/Apr/2020:07:18:15 +0200] "GET /ticket2/opencms/sv/venue/?venueid=7DFE5FAB-A7F9-D9CB-B181-D0F227E04C90 HTTP/1.1" 200 65455
46.229.168.134 - - [13/Apr/2020:07:18:15 +0200] "GET /ticket2/opencms/sv/buy/?column=section&edid=8D609A09-968B-809C-B291-0AEC7810E029&page=1&sortorder=asc HTTP/1.1" 200 71553
46.229.168.163 - - [13/Apr/2020:07:18:15 +0200] "GET /ticket2/opencms/en/sell/?edid=387D5AB6-1825-0B83-240B-C56255A9A21B HTTP/1.1" 302 -
5.9.71.213 - - [13/Apr/2020:07:18:19 +0200] "GET /ticket2/opencms/dk/buy/?page=1&edid=3B21FEBD-7D61-A4C3-8530-DE5492A7E3B2&sortorder=desc&column=price HTTP/1.1" 200 70731
178.151.245.174 - - [13/Apr/2020:07:18:21 +0200] "GET /ticket2/opencms/sv/venue/?venueid=7F535AB1-F888-ED6B-B55A-1270FA6C3498 HTTP/1.1" 200 65461
46.229.168.135 - - [13/Apr/2020:07:18:29 +0200] "GET /ticket2/opencms/ru/buy/?column=row&edid=37D48E1B-2752-5F8F-5AEB-0BF82E1637C1&page=1&sortorder=desc HTTP/1.1" 200 72165
178.151.245.174 - - [13/Apr/2020:07:18:30 +0200] "GET /ticket2/opencms/sv/venue/?venueid=7F775268-FDCE-3365-1815-747D9CD711D9 HTTP/1.1" 200 65461
5.9.71.213 - - [13/Apr/2020:07:18:33 +0200] "GET /ticket2/opencms/dk/buy/?page=1&edid=3B21FEBD-7D61-A4C3-8530-DE5492A7E3B2&sortorder=desc&column=row HTTP/1.1" 200 70731
192.99.4.168 - - [13/Apr/2020:07:18:34 +0200] "GET /ticket2/opencms/en/buy/?page=6&comcatid=A17713B6-D984-201A-4143-ED4DB5ED5C2E&catid=F03B8ADD-988E-AE6A-8DBA-AF502C691C60 HTTP/1.1" 200 75679
46.229.168.131 - - [13/Apr/2020:07:18:35 +0200] "GET /ticket2/opencms/fi/buy/?edid=09E39E18-DB9D-9181-82D5-02F92B498E01&page=1 HTTP/1.1" 200 73632
178.151.245.174 - - [13/Apr/2020:07:18:36 +0200] "GET /ticket2/opencms/sv/venue/?venueid=80282372-5C99-DBF4-F014-FB112931F6DA HTTP/1.1" 200 65464
46.229.168.163 - - [13/Apr/2020:07:18:38 +0200] "GET /ticket2/opencms/sv/buy/?column=row&edid=874D99C7-3DDA-AA32-0A78-CF9AB6A7DB66&page=1&sortorder=desc HTTP/1.1" 200 70888
46.229.168.133 - - [13/Apr/2020:07:18:40 +0200] "GET /ticket2/opencms/sv/sell/?edid=FC0D5D89-4B43-9EC1-BD89-FA48C772FEDC HTTP/1.1" 302 -
46.229.168.130 - - [13/Apr/2020:07:18:40 +0200] "GET /ticket2/opencms/fi/buy/?column=price&edid=4D0AE9B7-3FC7-8828-8150-08AA80E3B754&page=1&sortorder=desc HTTP/1.1" 200 72051
173.208.157.186 - - [13/Apr/2020:07:18:41 +0200] "GET /ticket2/opencms/fi/buy/?page=1&edid=42B4FA5E-16E8-1BBB-7074-4F94B4A8F703&sortorder=asc&column=section HTTP/1.1" 200 72462
178.151.245.174 - - [13/Apr/2020:07:18:42 +0200] "GET /ticket2/opencms/sv/venue/?venueid=811C0359-3C33-A4FE-B62F-0F71E1D5271C HTTP/1.1" 200 65500
46.229.168.129 - - [13/Apr/2020:07:18:44 +0200] "GET /ticket2/opencms/no/buy/?column=section&edid=68D4A370-247A-9C23-AC2D-6C3F6409CFD7&page=1&sortorder=asc HTTP/1.1" 200 71665
173.208.157.186 - - [13/Apr/2020:07:18:49 +0200] "GET /ticket2/opencms/fi/buy/?page=1&edid=430E5B54-D320-BC18-B686-70B7A8AEC622&sortorder=desc&column=price HTTP/1.1" 200 72012
46.229.168.133 - - [13/Apr/2020:07:18:51 +0200] "GET /ticket2/opencms/sv/buy/?column=row&edid=B78A60FE-C1A9-BDF8-D771-77B20EE2ACE9&page=1&sortorder=asc HTTP/1.1" 200 72660
46.229.168.137 - - [13/Apr/2020:07:18:55 +0200] "GET /ticket2/opencms/en/buy/?column=section&edid=6746D547-58E0-E059-5EA6-B180F3DC37DC&page=1&sortorder=desc HTTP/1.1" 200 71321
178.151.245.174 - - [13/Apr/2020:07:18:55 +0200] "GET /ticket2/opencms/sv/venue/?venueid=81575406-737A-D887-8BD9-C8B79507FB55 HTTP/1.1" 200 65443
66.249.79.87 - - [13/Apr/2020:07:18:55 +0200] "GET /ticket2/opencms/en/venue/?countryid=AD4C6C1F-4EA2-1827-F34A-F0A47DB58003 HTTP/1.1" 200 94598
5.9.71.213 - - [13/Apr/2020:07:18:58 +0200] "GET /ticket2/opencms/dk/buy/?page=1&edid=3B89D76C-67F5-76DB-9E70-49A536639AFD&sortorder=desc&column=price HTTP/1.1" 200 71431
192.99.37.116 - - [13/Apr/2020:07:18:59 +0200] "GET /ticket2/opencms/fi/buy/?page=1&edid=AA9A8326-629A-D733-663A-5FA5E38D3919&sortorder=asc&column=row HTTP/1.1" 200 72540
114.119.167.112 - - [13/Apr/2020:07:18:59 +0200] "GET /ticket2/opencms/tb/opencms/en/archive/events/gwen_stefani/ HTTP/1.1" 404 -
46.229.168.131 - - [13/Apr/2020:07:18:59 +0200] "GET /ticket2/opencms/dk/buy/?eventid=62F59C98-E449-5968-26D5-00A23D535A52&page=10 HTTP/1.1" 200 66645
67.225.220.120 - - [13/Apr/2020:07:19:04 +0200] "GET /ticket2/opencms/en/buy/?page=1&edid=C8198374-0577-0427-4408-233F54C3C751 HTTP/1.1" 200 71603
178.151.245.174 - - [13/Apr/2020:07:19:07 +0200] "GET /ticket2/opencms/sv/venue/?venueid=8243A401-23BF-39C5-8D76-982AC5019BE4 HTTP/1.1" 200 65446
192.99.4.168 - - [13/Apr/2020:07:19:07 +0200] "GET /ticket2/opencms/en/buy/?page=6&comcatid=A17713B6-D984-201A-4143-ED4DB5ED5C2E&catid=FF8D7FE7-4B09-7305-01C7-2D47F7913EB8 HTTP/1.1" 200 75669
5.9.71.213 - - [13/Apr/2020:07:19:08 +0200] "GET /ticket2/opencms/dk/buy/?page=1&edid=3B89D76C-67F5-76DB-9E70-49A536639AFD&sortorder=desc&column=row HTTP/1.1" 200 71431
54.36.150.69 - - [13/Apr/2020:07:19:14 +0200] "GET /ticket2/opencms/en/buy/?page=1&edid=45883756-A055-B005-E8F8-4D10036933AD HTTP/1.1" 200 69235
178.151.245.174 - - [13/Apr/2020:07:19:15 +0200] "GET /ticket2/opencms/sv/venue/?venueid=86F0DC08-5FD1-E5A8-C05C-1DCBCBDEB57F HTTP/1.1" 200 65507
173.208.157.186 - - [13/Apr/2020:07:19:17 +0200] "GET /ticket2/opencms/fi/buy/?page=1&edid=437F7F57-119B-3C88-4AE1-DB313FC6EF55&sortorder=desc&column=row HTTP/1.1" 200 70639
46.229.168.131 - - [13/Apr/2020:07:19:23 +0200] "GET /ticket2/opencms/sv/buy/?edid=6D659B0C-D907-0405-67DC-00DF3824F864&page=1 HTTP/1.1" 200 69451
46.229.168.130 - - [13/Apr/2020:07:19:25 +0200] "GET /ticket2/opencms/no/buy/?column=row&edid=C11CE0A1-BCBD-A7C4-C22E-164F1C641833&page=1&sortorder=desc HTTP/1.1" 200 72390
46.229.168.134 - - [13/Apr/2020:07:19:26 +0200] "GET /ticket2/opencms/sv/buy/?column=section&edid=A5C39397-601B-AAD4-E491-7B5A86FC9F67&page=1&sortorder=desc HTTP/1.1" 200 70894
178.151.245.174 - - [13/Apr/2020:07:19:26 +0200] "GET /ticket2/opencms/sv/venue/?venueid=88FA5ED7-F5AA-6C61-A45E-2A93337B7DAA HTTP/1.1" 200 65428
46.229.168.152 - - [13/Apr/2020:07:19:26 +0200] "GET /ticket2/opencms/fi/venue/?venueid=F6924F27-E301-BC1C-E625-AF49CF33565E HTTP/1.1" 200 66465
173.208.157.186 - - [13/Apr/2020:07:19:28 +0200] "GET /ticket2/opencms/fi/buy/?page=1&edid=437F7F57-119B-3C88-4AE1-DB313FC6EF55&sortorder=desc&column=section HTTP/1.1" 200 70639
192.99.37.116 - - [13/Apr/2020:07:19:34 +0200] "GET /ticket2/opencms/fi/buy/?page=1&edid=AA9A8326-629A-D733-663A-5FA5E38D3919&sortorder=asc&column=section HTTP/1.1" 200 72540
46.229.168.133 - - [13/Apr/2020:07:19:35 +0200] "GET /ticket2/opencms/sv/buy/?edid=62771AC5-B6A4-CA99-7698-E23F6FB31315&page=1 HTTP/1.1" 200 69455
178.151.245.174 - - [13/Apr/2020:07:19:35 +0200] "GET /ticket2/opencms/sv/venue/?venueid=89495595-3833-25EC-3C64-30EAE6238716 HTTP/1.1" 200 65522
5.9.71.213 - - [13/Apr/2020:07:19:41 +0200] "GET /ticket2/opencms/dk/buy/?page=1&edid=3B89D76C-67F5-76DB-9E70-49A536639AFD&sortorder=desc&column=section HTTP/1.1" 200 71431
192.99.4.168 - - [13/Apr/2020:07:19:42 +0200] "GET /ticket2/opencms/en/buy/?page=6&comcatid=B41CCF2B-5558-7AEE-3602-09BBDE417D65 HTTP/1.1" 200 67145
17.58.101.32 - - [13/Apr/2020:07:19:42 +0200] "GET /ticket2/opencms/robots.txt HTTP/1.1" 200 773
192.99.15.199 - - [13/Apr/2020:07:19:43 +0200] "GET /ticket2/opencms/sv/buy/?page=1&edid=EBA49F8A-33E9-0C95-472B-EF6292B7073A&sortorder=asc&column=price HTTP/1.1" 200 71371
46.229.168.148 - - [13/Apr/2020:07:19:43 +0200] "GET /ticket2/opencms/ru/sell/?edid=4A7F2526-D1E7-F3F4-D914-86C3B72B4E87 HTTP/1.1" 302 -
67.225.220.120 - - [13/Apr/2020:07:19:47 +0200] "GET /ticket2/opencms/en/buy/?page=1&edid=80EE9861-CE07-B7DE-A3DB-A6E5C8995BA8 HTTP/1.1" 200 70847
178.151.245.174 - - [13/Apr/2020:07:19:47 +0200] "GET /ticket2/opencms/sv/venue/?venueid=8A3E15E6-9EA2-1FB9-3117-432C267C960A HTTP/1.1" 200 65458
17.58.102.21 - - [13/Apr/2020:07:19:50 +0200] "GET /ticket2/opencms/ HTTP/1.1" 302 -
17.58.102.21 - - [13/Apr/2020:07:19:50 +0200] "GET /ticket2/opencms/ HTTP/1.1" 302 -
173.208.157.186 - - [13/Apr/2020:07:19:54 +0200] "GET /ticket2/opencms/fi/buy/?page=1&edid=43CBC4C0-E5B1-CD57-35C4-0C49D165E36B&sortorder=asc&column=price HTTP/1.1" 200 72718
46.229.168.140 - - [13/Apr/2020:07:19:54 +0200] "GET /ticket2/opencms/sv/sell/?edid=54BF7B38-1191-4855-07DB-8DE87C08BACB HTTP/1.1" 302 -
46.229.168.138 - - [13/Apr/2020:07:19:55 +0200] "GET /ticket2/opencms/nl/buy/?column=row&edid=3E2F6837-CCFC-9284-0235-725D2AA31D66&page=1&sortorder=asc HTTP/1.1" 200 70399
46.229.168.152 - - [13/Apr/2020:07:20:00 +0200] "GET /ticket2/opencms/en/buy/?column=row&edid=E2FF13E6-DFDF-8758-C2F3-20694194FCC2&page=1&sortorder=asc HTTP/1.1" 200 69258
46.229.168.137 - - [13/Apr/2020:07:20:02 +0200] "GET /ticket2/opencms/nl/buy/?edid=D4257B4D-221F-23FE-F1F6-6C524759B22C&page=1 HTTP/1.1" 200 70213
178.151.245.174 - - [13/Apr/2020:07:20:02 +0200] "GET /ticket2/opencms/sv/venue/?venueid=8B510977-1E58-CA35-22CC-AAAB5ABA441D HTTP/1.1" 200 65522
46.229.168.140 - - [13/Apr/2020:07:20:03 +0200] "GET /ticket2/opencms/sv/buy/?column=row&edid=476991E3-90E8-4131-2EC2-B8E28BB43BFC&page=1&sortorder=asc HTTP/1.1" 200 69507
46.229.168.153 - - [13/Apr/2020:07:20:06 +0200] "GET /ticket2/opencms/fi/buy/?edid=312F925C-21EC-506E-3F79-878DE79022A7&page=1 HTTP/1.1" 200 73776
173.208.157.186 - - [13/Apr/2020:07:20:07 +0200] "GET /ticket2/opencms/fi/buy/?page=1&edid=43CBC4C0-E5B1-CD57-35C4-0C49D165E36B&sortorder=asc&column=row HTTP/1.1" 200 72718
5.9.71.213 - - [13/Apr/2020:07:20:19 +0200] "GET /ticket2/opencms/dk/buy/?page=1&edid=3C401EE2-0221-FC2B-B3C7-067DD6B2E9FD&sortorder=asc&column=price HTTP/1.1" 200 71609
17.58.102.21 - - [13/Apr/2020:07:20:19 +0200] "GET /ticket2/opencms/.well-known/apple-app-site-association HTTP/1.1" 404 -
17.58.102.21 - - [13/Apr/2020:07:20:19 +0200] "GET /ticket2/opencms/apple-touch-icon-precomposed.png HTTP/1.1" 404 -
17.58.102.21 - - [13/Apr/2020:07:20:19 +0200] "GET /ticket2/opencms/apple-touch-icon-precomposed.png HTTP/1.1" 404 -
114.119.164.174 - - [13/Apr/2020:07:20:22 +0200] "GET /ticket2/opencms/sv/buy/?page=1&edid=68B8B09E-560A-8A10-6FF6-600A9E2434A4&sortorder=asc&column=row HTTP/1.1" 200 70917
46.229.168.133 - - [13/Apr/2020:07:20:22 +0200] "GET /ticket2/opencms/robots.txt HTTP/1.1" 200 773
46.229.168.154 - - [13/Apr/2020:07:20:26 +0200] "GET /ticket2/opencms/no/buy/?column=section&edid=6F61AD27-8DBB-B7D4-5A4C-4C383ABFCA88&page=1&sortorder=desc HTTP/1.1" 200 73014
192.99.37.116 - - [13/Apr/2020:07:20:29 +0200] "GET /ticket2/opencms/fi/buy/?page=1&edid=AA9A8326-629A-D733-663A-5FA5E38D3919&sortorder=desc&column=price HTTP/1.1" 200 72539
216.245.221.82 - - [13/Apr/2020:07:20:32 +0200] "HEAD /ticket2/opencms/en/ HTTP/1.1" 200 -
66.249.79.147 - - [13/Apr/2020:07:20:54 +0200] "GET /ticket2/opencms/fi/urheilu/jalkapallo/bundesliga/werder_bremen/ HTTP/1.1" 200 69241
178.151.245.174 - - [13/Apr/2020:07:20:55 +0200] "GET /ticket2/opencms/sv/venue/?venueid=8B6C824C-D02D-D12B-5DBC-51731218C202 HTTP/1.1" 200 65467
173.208.157.186 - - [13/Apr/2020:07:20:55 +0200] "GET /ticket2/opencms/fi/buy/?page=1&edid=43CBC4C0-E5B1-CD57-35C4-0C49D165E36B&sortorder=asc&column=section HTTP/1.1" 200 72718
46.229.168.153 - - [13/Apr/2020:07:20:58 +0200] "GET /ticket2/opencms/nl/buy/?column=price&edid=D5B2D6C5-05F5-D4F7-03EB-C43AADCA2BD9&page=1&sortorder=asc HTTP/1.1" 200 70716
46.229.168.133 - - [13/Apr/2020:07:20:58 +0200] "GET /ticket2/opencms/robots.txt HTTP/1.1" 200 773
46.229.168.136 - - [13/Apr/2020:07:21:00 +0200] "GET /ticket2/opencms/fi/urheilu/jalkapallo/premier_league/tottenham/ HTTP/1.1" 200 70581
46.229.168.134 - - [13/Apr/2020:07:21:00 +0200] "GET /ticket2/opencms/robots.txt HTTP/1.1" 200 773
95.163.255.177 - - [13/Apr/2020:07:21:00 +0200] "GET /ticket2/opencms/ru/standard/ HTTP/1.1" 200 90012
46.229.168.163 - - [13/Apr/2020:07:21:00 +0200] "GET /ticket2/opencms/en/sell/?edid=DA092D51-9FFC-84BE-97A0-4DF0E8B1E89B HTTP/1.1" 302 -
46.229.168.136 - - [13/Apr/2020:07:21:00 +0200] "GET /ticket2/opencms/fi/urheilu/jalkapallo/premier_league/tottenham/ HTTP/1.1" 200 70581
114.119.161.150 - - [13/Apr/2020:07:21:04 +0200] "GET /ticket2/opencms/sv/buy/?page=1&edid=650FDD1F-5A1C-AEA4-D5C4-D336D1D7E3C6&sortorder=asc&column=row HTTP/1.1" 200 71575
46.229.168.140 - - [13/Apr/2020:07:21:04 +0200] "GET /ticket2/opencms/fi/buy/?catid=21C3854B-901E-11F9-7B7D-6838CC6AFAA4&comcatid=A17713B6-D984-201A-4143-ED4DB5ED5C2E&page=6 HTTP/1.1" 200 103747
192.99.4.168 - - [13/Apr/2020:07:21:06 +0200] "GET /ticket2/opencms/en/buy/?page=1&edid=05D22DC2-C8CC-911A-5392-29A47CDB52B7&sortorder=asc&column=price HTTP/1.1" 200 69244
46.229.168.134 - - [13/Apr/2020:07:21:06 +0200] "GET /ticket2/opencms/robots.txt HTTP/1.1" 200 773
46.229.168.149 - - [13/Apr/2020:07:21:08 +0200] "GET /ticket2/opencms/sv/buy/?column=price&edid=AED07394-C49C-5931-D2FB-64023659E932&page=1&sortorder=desc HTTP/1.1" 200 71327
5.9.71.213 - - [13/Apr/2020:07:21:11 +0200] "GET /ticket2/opencms/dk/buy/?page=1&edid=3C401EE2-0221-FC2B-B3C7-067DD6B2E9FD&sortorder=asc&column=row HTTP/1.1" 200 71609
46.229.168.133 - - [13/Apr/2020:07:21:16 +0200] "GET /ticket2/opencms/sv/buy/?edid=0AC91052-66F1-98AF-E562-D5B9EF6D6780&page=1 HTTP/1.1" 200 84044
67.225.220.120 - - [13/Apr/2020:07:21:29 +0200] "GET /ticket2/opencms/en/buy/?page=1&edid=DD99BFEC-4846-922C-64A2-1661CA2CB452 HTTP/1.1" 200 71533
178.151.245.174 - - [13/Apr/2020:07:21:29 +0200] "GET /ticket2/opencms/sv/venue/?venueid=8CD131ED-0F8F-D369-706B-E5EC13ED9308 HTTP/1.1" 200 65467
173.208.157.186 - - [13/Apr/2020:07:21:37 +0200] "GET /ticket2/opencms/fi/buy/?page=1&edid=44052F65-FE80-F7BA-2BCE-175D77C114FC&sortorder=desc&column=price HTTP/1.1" 200 73836
192.99.15.199 - - [13/Apr/2020:07:21:39 +0200] "GET /ticket2/opencms/sv/buy/?page=1&edid=EBA49F8A-33E9-0C95-472B-EF6292B7073A&sortorder=asc&column=section HTTP/1.1" 200 71371
46.229.168.163 - - [13/Apr/2020:07:21:40 +0200] "GET /ticket2/opencms/sv/buy/?column=row&edid=09DBE843-AC01-1747-3DBE-F411D6DF0264&page=1&sortorder=asc HTTP/1.1" 200 71373
46.229.168.138 - - [13/Apr/2020:07:21:43 +0200] "GET /ticket2/opencms/fi/buy/?edid=C3DECC82-3913-4A09-A7B2-D4DC592CF8F8&page=1 HTTP/1.1" 200 72482
5.9.71.213 - - [13/Apr/2020:07:21:45 +0200] "GET /ticket2/opencms/dk/buy/?page=1&edid=3C401EE2-0221-FC2B-B3C7-067DD6B2E9FD&sortorder=asc&column=section HTTP/1.1" 200 71609
192.99.37.116 - - [13/Apr/2020:07:21:55 +0200] "GET /ticket2/opencms/fi/buy/?page=1&edid=AA9A8326-629A-D733-663A-5FA5E38D3919&sortorder=desc&column=row HTTP/1.1" 200 72539
46.229.168.142 - - [13/Apr/2020:07:22:04 +0200] "GET /ticket2/opencms/nl/buy/?column=price&edid=490618CE-2093-9232-6EFE-E2FDF84D0DEE&page=1&sortorder=desc HTTP/1.1" 200 68337
46.229.168.144 - - [13/Apr/2020:07:22:08 +0200] "GET /ticket2/opencms/en/buy/?column=price&edid=083412B6-9EF2-E01A-24FB-4AAAB2DEF1B1&page=1&sortorder=asc HTTP/1.1" 200 69244
46.229.168.133 - - [13/Apr/2020:07:22:10 +0200] "GET /ticket2/opencms/sv/buy/?edid=0AC91052-66F1-98AF-E562-D5B9EF6D6780&page=1 HTTP/1.1" 200 84044
178.151.245.174 - - [13/Apr/2020:07:22:10 +0200] "GET /ticket2/opencms/sv/venue/?venueid=8CFC3D89-30A6-4F45-212C-6A9F575010B5 HTTP/1.1" 200 65473
46.229.168.130 - - [13/Apr/2020:07:22:20 +0200] "GET /ticket2/opencms/sv/buy/?column=row&edid=2AC7EE87-58A0-4C23-A991-128666D45412&page=1&sortorder=desc HTTP/1.1" 200 69471
5.9.71.213 - - [13/Apr/2020:07:22:23 +0200] "GET /ticket2/opencms/dk/buy/?page=1&edid=3E2F6837-CCFC-9284-0235-725D2AA31D66&sortorder=desc&column=row HTTP/1.1" 200 71410
192.99.4.168 - - [13/Apr/2020:07:22:32 +0200] "GET /ticket2/opencms/en/buy/?page=1&edid=05DADE7F-00AF-E143-A0BB-169BC09ACB7E&sortorder=asc&column=price HTTP/1.1" 200 71106
173.208.157.186 - - [13/Apr/2020:07:22:34 +0200] "GET /ticket2/opencms/fi/buy/?page=1&edid=44052F65-FE80-F7BA-2BCE-175D77C114FC&sortorder=desc&column=row HTTP/1.1" 200 73836
46.229.168.163 - - [13/Apr/2020:07:22:34 +0200] "GET /ticket2/opencms/sv/buy/?column=row&edid=09DBE843-AC01-1747-3DBE-F411D6DF0264&page=1&sortorder=asc HTTP/1.1" 200 71373
46.229.168.151 - - [13/Apr/2020:07:22:46 +0200] "GET /ticket2/opencms/no/buy/?edid=0750C6FE-B11D-02C8-6F08-958B2A2EF455&page=1 HTTP/1.1" 200 71883
46.229.168.130 - - [13/Apr/2020:07:22:47 +0200] "GET /ticket2/opencms/sv/buy/?column=row&edid=2AC7EE87-58A0-4C23-A991-128666D45412&page=1&sortorder=desc HTTP/1.1" 200 69471
46.229.168.132 - - [13/Apr/2020:07:22:47 +0200] "GET /ticket2/opencms/fi/buy/?column=row&edid=112B8EBB-2603-9B36-8924-2995808A83B2&page=1&sortorder=asc HTTP/1.1" 200 72918
46.229.168.138 - - [13/Apr/2020:07:22:49 +0200] "GET /ticket2/opencms/no/buy/?column=section&edid=B801EBB3-0D7A-1D46-716A-CBC1332789A4&page=1&sortorder=asc HTTP/1.1" 200 72984
46.229.168.132 - - [13/Apr/2020:07:22:58 +0200] "GET /ticket2/opencms/en/buy/?column=row&edid=92345A32-026D-C8EF-B39E-A12A13FE7F80&page=1&sortorder=asc HTTP/1.1" 200 70654
67.225.220.120 - - [13/Apr/2020:07:23:01 +0200] "GET /ticket2/opencms/en/buy/?page=1&edid=476991E3-90E8-4131-2EC2-B8E28BB43BFC HTTP/1.1" 200 69234
178.151.245.174 - - [13/Apr/2020:07:23:07 +0200] "GET /ticket2/opencms/sv/venue/?venueid=8E39DE37-BBFD-7354-2829-B45EF99FC5B8 HTTP/1.1" 200 65476
192.99.37.116 - - [13/Apr/2020:07:23:07 +0200] "GET /ticket2/opencms/fi/buy/?page=1&edid=AA9A8326-629A-D733-663A-5FA5E38D3919&sortorder=desc&column=section HTTP/1.1" 200 72539
46.229.168.142 - - [13/Apr/2020:07:23:12 +0200] "GET /ticket2/opencms/nl/buy/?column=price&edid=490618CE-2093-9232-6EFE-E2FDF84D0DEE&page=1&sortorder=desc HTTP/1.1" 200 68337
46.229.168.144 - - [13/Apr/2020:07:23:13 +0200] "GET /ticket2/opencms/en/buy/?column=price&edid=083412B6-9EF2-E01A-24FB-4AAAB2DEF1B1&page=1&sortorder=asc HTTP/1.1" 200 69244
114.119.166.149 - - [13/Apr/2020:07:23:26 +0200] "GET /ticket2/opencms/en/buy/?page=1&edid=5F5C3C79-AB0C-DE40-C11B-7D9D102A404A&sortorder=desc&column=price HTTP/1.1" 200 69258
5.9.71.213 - - [13/Apr/2020:07:23:31 +0200] "GET /ticket2/opencms/dk/buy/?page=1&edid=3E2F6837-CCFC-9284-0235-725D2AA31D66&sortorder=desc&column=section HTTP/1.1" 200 71410
173.208.157.186 - - [13/Apr/2020:07:23:32 +0200] "GET /ticket2/opencms/fi/buy/?page=1&edid=44052F65-FE80-F7BA-2BCE-175D77C114FC&sortorder=desc&column=section HTTP/1.1" 200 73836
192.99.15.199 - - [13/Apr/2020:07:23:37 +0200] "GET /ticket2/opencms/sv/buy/?page=1&edid=EBC90CB3-65C3-EF1B-9FEE-BEBAC7CDCF65&sortorder=asc&column=price HTTP/1.1" 200 71137
46.229.168.132 - - [13/Apr/2020:07:23:40 +0200] "GET /ticket2/opencms/fi/buy/?column=row&edid=112B8EBB-2603-9B36-8924-2995808A83B2&page=1&sortorder=asc HTTP/1.1" 200 72918
46.229.168.138 - - [13/Apr/2020:07:23:46 +0200] "GET /ticket2/opencms/no/buy/?column=section&edid=B801EBB3-0D7A-1D46-716A-CBC1332789A4&page=1&sortorder=asc HTTP/1.1" 200 72984
17.58.102.21 - - [13/Apr/2020:07:23:48 +0200] "GET /ticket2/opencms/en/ HTTP/1.1" 200 71871
46.229.168.132 - - [13/Apr/2020:07:23:52 +0200] "GET /ticket2/opencms/en/buy/?column=row&edid=92345A32-026D-C8EF-B39E-A12A13FE7F80&page=1&sortorder=asc HTTP/1.1" 200 70654
17.58.102.21 - - [13/Apr/2020:07:23:55 +0200] "GET /ticket2/opencms/en/ HTTP/1.1" 200 71871
46.229.168.134 - - [13/Apr/2020:07:24:03 +0200] "GET /ticket2/opencms/sv/buy/?column=price&edid=0ADDE807-1F64-7C42-2B95-2EDB1EF373D1&page=1&sortorder=asc HTTP/1.1" 200 69489
178.151.245.174 - - [13/Apr/2020:07:24:03 +0200] "GET /ticket2/opencms/sv/venue/?venueid=8F226E17-13FE-CC18-B0C6-2591DA99778F HTTP/1.1" 200 65467
54.36.149.42 - - [13/Apr/2020:07:24:03 +0200] "GET /ticket2/opencms/fi/venue/?venueid=DABDC4D6-A186-DAE6-C644-5DB9CB011EEC HTTP/1.1" 200 66522
46.229.168.152 - - [13/Apr/2020:07:24:06 +0200] "GET /ticket2/opencms/fi/buy/?column=price&edid=50741BB5-AC41-8EDF-DDAB-6A055F5C5052&page=1&sortorder=desc HTTP/1.1" 200 73027
46.229.168.145 - - [13/Apr/2020:07:24:09 +0200] "GET /ticket2/opencms/en/buy/?column=row&edid=607687AD-E596-8AB3-58F5-4D7558057EF1&page=1&sortorder=desc HTTP/1.1" 200 72446
46.229.168.151 - - [13/Apr/2020:07:24:11 +0200] "GET /ticket2/opencms/no/buy/?edid=0750C6FE-B11D-02C8-6F08-958B2A2EF455&page=1 HTTP/1.1" 200 71883
67.225.220.120 - - [13/Apr/2020:07:24:24 +0200] "GET /ticket2/opencms/en/buy/?page=1&edid=D7C0DA77-DBEA-6309-806C-0F1B3D98F5E1 HTTP/1.1" 200 71140
192.99.4.168 - - [13/Apr/2020:07:24:26 +0200] "GET /ticket2/opencms/en/buy/?page=1&edid=05DADE7F-00AF-E143-A0BB-169BC09ACB7E&sortorder=asc&column=row HTTP/1.1" 200 71106
5.9.71.213 - - [13/Apr/2020:07:24:28 +0200] "GET /ticket2/opencms/dk/buy/?page=1&edid=3E844C64-2B32-A35E-237A-EDAC48338BDA HTTP/1.1" 200 71140
192.99.37.116 - - [13/Apr/2020:07:24:32 +0200] "GET /ticket2/opencms/fi/buy/?page=1&edid=AAA7E280-21B8-F2DF-6BE8-2C941214F0BA HTTP/1.1" 200 70609
173.208.157.186 - - [13/Apr/2020:07:24:34 +0200] "GET /ticket2/opencms/fi/buy/?page=1&edid=4555C45A-37BC-CE39-3A08-43777489AF42&sortorder=asc&column=section HTTP/1.1" 200 73840
178.151.245.174 - - [13/Apr/2020:07:24:40 +0200] "GET /ticket2/opencms/sv/venue/?venueid=912F0069-B2C0-0AC0-F2EF-4265D10E9B2C HTTP/1.1" 200 65476
46.229.168.145 - - [13/Apr/2020:07:24:42 +0200] "GET /ticket2/opencms/en/buy/?column=row&edid=607687AD-E596-8AB3-58F5-4D7558057EF1&page=1&sortorder=desc HTTP/1.1" 200 72446
46.229.168.131 - - [13/Apr/2020:07:24:45 +0200] "GET /ticket2/opencms/dk/buy/?column=price&edid=EDE40E3C-1BEA-97F4-2BA1-104758225B1E&page=1&sortorder=desc HTTP/1.1" 200 71222
46.229.168.154 - - [13/Apr/2020:07:24:48 +0200] "GET /ticket2/opencms/no/buy/?column=price&edid=89D89E9E-8D04-F641-B1B5-F18BACE2A9FB&page=1&sortorder=asc HTTP/1.1" 200 69817
46.229.168.150 - - [13/Apr/2020:07:24:52 +0200] "GET /ticket2/opencms/dk/buy/?column=section&edid=1BF80C33-B195-62CF-DC0D-7E03BCB8BD2C&page=1&sortorder=asc HTTP/1.1" 200 71690
5.9.71.213 - - [13/Apr/2020:07:25:07 +0200] "GET /ticket2/opencms/dk/buy/?page=1&edid=3ED842FC-FF3B-D3BC-69A3-8AB7FF361EA5&sortorder=asc&column=row HTTP/1.1" 200 72057
54.36.149.25 - - [13/Apr/2020:07:25:07 +0200] "GET /ticket2/opencms/dk/venue/?venueid=80B2E1FA-5C12-5CA8-5156-ED69E629CB1C HTTP/1.1" 200 65274
192.99.15.199 - - [13/Apr/2020:07:25:10 +0200] "GET /ticket2/opencms/sv/buy/?page=1&edid=EBC90CB3-65C3-EF1B-9FEE-BEBAC7CDCF65&sortorder=asc&column=row HTTP/1.1" 200 71137
46.229.168.134 - - [13/Apr/2020:07:25:12 +0200] "GET /ticket2/opencms/sv/buy/?column=price&edid=0ADDE807-1F64-7C42-2B95-2EDB1EF373D1&page=1&sortorder=asc HTTP/1.1" 200 69489
66.249.79.87 - - [13/Apr/2020:07:25:12 +0200] "GET /ticket2/opencms/ HTTP/1.1" 302 -
46.229.168.152 - - [13/Apr/2020:07:25:13 +0200] "GET /ticket2/opencms/fi/buy/?column=price&edid=50741BB5-AC41-8EDF-DDAB-6A055F5C5052&page=1&sortorder=desc HTTP/1.1" 200 73027
178.151.245.174 - - [13/Apr/2020:07:25:13 +0200] "GET /ticket2/opencms/sv/venue/?venueid=92233AC7-CC90-63C9-F1D7-B8EB5BC2857C HTTP/1.1" 200 65476
173.208.157.186 - - [13/Apr/2020:07:25:15 +0200] "GET /ticket2/opencms/fi/buy/?page=1&edid=4555C45A-37BC-CE39-3A08-43777489AF42&sortorder=desc&column=price HTTP/1.1" 200 73839
192.99.4.168 - - [13/Apr/2020:07:25:20 +0200] "GET /ticket2/opencms/en/buy/?page=1&edid=05DADE7F-00AF-E143-A0BB-169BC09ACB7E&sortorder=asc&column=section HTTP/1.1" 200 71106
5.9.71.213 - - [13/Apr/2020:07:25:21 +0200] "GET /ticket2/opencms/dk/buy/?page=1&edid=3ED842FC-FF3B-D3BC-69A3-8AB7FF361EA5&sortorder=asc&column=section HTTP/1.1" 200 72057
46.229.168.150 - - [13/Apr/2020:07:25:23 +0200] "GET /ticket2/opencms/dk/buy/?column=section&edid=1BF80C33-B195-62CF-DC0D-7E03BCB8BD2C&page=1&sortorder=asc HTTP/1.1" 200 71690
46.229.168.136 - - [13/Apr/2020:07:25:24 +0200] "GET /ticket2/opencms/sv/buy/?column=price&edid=932EE4CB-7B30-C5AB-E151-FCA89B320521&page=1&sortorder=asc HTTP/1.1" 200 70899
192.99.37.116 - - [13/Apr/2020:07:25:30 +0200] "GET /ticket2/opencms/fi/buy/?page=1&edid=AAA7E280-21B8-F2DF-6BE8-2C941214F0BA&sortorder=asc&column=row HTTP/1.1" 200 70645
46.229.168.144 - - [13/Apr/2020:07:25:43 +0200] "GET /ticket2/opencms/en/buy/?column=price&edid=1B8CC837-9981-20DD-5622-50C0808E3036&page=1&sortorder=asc HTTP/1.1" 200 70652
46.229.168.131 - - [13/Apr/2020:07:25:50 +0200] "GET /ticket2/opencms/dk/buy/?column=price&edid=EDE40E3C-1BEA-97F4-2BA1-104758225B1E&page=1&sortorder=desc HTTP/1.1" 200 71222
67.225.220.120 - - [13/Apr/2020:07:25:51 +0200] "GET /ticket2/opencms/en/buy/?page=1&edid=8BA86FA9-C734-4E24-6C8F-AD29372A2A6B HTTP/1.1" 200 71575
46.229.168.154 - - [13/Apr/2020:07:25:54 +0200] "GET /ticket2/opencms/no/buy/?column=price&edid=89D89E9E-8D04-F641-B1B5-F18BACE2A9FB&page=1&sortorder=asc HTTP/1.1" 200 69817
192.99.37.116 - - [13/Apr/2020:07:25:59 +0200] "GET /ticket2/opencms/fi/buy/?page=1&edid=AAA7E280-21B8-F2DF-6BE8-2C941214F0BA&sortorder=desc&column=price HTTP/1.1" 200 70644
114.119.161.207 - - [13/Apr/2020:07:26:01 +0200] "GET /ticket2/opencms/fi/buy/?page=1&edid=73D8189D-DEDA-4F8B-BA1C-9AC984A743C2&sortorder=asc&column=price HTTP/1.1" 200 70650
54.36.148.121 - - [13/Apr/2020:07:26:02 +0200] "GET /ticket2/opencms/ru/buy/?page=1&edid=C7DF64BC-E72C-BF39-4E14-CC88E6DB4005 HTTP/1.1" 200 70212
46.229.168.133 - - [13/Apr/2020:07:26:02 +0200] "GET /ticket2/opencms/dk/buy/?column=section&edid=4EF098E4-DC23-530E-CD92-2B199FAFEF63&page=1&sortorder=desc HTTP/1.1" 200 69330
178.151.245.174 - - [13/Apr/2020:07:26:02 +0200] "GET /ticket2/opencms/sv/venue/?venueid=924F6A71-B6FB-26C5-04CA-1B49F86B9FF1 HTTP/1.1" 200 65497
46.229.168.151 - - [13/Apr/2020:07:26:04 +0200] "GET /ticket2/opencms/fi/buy/?column=row&edid=736BD66B-437C-04AF-E221-4773B900AE5E&page=1&sortorder=asc HTTP/1.1" 200 72549
173.208.157.186 - - [13/Apr/2020:07:26:09 +0200] "GET /ticket2/opencms/fi/buy/?page=1&edid=46B99181-7565-D704-BA22-DC7C6C8A924D&sortorder=desc&column=section HTTP/1.1" 200 70640
192.99.15.199 - - [13/Apr/2020:07:26:22 +0200] "GET /ticket2/opencms/sv/buy/?page=1&edid=EBC90CB3-65C3-EF1B-9FEE-BEBAC7CDCF65&sortorder=asc&column=section HTTP/1.1" 200 71137
173.208.157.186 - - [13/Apr/2020:07:26:28 +0200] "GET /ticket2/opencms/fi/buy/?page=1&edid=471D2940-3000-E5EE-6F28-D4A5008204AC&sortorder=asc&column=row HTTP/1.1" 200 70637
46.229.168.145 - - [13/Apr/2020:07:26:28 +0200] "GET /ticket2/opencms/dk/buy/?catid=6BD6E0B0-84AF-3A0D-3851-C1357CE9B771&comcatid=A17713B6-D984-201A-4143-ED4DB5ED5C2E HTTP/1.1" 200 75348
5.9.71.213 - - [13/Apr/2020:07:26:30 +0200] "GET /ticket2/opencms/dk/buy/?page=1&edid=3ED842FC-FF3B-D3BC-69A3-8AB7FF361EA5&sortorder=desc&column=price HTTP/1.1" 200 72056
46.229.168.136 - - [13/Apr/2020:07:26:31 +0200] "GET /ticket2/opencms/sv/buy/?column=price&edid=932EE4CB-7B30-C5AB-E151-FCA89B320521&page=1&sortorder=asc HTTP/1.1" 200 70899
67.225.220.120 - - [13/Apr/2020:07:26:40 +0200] "GET /ticket2/opencms/en/buy/?page=1&edid=92D7B757-A51C-01B4-DEF0-576B5ED68075 HTTP/1.1" 200 69215
46.229.168.151 - - [13/Apr/2020:07:26:44 +0200] "GET /ticket2/opencms/fi/buy/?column=row&edid=736BD66B-437C-04AF-E221-4773B900AE5E&page=1&sortorder=asc HTTP/1.1" 200 72549
46.229.168.130 - - [13/Apr/2020:07:26:44 +0200] "GET /ticket2/opencms/robots.txt HTTP/1.1" 200 773
46.229.168.144 - - [13/Apr/2020:07:26:50 +0200] "GET /ticket2/opencms/en/buy/?column=price&edid=1B8CC837-9981-20DD-5622-50C0808E3036&page=1&sortorder=asc HTTP/1.1" 200 70652
178.151.245.174 - - [13/Apr/2020:07:26:50 +0200] "GET /ticket2/opencms/sv/venue/?venueid=92B1EF2C-B01A-5498-4DA0-D832A3A798A5 HTTP/1.1" 200 65476
46.229.168.153 - - [13/Apr/2020:07:26:52 +0200] "GET /ticket2/opencms/sv/buy/?column=row&edid=0F17BCAD-3084-AC58-8EE9-146E1CEBAC51&page=1&sortorder=asc HTTP/1.1" 200 71355
192.99.37.116 - - [13/Apr/2020:07:26:59 +0200] "GET /ticket2/opencms/fi/buy/?page=1&edid=AAA7E280-21B8-F2DF-6BE8-2C941214F0BA&sortorder=desc&column=row HTTP/1.1" 200 70644
46.229.168.130 - - [13/Apr/2020:07:26:59 +0200] "GET /ticket2/opencms/robots.txt HTTP/1.1" 200 773
46.229.168.154 - - [13/Apr/2020:07:27:01 +0200] "GET /ticket2/opencms/no/buy/?column=section&edid=A5C39397-601B-AAD4-E491-7B5A86FC9F67&page=1&sortorder=asc HTTP/1.1" 200 71218
5.9.71.213 - - [13/Apr/2020:07:27:07 +0200] "GET /ticket2/opencms/dk/buy/?page=1&edid=3ED842FC-FF3B-D3BC-69A3-8AB7FF361EA5&sortorder=desc&column=section HTTP/1.1" 200 72056
46.229.168.133 - - [13/Apr/2020:07:27:08 +0200] "GET /ticket2/opencms/dk/buy/?column=section&edid=4EF098E4-DC23-530E-CD92-2B199FAFEF63&page=1&sortorder=desc HTTP/1.1" 200 69330
178.154.200.175 - - [13/Apr/2020:07:27:08 +0200] "GET /ticket2/opencms/en/buy/?comcatid=A17713B6-D984-201A-4143-ED4DB5ED5C2E&catid=8AA488FA-6797-D710-8108-3088D6948FC1 HTTP/1.1" 200 75191
192.99.4.168 - - [13/Apr/2020:07:27:11 +0200] "GET /ticket2/opencms/en/buy/?page=1&edid=06541B01-9413-917E-91B4-20FD84AFFCAC&sortorder=asc&column=row HTTP/1.1" 200 70701
46.229.168.145 - - [13/Apr/2020:07:27:21 +0200] "GET /ticket2/opencms/dk/buy/?catid=6BD6E0B0-84AF-3A0D-3851-C1357CE9B771&comcatid=A17713B6-D984-201A-4143-ED4DB5ED5C2E HTTP/1.1" 200 75348
46.229.168.153 - - [13/Apr/2020:07:27:22 +0200] "GET /ticket2/opencms/sv/buy/?column=row&edid=0F17BCAD-3084-AC58-8EE9-146E1CEBAC51&page=1&sortorder=asc HTTP/1.1" 200 71355
173.208.157.186 - - [13/Apr/2020:07:27:23 +0200] "GET /ticket2/opencms/fi/buy/?page=1&edid=471D2940-3000-E5EE-6F28-D4A5008204AC&sortorder=asc&column=section HTTP/1.1" 200 70637
114.119.163.70 - - [13/Apr/2020:07:27:31 +0200] "GET /ticket2/opencms/dk/buy/?page=1&edid=ED81349D-86B2-C0F6-EF58-DEEDD0455CAC&sortorder=asc&column=price HTTP/1.1" 200 69314
178.151.245.174 - - [13/Apr/2020:07:27:32 +0200] "GET /ticket2/opencms/sv/venue/?venueid=944F5225-618C-A921-3A24-D2EE137E7F20 HTTP/1.1" 200 65491
46.229.168.153 - - [13/Apr/2020:07:27:32 +0200] "GET /ticket2/opencms/sv/login/?url=%25252Fru%25252Fsell%25252F HTTP/1.1" 200 67543
192.99.15.199 - - [13/Apr/2020:07:27:35 +0200] "GET /ticket2/opencms/sv/buy/?page=1&edid=EBF0F3D2-0899-5044-6E4B-7CEB8830B7C7&sortorder=asc&column=price HTTP/1.1" 200 71588
46.229.168.154 - - [13/Apr/2020:07:27:37 +0200] "GET /ticket2/opencms/no/buy/?column=section&edid=A5C39397-601B-AAD4-E491-7B5A86FC9F67&page=1&sortorder=asc HTTP/1.1" 200 71218
173.208.157.186 - - [13/Apr/2020:07:27:38 +0200] "GET /ticket2/opencms/fi/buy/?page=1&edid=471D2940-3000-E5EE-6F28-D4A5008204AC&sortorder=desc&column=price HTTP/1.1" 200 70636
46.229.168.153 - - [13/Apr/2020:07:27:46 +0200] "GET /ticket2/opencms/sv/sport/hockeybiljetter/nhl/ottawa-senators/ HTTP/1.1" 200 67695
178.154.200.175 - - [13/Apr/2020:07:27:46 +0200] "GET /ticket2/opencms/fi/faq/ HTTP/1.1" 200 71969
46.229.168.139 - - [13/Apr/2020:07:27:48 +0200] "GET /ticket2/opencms/no/buy/?column=row&edid=3C4AC0DA-BC5E-B8E0-9AC1-A88B81742FE7&page=1&sortorder=asc HTTP/1.1" 200 69824
5.9.71.213 - - [13/Apr/2020:07:28:00 +0200] "GET /ticket2/opencms/dk/buy/?page=1&edid=3F666EA8-3582-CA4F-7916-99CDCAA57E7F&sortorder=asc&column=row HTTP/1.1" 200 72536
46.229.168.147 - - [13/Apr/2020:07:28:03 +0200] "GET /ticket2/opencms/no/buy/?column=section&edid=8BD60387-4E3F-89EB-86CE-11AA91ED3E74&page=1&sortorder=desc HTTP/1.1" 200 71693
192.99.37.116 - - [13/Apr/2020:07:28:10 +0200] "GET /ticket2/opencms/fi/buy/?page=1&edid=AAA7E280-21B8-F2DF-6BE8-2C941214F0BA&sortorder=desc&column=section HTTP/1.1" 200 70644
178.151.245.174 - - [13/Apr/2020:07:28:11 +0200] "GET /ticket2/opencms/sv/venue/?venueid=950EE001-B436-52E3-8102-457AB519569A HTTP/1.1" 200 65480
5.9.140.242 - - [13/Apr/2020:07:28:13 +0200] "GET /ticket2/opencms/dk/buy/?page=1&edid=6326CAFF-362E-A99E-6697-584B7A2696A0&sortorder=asc&column=section HTTP/1.1" 200 71209
46.229.168.138 - - [13/Apr/2020:07:28:21 +0200] "GET /ticket2/opencms/en/buy/?column=price&edid=9B9311EB-B4D2-9499-BE79-EAD276FCD2D7&page=1&sortorder=desc HTTP/1.1" 200 73546
46.229.168.139 - - [13/Apr/2020:07:28:21 +0200] "GET /ticket2/opencms/en/venue/?venueid=CEBAC815-5D1D-DBE9-245F-8746AEBA6E09 HTTP/1.1" 200 65240
54.36.149.93 - - [13/Apr/2020:07:28:22 +0200] "GET /ticket2/opencms/fi/venue/?venueid=14E353DB-1094-40F7-2A63-0006F00AC29F HTTP/1.1" 200 66459
173.208.157.186 - - [13/Apr/2020:07:28:27 +0200] "GET /ticket2/opencms/fi/buy/?page=1&edid=55EB0E82-A00F-A3D2-EC92-281F6ED492E2&sortorder=desc&column=section HTTP/1.1" 200 72514
46.229.168.139 - - [13/Apr/2020:07:28:28 +0200] "GET /ticket2/opencms/no/buy/?column=row&edid=3C4AC0DA-BC5E-B8E0-9AC1-A88B81742FE7&page=1&sortorder=asc HTTP/1.1" 200 69824
192.99.4.168 - - [13/Apr/2020:07:28:32 +0200] "GET /ticket2/opencms/en/buy/?page=1&edid=06541B01-9413-917E-91B4-20FD84AFFCAC&sortorder=asc&column=section HTTP/1.1" 200 70701
46.229.168.147 - - [13/Apr/2020:07:28:34 +0200] "GET /ticket2/opencms/en/buy/?edid=339F7634-8AC0-9C3C-6C47-F4D07133A50F&page=1 HTTP/1.1" 200 72379
5.9.71.213 - - [13/Apr/2020:07:28:35 +0200] "GET /ticket2/opencms/dk/buy/?page=1&edid=3F666EA8-3582-CA4F-7916-99CDCAA57E7F&sortorder=asc&column=section HTTP/1.1" 200 72536
46.229.168.136 - - [13/Apr/2020:07:28:38 +0200] "GET /ticket2/opencms/no/buy/?edid=D7193451-9A3A-74F4-A8C7-6E587A08462E&page=1 HTTP/1.1" 200 71685
178.151.245.174 - - [13/Apr/2020:07:28:39 +0200] "GET /ticket2/opencms/sv/venue/?venueid=9B2C1699-4E48-3395-23F5-8C5155F452CE HTTP/1.1" 200 65458
54.36.148.225 - - [13/Apr/2020:07:28:39 +0200] "GET /ticket2/opencms/ru/buy/?page=1&edid=4FA8A0BD-463F-FD8C-DD4D-F7BEE8052E70 HTTP/1.1" 200 70179
66.249.79.85 - - [13/Apr/2020:07:28:50 +0200] "GET /ticket2/opencms/en/venue/?countryid=6E625517-1E9A-024B-7EBB-F569FEDEE88E HTTP/1.1" 200 94598
46.229.168.146 - - [13/Apr/2020:07:28:55 +0200] "GET /ticket2/opencms/sv/buy/?column=row&edid=1B4B2DAC-1EF9-0CB4-F9AB-13380E309401&page=1&sortorder=desc HTTP/1.1" 200 71376
46.229.168.149 - - [13/Apr/2020:07:28:55 +0200] "GET /ticket2/opencms/sv/konsertbiljetter/bullet-for-my-valentine/ HTTP/1.1" 200 66704
67.225.220.120 - - [13/Apr/2020:07:29:07 +0200] "GET /ticket2/opencms/en/buy/?page=1&edid=C134F748-F9E7-30B4-A24D-C22CD460B13B HTTP/1.1" 200 69201
46.229.168.138 - - [13/Apr/2020:07:29:08 +0200] "GET /ticket2/opencms/en/buy/?column=price&edid=9B9311EB-B4D2-9499-BE79-EAD276FCD2D7&page=1&sortorder=desc HTTP/1.1" 200 73546
46.229.168.146 - - [13/Apr/2020:07:29:11 +0200] "GET /ticket2/opencms/no/buy/?edid=B0E369A8-B7D8-A701-4EAA-373FC93884BE&page=1 HTTP/1.1" 200 69768
192.99.37.116 - - [13/Apr/2020:07:29:11 +0200] "GET /ticket2/opencms/fi/buy/?page=1&edid=AACFE036-B18C-C38C-4482-9B732B1F5203 HTTP/1.1" 200 70604
173.208.157.186 - - [13/Apr/2020:07:29:12 +0200] "GET /ticket2/opencms/fi/buy/?page=1&edid=564F2B0C-F95B-CA0E-9D46-14A08618FD78&sortorder=desc&column=row HTTP/1.1" 200 72286
178.151.245.174 - - [13/Apr/2020:07:29:12 +0200] "GET /ticket2/opencms/sv/venue/?venueid=9E6547A9-8704-3972-CB65-0FC9EBB9343F HTTP/1.1" 200 65488
46.229.168.146 - - [13/Apr/2020:07:29:16 +0200] "GET /ticket2/opencms/sv/buy/?column=row&edid=C601E922-6CF2-8C03-3687-E9E1DBD1FC31&page=1&sortorder=desc HTTP/1.1" 200 71127
5.9.71.213 - - [13/Apr/2020:07:29:18 +0200] "GET /ticket2/opencms/dk/buy/?page=1&edid=3F81A579-C5D8-A8AE-791F-F6F1E7AD279B&sortorder=asc&column=price HTTP/1.1" 200 71221
192.99.4.168 - - [13/Apr/2020:07:29:24 +0200] "GET /ticket2/opencms/en/buy/?page=1&edid=07335531-3B1A-2C29-2B43-B2D35810611E&sortorder=asc&column=section HTTP/1.1" 200 69255
192.99.15.199 - - [13/Apr/2020:07:29:25 +0200] "GET /ticket2/opencms/sv/buy/?page=1&edid=EBF0F3D2-0899-5044-6E4B-7CEB8830B7C7&sortorder=asc&column=row HTTP/1.1" 200 71588
46.229.168.162 - - [13/Apr/2020:07:29:29 +0200] "GET /ticket2/opencms/en/buy/?column=row&edid=EB4914C5-00D4-AD74-5CF9-2868F9C2D86F&page=1&sortorder=asc HTTP/1.1" 200 71567
66.249.79.201 - - [13/Apr/2020:07:29:30 +0200] "GET /ticket2/opencms/dk/venue/?venueid=BF7CF0C6-184F-C149-0464-300615C1A80F HTTP/1.1" 200 65231
192.99.37.116 - - [13/Apr/2020:07:29:33 +0200] "GET /ticket2/opencms/fi/buy/?page=1&edid=AACFE036-B18C-C38C-4482-9B732B1F5203&sortorder=asc&column=price HTTP/1.1" 200 70640
46.229.168.146 - - [13/Apr/2020:07:29:34 +0200] "GET /ticket2/opencms/no/buy/?edid=B0E369A8-B7D8-A701-4EAA-373FC93884BE&page=1 HTTP/1.1" 200 69768
46.229.168.139 - - [13/Apr/2020:07:29:38 +0200] "GET /ticket2/opencms/en/buy/?edid=B7653BD0-33A8-8039-42B6-78FA5A3DEC82&page=1 HTTP/1.1" 200 71536
46.229.168.129 - - [13/Apr/2020:07:29:39 +0200] "GET /ticket2/opencms/dk/buy/?column=section&edid=FCDEE0D5-8A78-E67A-3598-6D8F08248119&page=1&sortorder=asc HTTP/1.1" 200 71395
46.229.168.153 - - [13/Apr/2020:07:29:45 +0200] "GET /ticket2/opencms/nl/buy/?column=row&edid=89D89E9E-8D04-F641-B1B5-F18BACE2A9FB&page=1&sortorder=asc HTTP/1.1" 200 68310
173.208.157.186 - - [13/Apr/2020:07:29:47 +0200] "GET /ticket2/opencms/fi/buy/?page=1&edid=57E3A71A-4A7A-2434-200E-9B7BE4A01AE3&sortorder=desc&column=price HTTP/1.1" 200 72543
216.245.221.82 - - [13/Apr/2020:07:29:53 +0200] "HEAD /ticket2/opencms/ HTTP/1.1" 302 -
46.229.168.138 - - [13/Apr/2020:07:29:53 +0200] "GET /ticket2/opencms/en/venue/?countryid=D1CF94F0-7D29-9934-B390-888966FEE978 HTTP/1.1" 200 94598
192.99.4.168 - - [13/Apr/2020:07:29:55 +0200] "GET /ticket2/opencms/en/buy/?page=1&edid=07EA412C-3486-2D43-F1B9-FDEC67DDE38E&sortorder=asc&column=price HTTP/1.1" 200 70906
46.229.168.152 - - [13/Apr/2020:07:29:56 +0200] "GET /ticket2/opencms/sv/buy/?column=price&edid=9436F676-D007-3EC8-B7AD-41F5E4AABF15&page=1&sortorder=asc HTTP/1.1" 200 69480
66.249.79.87 - - [13/Apr/2020:07:29:56 +0200] "GET /ticket2/opencms/sv/ HTTP/1.1" 200 72017
173.208.157.186 - - [13/Apr/2020:07:29:57 +0200] "GET /ticket2/opencms/fi/buy/?page=1&edid=57E3A71A-4A7A-2434-200E-9B7BE4A01AE3&sortorder=desc&column=row HTTP/1.1" 200 72543
46.229.168.147 - - [13/Apr/2020:07:30:01 +0200] "GET /ticket2/opencms/nl/sell/?edid=DBF4E8F8-4B5C-5AC7-6092-B7F0702F553B HTTP/1.1" 302 -
178.151.245.174 - - [13/Apr/2020:07:30:01 +0200] "GET /ticket2/opencms/sv/venue/?venueid=9F527521-42A0-A302-0BE9-10280D75A460 HTTP/1.1" 200 65497
67.225.220.120 - - [13/Apr/2020:07:30:03 +0200] "GET /ticket2/opencms/en/buy/?page=1&edid=89512C49-9985-8A64-3ABD-3F9CEE88DFB0 HTTP/1.1" 200 71074
67.225.220.120 - - [13/Apr/2020:07:30:04 +0200] "GET /ticket2/opencms/en/buy/?page=1&edid=21AF03A2-2F1D-66D0-BFA2-40F5742741D8 HTTP/1.1" 200 70611
46.229.168.134 - - [13/Apr/2020:07:30:04 +0200] "GET /ticket2/opencms/dk/buy/?edid=B82C7457-23A7-971E-3494-C851AC146F1A&page=1 HTTP/1.1" 200 69262
5.9.71.213 - - [13/Apr/2020:07:30:06 +0200] "GET /ticket2/opencms/dk/buy/?page=1&edid=3F81A579-C5D8-A8AE-791F-F6F1E7AD279B&sortorder=asc&column=row HTTP/1.1" 200 71221
178.151.245.174 - - [13/Apr/2020:07:30:07 +0200] "GET /ticket2/opencms/sv/venue/?venueid=9EB8E447-E55D-1868-BABC-F174667BAE9B HTTP/1.1" 200 66035
178.151.245.174 - - [13/Apr/2020:07:30:07 +0200] "GET /ticket2/opencms/sv/venue/?venueid=A003754C-3E1C-9E13-64E9-6F827A08D00B HTTP/1.1" 200 65443
46.229.168.162 - - [13/Apr/2020:07:30:08 +0200] "GET /ticket2/opencms/en/buy/?column=row&edid=EB4914C5-00D4-AD74-5CF9-2868F9C2D86F&page=1&sortorder=asc HTTP/1.1" 200 71567
178.151.245.174 - - [13/Apr/2020:07:30:10 +0200] "GET /ticket2/opencms/sv/venue/?venueid=A349DBED-07A6-8985-882B-FBE6633B82A6 HTTP/1.1" 200 65450
46.229.168.143 - - [13/Apr/2020:07:30:14 +0200] "GET /ticket2/opencms/fi/buy/?edid=737F88F7-7F18-93CC-306A-5F33631B3F9F&page=1 HTTP/1.1" 200 72066
178.151.245.174 - - [13/Apr/2020:07:30:14 +0200] "GET /ticket2/opencms/sv/venue/?venueid=A35B1156-C0A4-574B-42E0-C7D72E4651E0 HTTP/1.1" 200 65537
46.229.168.143 - - [13/Apr/2020:07:30:15 +0200] "GET /ticket2/opencms/en/buy/?column=row&edid=1C38FF6E-A742-778B-4ED2-FB3787559CA6&page=1&sortorder=asc HTTP/1.1" 200 71349
46.229.168.151 - - [13/Apr/2020:07:30:16 +0200] "GET /ticket2/opencms/sv/buy/?column=price&edid=8DA352BB-DB51-9EC0-B0E1-B948448A62C6&page=1&sortorder=desc HTTP/1.1" 200 71138
192.99.37.116 - - [13/Apr/2020:07:30:17 +0200] "GET /ticket2/opencms/fi/buy/?page=1&edid=AACFE036-B18C-C38C-4482-9B732B1F5203&sortorder=asc&column=row HTTP/1.1" 200 70640
5.9.71.213 - - [13/Apr/2020:07:30:18 +0200] "GET /ticket2/opencms/dk/buy/?page=1&edid=3F81A579-C5D8-A8AE-791F-F6F1E7AD279B&sortorder=asc&column=section HTTP/1.1" 200 71221
173.208.157.186 - - [13/Apr/2020:07:30:19 +0200] "GET /ticket2/opencms/fi/buy/?page=1&edid=57E3A71A-4A7A-2434-200E-9B7BE4A01AE3&sortorder=desc&column=section HTTP/1.1" 200 72543
178.151.245.174 - - [13/Apr/2020:07:30:21 +0200] "GET /ticket2/opencms/sv/venue/?venueid=A3BB5C5F-AE9B-C3F6-5C60-F2B46B94318E HTTP/1.1" 200 65479
192.99.15.199 - - [13/Apr/2020:07:30:21 +0200] "GET /ticket2/opencms/sv/buy/?page=1&edid=EBF0F3D2-0899-5044-6E4B-7CEB8830B7C7&sortorder=asc&column=section HTTP/1.1" 200 71588
46.229.168.132 - - [13/Apr/2020:07:30:22 +0200] "GET /ticket2/opencms/nl/buy/?column=section&edid=41B0AD3F-D5B6-C8C5-9D9D-00306E5C1BE4&page=1&sortorder=asc HTTP/1.1" 200 81089
54.36.148.8 - - [13/Apr/2020:07:30:25 +0200] "GET /ticket2/opencms/dk/buy/?page=1&edid=A33FAD60-408F-7429-CDAC-9C1828C05187 HTTP/1.1" 200 71398
178.151.245.174 - - [13/Apr/2020:07:30:25 +0200] "GET /ticket2/opencms/sv/venue/?venueid=A7F4FECE-4E17-B1DA-2900-3D2253A69294 HTTP/1.1" 200 65498
46.229.168.153 - - [13/Apr/2020:07:30:28 +0200] "GET /ticket2/opencms/nl/buy/?column=row&edid=89D89E9E-8D04-F641-B1B5-F18BACE2A9FB&page=1&sortorder=asc HTTP/1.1" 200 68310
178.151.245.174 - - [13/Apr/2020:07:30:29 +0200] "GET /ticket2/opencms/sv/venue/?venueid=A9B88B80-1A43-E772-7C63-4544ED8DA305 HTTP/1.1" 200 65527
178.151.245.174 - - [13/Apr/2020:07:30:34 +0200] "GET /ticket2/opencms/sv/venue/?venueid=D19A982C-B1EB-8019-1FA9-9A600ECA6A35 HTTP/1.1" 200 65479
173.208.157.186 - - [13/Apr/2020:07:30:37 +0200] "GET /ticket2/opencms/fi/buy/?page=1&edid=5B2E6B5B-74E9-CD30-D689-B625FF457737 HTTP/1.1" 200 70608
