192.99.4.168 - - [13/Apr/2020:09:13:20 +0200] "GET /ticket2/opencms/en/buy/?page=1&edid=1118CA9D-86D0-FF33-6F80-5DE6EAD42BE8&sortorder=asc&column=row HTTP/1.1" 200 71123
46.229.168.139 - - [13/Apr/2020:09:13:21 +0200] "GET /ticket2/opencms/dk/buy/?column=section&edid=E0608FC5-65F6-E8D3-5201-2E9C615F63AB&page=1&sortorder=asc HTTP/1.1" 200 71424
95.216.20.54 - - [13/Apr/2020:09:13:22 +0200] "GET /ticket2/opencms/fi/sell/?edid=08E4167A-CF42-A332-17FC-B350C5906CB9 HTTP/1.1" 302 -
46.229.168.143 - - [13/Apr/2020:09:13:27 +0200] "GET /ticket2/opencms/fi/buy/?column=section&edid=0CBE0C4B-CAFA-A010-EA66-542E1AA0C527&page=1&sortorder=desc HTTP/1.1" 200 72513
69.30.198.186 - - [13/Apr/2020:09:13:27 +0200] "GET /ticket2/opencms/dk/buy/?page=1&edid=0526AB7D-1492-E0D1-E5E6-6BADBF530B48&sortorder=desc&column=row HTTP/1.1" 200 71218
95.216.20.54 - - [13/Apr/2020:09:13:28 +0200] "GET /ticket2/opencms/fi/login/?edid=08E4167A-CF42-A332-17FC-B350C5906CB9 HTTP/1.1" 200 68719
46.229.168.131 - - [13/Apr/2020:09:13:33 +0200] "GET /ticket2/opencms/no/buy/?edid=5DC5F4BB-E0CD-B313-C354-E3A2601E78F2&page=1 HTTP/1.1" 200 69787
95.216.20.54 - - [13/Apr/2020:09:13:34 +0200] "GET /ticket2/opencms/fi/sell/?edid=1118CA9D-86D0-FF33-6F80-5DE6EAD42BE8 HTTP/1.1" 302 -
192.99.5.228 - - [13/Apr/2020:09:13:35 +0200] "GET /ticket2/opencms/dk/buy/?page=1&edid=10AF4A44-F0BC-B332-8793-ED38C57FC28B&sortorder=asc&column=row HTTP/1.1" 200 69337
46.229.168.163 - - [13/Apr/2020:09:13:38 +0200] "GET /ticket2/opencms/sv/sport/fotbollsbiljetter/uefa-champions-league/valencia/ HTTP/1.1" 200 67296
95.216.20.54 - - [13/Apr/2020:09:13:38 +0200] "GET /ticket2/opencms/fi/login/?edid=1118CA9D-86D0-FF33-6F80-5DE6EAD42BE8 HTTP/1.1" 200 68719
192.99.15.199 - - [13/Apr/2020:09:13:39 +0200] "GET /ticket2/opencms/sv/venue/?venueid=0C203D5B-81E0-DD4B-D85D-9F4614266613 HTTP/1.1" 200 65479
46.229.168.138 - - [13/Apr/2020:09:13:41 +0200] "GET /ticket2/opencms/no/buy/?edid=EA94D3D4-FFFA-F63F-1970-2CE5FF8D4442&page=1 HTTP/1.1" 200 72085
208.110.93.78 - - [13/Apr/2020:09:13:42 +0200] "GET /ticket2/opencms/no/buy/?page=1&edid=C58087C9-0464-2443-9995-9C5C02D4C88F&sortorder=desc&column=row HTTP/1.1" 200 69809
95.216.20.54 - - [13/Apr/2020:09:13:44 +0200] "GET /ticket2/opencms/fi/sell/?edid=4452F62E-90C8-F872-950B-D888704DB265 HTTP/1.1" 302 -
46.229.168.129 - - [13/Apr/2020:09:13:45 +0200] "GET /ticket2/opencms/dk/buy/?column=section&edid=79A7E23E-F2EF-CDF4-015B-B51B9E1E38BF&page=1&sortorder=asc HTTP/1.1" 200 70731
95.216.20.54 - - [13/Apr/2020:09:13:49 +0200] "GET /ticket2/opencms/fi/login/?edid=4452F62E-90C8-F872-950B-D888704DB265 HTTP/1.1" 200 68719
95.216.20.54 - - [13/Apr/2020:09:13:54 +0200] "GET /ticket2/opencms/fi/sell/?edid=448E97AD-A675-26E8-5DB2-B1923040DF7D HTTP/1.1" 302 -
66.249.79.85 - - [13/Apr/2020:09:13:56 +0200] "GET /ticket2/opencms/en/buy_safety/ HTTP/1.1" 200 65824
208.110.93.78 - - [13/Apr/2020:09:13:58 +0200] "GET /ticket2/opencms/no/buy/?page=1&edid=C58087C9-0464-2443-9995-9C5C02D4C88F&sortorder=desc&column=section HTTP/1.1" 200 69809
95.216.20.54 - - [13/Apr/2020:09:13:59 +0200] "GET /ticket2/opencms/fi/login/?edid=448E97AD-A675-26E8-5DB2-B1923040DF7D HTTP/1.1" 200 68719
192.99.15.199 - - [13/Apr/2020:09:14:13 +0200] "GET /ticket2/opencms/sv/venue/?venueid=0C57D9A1-BFBB-6B50-BD26-F99F2EBC7C94 HTTP/1.1" 200 65549
208.110.93.78 - - [13/Apr/2020:09:14:20 +0200] "GET /ticket2/opencms/no/buy/?page=1&edid=C5E02AED-3D26-13F0-5095-0058A0BC3E62 HTTP/1.1" 200 69799
95.216.20.54 - - [13/Apr/2020:09:14:20 +0200] "GET /ticket2/opencms/fi/sell/?edid=4651B641-1BF4-5B93-B666-F19E86CE32C8 HTTP/1.1" 302 -
69.30.198.186 - - [13/Apr/2020:09:14:22 +0200] "GET /ticket2/opencms/dk/buy/?page=1&edid=0526AB7D-1492-E0D1-E5E6-6BADBF530B48&sortorder=desc&column=section HTTP/1.1" 200 71218
157.55.39.163 - - [13/Apr/2020:09:14:25 +0200] "GET /ticket2/opencms/en/sport/football-tickets/serie_a/lazio/ HTTP/1.1" 200 69624
46.229.168.147 - - [13/Apr/2020:09:14:29 +0200] "GET /ticket2/opencms/dk/buy/?column=section&edid=B36BDAB4-5EB1-A013-C6F6-87527CDF5E2D&page=1&sortorder=asc HTTP/1.1" 200 71191
47.54.35.136 - - [13/Apr/2020:09:14:34 +0200] "GET /ticket2/opencms/en/buy/?page=1&edid=75B1AAC4-1735-8EB6-727D-C58CD7B8C873&sortorder=asc&column=section HTTP/1.1" 200 70698
95.216.20.54 - - [13/Apr/2020:09:14:34 +0200] "GET /ticket2/opencms/fi/login/?edid=4651B641-1BF4-5B93-B666-F19E86CE32C8 HTTP/1.1" 200 68719
66.249.79.85 - - [13/Apr/2020:09:14:34 +0200] "GET /ticket2/opencms/sv/venue/?countryid=668D17D3-DDBF-7460-C2FB-E48A99F3BD87 HTTP/1.1" 200 94846
192.99.37.116 - - [13/Apr/2020:09:14:38 +0200] "GET /ticket2/opencms/fi/buy/?page=1&edid=EBA49F8A-33E9-0C95-472B-EF6292B7073A&sortorder=desc&column=section HTTP/1.1" 200 72521
46.229.168.147 - - [13/Apr/2020:09:14:46 +0200] "GET /ticket2/opencms/sv/buy/?edid=F21380F7-75CF-8F6C-44E2-E3C7E626BAE7&page=1 HTTP/1.1" 200 71516
192.99.4.168 - - [13/Apr/2020:09:14:48 +0200] "GET /ticket2/opencms/robots.txt HTTP/1.1" 200 773
47.54.35.136 - - [13/Apr/2020:09:14:50 +0200] "GET /ticket2/opencms/en/buy/?page=1&edid=75CF9ED1-0B78-7C40-BDF2-176433D48B4D&sortorder=asc&column=price HTTP/1.1" 200 71115
95.216.20.54 - - [13/Apr/2020:09:14:50 +0200] "GET /ticket2/opencms/fi/sell/?edid=46D76B29-FAEB-68DD-CFAD-97926EF88CBB HTTP/1.1" 302 -
208.110.93.78 - - [13/Apr/2020:09:15:07 +0200] "GET /ticket2/opencms/no/buy/?page=1&edid=C5E02AED-3D26-13F0-5095-0058A0BC3E62&sortorder=asc&column=price HTTP/1.1" 200 69835
46.229.168.142 - - [13/Apr/2020:09:15:10 +0200] "GET /ticket2/opencms/sv/buy/?column=price&edid=E19F6380-8030-6AD8-8710-C3F6BEB23E30&page=1&sortorder=desc HTTP/1.1" 200 71862
46.229.168.161 - - [13/Apr/2020:09:15:27 +0200] "GET /ticket2/opencms/sv/buy/?edid=69D2DD02-D621-FB86-F500-CC13D121EA62&page=1 HTTP/1.1" 200 69474
69.30.198.186 - - [13/Apr/2020:09:15:29 +0200] "GET /ticket2/opencms/dk/buy/?page=1&edid=052BB1E8-52E9-BDC6-4600-23FA0BD6066D&sortorder=asc&column=section HTTP/1.1" 200 71690
192.99.15.199 - - [13/Apr/2020:09:15:36 +0200] "GET /ticket2/opencms/sv/venue/?venueid=0C72DEDD-89EE-57E0-A1B7-BB6C9045A328 HTTP/1.1" 200 65434
66.249.79.201 - - [13/Apr/2020:09:15:43 +0200] "GET /ticket2/opencms/dk/venue/?venueid=ADCD705E-60C1-B5B7-06CB-C114610D2494 HTTP/1.1" 200 65208
95.216.20.54 - - [13/Apr/2020:09:15:43 +0200] "GET /ticket2/opencms/fi/login/?edid=46D76B29-FAEB-68DD-CFAD-97926EF88CBB HTTP/1.1" 200 68719
67.225.220.120 - - [13/Apr/2020:09:15:46 +0200] "GET /ticket2/opencms/sv/buy/?page=1&edid=6EB73123-E284-7FA6-0201-740BB788C8E1 HTTP/1.1" 200 71545
157.55.39.12 - - [13/Apr/2020:09:15:46 +0200] "GET /ticket2/opencms/sv/standard/ HTTP/1.1" 200 78671
208.110.93.78 - - [13/Apr/2020:09:15:48 +0200] "GET /ticket2/opencms/no/buy/?page=1&edid=C5E02AED-3D26-13F0-5095-0058A0BC3E62&sortorder=asc&column=row HTTP/1.1" 200 69835
192.99.5.228 - - [13/Apr/2020:09:15:52 +0200] "GET /ticket2/opencms/dk/buy/?page=1&edid=10AF4A44-F0BC-B332-8793-ED38C57FC28B&sortorder=asc&column=section HTTP/1.1" 200 69337
47.54.35.136 - - [13/Apr/2020:09:15:57 +0200] "GET /ticket2/opencms/en/buy/?page=1&edid=75CF9ED1-0B78-7C40-BDF2-176433D48B4D&sortorder=asc&column=row HTTP/1.1" 200 71115
46.229.168.141 - - [13/Apr/2020:09:15:59 +0200] "GET /ticket2/opencms/no/buy/?column=section&edid=1D3B7FAE-60FD-7507-CD49-6B32E37D8AFF&page=1&sortorder=desc HTTP/1.1" 200 69820
46.229.168.140 - - [13/Apr/2020:09:16:06 +0200] "GET /ticket2/opencms/sv/buy/?column=price&edid=6440E7CC-E56C-CD13-BB09-A84D83EDDD53&page=1&sortorder=asc HTTP/1.1" 200 71565
46.229.168.136 - - [13/Apr/2020:09:16:15 +0200] "GET /ticket2/opencms/no/buy/?column=row&edid=C12A0006-B6E1-E89B-7550-FAAA37523C69&page=1&sortorder=desc HTTP/1.1" 200 71443
46.229.168.147 - - [13/Apr/2020:09:16:15 +0200] "GET /ticket2/opencms/en/buy/?catid=A7674DEA-B39E-502C-2F76-760AE08947E9&comcatid=A17713B6-D984-201A-4143-ED4DB5ED5C2E HTTP/1.1" 200 77445
46.229.168.153 - - [13/Apr/2020:09:16:20 +0200] "GET /ticket2/opencms/fi/buy/?column=price&edid=9617F64E-1CD5-5694-C586-13BBE4F219BD&page=1&sortorder=desc HTTP/1.1" 200 74330
192.99.4.168 - - [13/Apr/2020:09:16:21 +0200] "GET /ticket2/opencms/en/buy/?page=1&edid=1118CA9D-86D0-FF33-6F80-5DE6EAD42BE8&sortorder=asc&column=section HTTP/1.1" 200 71123
95.216.20.54 - - [13/Apr/2020:09:16:21 +0200] "GET /ticket2/opencms/fi/sell/?edid=4B8DF2AC-42E6-6C5D-F1CE-0DA3D8253356 HTTP/1.1" 302 -
192.99.37.116 - - [13/Apr/2020:09:16:24 +0200] "GET /ticket2/opencms/fi/buy/?page=1&edid=ED81349D-86B2-C0F6-EF58-DEEDD0455CAC&sortorder=desc&column=row HTTP/1.1" 200 70635
69.30.198.186 - - [13/Apr/2020:09:16:28 +0200] "GET /ticket2/opencms/dk/buy/?page=1&edid=0547F085-8C1B-46DF-AD9F-504A808516FF HTTP/1.1" 200 69286
207.46.13.163 - - [13/Apr/2020:09:16:28 +0200] "GET /ticket2/opencms/system/modules/com.gridnine.opencms.ticketbrokerage.site/resources/pics/banners/sv/officiella_partners.png HTTP/1.1" 200 12585
208.110.93.78 - - [13/Apr/2020:09:16:30 +0200] "GET /ticket2/opencms/no/buy/?page=1&edid=C5E02AED-3D26-13F0-5095-0058A0BC3E62&sortorder=asc&column=section HTTP/1.1" 200 69835
192.99.15.199 - - [13/Apr/2020:09:16:30 +0200] "GET /ticket2/opencms/sv/venue/?venueid=0CC87D32-3D29-5809-F3E9-5889619E3A38 HTTP/1.1" 200 65447
46.229.168.141 - - [13/Apr/2020:09:16:32 +0200] "GET /ticket2/opencms/no/buy/?column=section&edid=1D3B7FAE-60FD-7507-CD49-6B32E37D8AFF&page=1&sortorder=desc HTTP/1.1" 200 69820
46.229.168.140 - - [13/Apr/2020:09:16:33 +0200] "GET /ticket2/opencms/sv/buy/?column=price&edid=6440E7CC-E56C-CD13-BB09-A84D83EDDD53&page=1&sortorder=asc HTTP/1.1" 200 71565
114.119.166.206 - - [13/Apr/2020:09:16:38 +0200] "GET /ticket2/opencms/no/buy/?page=1&edid=059D0B9F-E09C-E206-AB1B-0C50CA0C4BFC&sortorder=asc&column=price HTTP/1.1" 200 69829
46.229.168.150 - - [13/Apr/2020:09:16:46 +0200] "GET /ticket2/opencms/en/buy/?column=section&edid=1D16690E-29B1-A5C0-6F37-F627AE404F8F&page=1&sortorder=desc HTTP/1.1" 200 71565
192.99.37.116 - - [13/Apr/2020:09:16:46 +0200] "GET /ticket2/opencms/fi/buy/?page=1&edid=EFE86C90-1F78-7ACD-9BE3-6153417E087A&sortorder=desc&column=row HTTP/1.1" 200 72053
46.229.168.153 - - [13/Apr/2020:09:16:47 +0200] "GET /ticket2/opencms/fi/buy/?column=price&edid=9617F64E-1CD5-5694-C586-13BBE4F219BD&page=1&sortorder=desc HTTP/1.1" 200 74330
46.229.168.134 - - [13/Apr/2020:09:16:54 +0200] "GET /ticket2/opencms/fi/buy/?edid=6B362B16-3138-C077-A4D8-7508DEEA6E81&page=1 HTTP/1.1" 200 74294
199.58.86.211 - - [13/Apr/2020:09:16:55 +0200] "GET /ticket2/opencms/sv/ HTTP/1.1" 200 72017
95.216.20.54 - - [13/Apr/2020:09:16:57 +0200] "GET /ticket2/opencms/fi/login/?edid=4B8DF2AC-42E6-6C5D-F1CE-0DA3D8253356 HTTP/1.1" 200 68719
46.229.168.146 - - [13/Apr/2020:09:16:59 +0200] "GET /ticket2/opencms/no/buy/?column=section&edid=465242F9-029A-06C6-C79F-CA8B331B3D42&page=1&sortorder=desc HTTP/1.1" 200 71211
67.225.220.120 - - [13/Apr/2020:09:17:00 +0200] "GET /ticket2/opencms/en/buy/?page=1&edid=80EE9861-CE07-B7DE-A3DB-A6E5C8995BA8 HTTP/1.1" 200 70847
47.54.35.136 - - [13/Apr/2020:09:17:02 +0200] "GET /ticket2/opencms/en/buy/?page=1&edid=75CF9ED1-0B78-7C40-BDF2-176433D48B4D&sortorder=asc&column=section HTTP/1.1" 200 71115
46.229.168.137 - - [13/Apr/2020:09:17:02 +0200] "GET /ticket2/opencms/sv/buy/?catid=1DB7F66B-473B-B427-F752-358FEEFE8EC0&comcatid=0A6B8208-FDA4-E929-9D72-5312FD481B76 HTTP/1.1" 200 69524
46.229.168.154 - - [13/Apr/2020:09:17:07 +0200] "GET /ticket2/opencms/fi/buy/?column=price&edid=7E6C3EC9-7A3A-9E1F-E273-739B803C073C&page=1&sortorder=desc HTTP/1.1" 200 76322
178.154.200.175 - - [13/Apr/2020:09:17:07 +0200] "GET /ticket2/opencms/robots.txt HTTP/1.1" 200 773
46.229.168.142 - - [13/Apr/2020:09:17:09 +0200] "GET /ticket2/opencms/fi/buy/?edid=45D0E964-F15A-16ED-D99F-8CFB40DF8662&page=1 HTTP/1.1" 200 70612
192.99.5.228 - - [13/Apr/2020:09:17:12 +0200] "GET /ticket2/opencms/dk/buy/?page=1&edid=1118CA9D-86D0-FF33-6F80-5DE6EAD42BE8 HTTP/1.1" 200 71175
208.110.93.78 - - [13/Apr/2020:09:17:15 +0200] "GET /ticket2/opencms/no/buy/?page=1&edid=C5E02AED-3D26-13F0-5095-0058A0BC3E62&sortorder=desc&column=price HTTP/1.1" 200 69834
95.216.20.54 - - [13/Apr/2020:09:17:15 +0200] "GET /ticket2/opencms/fi/sell/?edid=4C433C59-5FE9-0C43-7DAC-788A4C3689C5 HTTP/1.1" 302 -
46.229.168.135 - - [13/Apr/2020:09:17:15 +0200] "GET /ticket2/opencms/sv/buy/?column=row&edid=CA586440-2614-3334-BC2E-BE71BA9F9152&page=1&sortorder=desc HTTP/1.1" 200 69500
192.99.15.199 - - [13/Apr/2020:09:17:15 +0200] "GET /ticket2/opencms/sv/venue/?venueid=0CF887BF-1E8A-49C1-B411-2D2FF23ACB2B HTTP/1.1" 200 65491
46.229.168.138 - - [13/Apr/2020:09:17:17 +0200] "GET /ticket2/opencms/fi/buy/?column=section&edid=D77508F6-9331-A006-851B-5A867CA79BF7&page=1&sortorder=desc HTTP/1.1" 200 72725
46.229.168.150 - - [13/Apr/2020:09:17:17 +0200] "GET /ticket2/opencms/en/buy/?column=section&edid=1D16690E-29B1-A5C0-6F37-F627AE404F8F&page=1&sortorder=desc HTTP/1.1" 200 71565
46.229.168.136 - - [13/Apr/2020:09:17:24 +0200] "GET /ticket2/opencms/no/buy/?column=row&edid=C12A0006-B6E1-E89B-7550-FAAA37523C69&page=1&sortorder=desc HTTP/1.1" 200 71443
178.154.200.175 - - [13/Apr/2020:09:17:24 +0200] "GET /ticket2/opencms/fi/urheilu/jalkapallo/bundesliga/hoffenheim/ HTTP/1.1" 200 67467
173.208.130.202 - - [13/Apr/2020:09:17:25 +0200] "GET /ticket2/opencms/dk/buy/?page=1&edid=FCBD6E3D-863A-5B3A-5EE9-2A6644C9666A&sortorder=asc&column=row HTTP/1.1" 200 70724
46.229.168.138 - - [13/Apr/2020:09:17:26 +0200] "GET /ticket2/opencms/fi/buy/?column=section&edid=D77508F6-9331-A006-851B-5A867CA79BF7&page=1&sortorder=desc HTTP/1.1" 200 72725
208.110.93.78 - - [13/Apr/2020:09:17:27 +0200] "GET /ticket2/opencms/no/buy/?page=1&edid=C5E02AED-3D26-13F0-5095-0058A0BC3E62&sortorder=desc&column=row HTTP/1.1" 200 69834
46.229.168.161 - - [13/Apr/2020:09:17:34 +0200] "GET /ticket2/opencms/en/buy/?column=section&edid=CFC2AA71-77AF-B6F9-E3AC-B5C5B74CC33A&page=1&sortorder=desc HTTP/1.1" 200 70874
47.54.35.136 - - [13/Apr/2020:09:17:36 +0200] "GET /ticket2/opencms/en/buy/?page=1&edid=75E180B2-F524-DD2F-53A6-55E274F1003A&sortorder=asc&column=row HTTP/1.1" 200 71970
46.229.168.145 - - [13/Apr/2020:09:17:36 +0200] "GET /ticket2/opencms/no/buy/?column=row&edid=74EFCA32-6815-FF4B-4089-5178E45F69AE&page=1&sortorder=desc HTTP/1.1" 200 71658
46.229.168.146 - - [13/Apr/2020:09:17:42 +0200] "GET /ticket2/opencms/no/buy/?column=section&edid=465242F9-029A-06C6-C79F-CA8B331B3D42&page=1&sortorder=desc HTTP/1.1" 200 71211
95.216.20.54 - - [13/Apr/2020:09:17:42 +0200] "GET /ticket2/opencms/fi/login/?edid=4C433C59-5FE9-0C43-7DAC-788A4C3689C5 HTTP/1.1" 200 68719
69.30.198.186 - - [13/Apr/2020:09:17:44 +0200] "GET /ticket2/opencms/dk/buy/?page=1&edid=0547F085-8C1B-46DF-AD9F-504A808516FF&sortorder=asc&column=price HTTP/1.1" 200 69322
192.99.37.116 - - [13/Apr/2020:09:17:47 +0200] "GET /ticket2/opencms/fi/buy/?page=1&edid=EFE86C90-1F78-7ACD-9BE3-6153417E087A&sortorder=desc&column=section HTTP/1.1" 200 72053
208.110.93.78 - - [13/Apr/2020:09:17:49 +0200] "GET /ticket2/opencms/no/buy/?page=1&edid=C5E02AED-3D26-13F0-5095-0058A0BC3E62&sortorder=desc&column=section HTTP/1.1" 200 69834
46.229.168.134 - - [13/Apr/2020:09:17:53 +0200] "GET /ticket2/opencms/fi/buy/?edid=6B362B16-3138-C077-A4D8-7508DEEA6E81&page=1 HTTP/1.1" 200 74294
46.229.168.149 - - [13/Apr/2020:09:17:54 +0200] "GET /ticket2/opencms/no/buy/?edid=A8974CD8-4E6D-0BDD-D285-3496CA18553C&page=1 HTTP/1.1" 200 71642
46.229.168.135 - - [13/Apr/2020:09:17:55 +0200] "GET /ticket2/opencms/sv/buy/?column=row&edid=CA586440-2614-3334-BC2E-BE71BA9F9152&page=1&sortorder=desc HTTP/1.1" 200 69500
95.216.20.54 - - [13/Apr/2020:09:17:55 +0200] "GET /ticket2/opencms/fi/sell/?edid=4D2F445E-41F2-D1B5-FB0F-62C7C9AFC907 HTTP/1.1" 302 -
67.225.220.120 - - [13/Apr/2020:09:17:56 +0200] "GET /ticket2/opencms/sv/buy/?page=1&edid=90C1A66E-428C-A76C-A159-667BE9685E00 HTTP/1.1" 200 71346
46.229.168.139 - - [13/Apr/2020:09:17:57 +0200] "GET /ticket2/opencms/sv/sport/fotbollsbiljetter/premier_league/newcastle-united/ HTTP/1.1" 200 69482
46.229.168.154 - - [13/Apr/2020:09:17:59 +0200] "GET /ticket2/opencms/fi/buy/?column=price&edid=7E6C3EC9-7A3A-9E1F-E273-739B803C073C&page=1&sortorder=desc HTTP/1.1" 200 76322
46.229.168.154 - - [13/Apr/2020:09:17:59 +0200] "GET /ticket2/opencms/fi/venue/?venueid=8753D9BE-AD84-FD44-C557-0BEF8FD830B3 HTTP/1.1" 200 66484
46.229.168.129 - - [13/Apr/2020:09:18:03 +0200] "GET /ticket2/opencms/sv/buy/?column=row&edid=6A9CAEB5-A533-3B6D-F998-D9CD07CC58D3&page=1&sortorder=desc HTTP/1.1" 200 69490
173.208.130.202 - - [13/Apr/2020:09:18:04 +0200] "GET /ticket2/opencms/en/buy/?page=1&edid=074ADD6F-675A-452C-058E-AAA3D3253B4C&sortorder=asc&column=section HTTP/1.1" 200 70647
46.229.168.139 - - [13/Apr/2020:09:18:05 +0200] "GET /ticket2/opencms/sv/sport/fotbollsbiljetter/premier_league/newcastle-united/ HTTP/1.1" 200 69482
46.229.168.138 - - [13/Apr/2020:09:18:06 +0200] "GET /ticket2/opencms/en/buy/?column=section&edid=3CC669F6-0C63-5743-F1E5-8F5E9C2AB45D&page=1&sortorder=desc HTTP/1.1" 200 70643
69.30.198.186 - - [13/Apr/2020:09:18:07 +0200] "GET /ticket2/opencms/dk/buy/?page=1&edid=0547F085-8C1B-46DF-AD9F-504A808516FF&sortorder=asc&column=row HTTP/1.1" 200 69322
95.216.20.54 - - [13/Apr/2020:09:18:07 +0200] "GET /ticket2/opencms/fi/login/?edid=4D2F445E-41F2-D1B5-FB0F-62C7C9AFC907 HTTP/1.1" 200 68719
46.229.168.143 - - [13/Apr/2020:09:18:10 +0200] "GET /ticket2/opencms/sv/sell/?edid=59D3380F-782C-B2BC-F538-368054435CF5 HTTP/1.1" 302 -
173.208.130.202 - - [13/Apr/2020:09:18:12 +0200] "GET /ticket2/opencms/en/buy/?page=1&edid=0993F451-2A27-B97B-1E8A-397D4C7362D6&sortorder=asc&column=price HTTP/1.1" 200 70690
192.99.15.199 - - [13/Apr/2020:09:18:13 +0200] "GET /ticket2/opencms/sv/venue/?venueid=0DAE72BE-DDB2-1AEE-67A0-D0641E7711CD HTTP/1.1" 200 65480
208.110.93.78 - - [13/Apr/2020:09:18:14 +0200] "GET /ticket2/opencms/no/buy/?page=1&edid=C5EDED48-3300-FDD0-AFD9-1014EE7B183E HTTP/1.1" 200 69797
46.229.168.134 - - [13/Apr/2020:09:18:15 +0200] "GET /ticket2/opencms/nl/buy/?column=row&edid=C0D82C9A-4CD9-2338-40C4-AB887D06BE6F&page=1&sortorder=asc HTTP/1.1" 200 68336
95.216.20.54 - - [13/Apr/2020:09:18:15 +0200] "GET /ticket2/opencms/fi/sell/?edid=4D9E9B53-D6C2-EBD3-ECBD-EC61B335C986 HTTP/1.1" 302 -
46.229.168.133 - - [13/Apr/2020:09:18:17 +0200] "GET /ticket2/opencms/sv/buy/?column=row&edid=835B9B3D-AE0A-A1D2-2531-808BBF422F8D&page=1&sortorder=asc HTTP/1.1" 200 69465
47.54.35.136 - - [13/Apr/2020:09:18:18 +0200] "GET /ticket2/opencms/en/buy/?page=1&edid=75E180B2-F524-DD2F-53A6-55E274F1003A&sortorder=asc&column=section HTTP/1.1" 200 71970
95.216.20.54 - - [13/Apr/2020:09:18:20 +0200] "GET /ticket2/opencms/fi/login/?edid=4D9E9B53-D6C2-EBD3-ECBD-EC61B335C986 HTTP/1.1" 200 68719
54.36.149.59 - - [13/Apr/2020:09:18:22 +0200] "GET /ticket2/opencms/sv/buy/?page=1&edid=77D1A6CC-0A17-F405-1A75-C8465CA345D9 HTTP/1.1" 200 71543
46.229.168.151 - - [13/Apr/2020:09:18:24 +0200] "GET /ticket2/opencms/fi/buy/?column=price&edid=384F3237-D2B6-BEF2-34F0-9A31FA51988F&page=1&sortorder=desc HTTP/1.1" 200 73369
46.229.168.154 - - [13/Apr/2020:09:18:27 +0200] "GET /ticket2/opencms/no/sport/fotballsbilletter/premier_league/leicester/ HTTP/1.1" 200 69228
173.208.130.202 - - [13/Apr/2020:09:18:28 +0200] "GET /ticket2/opencms/en/buy/?page=1&edid=0993F451-2A27-B97B-1E8A-397D4C7362D6&sortorder=asc&column=section HTTP/1.1" 200 70690
192.99.37.116 - - [13/Apr/2020:09:18:30 +0200] "GET /ticket2/opencms/fi/buy/?page=1&edid=F55FD46B-77AB-3FD2-8E77-5D8B9DF55395&sortorder=desc&column=price HTTP/1.1" 200 72515
47.54.35.136 - - [13/Apr/2020:09:18:30 +0200] "GET /ticket2/opencms/en/buy/?page=1&edid=76BB87DF-2D93-1559-E6EE-BF08999C089F&sortorder=asc&column=price HTTP/1.1" 200 69256
40.77.167.61 - - [13/Apr/2020:09:18:30 +0200] "GET /ticket2/opencms/sv/buy/?page=1&edid=7DFA9706-6B2A-B4CC-5A39-A5C330CC4190 HTTP/1.1" 200 71333
95.216.20.54 - - [13/Apr/2020:09:18:30 +0200] "GET /ticket2/opencms/fi/sell/?edid=511DBE77-4302-11AC-20DF-EC763D451874 HTTP/1.1" 302 -
46.229.168.149 - - [13/Apr/2020:09:18:33 +0200] "GET /ticket2/opencms/en/buy/?column=row&edid=2A86C23D-0CE2-C481-2D6B-228BE88993AD&page=1&sortorder=asc HTTP/1.1" 200 72447
208.110.93.78 - - [13/Apr/2020:09:18:35 +0200] "GET /ticket2/opencms/no/buy/?page=1&edid=C5EDED48-3300-FDD0-AFD9-1014EE7B183E&sortorder=asc&column=price HTTP/1.1" 200 69833
46.229.168.144 - - [13/Apr/2020:09:18:43 +0200] "GET /ticket2/opencms/sv/buy/?column=row&edid=6CC3E9A8-1436-5A17-00B4-F4DF53732709&page=1&sortorder=asc HTTP/1.1" 200 70940
95.216.20.54 - - [13/Apr/2020:09:18:43 +0200] "GET /ticket2/opencms/fi/login/?edid=511DBE77-4302-11AC-20DF-EC763D451874 HTTP/1.1" 200 68719
46.229.168.137 - - [13/Apr/2020:09:18:43 +0200] "GET /ticket2/opencms/en/sell/?edid=9E00FB70-B262-7D95-9558-FFEE9A3EC7E3 HTTP/1.1" 302 -
46.229.168.143 - - [13/Apr/2020:09:18:44 +0200] "GET /ticket2/opencms/nl/buy/?column=row&edid=33949892-80FF-C789-15D6-0024B57F2992&page=1&sortorder=asc HTTP/1.1" 200 68328
46.229.168.149 - - [13/Apr/2020:09:18:45 +0200] "GET /ticket2/opencms/en/buy/?column=price&edid=A5C39397-601B-AAD4-E491-7B5A86FC9F67&page=1&sortorder=desc HTTP/1.1" 200 70648
69.30.198.186 - - [13/Apr/2020:09:18:45 +0200] "GET /ticket2/opencms/dk/buy/?page=1&edid=0547F085-8C1B-46DF-AD9F-504A808516FF&sortorder=asc&column=section HTTP/1.1" 200 69322
208.110.93.78 - - [13/Apr/2020:09:18:47 +0200] "GET /ticket2/opencms/no/buy/?page=1&edid=C5EDED48-3300-FDD0-AFD9-1014EE7B183E&sortorder=asc&column=row HTTP/1.1" 200 69833
95.216.20.54 - - [13/Apr/2020:09:18:50 +0200] "GET /ticket2/opencms/fi/sell/?edid=5BED4F96-461F-3406-5552-6C548F77CB08 HTTP/1.1" 302 -
114.119.164.104 - - [13/Apr/2020:09:18:51 +0200] "GET /ticket2/opencms/no/buy/?page=1&edid=F3EAB77E-5223-86F1-9947-9F306D6E6D43&sortorder=asc&column=row HTTP/1.1" 200 69826
47.54.35.136 - - [13/Apr/2020:09:18:55 +0200] "GET /ticket2/opencms/en/buy/?page=1&edid=76BB87DF-2D93-1559-E6EE-BF08999C089F&sortorder=asc&column=row HTTP/1.1" 200 69256
95.216.20.54 - - [13/Apr/2020:09:18:55 +0200] "GET /ticket2/opencms/fi/login/?edid=5BED4F96-461F-3406-5552-6C548F77CB08 HTTP/1.1" 200 68719
173.208.130.202 - - [13/Apr/2020:09:18:58 +0200] "GET /ticket2/opencms/en/buy/?page=1&edid=1CC13C34-74D6-88D1-EBB8-E9618A558CB4&sortorder=asc&column=price HTTP/1.1" 200 70671
95.216.20.54 - - [13/Apr/2020:09:18:59 +0200] "GET /ticket2/opencms/fi/sell/?edid=5C822312-AD78-519B-498C-5A897678D6CE HTTP/1.1" 302 -
46.229.168.139 - - [13/Apr/2020:09:19:00 +0200] "GET /ticket2/opencms/en/buy/?column=price&edid=38471BC2-DC35-5637-FC07-B139F30174B0&page=1&sortorder=desc HTTP/1.1" 200 71568
67.225.220.120 - - [13/Apr/2020:09:19:00 +0200] "GET /ticket2/opencms/sv/buy/?page=1&edid=A4B939B9-02F3-15DE-1828-4B6AE5FDD036 HTTP/1.1" 200 71315
216.245.221.82 - - [13/Apr/2020:09:19:01 +0200] "HEAD /ticket2/opencms/ HTTP/1.1" 302 -
192.99.5.228 - - [13/Apr/2020:09:19:02 +0200] "GET /ticket2/opencms/dk/buy/?page=1&edid=1118CA9D-86D0-FF33-6F80-5DE6EAD42BE8&sortorder=asc&column=section HTTP/1.1" 200 71211
46.229.168.163 - - [13/Apr/2020:09:19:03 +0200] "GET /ticket2/opencms/sv/buy/?edid=72EA71D3-6F9C-57D5-7B7F-73AA197889AE&page=1 HTTP/1.1" 200 71365
95.216.20.54 - - [13/Apr/2020:09:19:04 +0200] "GET /ticket2/opencms/fi/login/?edid=5C822312-AD78-519B-498C-5A897678D6CE HTTP/1.1" 200 68719
192.99.15.199 - - [13/Apr/2020:09:19:05 +0200] "GET /ticket2/opencms/sv/venue/?venueid=10FED53D-1B45-AB30-C853-C4BE292CA7FA HTTP/1.1" 200 65435
173.208.130.202 - - [13/Apr/2020:09:19:08 +0200] "GET /ticket2/opencms/en/buy/?page=1&edid=1CC13C34-74D6-88D1-EBB8-E9618A558CB4&sortorder=asc&column=row HTTP/1.1" 200 70671
46.229.168.135 - - [13/Apr/2020:09:19:08 +0200] "GET /ticket2/opencms/fi/buy/?column=price&edid=1641B98B-A297-1D9C-65B8-EC5F1450DCFE&page=1&sortorder=desc HTTP/1.1" 200 72550
95.216.20.54 - - [13/Apr/2020:09:19:08 +0200] "GET /ticket2/opencms/fi/sell/?edid=5F93E8E8-0A3C-E7C6-799E-7FAC313A5B3D HTTP/1.1" 302 -
47.54.35.136 - - [13/Apr/2020:09:19:11 +0200] "GET /ticket2/opencms/en/buy/?page=1&edid=76BB87DF-2D93-1559-E6EE-BF08999C089F&sortorder=asc&column=section HTTP/1.1" 200 69256
46.229.168.138 - - [13/Apr/2020:09:19:17 +0200] "GET /ticket2/opencms/en/buy/?column=price&edid=E19F6380-8030-6AD8-8710-C3F6BEB23E30&page=1&sortorder=asc HTTP/1.1" 200 71627
208.110.93.78 - - [13/Apr/2020:09:19:20 +0200] "GET /ticket2/opencms/no/buy/?page=1&edid=C5EDED48-3300-FDD0-AFD9-1014EE7B183E&sortorder=asc&column=section HTTP/1.1" 200 69833
46.229.168.145 - - [13/Apr/2020:09:19:24 +0200] "GET /ticket2/opencms/no/buy/?edid=2C223FC3-44F4-8846-CCA3-0CD3173CFC72&page=1 HTTP/1.1" 200 72085
95.216.20.54 - - [13/Apr/2020:09:19:25 +0200] "GET /ticket2/opencms/fi/login/?edid=5F93E8E8-0A3C-E7C6-799E-7FAC313A5B3D HTTP/1.1" 200 68719
46.229.168.134 - - [13/Apr/2020:09:19:25 +0200] "GET /ticket2/opencms/sv/buy/?column=section&edid=EE0B5545-A4DD-24A5-CE2A-0376591DD1C7&page=1&sortorder=desc HTTP/1.1" 200 69484
47.54.35.136 - - [13/Apr/2020:09:19:25 +0200] "GET /ticket2/opencms/en/buy/?page=1&edid=774A7EEA-D1B2-9FDE-0959-EF9630E0C317&sortorder=asc&column=price HTTP/1.1" 200 70694
192.99.37.116 - - [13/Apr/2020:09:19:30 +0200] "GET /ticket2/opencms/fi/buy/?page=1&edid=F55FD46B-77AB-3FD2-8E77-5D8B9DF55395&sortorder=desc&column=row HTTP/1.1" 200 72515
95.216.20.54 - - [13/Apr/2020:09:19:31 +0200] "GET /ticket2/opencms/fi/sell/?edid=627BF5EC-6240-2A46-0193-C651C9FF6656 HTTP/1.1" 302 -
173.208.130.202 - - [13/Apr/2020:09:19:32 +0200] "GET /ticket2/opencms/en/buy/?page=1&edid=1F12980C-EA68-2189-E47E-1C934F72C98A&sortorder=asc&column=section HTTP/1.1" 200 70690
46.229.168.139 - - [13/Apr/2020:09:19:38 +0200] "GET /ticket2/opencms/fi/buy/?column=section&edid=339F7634-8AC0-9C3C-6C47-F4D07133A50F&page=1&sortorder=asc HTTP/1.1" 200 73812
95.216.20.54 - - [13/Apr/2020:09:19:38 +0200] "GET /ticket2/opencms/fi/login/?edid=627BF5EC-6240-2A46-0193-C651C9FF6656 HTTP/1.1" 200 68719
192.99.4.168 - - [13/Apr/2020:09:19:41 +0200] "GET /ticket2/opencms/en/buy/?page=1&edid=11D1149A-F4B7-F104-E5AE-C70D8A130A49&sortorder=asc&column=price HTTP/1.1" 200 70688
69.30.198.186 - - [13/Apr/2020:09:19:42 +0200] "GET /ticket2/opencms/dk/buy/?page=1&edid=05511943-479C-50B0-937B-4D2F18BDB2FB&sortorder=asc&column=row HTTP/1.1" 200 69307
54.36.150.134 - - [13/Apr/2020:09:19:43 +0200] "GET /ticket2/opencms/sv/buy/?page=1&edid=5B004ED5-15FD-EC78-6553-2B09565E5F76 HTTP/1.1" 200 71275
46.229.168.131 - - [13/Apr/2020:09:19:44 +0200] "GET /ticket2/opencms/no/buy/?column=price&edid=16D8D8B6-E3B7-19D1-2440-03B3A2E90B73&page=1&sortorder=desc HTTP/1.1" 200 69835
95.216.20.54 - - [13/Apr/2020:09:19:47 +0200] "GET /ticket2/opencms/fi/sell/?edid=64440914-4E90-FA96-F683-7E671AB5B4CA HTTP/1.1" 302 -
67.225.220.120 - - [13/Apr/2020:09:19:49 +0200] "GET /ticket2/opencms/en/buy/?page=1&edid=D7C0DA77-DBEA-6309-806C-0F1B3D98F5E1 HTTP/1.1" 200 71140
67.225.220.120 - - [13/Apr/2020:09:19:49 +0200] "GET /ticket2/opencms/en/buy/?page=1&edid=DD99BFEC-4846-922C-64A2-1661CA2CB452 HTTP/1.1" 200 71533
46.229.168.134 - - [13/Apr/2020:09:19:49 +0200] "GET /ticket2/opencms/sv/sport/fotbollsbiljetter/premier_league/manchester_united/ HTTP/1.1" 200 72463
46.229.168.136 - - [13/Apr/2020:09:19:50 +0200] "GET /ticket2/opencms/nl/buy/?edid=D61D354B-F215-E04D-E63F-DA7A292BF693&page=1 HTTP/1.1" 200 70351
95.216.20.54 - - [13/Apr/2020:09:19:54 +0200] "GET /ticket2/opencms/fi/login/?edid=64440914-4E90-FA96-F683-7E671AB5B4CA HTTP/1.1" 200 68719
173.208.130.202 - - [13/Apr/2020:09:19:54 +0200] "GET /ticket2/opencms/en/buy/?page=1&edid=AD7CC956-29A2-9E10-9B81-D673B6C0E599&sortorder=asc&column=price HTTP/1.1" 200 69262
192.99.15.199 - - [13/Apr/2020:09:19:56 +0200] "GET /ticket2/opencms/sv/venue/?venueid=119E4BA1-98C5-E36E-192F-2176B379FB25 HTTP/1.1" 200 65447
46.229.168.135 - - [13/Apr/2020:09:19:56 +0200] "GET /ticket2/opencms/no/buy/?column=section&edid=48414BA9-E544-DC52-97CF-84428B5A59B3&page=1&sortorder=asc HTTP/1.1" 200 71672
95.216.20.54 - - [13/Apr/2020:09:19:59 +0200] "GET /ticket2/opencms/fi/sell/?edid=7DFA9706-6B2A-B4CC-5A39-A5C330CC4190 HTTP/1.1" 302 -
47.54.35.136 - - [13/Apr/2020:09:19:59 +0200] "GET /ticket2/opencms/en/buy/?page=1&edid=774A7EEA-D1B2-9FDE-0959-EF9630E0C317&sortorder=asc&column=row HTTP/1.1" 200 70694
46.229.168.144 - - [13/Apr/2020:09:20:01 +0200] "GET /ticket2/opencms/nl/buy/?edid=C10D9635-5494-FEA9-6350-024287F4715F&page=1 HTTP/1.1" 200 70382
208.110.93.78 - - [13/Apr/2020:09:20:02 +0200] "GET /ticket2/opencms/no/buy/?page=1&edid=C5EDED48-3300-FDD0-AFD9-1014EE7B183E&sortorder=desc&column=price HTTP/1.1" 200 69832
46.229.168.146 - - [13/Apr/2020:09:20:04 +0200] "GET /ticket2/opencms/fi/buy/?column=row&edid=3DCFD89E-DB45-47F9-D19C-698545359E28&page=1&sortorder=asc HTTP/1.1" 200 70647
95.216.20.54 - - [13/Apr/2020:09:20:05 +0200] "GET /ticket2/opencms/fi/login/?edid=7DFA9706-6B2A-B4CC-5A39-A5C330CC4190 HTTP/1.1" 200 68719
47.54.35.136 - - [13/Apr/2020:09:20:05 +0200] "GET /ticket2/opencms/en/buy/?page=1&edid=774A7EEA-D1B2-9FDE-0959-EF9630E0C317&sortorder=asc&column=section HTTP/1.1" 200 70694
46.229.168.149 - - [13/Apr/2020:09:20:06 +0200] "GET /ticket2/opencms/fi/buy/?edid=D210E338-439A-D82B-80DD-B03F52201487&page=1 HTTP/1.1" 200 70613
46.229.168.148 - - [13/Apr/2020:09:20:07 +0200] "GET /ticket2/opencms/fi/buy/?edid=8AD96918-4845-F025-BEBF-8271DEECF8F7&page=1 HTTP/1.1" 200 72015
192.99.37.116 - - [13/Apr/2020:09:20:09 +0200] "GET /ticket2/opencms/fi/buy/?page=1&edid=F5C00C67-C227-30F3-0322-FCC4DCCC423B&sortorder=desc&column=section HTTP/1.1" 200 73838
95.216.20.54 - - [13/Apr/2020:09:20:10 +0200] "GET /ticket2/opencms/fi/sell/?edid=85C1463C-C6EC-8FA2-656A-0E74E524F5AE HTTP/1.1" 302 -
46.229.168.150 - - [13/Apr/2020:09:20:11 +0200] "GET /ticket2/opencms/sv/buy/?column=section&edid=FB730AA6-A470-8EFB-27FE-924D530AC7B8&page=1&sortorder=asc HTTP/1.1" 200 71337
173.208.130.202 - - [13/Apr/2020:09:20:12 +0200] "GET /ticket2/opencms/en/buy/?page=1&edid=AD7CC956-29A2-9E10-9B81-D673B6C0E599&sortorder=asc&column=section HTTP/1.1" 200 69262
46.229.168.146 - - [13/Apr/2020:09:20:17 +0200] "GET /ticket2/opencms/fi/buy/?column=row&edid=3E2F6837-CCFC-9284-0235-725D2AA31D66&page=1&sortorder=asc HTTP/1.1" 200 72720
46.229.168.134 - - [13/Apr/2020:09:20:19 +0200] "GET /ticket2/opencms/nl/buy/?catid=64756941-02D2-3538-2077-8C2508F4A3A8&comcatid=A17713B6-D984-201A-4143-ED4DB5ED5C2E HTTP/1.1" 200 74375
46.229.168.140 - - [13/Apr/2020:09:20:22 +0200] "GET /ticket2/opencms/nl/buy/?column=price&edid=11E0F3F3-866B-8B11-2E4F-E306B11A08DD&page=1&sortorder=desc HTTP/1.1" 200 70649
46.229.168.144 - - [13/Apr/2020:09:20:22 +0200] "GET /ticket2/opencms/no/buy/?catid=55D1256D-BDD9-CBA3-47A3-0A252F702555&comcatid=97ECA65A-72DA-F9AF-9DBB-245D3CFED1BE&page=6 HTTP/1.1" 200 70762
95.216.20.54 - - [13/Apr/2020:09:20:22 +0200] "GET /ticket2/opencms/fi/login/?edid=85C1463C-C6EC-8FA2-656A-0E74E524F5AE HTTP/1.1" 200 68719
46.229.168.143 - - [13/Apr/2020:09:20:27 +0200] "GET /ticket2/opencms/ru/buy/?column=row&edid=91851CE1-DEEA-F6FA-15A7-E92688F40B77&page=1&sortorder=desc HTTP/1.1" 200 73475
192.99.5.228 - - [13/Apr/2020:09:20:30 +0200] "GET /ticket2/opencms/dk/buy/?page=1&edid=1118CA9D-86D0-FF33-6F80-5DE6EAD42BE8&sortorder=desc&column=price HTTP/1.1" 200 71210
46.229.168.141 - - [13/Apr/2020:09:20:31 +0200] "GET /ticket2/opencms/no/buy/?column=price&edid=7A7AA818-DDC7-0640-E83C-722520D16871&page=1&sortorder=desc HTTP/1.1" 200 72540
173.208.130.202 - - [13/Apr/2020:09:20:32 +0200] "GET /ticket2/opencms/en/buy/?page=1&edid=AD7CC956-29A2-9E10-9B81-D673B6C0E599&sortorder=desc&column=row HTTP/1.1" 200 69261
95.216.20.54 - - [13/Apr/2020:09:20:33 +0200] "GET /ticket2/opencms/fi/sell/?edid=85DC3B34-6EA3-546F-88A4-2D429B77C714 HTTP/1.1" 302 -
46.229.168.136 - - [13/Apr/2020:09:20:33 +0200] "GET /ticket2/opencms/fi/buy/?column=price&edid=FE9A8ACB-C8DC-2145-7856-06F77AC0FB07&page=1&sortorder=asc HTTP/1.1" 200 72319
69.30.198.186 - - [13/Apr/2020:09:20:35 +0200] "GET /ticket2/opencms/dk/buy/?page=1&edid=05511943-479C-50B0-937B-4D2F18BDB2FB&sortorder=desc&column=section HTTP/1.1" 200 69306
47.54.35.136 - - [13/Apr/2020:09:20:38 +0200] "GET /ticket2/opencms/en/buy/?page=1&edid=7A7AA818-DDC7-0640-E83C-722520D16871&sortorder=asc&column=price HTTP/1.1" 200 71973
95.216.20.54 - - [13/Apr/2020:09:20:41 +0200] "GET /ticket2/opencms/fi/login/?edid=85DC3B34-6EA3-546F-88A4-2D429B77C714 HTTP/1.1" 200 68719
46.229.168.153 - - [13/Apr/2020:09:20:41 +0200] "GET /ticket2/opencms/nl/buy/?column=row&edid=381FD37A-8735-4623-C67A-336154BD334E&page=1&sortorder=asc HTTP/1.1" 200 70225
208.110.93.78 - - [13/Apr/2020:09:20:42 +0200] "GET /ticket2/opencms/no/buy/?page=1&edid=C5EDED48-3300-FDD0-AFD9-1014EE7B183E&sortorder=desc&column=row HTTP/1.1" 200 69832
46.229.168.134 - - [13/Apr/2020:09:20:43 +0200] "GET /ticket2/opencms/sv/sport/fotbollsbiljetter/premier_league/manchester_united/ HTTP/1.1" 200 72463
192.99.37.116 - - [13/Apr/2020:09:20:43 +0200] "GET /ticket2/opencms/fi/buy/?page=1&edid=FAA7165D-A922-1603-AEA2-82846AE794CA&sortorder=desc&column=price HTTP/1.1" 200 73840
46.229.168.134 - - [13/Apr/2020:09:20:44 +0200] "GET /ticket2/opencms/dk/sell/?edid=0BBD1918-205C-0140-CCFC-EC796EAE162A HTTP/1.1" 302 -
47.54.35.136 - - [13/Apr/2020:09:20:44 +0200] "GET /ticket2/opencms/en/buy/?page=1&edid=7A7AA818-DDC7-0640-E83C-722520D16871&sortorder=asc&column=row HTTP/1.1" 200 71973
46.229.168.138 - - [13/Apr/2020:09:20:45 +0200] "GET /ticket2/opencms/en/sell/?edid=E0B3AE77-20C2-9057-107A-21D0D8F53E49 HTTP/1.1" 302 -
192.99.15.199 - - [13/Apr/2020:09:20:45 +0200] "GET /ticket2/opencms/sv/venue/?venueid=14E353DB-1094-40F7-2A63-0006F00AC29F HTTP/1.1" 200 65476
95.216.20.54 - - [13/Apr/2020:09:20:48 +0200] "GET /ticket2/opencms/fi/sell/?edid=87924899-C834-C93B-A613-7A89D34B2768 HTTP/1.1" 302 -
46.229.168.129 - - [13/Apr/2020:09:20:50 +0200] "GET /ticket2/opencms/en/buy/?column=section&edid=C1AA3CD8-9B92-9EEB-74B5-3A5D9E84C8B5&page=1&sortorder=desc HTTP/1.1" 200 71317
46.229.168.145 - - [13/Apr/2020:09:20:50 +0200] "GET /ticket2/opencms/robots.txt HTTP/1.1" 200 773
173.208.130.202 - - [13/Apr/2020:09:20:50 +0200] "GET /ticket2/opencms/en/buy/?page=1&edid=AF586143-17F7-B16E-465F-B1DAF39476EF&sortorder=asc&column=price HTTP/1.1" 200 71345
46.229.168.134 - - [13/Apr/2020:09:20:54 +0200] "GET /ticket2/opencms/en/buy/?edid=BE03888E-E90D-CC07-BCD5-31549D7667B8&page=1 HTTP/1.1" 200 72376
46.229.168.138 - - [13/Apr/2020:09:20:56 +0200] "GET /ticket2/opencms/sv/buy/?column=price&edid=B0AC49F8-8463-50C4-2FC7-528C957C5ED5&page=1&sortorder=asc HTTP/1.1" 200 71856
95.216.20.54 - - [13/Apr/2020:09:20:57 +0200] "GET /ticket2/opencms/fi/login/?edid=87924899-C834-C93B-A613-7A89D34B2768 HTTP/1.1" 200 68719
46.229.168.153 - - [13/Apr/2020:09:20:57 +0200] "GET /ticket2/opencms/nl/buy/?catid=0A9E385E-33D9-328E-DC79-CA2C7009C829&comcatid=A17713B6-D984-201A-4143-ED4DB5ED5C2E&page=6 HTTP/1.1" 200 74891
46.229.168.144 - - [13/Apr/2020:09:20:59 +0200] "GET /ticket2/opencms/sv/buy/?edid=CFB00141-297E-C048-020A-09E02D385501&page=1 HTTP/1.1" 200 72181
46.229.168.145 - - [13/Apr/2020:09:21:02 +0200] "GET /ticket2/opencms/nl/buy/?column=section&edid=D4257B4D-221F-23FE-F1F6-6C524759B22C&page=1&sortorder=desc HTTP/1.1" 200 70248
95.216.20.54 - - [13/Apr/2020:09:21:05 +0200] "GET /ticket2/opencms/fi/sell/?edid=88A9DB29-DA7F-5892-01EC-B646B52763FF HTTP/1.1" 302 -
67.225.220.120 - - [13/Apr/2020:09:21:08 +0200] "GET /ticket2/opencms/en/buy/?page=1&edid=74EFCA32-6815-FF4B-4089-5178E45F69AE HTTP/1.1" 200 71076
173.208.130.202 - - [13/Apr/2020:09:21:09 +0200] "GET /ticket2/opencms/en/buy/?page=1&edid=AF586143-17F7-B16E-465F-B1DAF39476EF&sortorder=asc&column=row HTTP/1.1" 200 71345
95.216.20.54 - - [13/Apr/2020:09:21:10 +0200] "GET /ticket2/opencms/fi/login/?edid=88A9DB29-DA7F-5892-01EC-B646B52763FF HTTP/1.1" 200 68719
47.54.35.136 - - [13/Apr/2020:09:21:15 +0200] "GET /ticket2/opencms/en/buy/?page=1&edid=7A7AA818-DDC7-0640-E83C-722520D16871&sortorder=asc&column=section HTTP/1.1" 200 71973
95.216.20.54 - - [13/Apr/2020:09:21:15 +0200] "GET /ticket2/opencms/fi/sell/?edid=8A4A718B-F47F-7F60-721A-7893320E945C HTTP/1.1" 302 -
46.229.168.153 - - [13/Apr/2020:09:21:15 +0200] "GET /ticket2/opencms/fi/buy/?edid=91B54E6E-0900-756C-0831-B2A406984595&page=1 HTTP/1.1" 200 70619
46.229.168.144 - - [13/Apr/2020:09:21:17 +0200] "GET /ticket2/opencms/dk/sell/?edid=7EF7D37C-07FE-3083-E852-5E98E846AE0C HTTP/1.1" 302 -
208.110.93.78 - - [13/Apr/2020:09:21:18 +0200] "GET /ticket2/opencms/no/buy/?page=1&edid=C5EDED48-3300-FDD0-AFD9-1014EE7B183E&sortorder=desc&column=section HTTP/1.1" 200 69832
47.54.35.136 - - [13/Apr/2020:09:21:21 +0200] "GET /ticket2/opencms/en/buy/?page=1&edid=7B3AC7D7-1526-4F6F-CBCE-129EE69ABE1E&sortorder=asc&column=price HTTP/1.1" 200 71971
95.216.20.54 - - [13/Apr/2020:09:21:22 +0200] "GET /ticket2/opencms/fi/login/?edid=8A4A718B-F47F-7F60-721A-7893320E945C HTTP/1.1" 200 68719
173.208.130.202 - - [13/Apr/2020:09:21:26 +0200] "GET /ticket2/opencms/en/buy/?page=1&edid=AF586143-17F7-B16E-465F-B1DAF39476EF&sortorder=asc&column=section HTTP/1.1" 200 71345
46.229.168.135 - - [13/Apr/2020:09:21:27 +0200] "GET /ticket2/opencms/sv/konsertbiljetter/alice-cooper/ HTTP/1.1" 200 66724
192.99.15.199 - - [13/Apr/2020:09:21:30 +0200] "GET /ticket2/opencms/sv/venue/?venueid=15123ED8-609E-2D0A-517F-C0F7E5CB9508 HTTP/1.1" 200 65441
114.119.166.165 - - [13/Apr/2020:09:21:33 +0200] "GET /ticket2/opencms/no/buy/?page=6&comcatid=97ECA65A-72DA-F9AF-9DBB-245D3CFED1BE&catid=2E79AED8-FF58-B4E8-AFB0-43E7CEBE7864 HTTP/1.1" 200 70756
46.229.168.150 - - [13/Apr/2020:09:21:34 +0200] "GET /ticket2/opencms/sv/buy/?column=section&edid=DDC4F101-7A24-C9CE-194A-9345F8ED8B64&page=1&sortorder=desc HTTP/1.1" 200 70821
95.216.20.54 - - [13/Apr/2020:09:21:35 +0200] "GET /ticket2/opencms/fi/sell/?edid=8C9FFD62-1801-D529-A3AE-EDFEA6DD7120 HTTP/1.1" 302 -
69.30.198.186 - - [13/Apr/2020:09:21:37 +0200] "GET /ticket2/opencms/dk/buy/?page=1&edid=0563F920-CF99-6087-05D0-83520C85CBAE&sortorder=asc&column=section HTTP/1.1" 200 69313
46.229.168.133 - - [13/Apr/2020:09:21:37 +0200] "GET /ticket2/opencms/sv/sport/hockeybiljetter/nhl/chicago-blackhawks/ HTTP/1.1" 200 67634
66.249.79.87 - - [13/Apr/2020:09:21:40 +0200] "GET /ticket2/opencms/en/venue/?countryid=5EEFCF47-AD38-F951-EE2B-C85C4E24342F HTTP/1.1" 200 94598
46.229.168.139 - - [13/Apr/2020:09:21:40 +0200] "GET /ticket2/opencms/nl/login/?url=%25252Fnl%25252Fsell%25252F HTTP/1.1" 200 66495
95.216.20.54 - - [13/Apr/2020:09:21:42 +0200] "GET /ticket2/opencms/fi/login/?edid=8C9FFD62-1801-D529-A3AE-EDFEA6DD7120 HTTP/1.1" 200 68719
46.229.168.147 - - [13/Apr/2020:09:21:45 +0200] "GET /ticket2/opencms/dk/sell/?edid=A0AE6060-42D3-62B5-1A6C-E236AB2B6108 HTTP/1.1" 302 -
173.208.130.202 - - [13/Apr/2020:09:21:46 +0200] "GET /ticket2/opencms/fi/buy/?page=1&edid=1B3695A1-C6BF-D11C-9A7D-82951655EF61&sortorder=desc&column=price HTTP/1.1" 200 70660
192.99.5.228 - - [13/Apr/2020:09:21:47 +0200] "GET /ticket2/opencms/dk/buy/?page=1&edid=1118CA9D-86D0-FF33-6F80-5DE6EAD42BE8&sortorder=desc&column=row HTTP/1.1" 200 71210
47.54.35.136 - - [13/Apr/2020:09:21:51 +0200] "GET /ticket2/opencms/en/buy/?page=1&edid=7B3AC7D7-1526-4F6F-CBCE-129EE69ABE1E&sortorder=asc&column=row HTTP/1.1" 200 71971
192.99.37.116 - - [13/Apr/2020:09:21:51 +0200] "GET /ticket2/opencms/fi/buy/?page=1&edid=FAA7165D-A922-1603-AEA2-82846AE794CA&sortorder=desc&column=row HTTP/1.1" 200 73840
95.216.20.54 - - [13/Apr/2020:09:21:54 +0200] "GET /ticket2/opencms/fi/sell/?edid=8D0B917F-1714-CEE9-8306-2BA97791725F HTTP/1.1" 302 -
208.110.93.78 - - [13/Apr/2020:09:21:55 +0200] "GET /ticket2/opencms/no/buy/?page=1&edid=C624B2E6-D832-C748-3C71-308D0CDEE890 HTTP/1.1" 200 71181
47.54.35.136 - - [13/Apr/2020:09:21:57 +0200] "GET /ticket2/opencms/en/buy/?page=1&edid=7B3AC7D7-1526-4F6F-CBCE-129EE69ABE1E&sortorder=asc&column=section HTTP/1.1" 200 71971
173.208.130.202 - - [13/Apr/2020:09:22:02 +0200] "GET /ticket2/opencms/fi/buy/?page=1&edid=1B3695A1-C6BF-D11C-9A7D-82951655EF61&sortorder=desc&column=row HTTP/1.1" 200 70660
46.229.168.135 - - [13/Apr/2020:09:22:05 +0200] "GET /ticket2/opencms/fi/buy/?column=price&edid=B24FF876-8830-0F9A-F5A8-7941E9512E3C&page=1&sortorder=desc HTTP/1.1" 200 72916
46.229.168.145 - - [13/Apr/2020:09:22:05 +0200] "GET /ticket2/opencms/robots.txt HTTP/1.1" 200 773
95.216.20.54 - - [13/Apr/2020:09:22:06 +0200] "GET /ticket2/opencms/fi/login/?edid=8D0B917F-1714-CEE9-8306-2BA97791725F HTTP/1.1" 200 68719
95.216.20.54 - - [13/Apr/2020:09:22:11 +0200] "GET /ticket2/opencms/fi/sell/?edid=8E57ADB5-FD60-6D77-3B65-4D1A45F76D57 HTTP/1.1" 302 -
46.229.168.151 - - [13/Apr/2020:09:22:13 +0200] "GET /ticket2/opencms/en/buy/?column=price&edid=5D700640-E13B-1534-DC36-11A7DB2850E1&page=1&sortorder=asc HTTP/1.1" 200 71973
192.99.15.199 - - [13/Apr/2020:09:22:14 +0200] "GET /ticket2/opencms/sv/venue/?venueid=15151A16-ED21-AEFF-1EA7-20D9BB091B8D HTTP/1.1" 200 65517
95.216.20.54 - - [13/Apr/2020:09:22:15 +0200] "GET /ticket2/opencms/fi/login/?edid=8E57ADB5-FD60-6D77-3B65-4D1A45F76D57 HTTP/1.1" 200 68719
46.229.168.150 - - [13/Apr/2020:09:22:19 +0200] "GET /ticket2/opencms/ru/buy/?edid=FADE2A12-9616-6207-E902-42F48D6B77F7&page=1 HTTP/1.1" 200 70194
66.249.79.149 - - [13/Apr/2020:09:22:21 +0200] "GET /ticket2/opencms/fi/urheilu/jalkapallo/bundesliga/hamburger/ HTTP/1.1" 200 67486
46.229.168.138 - - [13/Apr/2020:09:22:23 +0200] "GET /ticket2/opencms/nl/buy/?edid=16DC67F5-9434-FD84-70BE-618276292715&page=1 HTTP/1.1" 200 68283
95.216.20.54 - - [13/Apr/2020:09:22:24 +0200] "GET /ticket2/opencms/fi/sell/?edid=8F2DF92B-33CA-7628-E6A6-296B4336596E HTTP/1.1" 302 -
67.225.220.120 - - [13/Apr/2020:09:22:25 +0200] "GET /ticket2/opencms/en/buy/?page=1&edid=92D7B757-A51C-01B4-DEF0-576B5ED68075 HTTP/1.1" 200 69215
67.225.220.120 - - [13/Apr/2020:09:22:25 +0200] "GET /ticket2/opencms/en/buy/?page=1&edid=71496077-5B1C-FE48-E8D7-00D3EF8F08C6 HTTP/1.1" 200 70623
173.208.130.202 - - [13/Apr/2020:09:22:25 +0200] "GET /ticket2/opencms/fi/buy/?page=1&edid=1B3695A1-C6BF-D11C-9A7D-82951655EF61&sortorder=desc&column=section HTTP/1.1" 200 70660
47.54.35.136 - - [13/Apr/2020:09:22:30 +0200] "GET /ticket2/opencms/en/buy/?page=1&edid=7B45DE91-84F9-B98F-EB69-4E264B587ED4&sortorder=asc&column=price HTTP/1.1" 200 71333
46.229.168.137 - - [13/Apr/2020:09:22:31 +0200] "GET /ticket2/opencms/no/buy/?catid=E03F2203-3943-A0F0-A47D-D9E7CDA79C6B&comcatid=B41CCF2B-5558-7AEE-3602-09BBDE417D65&page=6 HTTP/1.1" 200 67845
208.110.93.78 - - [13/Apr/2020:09:22:33 +0200] "GET /ticket2/opencms/no/buy/?page=1&edid=C624B2E6-D832-C748-3C71-308D0CDEE890&sortorder=asc&column=price HTTP/1.1" 200 71217
46.229.168.145 - - [13/Apr/2020:09:22:33 +0200] "GET /ticket2/opencms/fi/buy/?column=section&edid=61A920BB-7501-6BA5-BF61-F395A116E7BC&page=1&sortorder=asc HTTP/1.1" 200 70629
47.54.35.136 - - [13/Apr/2020:09:22:36 +0200] "GET /ticket2/opencms/en/buy/?page=1&edid=7B45DE91-84F9-B98F-EB69-4E264B587ED4&sortorder=asc&column=row HTTP/1.1" 200 71333
46.229.168.141 - - [13/Apr/2020:09:22:36 +0200] "GET /ticket2/opencms/no/buy/?column=price&edid=6440E7CC-E56C-CD13-BB09-A84D83EDDD53&page=1&sortorder=asc HTTP/1.1" 200 71886
95.216.20.54 - - [13/Apr/2020:09:22:36 +0200] "GET /ticket2/opencms/fi/login/?edid=8F2DF92B-33CA-7628-E6A6-296B4336596E HTTP/1.1" 200 68719
192.99.37.116 - - [13/Apr/2020:09:22:38 +0200] "GET /ticket2/opencms/fi/buy/?page=1&edid=FB730AA6-A470-8EFB-27FE-924D530AC7B8&sortorder=desc&column=row HTTP/1.1" 200 72509
173.208.130.202 - - [13/Apr/2020:09:22:42 +0200] "GET /ticket2/opencms/fi/buy/?page=1&edid=1B4F6C5B-BAFB-1ABF-BC73-B86FEBD8CF90 HTTP/1.1" 200 70615
46.229.168.150 - - [13/Apr/2020:09:22:44 +0200] "GET /ticket2/opencms/nl/buy/?column=section&edid=5AF0C2F9-FCF1-BB9C-5B74-9352324B61E3&page=1&sortorder=desc HTTP/1.1" 200 69727
46.229.168.134 - - [13/Apr/2020:09:22:46 +0200] "GET /ticket2/opencms/en/buy/?column=row&edid=3CC17989-3033-10BE-F5C3-D729834B05F5&page=1&sortorder=desc HTTP/1.1" 200 71320
46.229.168.134 - - [13/Apr/2020:09:22:47 +0200] "GET /ticket2/opencms/fi/venue/?countryid=01A4931A-C165-4B79-C9B2-6B15C1A8EA57 HTTP/1.1" 200 124027
216.245.221.82 - - [13/Apr/2020:09:22:51 +0200] "HEAD /ticket2/opencms/en/ HTTP/1.1" 200 -
46.229.168.147 - - [13/Apr/2020:09:22:52 +0200] "GET /ticket2/opencms/no/buy/?column=row&edid=C10D9635-5494-FEA9-6350-024287F4715F&page=1&sortorder=asc HTTP/1.1" 200 71910
69.30.198.186 - - [13/Apr/2020:09:22:52 +0200] "GET /ticket2/opencms/dk/buy/?page=1&edid=0563F920-CF99-6087-05D0-83520C85CBAE&sortorder=desc&column=row HTTP/1.1" 200 69312
46.229.168.154 - - [13/Apr/2020:09:22:53 +0200] "GET /ticket2/opencms/sv/buy/?column=price&edid=2705CEF5-32FC-A534-8161-F914D9EB717F&page=1&sortorder=desc HTTP/1.1" 200 71867
95.216.20.54 - - [13/Apr/2020:09:22:55 +0200] "GET /ticket2/opencms/fi/sell/?edid=8F2EA82F-1C6C-9036-0988-DD6F416ABA0F HTTP/1.1" 302 -
46.229.168.132 - - [13/Apr/2020:09:22:55 +0200] "GET /ticket2/opencms/en/venue/?countryid=4067501C-3738-9610-03B0-18FCE6867011 HTTP/1.1" 200 94598
46.229.168.134 - - [13/Apr/2020:09:22:58 +0200] "GET /ticket2/opencms/sv/buy/?column=section&edid=4617C55B-06DD-D946-806A-F2B594F64A95&page=1&sortorder=asc HTTP/1.1" 200 72074
46.229.168.134 - - [13/Apr/2020:09:22:58 +0200] "GET /ticket2/opencms/en/buy/?catid=E3105E1E-3982-291E-5523-1C1DF161E9B7&comcatid=97ECA65A-72DA-F9AF-9DBB-245D3CFED1BE&page=6 HTTP/1.1" 200 86354
192.99.5.228 - - [13/Apr/2020:09:23:01 +0200] "GET /ticket2/opencms/dk/buy/?page=1&edid=1118CA9D-86D0-FF33-6F80-5DE6EAD42BE8&sortorder=desc&column=section HTTP/1.1" 200 71210
173.208.130.202 - - [13/Apr/2020:09:23:03 +0200] "GET /ticket2/opencms/fi/buy/?page=1&edid=1B4F6C5B-BAFB-1ABF-BC73-B86FEBD8CF90&sortorder=asc&column=price HTTP/1.1" 200 70651
95.216.20.54 - - [13/Apr/2020:09:23:03 +0200] "GET /ticket2/opencms/fi/login/?edid=8F2EA82F-1C6C-9036-0988-DD6F416ABA0F HTTP/1.1" 200 68719
192.99.15.199 - - [13/Apr/2020:09:23:04 +0200] "GET /ticket2/opencms/sv/venue/?venueid=1519CE72-0A25-6BA0-48DA-5661E0A521EF HTTP/1.1" 200 65522
46.229.168.154 - - [13/Apr/2020:09:23:05 +0200] "GET /ticket2/opencms/fi/buy/?column=section&edid=CD1115D3-BE54-2063-75D0-2971502660D4&page=1&sortorder=desc HTTP/1.1" 200 72917
47.54.35.136 - - [13/Apr/2020:09:23:08 +0200] "GET /ticket2/opencms/en/buy/?page=1&edid=7B45DE91-84F9-B98F-EB69-4E264B587ED4&sortorder=asc&column=section HTTP/1.1" 200 71333
46.229.168.140 - - [13/Apr/2020:09:23:08 +0200] "GET /ticket2/opencms/sv/buy/?column=price&edid=606531C5-CF71-89DE-0E4C-EEBAF097DA09&page=1&sortorder=desc HTTP/1.1" 200 69489
192.99.37.116 - - [13/Apr/2020:09:23:09 +0200] "GET /ticket2/opencms/robots.txt HTTP/1.1" 200 773
208.110.93.78 - - [13/Apr/2020:09:23:12 +0200] "GET /ticket2/opencms/no/buy/?page=1&edid=C624B2E6-D832-C748-3C71-308D0CDEE890&sortorder=asc&column=row HTTP/1.1" 200 71217
95.216.20.54 - - [13/Apr/2020:09:23:13 +0200] "GET /ticket2/opencms/fi/sell/?edid=901D9A4F-321D-5CA8-6E1F-1A6F2E210960 HTTP/1.1" 302 -
47.54.35.136 - - [13/Apr/2020:09:23:14 +0200] "GET /ticket2/opencms/en/buy/?page=1&edid=7BE80F00-2774-9750-D835-26047A5CC0BC&sortorder=asc&column=price HTTP/1.1" 200 69266
46.229.168.136 - - [13/Apr/2020:09:23:15 +0200] "GET /ticket2/opencms/fi/buy/?column=row&edid=483DE968-0F92-92A6-2252-5119D821D98E&page=1&sortorder=asc HTTP/1.1" 200 73836
173.208.130.202 - - [13/Apr/2020:09:23:19 +0200] "GET /ticket2/opencms/fi/buy/?page=1&edid=1B4F6C5B-BAFB-1ABF-BC73-B86FEBD8CF90&sortorder=asc&column=row HTTP/1.1" 200 70651
95.216.20.54 - - [13/Apr/2020:09:23:22 +0200] "GET /ticket2/opencms/fi/login/?edid=901D9A4F-321D-5CA8-6E1F-1A6F2E210960 HTTP/1.1" 200 68719
46.229.168.141 - - [13/Apr/2020:09:23:24 +0200] "GET /ticket2/opencms/dk/buy/?column=section&edid=8AD96918-4845-F025-BEBF-8271DEECF8F7&page=1&sortorder=desc HTTP/1.1" 200 70732
95.216.20.54 - - [13/Apr/2020:09:23:27 +0200] "GET /ticket2/opencms/fi/sell/?edid=916F2EF4-6FE1-7E81-87CE-194E3C0EB782 HTTP/1.1" 302 -
46.229.168.148 - - [13/Apr/2020:09:23:30 +0200] "GET /ticket2/opencms/sv/buy/?column=section&edid=6107D58F-F85C-BA86-16B2-9BB9429A0FCE&page=1&sortorder=asc HTTP/1.1" 200 69473
95.216.20.54 - - [13/Apr/2020:09:23:33 +0200] "GET /ticket2/opencms/fi/login/?edid=916F2EF4-6FE1-7E81-87CE-194E3C0EB782 HTTP/1.1" 200 68719
69.30.198.186 - - [13/Apr/2020:09:23:34 +0200] "GET /ticket2/opencms/dk/buy/?page=1&edid=05AD4242-CCA8-FAB4-A58F-BA368D10F11A&sortorder=asc&column=price HTTP/1.1" 200 69308
46.229.168.147 - - [13/Apr/2020:09:23:37 +0200] "GET /ticket2/opencms/nl/buy/?column=section&edid=D0C52E1D-8DAD-F095-7BFA-BB37BED635A0&page=1&sortorder=asc HTTP/1.1" 200 69953
173.208.130.202 - - [13/Apr/2020:09:23:41 +0200] "GET /ticket2/opencms/fi/buy/?page=1&edid=1B4F6C5B-BAFB-1ABF-BC73-B86FEBD8CF90&sortorder=asc&column=section HTTP/1.1" 200 70651
95.216.20.54 - - [13/Apr/2020:09:23:43 +0200] "GET /ticket2/opencms/fi/sell/?edid=926F727C-C5D2-34B9-5459-6E7B041674A9 HTTP/1.1" 302 -
67.225.220.120 - - [13/Apr/2020:09:23:45 +0200] "GET /ticket2/opencms/en/buy/?page=1&edid=6107D58F-F85C-BA86-16B2-9BB9429A0FCE HTTP/1.1" 200 69200
47.54.35.136 - - [13/Apr/2020:09:23:46 +0200] "GET /ticket2/opencms/en/buy/?page=1&edid=7BE80F00-2774-9750-D835-26047A5CC0BC&sortorder=asc&column=row HTTP/1.1" 200 69266
46.229.168.144 - - [13/Apr/2020:09:23:48 +0200] "GET /ticket2/opencms/sv/buy/?column=row&edid=EA6DAAD2-200A-052A-B4F6-5898239F72D4&page=1&sortorder=desc HTTP/1.1" 200 71335
192.99.15.199 - - [13/Apr/2020:09:23:49 +0200] "GET /ticket2/opencms/sv/venue/?venueid=161C816B-5393-87DD-7C00-0A52E6B6AAA6 HTTP/1.1" 200 65536
208.110.93.78 - - [13/Apr/2020:09:23:49 +0200] "GET /ticket2/opencms/no/buy/?page=1&edid=C624B2E6-D832-C748-3C71-308D0CDEE890&sortorder=asc&column=section HTTP/1.1" 200 71217
95.216.20.54 - - [13/Apr/2020:09:23:50 +0200] "GET /ticket2/opencms/fi/login/?edid=926F727C-C5D2-34B9-5459-6E7B041674A9 HTTP/1.1" 200 68719
46.229.168.136 - - [13/Apr/2020:09:23:51 +0200] "GET /ticket2/opencms/en/buy/?column=row&edid=9436F676-D007-3EC8-B7AD-41F5E4AABF15&page=1&sortorder=desc HTTP/1.1" 200 69242
47.54.35.136 - - [13/Apr/2020:09:23:52 +0200] "GET /ticket2/opencms/en/buy/?page=1&edid=7EB7BD2E-35BC-AFEE-4299-6D56D0CD8BF2&sortorder=asc&column=price HTTP/1.1" 200 72251
