46.229.168.152 - - [13/Apr/2020:03:42:43 +0200] "GET /ticket2/opencms/sv/buy/?column=price&edid=6D659B0C-D907-0405-67DC-00DF3824F864&page=1&sortorder=desc HTTP/1.1" 200 69486
144.76.56.124 - - [13/Apr/2020:03:42:44 +0200] "GET /ticket2/opencms/dk/buy/?page=1&edid=2D864439-4FCB-5F1A-C868-38EA84E729F1&sortorder=asc&column=row HTTP/1.1" 200 69318
46.229.168.136 - - [13/Apr/2020:03:42:45 +0200] "GET /ticket2/opencms/sv/sell/?edid=6AEA7B0B-C565-4F77-5066-1C24C6353E29 HTTP/1.1" 302 -
144.76.56.124 - - [13/Apr/2020:03:42:48 +0200] "GET /ticket2/opencms/dk/buy/?page=1&edid=2D864439-4FCB-5F1A-C868-38EA84E729F1&sortorder=asc&column=section HTTP/1.1" 200 69318
46.229.168.131 - - [13/Apr/2020:03:42:49 +0200] "GET /ticket2/opencms/fi/buy/?column=row&edid=5FD7F878-D2A8-175B-E350-C7562F147410&page=1&sortorder=asc HTTP/1.1" 200 72076
46.229.168.138 - - [13/Apr/2020:03:42:53 +0200] "GET /ticket2/opencms/sv/sport/fotbollsbiljetter/bundesliga/fc_nurnberg/ HTTP/1.1" 200 66280
46.229.168.141 - - [13/Apr/2020:03:42:55 +0200] "GET /ticket2/opencms/dk/buy/?column=price&edid=736BD66B-437C-04AF-E221-4773B900AE5E&page=1&sortorder=desc HTTP/1.1" 200 71219
46.229.168.134 - - [13/Apr/2020:03:43:00 +0200] "GET /ticket2/opencms/sv/buy/?column=section&edid=27B5C52A-A7F8-FFF2-CD66-BA61BDE1F885&page=1&sortorder=asc HTTP/1.1" 200 70922
46.229.168.137 - - [13/Apr/2020:03:43:01 +0200] "GET /ticket2/opencms/fi/buy/?column=row&edid=B8736786-BDEB-839B-CA60-E0B1B63D3892&page=1&sortorder=asc HTTP/1.1" 200 72982
46.229.168.134 - - [13/Apr/2020:03:43:05 +0200] "GET /ticket2/opencms/sv/buy/?column=row&edid=8C9FFD62-1801-D529-A3AE-EDFEA6DD7120&page=1&sortorder=asc HTTP/1.1" 200 71357
46.229.168.162 - - [13/Apr/2020:03:43:07 +0200] "GET /ticket2/opencms/no/buy/?catid=412DBCF4-025D-8ABC-7A40-D7C760E055FF&comcatid=0A6B8208-FDA4-E929-9D72-5312FD481B76&page=6 HTTP/1.1" 200 69498
157.55.39.12 - - [13/Apr/2020:03:43:07 +0200] "GET /ticket2/opencms/dk/venue/?countryid=994C90A3-4106-B64A-E9EB-11D9EC699E18 HTTP/1.1" 200 94618
46.229.168.146 - - [13/Apr/2020:03:43:10 +0200] "GET /ticket2/opencms/sv/buy/?edid=594D1460-F338-C3DC-268B-862093EA57FF&page=1 HTTP/1.1" 200 69463
144.76.56.124 - - [13/Apr/2020:03:43:22 +0200] "GET /ticket2/opencms/dk/buy/?page=1&edid=2D864439-4FCB-5F1A-C868-38EA84E729F1&sortorder=desc&column=price HTTP/1.1" 200 69317
67.225.220.120 - - [13/Apr/2020:03:43:25 +0200] "GET /ticket2/opencms/en/buy/?page=1&edid=D7C0DA77-DBEA-6309-806C-0F1B3D98F5E1 HTTP/1.1" 200 71140
46.229.168.149 - - [13/Apr/2020:03:43:39 +0200] "GET /ticket2/opencms/no/buy/?column=section&edid=7F8B2088-F66C-0BB3-8FFA-EEE2CAC7FB68&page=1&sortorder=asc HTTP/1.1" 200 71442
144.76.56.124 - - [13/Apr/2020:03:43:52 +0200] "GET /ticket2/opencms/dk/buy/?page=1&edid=2D864439-4FCB-5F1A-C868-38EA84E729F1&sortorder=desc&column=row HTTP/1.1" 200 69317
114.119.161.187 - - [13/Apr/2020:03:44:18 +0200] "GET /ticket2/opencms/sv/buy/?page=1&edid=46D76B29-FAEB-68DD-CFAD-97926EF88CBB&sortorder=desc&column=row HTTP/1.1" 200 72214
216.245.221.82 - - [13/Apr/2020:03:44:34 +0200] "HEAD /ticket2/opencms/en/ HTTP/1.1" 200 -
46.229.168.139 - - [13/Apr/2020:03:44:53 +0200] "GET /ticket2/opencms/en/buy/?column=section&edid=C7115D30-B8A3-CC93-65A1-FAEE93E7AAFA&page=1&sortorder=desc HTTP/1.1" 200 69260
114.119.160.243 - - [13/Apr/2020:03:45:04 +0200] "GET /ticket2/opencms/en/buy/?page=6&comcatid=A17713B6-D984-201A-4143-ED4DB5ED5C2E&catid=5A89E483-58AD-080E-F363-E16CE738916A&eventid=3626A144-441F-96DC-80B9-21C305D20D6C HTTP/1.1" 200 75675
144.76.56.124 - - [13/Apr/2020:03:45:42 +0200] "GET /ticket2/opencms/dk/buy/?page=1&edid=2D864439-4FCB-5F1A-C868-38EA84E729F1&sortorder=desc&column=section HTTP/1.1" 200 69317
46.229.168.138 - - [13/Apr/2020:03:45:44 +0200] "GET /ticket2/opencms/no/buy/?column=row&edid=810B6533-981A-01A9-9FFA-4E176258122F&page=1&sortorder=desc HTTP/1.1" 200 71655
216.245.221.82 - - [13/Apr/2020:03:45:44 +0200] "GET /ticket2/opencms/en/ HTTP/1.1" 200 71871
54.36.149.59 - - [13/Apr/2020:03:46:03 +0200] "GET /ticket2/opencms/dk/buy/?page=1&edid=A345B1C7-2ECE-CCA4-505F-B8BAF9A34AE9 HTTP/1.1" 200 69281
46.229.168.136 - - [13/Apr/2020:03:46:21 +0200] "GET /ticket2/opencms/fi/buy/?column=section&edid=3CC17989-3033-10BE-F5C3-D729834B05F5&page=1&sortorder=desc HTTP/1.1" 200 72717
46.229.168.130 - - [13/Apr/2020:03:46:23 +0200] "GET /ticket2/opencms/fi/buy/?column=price&edid=724247B2-796B-C977-0062-C004D5C1A4FC&page=1&sortorder=asc HTTP/1.1" 200 72298
46.229.168.139 - - [13/Apr/2020:03:46:28 +0200] "GET /ticket2/opencms/en/buy/?column=section&edid=C7115D30-B8A3-CC93-65A1-FAEE93E7AAFA&page=1&sortorder=desc HTTP/1.1" 200 69260
146.185.143.14 - - [13/Apr/2020:03:46:33 +0200] "GET /ticket2/opencms/nl/ HTTP/1.1" 200 70815
46.229.168.143 - - [13/Apr/2020:03:46:33 +0200] "GET /ticket2/opencms/no/buy/?catid=2E79AED8-FF58-B4E8-AFB0-43E7CEBE7864&comcatid=97ECA65A-72DA-F9AF-9DBB-245D3CFED1BE HTTP/1.1" 200 70957
46.137.190.132 - - [13/Apr/2020:03:46:34 +0200] "GET /ticket2/opencms/en/ HTTP/1.1" 200 71871
46.229.168.140 - - [13/Apr/2020:03:46:34 +0200] "GET /ticket2/opencms/no/sport/fotballsbilletter/ligue_1/monaco/ HTTP/1.1" 200 66784
46.229.168.147 - - [13/Apr/2020:03:46:47 +0200] "GET /ticket2/opencms/dk/buy/?column=section&edid=71F8EE29-FA8F-FD46-7D27-26F4014317BC&page=1&sortorder=asc HTTP/1.1" 200 72329
46.229.168.136 - - [13/Apr/2020:03:46:49 +0200] "GET /ticket2/opencms/fi/buy/?column=section&edid=3CC17989-3033-10BE-F5C3-D729834B05F5&page=1&sortorder=desc HTTP/1.1" 200 72717
46.229.168.133 - - [13/Apr/2020:03:46:54 +0200] "GET /ticket2/opencms/sv/buy/?column=price&edid=0812742F-8B41-850C-7814-070681F8DAC0&page=1&sortorder=desc HTTP/1.1" 200 70938
46.229.168.138 - - [13/Apr/2020:03:46:54 +0200] "GET /ticket2/opencms/no/buy/?column=row&edid=810B6533-981A-01A9-9FFA-4E176258122F&page=1&sortorder=desc HTTP/1.1" 200 71655
46.229.168.133 - - [13/Apr/2020:03:47:07 +0200] "GET /ticket2/opencms/sv/buy/?column=price&edid=0812742F-8B41-850C-7814-070681F8DAC0&page=1&sortorder=desc HTTP/1.1" 200 70938
54.36.149.99 - - [13/Apr/2020:03:47:07 +0200] "GET /ticket2/opencms/ru/buy/?page=1&edid=17173721-29ED-E7D9-9C19-AF2AC3847802 HTTP/1.1" 200 70214
46.229.168.143 - - [13/Apr/2020:03:47:07 +0200] "GET /ticket2/opencms/no/buy/?catid=2E79AED8-FF58-B4E8-AFB0-43E7CEBE7864&comcatid=97ECA65A-72DA-F9AF-9DBB-245D3CFED1BE HTTP/1.1" 200 70957
46.229.168.149 - - [13/Apr/2020:03:47:07 +0200] "GET /ticket2/opencms/nl/buy/?comcatid=97ECA65A-72DA-F9AF-9DBB-245D3CFED1BE&page=6 HTTP/1.1" 200 85386
144.76.56.124 - - [13/Apr/2020:03:47:12 +0200] "GET /ticket2/opencms/dk/buy/?page=1&edid=2E351EEA-33B4-0E8E-6D73-E9AB91DE426F HTTP/1.1" 200 69283
46.229.168.140 - - [13/Apr/2020:03:47:12 +0200] "GET /ticket2/opencms/no/sport/fotballsbilletter/ligue_1/monaco/ HTTP/1.1" 200 66784
46.229.168.141 - - [13/Apr/2020:03:47:12 +0200] "GET /ticket2/opencms/robots.txt HTTP/1.1" 200 773
46.229.168.130 - - [13/Apr/2020:03:47:15 +0200] "GET /ticket2/opencms/fi/buy/?column=price&edid=724247B2-796B-C977-0062-C004D5C1A4FC&page=1&sortorder=asc HTTP/1.1" 200 72298
46.229.168.137 - - [13/Apr/2020:03:47:18 +0200] "GET /ticket2/opencms/sv/buy/?column=price&edid=93EAB1FB-E361-1C6A-65E8-48D7E58E8464&page=1&sortorder=asc HTTP/1.1" 200 69481
46.229.168.137 - - [13/Apr/2020:03:47:23 +0200] "GET /ticket2/opencms/sv/buy/?column=price&edid=93EAB1FB-E361-1C6A-65E8-48D7E58E8464&page=1&sortorder=asc HTTP/1.1" 200 69481
46.229.168.147 - - [13/Apr/2020:03:47:27 +0200] "GET /ticket2/opencms/dk/buy/?column=section&edid=71F8EE29-FA8F-FD46-7D27-26F4014317BC&page=1&sortorder=asc HTTP/1.1" 200 72329
144.76.56.124 - - [13/Apr/2020:03:47:29 +0200] "GET /ticket2/opencms/dk/buy/?page=1&edid=2E4F8B90-0A99-D872-0996-CB4BBB296F52&sortorder=asc&column=row HTTP/1.1" 200 69336
46.229.168.149 - - [13/Apr/2020:03:47:32 +0200] "GET /ticket2/opencms/nl/buy/?comcatid=97ECA65A-72DA-F9AF-9DBB-245D3CFED1BE&page=6 HTTP/1.1" 200 85386
46.229.168.131 - - [13/Apr/2020:03:47:34 +0200] "GET /ticket2/opencms/sv/buy/?edid=E469B9C9-243B-1B75-04D1-50A5987FFFC3&page=1 HTTP/1.1" 200 72659
46.229.168.163 - - [13/Apr/2020:03:47:47 +0200] "GET /ticket2/opencms/en/buy/?column=row&edid=A18B7AA2-BC88-9685-D882-F3ACFA423D12&page=1&sortorder=desc HTTP/1.1" 200 69246
46.229.168.163 - - [13/Apr/2020:03:47:49 +0200] "GET /ticket2/opencms/sv/buy/?column=row&edid=EB9B2650-FD8D-90CB-E889-0D0B52112AB1&page=1&sortorder=desc HTTP/1.1" 200 71351
67.225.220.120 - - [13/Apr/2020:03:47:52 +0200] "GET /ticket2/opencms/en/buy/?page=1&edid=EE632555-6082-7BDB-C3A6-CC4420D9FB41 HTTP/1.1" 200 69213
67.225.220.120 - - [13/Apr/2020:03:47:54 +0200] "GET /ticket2/opencms/en/buy/?page=1&edid=1C562745-1431-CFB1-8C43-89D2BFF085C5 HTTP/1.1" 200 69241
46.229.168.129 - - [13/Apr/2020:03:47:58 +0200] "GET /ticket2/opencms/fi/buy/?edid=E19497C9-118B-A064-F507-FC97F0048E30&page=1 HTTP/1.1" 200 72885
216.245.221.82 - - [13/Apr/2020:03:47:58 +0200] "HEAD /ticket2/opencms/ HTTP/1.1" 302 -
46.229.168.134 - - [13/Apr/2020:03:48:02 +0200] "GET /ticket2/opencms/en/buy/?column=row&edid=89D89E9E-8D04-F641-B1B5-F18BACE2A9FB&page=1&sortorder=asc HTTP/1.1" 200 69236
46.229.168.163 - - [13/Apr/2020:03:48:11 +0200] "GET /ticket2/opencms/no/buy/?edid=80EE9861-CE07-B7DE-A3DB-A6E5C8995BA8&page=1 HTTP/1.1" 200 71427
46.229.168.131 - - [13/Apr/2020:03:48:13 +0200] "GET /ticket2/opencms/sv/buy/?edid=E469B9C9-243B-1B75-04D1-50A5987FFFC3&page=1 HTTP/1.1" 200 72659
46.229.168.133 - - [13/Apr/2020:03:48:26 +0200] "GET /ticket2/opencms/fi/buy/?column=section&edid=7F8B2088-F66C-0BB3-8FFA-EEE2CAC7FB68&page=1&sortorder=asc HTTP/1.1" 200 72281
46.229.168.134 - - [13/Apr/2020:03:48:28 +0200] "GET /ticket2/opencms/fi/buy/?column=price&edid=0129609A-3018-8F44-D6E1-E02EE1FA3514&page=1&sortorder=asc HTTP/1.1" 200 70649
54.36.148.116 - - [13/Apr/2020:03:48:32 +0200] "GET /ticket2/opencms/dk/buy/?page=1&edid=34082AC9-0CEA-1E79-FF52-C5B17CA5C8C5 HTTP/1.1" 200 69306
46.229.168.129 - - [13/Apr/2020:03:48:37 +0200] "GET /ticket2/opencms/fi/buy/?edid=E19497C9-118B-A064-F507-FC97F0048E30&page=1 HTTP/1.1" 200 72885
67.225.220.120 - - [13/Apr/2020:03:48:42 +0200] "GET /ticket2/opencms/en/buy/?page=1&edid=D7034D7E-B33E-22C0-30B0-254A4071E831 HTTP/1.1" 200 69244
46.229.168.131 - - [13/Apr/2020:03:48:45 +0200] "GET /ticket2/opencms/nl/buy/?column=price&edid=B962C40E-5239-1A70-6077-E9EDC5F09084&page=1&sortorder=desc HTTP/1.1" 200 70493
46.229.168.163 - - [13/Apr/2020:03:48:47 +0200] "GET /ticket2/opencms/en/buy/?column=row&edid=A18B7AA2-BC88-9685-D882-F3ACFA423D12&page=1&sortorder=desc HTTP/1.1" 200 69246
144.76.56.124 - - [13/Apr/2020:03:48:51 +0200] "GET /ticket2/opencms/dk/buy/?page=1&edid=2E4F8B90-0A99-D872-0996-CB4BBB296F52&sortorder=asc&column=section HTTP/1.1" 200 69336
46.229.168.163 - - [13/Apr/2020:03:48:52 +0200] "GET /ticket2/opencms/sv/buy/?column=row&edid=EB9B2650-FD8D-90CB-E889-0D0B52112AB1&page=1&sortorder=desc HTTP/1.1" 200 71351
46.229.168.147 - - [13/Apr/2020:03:48:58 +0200] "GET /ticket2/opencms/nl/buy/?edid=69E94548-BA2A-A7B0-2E68-692DBBE997E5&page=1 HTTP/1.1" 200 70359
46.229.168.134 - - [13/Apr/2020:03:48:59 +0200] "GET /ticket2/opencms/en/buy/?column=price&edid=D75E23E2-3BF9-8794-031B-AF07751CB0C8&page=1&sortorder=asc HTTP/1.1" 200 72441
46.229.168.134 - - [13/Apr/2020:03:49:05 +0200] "GET /ticket2/opencms/en/buy/?column=row&edid=89D89E9E-8D04-F641-B1B5-F18BACE2A9FB&page=1&sortorder=asc HTTP/1.1" 200 69236
192.99.13.228 - - [13/Apr/2020:03:49:07 +0200] "GET /ticket2/opencms/en/buy/?page=1&edid=CFC2AA71-77AF-B6F9-E3AC-B5C5B74CC33A&sortorder=asc&column=section HTTP/1.1" 200 70875
46.229.168.163 - - [13/Apr/2020:03:49:11 +0200] "GET /ticket2/opencms/no/buy/?edid=80EE9861-CE07-B7DE-A3DB-A6E5C8995BA8&page=1 HTTP/1.1" 200 71427
67.225.220.120 - - [13/Apr/2020:03:49:13 +0200] "GET /ticket2/opencms/en/buy/?page=1&edid=A6BB718A-C4BD-3D5C-72E2-D776690BA6E7 HTTP/1.1" 200 69202
67.225.220.120 - - [13/Apr/2020:03:49:16 +0200] "GET /ticket2/opencms/en/buy/?page=1&edid=89512C49-9985-8A64-3ABD-3F9CEE88DFB0 HTTP/1.1" 200 71074
46.229.168.139 - - [13/Apr/2020:03:49:21 +0200] "GET /ticket2/opencms/sv/buy/?column=price&edid=5001F909-597E-0965-B8CB-F4DFF6997BB8&page=1&sortorder=desc HTTP/1.1" 200 72655
46.229.168.147 - - [13/Apr/2020:03:49:30 +0200] "GET /ticket2/opencms/nl/buy/?edid=69E94548-BA2A-A7B0-2E68-692DBBE997E5&page=1 HTTP/1.1" 200 70359
46.229.168.134 - - [13/Apr/2020:03:49:31 +0200] "GET /ticket2/opencms/fi/buy/?column=price&edid=0129609A-3018-8F44-D6E1-E02EE1FA3514&page=1&sortorder=asc HTTP/1.1" 200 70649
67.225.220.120 - - [13/Apr/2020:03:49:45 +0200] "GET /ticket2/opencms/en/buy/?page=1&edid=1E1C5946-F8C3-C657-AAD9-AD882D8A36FB HTTP/1.1" 200 69216
144.76.56.124 - - [13/Apr/2020:03:49:47 +0200] "GET /ticket2/opencms/dk/buy/?page=1&edid=2E4F8B90-0A99-D872-0996-CB4BBB296F52&sortorder=asc&column=section HTTP/1.1" 200 69336
114.119.162.122 - - [13/Apr/2020:03:49:51 +0200] "GET /ticket2/opencms/no/buy/?page=1&edid=A4B939B9-02F3-15DE-1828-4B6AE5FDD036&sortorder=desc&column=section HTTP/1.1" 200 71673
46.229.168.129 - - [13/Apr/2020:03:49:54 +0200] "GET /ticket2/opencms/en/buy/?column=price&edid=01361779-A215-4988-A0CA-B22E55ADBD38&page=1&sortorder=desc HTTP/1.1" 200 72442
195.154.167.170 - - [13/Apr/2020:03:49:54 +0200] "GET /ticket2/opencms/ HTTP/1.0" 302 -
46.229.168.131 - - [13/Apr/2020:03:49:56 +0200] "GET /ticket2/opencms/nl/buy/?column=price&edid=B962C40E-5239-1A70-6077-E9EDC5F09084&page=1&sortorder=desc HTTP/1.1" 200 70493
46.229.168.141 - - [13/Apr/2020:03:50:03 +0200] "GET /ticket2/opencms/nl/buy/?column=price&edid=F971B504-A38E-CC54-3E94-36FD288179DE&page=1&sortorder=desc HTTP/1.1" 200 68322
46.229.168.133 - - [13/Apr/2020:03:50:10 +0200] "GET /ticket2/opencms/no/buy/?column=price&edid=F675517E-77A1-26BF-A8E7-E48FFFB49370&page=1&sortorder=desc HTTP/1.1" 200 72814
46.229.168.151 - - [13/Apr/2020:03:50:11 +0200] "GET /ticket2/opencms/en/buy/?column=price&edid=EC21F052-00BC-07D6-2A31-7F40587DDAFC&page=1&sortorder=asc HTTP/1.1" 200 71969
157.55.39.12 - - [13/Apr/2020:03:50:21 +0200] "GET /ticket2/opencms/sv/sport/fotbollsbiljetter/serie_a/roma/lazio.html HTTP/1.1" 200 70194
46.229.168.144 - - [13/Apr/2020:03:50:21 +0200] "GET /ticket2/opencms/robots.txt HTTP/1.1" 200 773
46.229.168.145 - - [13/Apr/2020:03:50:26 +0200] "GET /ticket2/opencms/sv/buy/?column=price&edid=3E844C64-2B32-A35E-237A-EDAC48338BDA&page=1&sortorder=asc HTTP/1.1" 200 71332
46.229.168.144 - - [13/Apr/2020:03:50:30 +0200] "GET /ticket2/opencms/no/buy/?column=row&edid=27A86D6D-4361-DE9B-1D01-A471A84202BD&page=1&sortorder=desc HTTP/1.1" 200 69804
46.229.168.139 - - [13/Apr/2020:03:50:33 +0200] "GET /ticket2/opencms/sv/buy/?column=price&edid=5001F909-597E-0965-B8CB-F4DFF6997BB8&page=1&sortorder=desc HTTP/1.1" 200 72655
46.229.168.144 - - [13/Apr/2020:03:50:33 +0200] "GET /ticket2/opencms/robots.txt HTTP/1.1" 200 773
67.225.220.120 - - [13/Apr/2020:03:50:42 +0200] "GET /ticket2/opencms/en/buy/?page=1&edid=BD31577E-89AE-21C8-EC43-EC092DF762EE HTTP/1.1" 200 71580
46.229.168.131 - - [13/Apr/2020:03:50:42 +0200] "GET /ticket2/opencms/sv/tickets/fiorentina/parma.html HTTP/1.1" 200 67673
46.229.168.133 - - [13/Apr/2020:03:50:42 +0200] "GET /ticket2/opencms/no/buy/?column=price&edid=F675517E-77A1-26BF-A8E7-E48FFFB49370&page=1&sortorder=desc HTTP/1.1" 200 72814
46.229.168.151 - - [13/Apr/2020:03:50:49 +0200] "GET /ticket2/opencms/en/buy/?column=price&edid=EC21F052-00BC-07D6-2A31-7F40587DDAFC&page=1&sortorder=asc HTTP/1.1" 200 71969
144.76.56.124 - - [13/Apr/2020:03:50:54 +0200] "GET /ticket2/opencms/dk/buy/?page=1&edid=2E4F8B90-0A99-D872-0996-CB4BBB296F52&sortorder=desc&column=price HTTP/1.1" 200 69335
46.229.168.148 - - [13/Apr/2020:03:50:54 +0200] "GET /ticket2/opencms/sv/sell/?edid=6A7CCC37-5F63-D2E0-8750-C9D98381AE77 HTTP/1.1" 302 -
46.229.168.129 - - [13/Apr/2020:03:50:56 +0200] "GET /ticket2/opencms/en/buy/?column=price&edid=01361779-A215-4988-A0CA-B22E55ADBD38&page=1&sortorder=desc HTTP/1.1" 200 72442
46.229.168.147 - - [13/Apr/2020:03:50:56 +0200] "GET /ticket2/opencms/robots.txt HTTP/1.1" 200 773
54.36.150.0 - - [13/Apr/2020:03:50:58 +0200] "GET /ticket2/opencms/dk/buy/?page=1&edid=AE63670B-7025-D349-4FA6-EC4A70D9CCBD HTTP/1.1" 200 70722
46.229.168.145 - - [13/Apr/2020:03:51:01 +0200] "GET /ticket2/opencms/sv/buy/?column=price&edid=3E844C64-2B32-A35E-237A-EDAC48338BDA&page=1&sortorder=asc HTTP/1.1" 200 71332
46.229.168.147 - - [13/Apr/2020:03:51:01 +0200] "GET /ticket2/opencms/robots.txt HTTP/1.1" 200 773
46.229.168.144 - - [13/Apr/2020:03:51:05 +0200] "GET /ticket2/opencms/no/buy/?column=row&edid=27A86D6D-4361-DE9B-1D01-A471A84202BD&page=1&sortorder=desc HTTP/1.1" 200 69804
195.154.167.170 - - [13/Apr/2020:03:51:08 +0200] "GET /ticket2/opencms/ HTTP/1.0" 302 -
46.229.168.138 - - [13/Apr/2020:03:51:12 +0200] "GET /ticket2/opencms/fi/buy/?column=section&edid=21864DD1-06B6-914E-55C3-EE8A66B7F27C&page=1&sortorder=desc HTTP/1.1" 200 72304
67.225.220.120 - - [13/Apr/2020:03:51:15 +0200] "GET /ticket2/opencms/en/buy/?page=1&edid=9C4836A1-BD2A-4D85-1156-08B8E0333D34 HTTP/1.1" 200 71076
46.229.168.142 - - [13/Apr/2020:03:51:15 +0200] "GET /ticket2/opencms/sv/buy/?eventid=EE97075D-4741-29BC-A223-21F33338BCCB&page=10 HTTP/1.1" 200 66851
144.76.56.124 - - [13/Apr/2020:03:51:18 +0200] "GET /ticket2/opencms/dk/buy/?page=1&edid=2E4F8B90-0A99-D872-0996-CB4BBB296F52&sortorder=desc&column=section HTTP/1.1" 200 69335
46.229.168.140 - - [13/Apr/2020:03:51:21 +0200] "GET /ticket2/opencms/sv/buy/?column=price&edid=8D609A09-968B-809C-B291-0AEC7810E029&page=1&sortorder=asc HTTP/1.1" 200 71553
46.229.168.140 - - [13/Apr/2020:03:51:35 +0200] "GET /ticket2/opencms/sv/buy/?column=section&edid=9C6F6F9E-235F-4D71-065A-2772E8DEA143&page=1&sortorder=asc HTTP/1.1" 200 69466
46.229.168.134 - - [13/Apr/2020:03:51:36 +0200] "GET /ticket2/opencms/robots.txt HTTP/1.1" 200 773
46.229.168.140 - - [13/Apr/2020:03:51:37 +0200] "GET /ticket2/opencms/sv/buy/?column=section&edid=9C6F6F9E-235F-4D71-065A-2772E8DEA143&page=1&sortorder=asc HTTP/1.1" 200 69466
46.229.168.163 - - [13/Apr/2020:03:51:38 +0200] "GET /ticket2/opencms/fi/buy/?column=section&edid=697D8C0F-8F0F-01B2-F64B-49E5C273E510&page=1&sortorder=asc HTTP/1.1" 200 70670
46.229.168.138 - - [13/Apr/2020:03:51:54 +0200] "GET /ticket2/opencms/fi/buy/?column=section&edid=21864DD1-06B6-914E-55C3-EE8A66B7F27C&page=1&sortorder=desc HTTP/1.1" 200 72304
114.119.166.33 - - [13/Apr/2020:03:51:54 +0200] "GET /ticket2/opencms/dk/buy/?page=6&comcatid=97ECA65A-72DA-F9AF-9DBB-245D3CFED1BE&catid=DA31441B-C568-3C77-D08C-698809032494 HTTP/1.1" 200 70247
46.229.168.134 - - [13/Apr/2020:03:51:54 +0200] "GET /ticket2/opencms/robots.txt HTTP/1.1" 200 773
46.229.168.149 - - [13/Apr/2020:03:51:59 +0200] "GET /ticket2/opencms/nl/buy/?column=price&edid=A936426D-A274-DEB6-C7D0-B6B0CE244BB6&page=1&sortorder=asc HTTP/1.1" 200 69470
67.225.220.120 - - [13/Apr/2020:03:52:13 +0200] "GET /ticket2/opencms/sv/buy/?page=1&edid=7DFA9706-6B2A-B4CC-5A39-A5C330CC4190 HTTP/1.1" 200 71333
67.225.220.120 - - [13/Apr/2020:03:52:13 +0200] "GET /ticket2/opencms/sv/buy/?page=1&edid=7252A51A-97AC-D81E-2DC0-946206EF80FD HTTP/1.1" 200 71537
66.249.79.145 - - [13/Apr/2020:03:52:14 +0200] "GET /ticket2/opencms/ru/buy/?comcatid=B41CCF2B-5558-7AEE-3602-09BBDE417D65 HTTP/1.1" 200 68810
46.229.168.131 - - [13/Apr/2020:03:52:14 +0200] "GET /ticket2/opencms/no/buy/?edid=8BC1C66B-97CD-0682-218C-2DF42CFC3091&page=1 HTTP/1.1" 200 69781
144.76.56.124 - - [13/Apr/2020:03:52:15 +0200] "GET /ticket2/opencms/dk/buy/?page=1&edid=2E4F8B90-0A99-D872-0996-CB4BBB296F52&sortorder=desc&column=section HTTP/1.1" 200 69335
46.229.168.139 - - [13/Apr/2020:03:52:32 +0200] "GET /ticket2/opencms/fi/buy/?column=section&edid=C983C410-A893-1A41-94F2-2B0B8C7A2BBB&page=1&sortorder=desc HTTP/1.1" 200 72560
46.229.168.162 - - [13/Apr/2020:03:52:38 +0200] "GET /ticket2/opencms/dk/buy/?column=price&edid=9BEE3298-1DDF-8579-9C01-31862FFA4289&page=1&sortorder=asc HTTP/1.1" 200 71698
66.249.79.85 - - [13/Apr/2020:03:52:39 +0200] "GET /ticket2/opencms/en/venue/?venueid=FE687578-641E-3F09-3462-AE6F5429E92A HTTP/1.1" 200 65209
144.76.56.124 - - [13/Apr/2020:03:52:47 +0200] "GET /ticket2/opencms/dk/buy/?page=1&edid=2E56A8B0-155D-976C-348E-93E1C4B4957D HTTP/1.1" 200 69278
46.229.168.134 - - [13/Apr/2020:03:52:52 +0200] "GET /ticket2/opencms/sv/buy/?column=price&edid=5588B8CD-BB26-BC2D-8DA2-0851F243FD51&page=1&sortorder=asc HTTP/1.1" 200 69482
46.229.168.131 - - [13/Apr/2020:03:52:52 +0200] "GET /ticket2/opencms/sites/ticketbrokerage/sv/buy/?edid=723CEF51-0638-7D78-655F-CFBEB8CFA851&page=1 HTTP/1.1" 404 -
46.229.168.131 - - [13/Apr/2020:03:52:55 +0200] "GET /ticket2/opencms/no/buy/?edid=8BC1C66B-97CD-0682-218C-2DF42CFC3091&page=1 HTTP/1.1" 200 69781
46.229.168.154 - - [13/Apr/2020:03:53:04 +0200] "GET /ticket2/opencms/sv/buy/?column=row&edid=F54D8C8D-5C06-7A10-2302-6EF73D28A9FF&page=1&sortorder=asc HTTP/1.1" 200 70895
46.229.168.149 - - [13/Apr/2020:03:53:05 +0200] "GET /ticket2/opencms/dk/buy/?column=price&edid=9BED0923-14A8-2EE5-6B02-289962AE6CB1&page=1&sortorder=asc HTTP/1.1" 200 70922
67.225.220.120 - - [13/Apr/2020:03:53:12 +0200] "GET /ticket2/opencms/en/buy/?page=1&edid=424EF7C2-EA43-6C2B-5DFC-FDAAF8467F7B HTTP/1.1" 200 69212
46.229.168.139 - - [13/Apr/2020:03:53:12 +0200] "GET /ticket2/opencms/fi/buy/?column=section&edid=C983C410-A893-1A41-94F2-2B0B8C7A2BBB&page=1&sortorder=desc HTTP/1.1" 200 72560
46.229.168.150 - - [13/Apr/2020:03:53:12 +0200] "GET /ticket2/opencms/en/sell/?edid=99648415-648F-DB49-A6FC-5B7B0B13A0E2 HTTP/1.1" 302 -
46.229.168.145 - - [13/Apr/2020:03:53:19 +0200] "GET /ticket2/opencms/sv/buy/?column=row&edid=2D77D5E8-F469-AAA2-8433-36A939B8305F&page=1&sortorder=asc HTTP/1.1" 200 71577
46.229.168.151 - - [13/Apr/2020:03:53:25 +0200] "GET /ticket2/opencms/fi/buy/?column=section&edid=ABBE5FB1-E092-13A7-2DCD-DF0DD40D61EB&page=1&sortorder=asc HTTP/1.1" 200 70646
54.36.148.37 - - [13/Apr/2020:03:53:38 +0200] "GET /ticket2/opencms/fi/venue/?venueid=058EF548-7E59-A9A1-FFD1-52D7BA231E9F HTTP/1.1" 200 66447
178.154.200.175 - - [13/Apr/2020:03:53:38 +0200] "GET /ticket2/opencms/robots.txt HTTP/1.1" 200 773
178.154.200.175 - - [13/Apr/2020:03:53:42 +0200] "GET /ticket2/opencms/fi/urheilu/jalkapallo/serie_a/palermo/ HTTP/1.1" 200 67767
46.229.168.152 - - [13/Apr/2020:03:53:44 +0200] "GET /ticket2/opencms/sv/buy/?edid=B7653BD0-33A8-8039-42B6-78FA5A3DEC82&page=1 HTTP/1.1" 200 71772
46.229.168.138 - - [13/Apr/2020:03:53:44 +0200] "GET /ticket2/opencms/ru/buy/?edid=14DC85A8-0F78-E63B-3823-C6D5EDB81837&page=1 HTTP/1.1" 200 72329
69.171.251.33 - - [13/Apr/2020:03:53:45 +0200] "GET /ticket2/opencms/?fbclid=IwAR1JcDvhp0EJmDSzKw0PPQchcy4RSDZ-sukadIkAZxbOwH-mACVnbDSCnH4 HTTP/1.1" 302 -
46.229.168.144 - - [13/Apr/2020:03:53:51 +0200] "GET /ticket2/opencms/nl/buy/?column=price&edid=76AFE58B-129B-67CE-0C8E-AD77FA862251&page=1&sortorder=asc HTTP/1.1" 200 71047
46.229.168.150 - - [13/Apr/2020:03:53:51 +0200] "GET /ticket2/opencms/en/buy/?column=row&edid=9E00FB70-B262-7D95-9558-FFEE9A3EC7E3&page=1&sortorder=desc HTTP/1.1" 200 72438
46.229.168.147 - - [13/Apr/2020:03:53:51 +0200] "GET /ticket2/opencms/fi/buy/?column=section&edid=A18B7AA2-BC88-9685-D882-F3ACFA423D12&page=1&sortorder=asc HTTP/1.1" 200 70635
46.229.168.136 - - [13/Apr/2020:03:53:56 +0200] "GET /ticket2/opencms/no/buy/?column=section&edid=3930902F-44C9-0DA4-854E-41262D5A61CF&page=1&sortorder=asc HTTP/1.1" 200 72810
46.229.168.134 - - [13/Apr/2020:03:53:56 +0200] "GET /ticket2/opencms/ru/buy/?column=price&edid=3F81A579-C5D8-A8AE-791F-F6F1E7AD279B&page=1&sortorder=desc HTTP/1.1" 200 72180
46.229.168.161 - - [13/Apr/2020:03:53:58 +0200] "GET /ticket2/opencms/en/buy/?column=row&edid=FCDEE0D5-8A78-E67A-3598-6D8F08248119&page=1&sortorder=asc HTTP/1.1" 200 71315
46.229.168.148 - - [13/Apr/2020:03:54:03 +0200] "GET /ticket2/opencms/sv/buy/?column=row&edid=365832B7-48FB-833C-0091-77F4829B7A64&page=1&sortorder=desc HTTP/1.1" 200 71380
114.119.161.13 - - [13/Apr/2020:03:54:04 +0200] "GET /ticket2/opencms/fi/buy/?page=1&edid=F079AC7E-D221-F1E2-410C-375B35987091&sortorder=asc&column=section HTTP/1.1" 200 70652
46.229.168.139 - - [13/Apr/2020:03:54:05 +0200] "GET /ticket2/opencms/robots.txt HTTP/1.1" 200 773
46.229.168.135 - - [13/Apr/2020:03:54:11 +0200] "GET /ticket2/opencms/sv/buy/?column=price&edid=E76E6367-92C3-6A24-53DD-58FA3767C460&page=1&sortorder=asc HTTP/1.1" 200 70918
114.119.165.221 - - [13/Apr/2020:03:54:11 +0200] "GET /ticket2/opencms/fi/buy/?page=6&comcatid=A17713B6-D984-201A-4143-ED4DB5ED5C2E&catid=C48671DB-5AEB-8CE2-928E-38417FFBE085 HTTP/1.1" 200 77128
46.229.168.148 - - [13/Apr/2020:03:54:13 +0200] "GET /ticket2/opencms/no/buy/?column=price&edid=D54647C8-B205-BD5F-2C2C-2FE17A087C43&page=1&sortorder=desc HTTP/1.1" 200 71648
195.154.167.170 - - [13/Apr/2020:03:54:25 +0200] "GET /ticket2/opencms/en/ HTTP/1.0" 200 71871
46.229.168.135 - - [13/Apr/2020:03:54:28 +0200] "GET /ticket2/opencms/en/buy/?column=row&edid=230AAE36-9FEC-B042-69CD-50B112CE56DC&page=1&sortorder=desc HTTP/1.1" 200 70691
46.229.168.139 - - [13/Apr/2020:03:54:29 +0200] "GET /ticket2/opencms/fi/buy/?column=price&edid=DD99BFEC-4846-922C-64A2-1661CA2CB452&page=1&sortorder=asc HTTP/1.1" 200 72985
46.229.168.162 - - [13/Apr/2020:03:54:32 +0200] "GET /ticket2/opencms/sv/buy/?column=row&edid=BE9CA68E-D1F6-580A-8D99-091E3AAAFFEC&page=1&sortorder=asc HTTP/1.1" 200 71147
46.229.168.140 - - [13/Apr/2020:03:54:48 +0200] "GET /ticket2/opencms/sv/buy/?column=section&edid=39749A50-133E-7AEA-58CB-2EECC2658B0F&page=1&sortorder=asc HTTP/1.1" 200 69502
46.229.168.144 - - [13/Apr/2020:03:54:50 +0200] "GET /ticket2/opencms/no/buy/?column=price&edid=23513D44-1BB6-66A7-7F86-397B44F638AD&page=1&sortorder=desc HTTP/1.1" 200 71917
46.229.168.143 - - [13/Apr/2020:03:54:54 +0200] "GET /ticket2/opencms/en/buy/?column=price&edid=C8E5B5BA-0B51-B98E-737F-2DD864F6D95E&page=1&sortorder=asc HTTP/1.1" 200 71315
46.229.168.133 - - [13/Apr/2020:03:55:00 +0200] "GET /ticket2/opencms/fi/buy/?edid=38B35C60-3642-D9FF-D23B-B799877F4C81&page=1 HTTP/1.1" 200 70624
46.229.168.136 - - [13/Apr/2020:03:55:03 +0200] "GET /ticket2/opencms/fi/buy/?column=price&edid=206ED6C7-3CE7-5CA0-4BB3-B7330F14E50F&page=1&sortorder=desc HTTP/1.1" 200 75031
46.229.168.163 - - [13/Apr/2020:03:55:07 +0200] "GET /ticket2/opencms/sv/buy/?column=section&edid=D14E786C-C869-8112-70DA-17875583047D&page=1&sortorder=desc HTTP/1.1" 200 69461
46.229.168.149 - - [13/Apr/2020:03:55:09 +0200] "GET /ticket2/opencms/no/buy/?column=price&edid=C4C0CEFE-A8F1-501B-6E98-F6FC9EBE96A4&page=1&sortorder=asc HTTP/1.1" 200 72127
46.229.168.130 - - [13/Apr/2020:03:55:09 +0200] "GET /ticket2/opencms/sv/sport/fotbollsbiljetter/eredivisie/hollandska-ligan/eindhoven/ HTTP/1.1" 200 66964
46.229.168.148 - - [13/Apr/2020:03:55:15 +0200] "GET /ticket2/opencms/no/buy/?column=section&edid=746FA236-2FD4-7FF8-296E-D198AEED785C&page=1&sortorder=desc HTTP/1.1" 200 71918
67.225.220.120 - - [13/Apr/2020:03:55:19 +0200] "GET /ticket2/opencms/en/buy/?page=1&edid=CD8C65AB-F506-0A9E-001A-2A1B6DBD3092 HTTP/1.1" 200 71585
67.225.220.120 - - [13/Apr/2020:03:55:21 +0200] "GET /ticket2/opencms/sv/buy/?page=1&edid=7336D913-08E6-2684-3416-39DC03B1DB86 HTTP/1.1" 200 71344
67.225.220.120 - - [13/Apr/2020:03:55:21 +0200] "GET /ticket2/opencms/en/buy/?page=1&edid=B5E1DBCF-60C9-6B74-2BC5-D9DD921875AF HTTP/1.1" 200 69213
46.229.168.162 - - [13/Apr/2020:03:55:27 +0200] "GET /ticket2/opencms/sv/buy/?column=section&edid=F3EAB77E-5223-86F1-9947-9F306D6E6D43&page=1&sortorder=desc HTTP/1.1" 200 69481
46.229.168.149 - - [13/Apr/2020:03:55:36 +0200] "GET /ticket2/opencms/no/buy/?column=price&edid=C4C0CEFE-A8F1-501B-6E98-F6FC9EBE96A4&page=1&sortorder=asc HTTP/1.1" 200 72127
46.229.168.131 - - [13/Apr/2020:03:55:43 +0200] "GET /ticket2/opencms/fi/buy/?column=section&edid=B7653BD0-33A8-8039-42B6-78FA5A3DEC82&page=1&sortorder=desc HTTP/1.1" 200 72987
46.229.168.136 - - [13/Apr/2020:03:55:48 +0200] "GET /ticket2/opencms/sv/buy/?column=section&edid=874D99C7-3DDA-AA32-0A78-CF9AB6A7DB66&page=1&sortorder=asc HTTP/1.1" 200 70889
46.229.168.136 - - [13/Apr/2020:03:55:48 +0200] "GET /ticket2/opencms/fi/buy/?column=price&edid=206ED6C7-3CE7-5CA0-4BB3-B7330F14E50F&page=1&sortorder=desc HTTP/1.1" 200 75031
46.229.168.137 - - [13/Apr/2020:03:55:51 +0200] "GET /ticket2/opencms/sv/buy/?edid=4DA8BB7E-7B6D-2F44-7E06-8B92C40FFE63&page=1 HTTP/1.1" 200 69448
46.229.168.138 - - [13/Apr/2020:03:55:53 +0200] "GET /ticket2/opencms/dk/buy/?catid=FCA7FF95-260A-464B-B6FF-A820FCE7DFEF&comcatid=0A6B8208-FDA4-E929-9D72-5312FD481B76&page=6 HTTP/1.1" 200 68988
46.229.168.141 - - [13/Apr/2020:03:55:57 +0200] "GET /ticket2/opencms/sv/buy/?column=price&edid=4A17BBC2-262A-6387-78E3-BFD77AB91FC3&page=1&sortorder=desc HTTP/1.1" 200 70941
46.229.168.147 - - [13/Apr/2020:03:56:03 +0200] "GET /ticket2/opencms/sv/buy/?edid=F16B05D2-F5A7-6DB7-09F6-75F3FBB55C39&page=1 HTTP/1.1" 200 69455
114.119.163.126 - - [13/Apr/2020:03:56:05 +0200] "GET /ticket2/opencms/tb/opencms/en/archive/events/nine_inch_nails/ HTTP/1.1" 404 -
46.229.168.142 - - [13/Apr/2020:03:56:08 +0200] "GET /ticket2/opencms/en/buy/?column=section&edid=C799E6C1-9FB5-137E-5D19-A5AD9D6CA02D&page=1&sortorder=desc HTTP/1.1" 200 71968
46.229.168.147 - - [13/Apr/2020:03:56:23 +0200] "GET /ticket2/opencms/no/buy/?column=row&edid=749F5230-DCF2-8C68-63DC-F53A65BE28B8&page=1&sortorder=desc HTTP/1.1" 200 69823
46.229.168.141 - - [13/Apr/2020:03:56:27 +0200] "GET /ticket2/opencms/en/buy/?column=price&edid=A3190A63-6FBC-ADA1-B1CD-CF47F8FAB5EA&page=1&sortorder=desc HTTP/1.1" 200 71099
46.229.168.152 - - [13/Apr/2020:03:56:29 +0200] "GET /ticket2/opencms/sv/buy/?column=section&edid=AA52C9A2-BBC2-04B4-6B59-35DEE0587899&page=1&sortorder=desc HTTP/1.1" 200 69460
46.229.168.145 - - [13/Apr/2020:03:56:29 +0200] "GET /ticket2/opencms/sv/buy/?column=section&edid=0E658288-02D3-BB03-7C93-2B756063BA20&page=1&sortorder=asc HTTP/1.1" 200 72074
46.229.168.150 - - [13/Apr/2020:03:56:31 +0200] "GET /ticket2/opencms/en/buy/?column=row&edid=D46F6BE8-BC8A-8DDC-1025-98720CF7125C&page=1&sortorder=desc HTTP/1.1" 200 69255
46.229.168.134 - - [13/Apr/2020:03:56:31 +0200] "GET /ticket2/opencms/sv/buy/?catid=0A6C99D2-F5BD-7A18-9A5F-5668827042E0&comcatid=A17713B6-D984-201A-4143-ED4DB5ED5C2E&eventid=70DCBB35-E1EE-5989-BD09-1FAC2CA44E23&page=6 HTTP/1.1" 200 84434
54.36.150.23 - - [13/Apr/2020:03:56:39 +0200] "GET /ticket2/opencms/en/buy/?page=1&edid=FB730AA6-A470-8EFB-27FE-924D530AC7B8 HTTP/1.1" 200 71075
54.36.150.124 - - [13/Apr/2020:03:56:40 +0200] "GET /ticket2/opencms/dk/venue/?venueid=0B62AF84-0F0F-19DA-57AE-3882EFB8ABC4 HTTP/1.1" 200 65244
54.36.150.100 - - [13/Apr/2020:03:56:41 +0200] "GET /ticket2/opencms/dk/buy/?page=1&edid=DDC42BBE-1C44-916C-70B3-5C60597CD058 HTTP/1.1" 200 71413
46.229.168.163 - - [13/Apr/2020:03:56:41 +0200] "GET /ticket2/opencms/nl/buy/?edid=821554DD-EC9D-9EFA-6B0E-4F35AE0315B0&page=1 HTTP/1.1" 200 70682
67.225.220.120 - - [13/Apr/2020:03:56:45 +0200] "GET /ticket2/opencms/en/buy/?page=1&edid=9C91C697-B406-6838-E8EE-67CCBD777A69 HTTP/1.1" 200 71534
46.229.168.133 - - [13/Apr/2020:03:56:48 +0200] "GET /ticket2/opencms/no/buy/?column=section&edid=EA1E6ECE-423D-F005-AB70-0EA4DE8B6848&page=1&sortorder=asc HTTP/1.1" 200 73016
46.229.168.146 - - [13/Apr/2020:03:56:50 +0200] "GET /ticket2/opencms/en/venue/?venueid=488AC2C1-B7E7-6FF7-2E97-6A5851BF4516 HTTP/1.1" 200 65233
46.229.168.151 - - [13/Apr/2020:03:56:53 +0200] "GET /ticket2/opencms/fi/buy/?column=price&edid=D7C0DA77-DBEA-6309-806C-0F1B3D98F5E1&page=1&sortorder=asc HTTP/1.1" 200 72570
46.229.168.144 - - [13/Apr/2020:03:56:54 +0200] "GET /ticket2/opencms/ru/buy/?column=row&edid=7F3E99B9-F971-F458-62C7-3FE184FDC47B&page=1&sortorder=asc HTTP/1.1" 200 73441
178.154.200.175 - - [13/Apr/2020:03:57:01 +0200] "GET /ticket2/opencms/fi/urheilu/jalkapallo/la-liga/real-madrid/ HTTP/1.1" 200 72301
46.229.168.141 - - [13/Apr/2020:03:57:01 +0200] "GET /ticket2/opencms/nl/buy/?column=row&edid=A9039682-4C16-64FC-E8D1-21B0A6ABCB2B&page=1&sortorder=asc HTTP/1.1" 200 71311
46.229.168.149 - - [13/Apr/2020:03:57:04 +0200] "GET /ticket2/opencms/dk/buy/?catid=7EF04817-972D-18B1-F941-DE800D088075&comcatid=A17713B6-D984-201A-4143-ED4DB5ED5C2E&eventid=3DD9106E-0F19-50A8-43DC-07B3EDBB2A7F&page=6 HTTP/1.1" 200 76709
54.36.148.103 - - [13/Apr/2020:03:57:05 +0200] "GET /ticket2/opencms/en/venue/?venueid=1A1BE7E1-DC28-3F19-CF75-C1A0736726D5 HTTP/1.1" 200 65200
46.229.168.151 - - [13/Apr/2020:03:57:05 +0200] "GET /ticket2/opencms/en/buy/?column=row&edid=A2FF267A-5FC6-AA5D-3446-6D9BF83F1742&page=1&sortorder=asc HTTP/1.1" 200 71335
114.119.165.195 - - [13/Apr/2020:03:57:08 +0200] "GET /ticket2/opencms/fi/buy/?page=6&comcatid=A17713B6-D984-201A-4143-ED4DB5ED5C2E&catid=42C82D82-D02A-8562-E55C-48ADB3771882 HTTP/1.1" 200 77148
46.229.168.142 - - [13/Apr/2020:03:57:08 +0200] "GET /ticket2/opencms/sv/buy/?column=price&edid=3DACF337-09ED-75B6-42AF-0003F910CB1B&page=1&sortorder=asc HTTP/1.1" 200 71353
46.229.168.151 - - [13/Apr/2020:03:57:10 +0200] "GET /ticket2/opencms/no/buy/?column=row&edid=EC1CEE7F-0D0E-364E-1B36-05B890BB56A8&page=1&sortorder=asc HTTP/1.1" 200 71901
46.229.168.142 - - [13/Apr/2020:03:57:11 +0200] "GET /ticket2/opencms/no/buy/?column=section&edid=6CE73640-861F-E63B-F569-7CD77E2D3806&page=1&sortorder=asc HTTP/1.1" 200 71203
46.229.168.153 - - [13/Apr/2020:03:57:13 +0200] "GET /ticket2/opencms/nl/login/?url=%25252Fnl%25252Fsell%25252F HTTP/1.1" 200 66495
46.229.168.142 - - [13/Apr/2020:03:57:14 +0200] "GET /ticket2/opencms/nl/buy/?column=row&edid=68F6DF5F-225F-6870-1D3C-2C713E27C2C8&page=1&sortorder=desc HTTP/1.1" 200 68313
46.229.168.146 - - [13/Apr/2020:03:57:20 +0200] "GET /ticket2/opencms/sv/buy/?column=section&edid=0ED1EF7C-0A26-4874-75D0-5C707B461913&page=1&sortorder=desc HTTP/1.1" 200 71769
46.229.168.146 - - [13/Apr/2020:03:57:26 +0200] "GET /ticket2/opencms/sv/buy/?edid=9C073CFC-6935-5922-ABDE-E3035523D5D3&page=1 HTTP/1.1" 200 70846
67.225.220.120 - - [13/Apr/2020:03:57:29 +0200] "GET /ticket2/opencms/en/buy/?page=1&edid=CAE92924-3FB7-0134-A118-0CF45131D58E HTTP/1.1" 200 69200
46.229.168.161 - - [13/Apr/2020:03:57:32 +0200] "GET /ticket2/opencms/no/buy/?column=section&edid=8CE01479-BCC2-0B5F-B3DC-BA13BF09B4A5&page=1&sortorder=asc HTTP/1.1" 200 69803
46.229.168.148 - - [13/Apr/2020:03:57:34 +0200] "GET /ticket2/opencms/sv/sport/hockeybiljetter/nhl/Winnipeg_Jets/ HTTP/1.1" 200 68079
69.171.251.33 - - [13/Apr/2020:03:57:40 +0200] "GET /ticket2/opencms/en/ HTTP/1.1" 200 71871
46.229.168.162 - - [13/Apr/2020:03:57:40 +0200] "GET /ticket2/opencms/nl/buy/?edid=08A1CD09-2A6C-B849-30C9-2FC7EEBC7B3F&page=1 HTTP/1.1" 200 70173
46.229.168.151 - - [13/Apr/2020:03:57:45 +0200] "GET /ticket2/opencms/sv/buy/?column=price&edid=5BED4F96-461F-3406-5552-6C548F77CB08&page=1&sortorder=asc HTTP/1.1" 200 71371
46.229.168.153 - - [13/Apr/2020:03:57:45 +0200] "GET /ticket2/opencms/en/buy/?column=row&edid=2D77D5E8-F469-AAA2-8433-36A939B8305F&page=1&sortorder=asc HTTP/1.1" 200 71331
216.245.221.82 - - [13/Apr/2020:03:57:46 +0200] "HEAD /ticket2/opencms/ HTTP/1.1" 302 -
46.229.168.133 - - [13/Apr/2020:03:57:52 +0200] "GET /ticket2/opencms/robots.txt HTTP/1.1" 200 773
46.229.168.147 - - [13/Apr/2020:03:57:53 +0200] "GET /ticket2/opencms/en/buy/?column=price&edid=4F679D59-A856-14F0-ECEF-29CBD5EE9427&page=1&sortorder=desc HTTP/1.1" 200 70642
46.229.168.152 - - [13/Apr/2020:03:57:54 +0200] "GET /ticket2/opencms/fi/buy/?column=row&edid=3290BF82-EABE-6F5C-1E55-FF70F3A573DE&page=1&sortorder=asc HTTP/1.1" 200 70649
46.229.168.152 - - [13/Apr/2020:03:57:58 +0200] "GET /ticket2/opencms/sv/sport/hockeybiljetter/nhl/Buffalo_Sabres/ HTTP/1.1" 200 67810
46.229.168.129 - - [13/Apr/2020:03:58:01 +0200] "GET /ticket2/opencms/no/buy/?column=section&edid=33F56A09-80B7-AAA0-3CD6-4B4F5E173409&page=1&sortorder=desc HTTP/1.1" 200 71698
46.229.168.137 - - [13/Apr/2020:03:58:11 +0200] "GET /ticket2/opencms/en/buy/?column=section&edid=0A3542C4-2C38-210A-C335-CD494E25E6D2&page=1&sortorder=asc HTTP/1.1" 200 71171
46.229.168.134 - - [13/Apr/2020:03:58:14 +0200] "GET /ticket2/opencms/sv/buy/?column=price&edid=97090501-1E61-49E3-928B-F233AE55277C&page=1&sortorder=asc HTTP/1.1" 200 71401
46.229.168.139 - - [13/Apr/2020:03:58:19 +0200] "GET /ticket2/opencms/sv/buy/?edid=A4B258AC-1606-5FD3-B2FB-841EDDE64B47&page=1 HTTP/1.1" 200 70853
46.229.168.130 - - [13/Apr/2020:03:58:21 +0200] "GET /ticket2/opencms/sv/buy/?edid=5A53D059-2717-7212-ED4E-000015E5862F&page=1 HTTP/1.1" 200 71829
46.229.168.139 - - [13/Apr/2020:03:58:22 +0200] "GET /ticket2/opencms/sv/sell/?edid=C50D4860-0353-3EE4-7869-CB308E617783 HTTP/1.1" 302 -
46.229.168.141 - - [13/Apr/2020:03:58:26 +0200] "GET /ticket2/opencms/sv/buy/?column=row&edid=D54647C8-B205-BD5F-2C2C-2FE17A087C43&page=1&sortorder=desc HTTP/1.1" 200 71327
144.76.56.124 - - [13/Apr/2020:03:58:26 +0200] "GET /ticket2/opencms/dk/buy/?page=1&edid=3150A50C-406C-2280-37B6-F35D6C5A214C HTTP/1.1" 200 71401
46.229.168.136 - - [13/Apr/2020:03:58:28 +0200] "GET /ticket2/opencms/en/buy/?column=price&edid=B5623DFB-25E0-3C80-8A8E-0F5AAB65E80D&page=1&sortorder=asc HTTP/1.1" 200 70646
46.229.168.146 - - [13/Apr/2020:03:58:30 +0200] "GET /ticket2/opencms/dk/buy/?column=section&edid=B6D867B7-8B43-A2C0-3FB0-AFEAA285FBED&page=1&sortorder=asc HTTP/1.1" 200 71924
46.229.168.137 - - [13/Apr/2020:03:58:33 +0200] "GET /ticket2/opencms/sv/buy/?column=row&edid=2AF69BD4-F184-D39C-9003-BFC19DC4F8FB&page=1&sortorder=desc HTTP/1.1" 200 69510
46.229.168.163 - - [13/Apr/2020:03:58:34 +0200] "GET /ticket2/opencms/nl/buy/?column=price&edid=73D8189D-DEDA-4F8B-BA1C-9AC984A743C2&page=1&sortorder=asc HTTP/1.1" 200 68336
114.119.164.98 - - [13/Apr/2020:03:58:44 +0200] "GET /ticket2/opencms/sv/buy/?page=1&edid=61E71578-689B-B247-38A0-8B93EBFFC4CC&sortorder=desc&column=price HTTP/1.1" 200 69481
46.229.168.141 - - [13/Apr/2020:03:58:48 +0200] "GET /ticket2/opencms/sv/buy/?column=price&edid=8E22F3C7-B590-C40B-938A-AA2C912F4E33&page=1&sortorder=desc HTTP/1.1" 200 70886
67.225.220.120 - - [13/Apr/2020:03:58:52 +0200] "GET /ticket2/opencms/en/buy/?page=1&edid=97090501-1E61-49E3-928B-F233AE55277C HTTP/1.1" 200 71139
46.229.168.143 - - [13/Apr/2020:03:58:57 +0200] "GET /ticket2/opencms/ru/buy/?edid=76BB87DF-2D93-1559-E6EE-BF08999C089F&page=1 HTTP/1.1" 200 70205
46.229.168.153 - - [13/Apr/2020:03:59:00 +0200] "GET /ticket2/opencms/fi/buy/?column=row&edid=B6D867B7-8B43-A2C0-3FB0-AFEAA285FBED&page=1&sortorder=asc HTTP/1.1" 200 73252
144.76.56.124 - - [13/Apr/2020:03:59:05 +0200] "GET /ticket2/opencms/dk/buy/?page=1&edid=3150A50C-406C-2280-37B6-F35D6C5A214C&sortorder=asc&column=section HTTP/1.1" 200 71437
46.229.168.136 - - [13/Apr/2020:03:59:12 +0200] "GET /ticket2/opencms/fi/buy/?column=section&edid=9A519B52-57C0-3D7D-0745-09A3763A01B1&page=1&sortorder=desc HTTP/1.1" 200 72729
54.36.148.250 - - [13/Apr/2020:03:59:13 +0200] "GET /ticket2/opencms/sv/buy/?page=1&edid=F36EBFB4-CF7D-E67C-06C2-0EBD19BC3697 HTTP/1.1" 200 70860
46.229.168.145 - - [13/Apr/2020:03:59:13 +0200] "GET /ticket2/opencms/sv/buy/?edid=6391B8D2-4805-E3DF-858D-572DEDE95203&page=1 HTTP/1.1" 200 71828
46.229.168.138 - - [13/Apr/2020:03:59:18 +0200] "GET /ticket2/opencms/dk/sport/fodboldbilletter/champions_league/ HTTP/1.1" 200 69810
46.229.168.137 - - [13/Apr/2020:03:59:19 +0200] "GET /ticket2/opencms/fi/buy/?column=price&edid=E19497C9-118B-A064-F507-FC97F0048E30&page=1&sortorder=asc HTTP/1.1" 200 72921
46.229.168.140 - - [13/Apr/2020:03:59:27 +0200] "GET /ticket2/opencms/no/buy/?column=row&edid=56F7A79F-ED6D-503D-46E5-CD44AF89319D&page=1&sortorder=desc HTTP/1.1" 200 72537
46.229.168.132 - - [13/Apr/2020:03:59:27 +0200] "GET /ticket2/opencms/sv/buy/?edid=137C96C9-C65D-C937-99B2-0464EAF1DB76&page=1 HTTP/1.1" 200 69432
46.229.168.162 - - [13/Apr/2020:03:59:30 +0200] "GET /ticket2/opencms/nl/buy/?edid=6391B8D2-4805-E3DF-858D-572DEDE95203&page=1 HTTP/1.1" 200 70678
46.229.168.139 - - [13/Apr/2020:03:59:40 +0200] "GET /ticket2/opencms/sv/sport/fotbollsbiljetter/bundesliga/eintracht_frankfurt/ HTTP/1.1" 200 68525
46.229.168.161 - - [13/Apr/2020:03:59:43 +0200] "GET /ticket2/opencms/sv/buy/?edid=2D3B2D20-CE97-F15B-BCE7-475DF6D204AA&page=1 HTTP/1.1" 200 71309
178.154.200.175 - - [13/Apr/2020:03:59:43 +0200] "GET /ticket2/opencms/fi/buy/?page=1&edid=E688318C-8BD2-52B1-8214-3B9499EE0B50 HTTP/1.1" 200 72467
144.76.56.124 - - [13/Apr/2020:03:59:43 +0200] "GET /ticket2/opencms/dk/buy/?page=1&edid=3150A50C-406C-2280-37B6-F35D6C5A214C&sortorder=desc&column=price HTTP/1.1" 200 71436
46.229.168.146 - - [13/Apr/2020:03:59:47 +0200] "GET /ticket2/opencms/no/buy/?column=section&edid=258C096E-CB88-FAB5-BED7-1612D258C46A&page=1&sortorder=asc HTTP/1.1" 200 71902
46.229.168.136 - - [13/Apr/2020:03:59:49 +0200] "GET /ticket2/opencms/sv/buy/?column=section&edid=4224939F-C5ED-BCC9-2F5E-1F887689BD23&page=1&sortorder=desc HTTP/1.1" 200 70898
2.85.173.27 - - [13/Apr/2020:03:59:56 +0200] "GET / HTTP/1.1" 404 -
46.229.168.129 - - [13/Apr/2020:03:59:57 +0200] "GET /ticket2/opencms/nl/buy/?column=section&edid=F607E087-2558-2D9A-8793-E6AAB607D346&page=1&sortorder=asc HTTP/1.1" 200 68306
54.36.148.200 - - [13/Apr/2020:03:59:58 +0200] "GET /ticket2/opencms/fi/venue/?venueid=E0AACC64-AFF5-5004-2F13-64A84D0E8D40 HTTP/1.1" 200 66502
46.229.168.163 - - [13/Apr/2020:03:59:58 +0200] "GET /ticket2/opencms/fi/buy/?column=section&edid=5588B8CD-BB26-BC2D-8DA2-0851F243FD51&page=1&sortorder=asc HTTP/1.1" 200 70633
46.229.168.130 - - [13/Apr/2020:04:00:00 +0200] "GET /ticket2/opencms/no/sport/fotballsbilletter/serie_a/verona/ HTTP/1.1" 200 66785
157.55.39.9 - - [13/Apr/2020:04:00:02 +0200] "GET /ticket2/opencms/sv/sport/fotbollsbiljetter/premier_league/west_ham_united/west-bromwich-albion.html HTTP/1.1" 200 66046
66.249.79.87 - - [13/Apr/2020:04:00:04 +0200] "GET /ticket2/opencms/sv/venue/?countryid=73397994-CBFD-79C6-593A-A865ED272E64 HTTP/1.1" 200 94846
54.36.148.217 - - [13/Apr/2020:04:00:05 +0200] "GET /ticket2/opencms/fi/venue/?venueid=DD1C51CF-8829-9FCD-25F4-AC82F4E66D67 HTTP/1.1" 200 66433
46.229.168.146 - - [13/Apr/2020:04:00:05 +0200] "GET /ticket2/opencms/no/buy/?column=price&edid=90B0A76B-3A0B-4556-74BE-A554C18176FF&page=1&sortorder=asc HTTP/1.1" 200 69822
46.229.168.129 - - [13/Apr/2020:04:00:06 +0200] "GET /ticket2/opencms/sv/buy/?column=section&edid=73D8189D-DEDA-4F8B-BA1C-9AC984A743C2&page=1&sortorder=desc HTTP/1.1" 200 69498
46.229.168.139 - - [13/Apr/2020:04:00:07 +0200] "GET /ticket2/opencms/sv/sport/fotbollsbiljetter/bundesliga/eintracht_frankfurt/ HTTP/1.1" 200 68525
67.225.220.120 - - [13/Apr/2020:04:00:13 +0200] "GET /ticket2/opencms/en/buy/?page=1&edid=DFB21AD2-22B9-A8A1-EDBE-5EC907D1F2F8 HTTP/1.1" 200 71612
67.225.220.120 - - [13/Apr/2020:04:00:13 +0200] "GET /ticket2/opencms/en/buy/?page=1&edid=D7193451-9A3A-74F4-A8C7-6E587A08462E HTTP/1.1" 200 71135
67.225.220.120 - - [13/Apr/2020:04:00:13 +0200] "GET /ticket2/opencms/en/buy/?page=1&edid=BD00BEBE-764F-EE0C-759A-E664776EFB3A HTTP/1.1" 200 69207
46.229.168.140 - - [13/Apr/2020:04:00:14 +0200] "GET /ticket2/opencms/en/sell/?edid=32E81482-FD8F-2561-8A36-7326B8FDF5FD HTTP/1.1" 302 -
144.76.56.124 - - [13/Apr/2020:04:00:19 +0200] "GET /ticket2/opencms/dk/buy/?page=1&edid=3150A50C-406C-2280-37B6-F35D6C5A214C&sortorder=desc&column=row HTTP/1.1" 200 71436
144.76.56.124 - - [13/Apr/2020:04:00:24 +0200] "GET /ticket2/opencms/dk/buy/?page=1&edid=3150A50C-406C-2280-37B6-F35D6C5A214C&sortorder=desc&column=section HTTP/1.1" 200 71436
46.229.168.152 - - [13/Apr/2020:04:00:26 +0200] "GET /ticket2/opencms/en/buy/?column=row&edid=774A7EEA-D1B2-9FDE-0959-EF9630E0C317&page=1&sortorder=desc HTTP/1.1" 200 70693
46.229.168.130 - - [13/Apr/2020:04:00:30 +0200] "GET /ticket2/opencms/fi/buy/?edid=5C822312-AD78-519B-498C-5A897678D6CE&page=1 HTTP/1.1" 200 72471
114.119.164.24 - - [13/Apr/2020:04:00:30 +0200] "GET /ticket2/opencms/fi/buy/?page=1&edid=D7C0DA77-DBEA-6309-806C-0F1B3D98F5E1&sortorder=asc&column=row HTTP/1.1" 200 72570
46.229.168.139 - - [13/Apr/2020:04:00:33 +0200] "GET /ticket2/opencms/fi/buy/?column=row&edid=E3118800-A96C-AB59-99C3-1CFA30B79001&page=1&sortorder=desc HTTP/1.1" 200 72099
46.229.168.143 - - [13/Apr/2020:04:00:35 +0200] "GET /ticket2/opencms/en/buy/?column=row&edid=10FBE5D4-FAB6-B08C-61D0-4B7EDF5E3DDE&page=1&sortorder=asc HTTP/1.1" 200 71171
46.229.168.153 - - [13/Apr/2020:04:00:37 +0200] "GET /ticket2/opencms/nl/buy/?eventid=FB78739C-28A3-143B-0EB1-9AD7A5F28F83&page=10 HTTP/1.1" 200 67362
46.229.168.149 - - [13/Apr/2020:04:00:38 +0200] "GET /ticket2/opencms/nl/buy/?edid=93A8E489-AE58-726C-E39F-173A5C4AC3E8&page=1 HTTP/1.1" 200 68317
46.229.168.132 - - [13/Apr/2020:04:00:43 +0200] "GET /ticket2/opencms/fi/buy/?column=row&edid=0F83FD2D-DF0D-CF92-8048-49F08118BC88&page=1&sortorder=asc HTTP/1.1" 200 72744
46.229.168.142 - - [13/Apr/2020:04:00:47 +0200] "GET /ticket2/opencms/sv/buy/?catid=E961462E-5AC2-64D6-5850-A310C9DEAA06&comcatid=A17713B6-D984-201A-4143-ED4DB5ED5C2E HTTP/1.1" 200 75518
46.229.168.150 - - [13/Apr/2020:04:00:47 +0200] "GET /ticket2/opencms/no/buy/?edid=A53DD4D4-5550-1BDF-998A-437CE126B517&page=1 HTTP/1.1" 200 69789
54.36.150.35 - - [13/Apr/2020:04:00:51 +0200] "GET /ticket2/opencms/sv/buy/?page=1&edid=697D8C0F-8F0F-01B2-F64B-49E5C273E510 HTTP/1.1" 200 69483
46.229.168.143 - - [13/Apr/2020:04:00:58 +0200] "GET /ticket2/opencms/en/buy/?column=row&edid=F5AC140D-B47F-4518-E62E-B75659FE7758&page=1&sortorder=desc HTTP/1.1" 200 69222
46.229.168.135 - - [13/Apr/2020:04:01:05 +0200] "GET /ticket2/opencms/sv/buy/?edid=EE24B254-1FB8-6601-5783-BFE404E37C0C&page=1 HTTP/1.1" 200 85806
46.229.168.136 - - [13/Apr/2020:04:01:06 +0200] "GET /ticket2/opencms/no/buy/?edid=A5C4D37D-02EF-88DC-EDDC-EB65FAC9F41D&page=1 HTTP/1.1" 200 71637
46.229.168.153 - - [13/Apr/2020:04:01:15 +0200] "GET /ticket2/opencms/sv/buy/?column=row&edid=7545A501-A74F-FCD9-6047-6417398923F8&page=1&sortorder=desc HTTP/1.1" 200 71404
46.229.168.161 - - [13/Apr/2020:04:01:17 +0200] "GET /ticket2/opencms/no/buy/?edid=5C32C181-43E5-011F-4117-B8BE3780A7C3&page=1 HTTP/1.1" 200 72055
46.229.168.153 - - [13/Apr/2020:04:01:29 +0200] "GET /ticket2/opencms/fi/buy/?column=row&edid=E12F4022-1973-9A42-8144-79292D1B75BA&page=1&sortorder=asc HTTP/1.1" 200 72580
46.229.168.129 - - [13/Apr/2020:04:01:31 +0200] "GET /ticket2/opencms/en/login/?url=%25252Fen%25252Fsell%25252F HTTP/1.1" 200 67300
46.229.168.137 - - [13/Apr/2020:04:01:38 +0200] "GET /ticket2/opencms/no/buy/?column=price&edid=D77508F6-9331-A006-851B-5A867CA79BF7&page=1&sortorder=asc HTTP/1.1" 200 71879
67.225.220.120 - - [13/Apr/2020:04:01:39 +0200] "GET /ticket2/opencms/en/buy/?page=1&edid=CF8182D8-B9D0-5E9A-7104-23E69EAA2FEA HTTP/1.1" 200 70644
67.225.220.120 - - [13/Apr/2020:04:01:39 +0200] "GET /ticket2/opencms/en/buy/?page=1&edid=B8736786-BDEB-839B-CA60-E0B1B63D3892 HTTP/1.1" 200 71530
67.225.220.120 - - [13/Apr/2020:04:01:40 +0200] "GET /ticket2/opencms/en/buy/?page=1&edid=F55FD46B-77AB-3FD2-8E77-5D8B9DF55395 HTTP/1.1" 200 71081
216.245.221.82 - - [13/Apr/2020:04:01:41 +0200] "HEAD /ticket2/opencms/en/ HTTP/1.1" 200 -
114.119.164.64 - - [13/Apr/2020:04:01:45 +0200] "GET /ticket2/opencms/dk/buy/?page=1&edid=3F81A579-C5D8-A8AE-791F-F6F1E7AD279B HTTP/1.1" 200 71185
46.229.168.144 - - [13/Apr/2020:04:01:52 +0200] "GET /ticket2/opencms/sv/buy/?column=row&edid=6D659B0C-D907-0405-67DC-00DF3824F864&page=1&sortorder=desc HTTP/1.1" 200 69486
46.229.168.145 - - [13/Apr/2020:04:01:54 +0200] "GET /ticket2/opencms/fi/buy/?column=row&edid=E616C922-D35B-E8A3-7710-EAD27B127A97&page=1&sortorder=asc HTTP/1.1" 200 73040
46.229.168.151 - - [13/Apr/2020:04:02:02 +0200] "GET /ticket2/opencms/sv/buy/?column=price&edid=BD31577E-89AE-21C8-EC43-EC092DF762EE&page=1&sortorder=asc HTTP/1.1" 200 71852
46.229.168.134 - - [13/Apr/2020:04:02:06 +0200] "GET /ticket2/opencms/fi/buy/?column=row&edid=8EFE8A71-5F67-3802-3BCC-41DE3A06C76D&page=1&sortorder=asc HTTP/1.1" 200 70629
46.229.168.135 - - [13/Apr/2020:04:02:11 +0200] "GET /ticket2/opencms/sv/buy/?edid=EE24B254-1FB8-6601-5783-BFE404E37C0C&page=1 HTTP/1.1" 200 85806
46.229.168.142 - - [13/Apr/2020:04:02:14 +0200] "GET /ticket2/opencms/no/buy/?column=price&edid=10AAD649-5E5E-EE36-2E17-DDA964C1719C&page=1&sortorder=asc HTTP/1.1" 200 71214
67.225.220.120 - - [13/Apr/2020:04:02:21 +0200] "GET /ticket2/opencms/en/buy/?page=1&edid=CA9AAE6B-14C9-271A-740D-70C28D59704E HTTP/1.1" 200 70840
46.229.168.149 - - [13/Apr/2020:04:02:23 +0200] "GET /ticket2/opencms/en/buy/?column=section&edid=8C6C738E-963E-E4C2-A89C-7AE088866860&page=1&sortorder=desc HTTP/1.1" 200 69244
46.229.168.146 - - [13/Apr/2020:04:02:24 +0200] "GET /ticket2/opencms/no/buy/?edid=B5211789-0D4D-2458-1D03-C15B64A16571&page=1 HTTP/1.1" 200 71410
46.229.168.146 - - [13/Apr/2020:04:02:25 +0200] "GET /ticket2/opencms/en/buy/?catid=D08E96E8-A514-9E09-4E22-63713911E0B8&comcatid=A17713B6-D984-201A-4143-ED4DB5ED5C2E HTTP/1.1" 200 75876
46.229.168.163 - - [13/Apr/2020:04:02:34 +0200] "GET /ticket2/opencms/fi/buy/?column=row&edid=2AF69BD4-F184-D39C-9003-BFC19DC4F8FB&page=1&sortorder=desc HTTP/1.1" 200 70661
46.229.168.148 - - [13/Apr/2020:04:02:38 +0200] "GET /ticket2/opencms/fi/buy/?column=row&edid=BA563F7E-7D97-21AA-ADF7-0FCD56E37E7F&page=1&sortorder=desc HTTP/1.1" 200 73834
46.229.168.151 - - [13/Apr/2020:04:02:41 +0200] "GET /ticket2/opencms/fi/buy/?edid=ED19B7D1-B5DA-3ABE-5361-B89ADEA7979D&page=1 HTTP/1.1" 200 70624
46.229.168.162 - - [13/Apr/2020:04:02:43 +0200] "GET /ticket2/opencms/fi/buy/?catid=0A6C99D2-F5BD-7A18-9A5F-5668827042E0&comcatid=A17713B6-D984-201A-4143-ED4DB5ED5C2E HTTP/1.1" 200 134405
46.229.168.137 - - [13/Apr/2020:04:02:44 +0200] "GET /ticket2/opencms/robots.txt HTTP/1.1" 200 773
46.229.168.137 - - [13/Apr/2020:04:02:45 +0200] "GET /ticket2/opencms/sv/buy/?column=section&edid=D6B51F92-7F42-35FF-B701-6773C358DBC4&page=1&sortorder=desc HTTP/1.1" 200 72074
46.229.168.162 - - [13/Apr/2020:04:02:50 +0200] "GET /ticket2/opencms/en/buy/?column=section&edid=A24D0DA7-71BD-F9A1-6BB3-71061AAB8BC1&page=1&sortorder=asc HTTP/1.1" 200 69250
46.229.168.151 - - [13/Apr/2020:04:02:54 +0200] "GET /ticket2/opencms/no/buy/?edid=5150A447-F05C-5984-7453-5C2BFFCE460D&page=1 HTTP/1.1" 200 69791
