46.229.168.151 - - [13/Apr/2020:05:16:52 +0200] "GET /ticket2/opencms/sv/buy/?edid=BD00BEBE-764F-EE0C-759A-E664776EFB3A&page=1 HTTP/1.1" 200 69444
46.229.168.163 - - [13/Apr/2020:05:16:58 +0200] "GET /ticket2/opencms/sv/buy/?column=row&edid=18488A9E-E11B-2408-DE72-225E61B56F42&page=1&sortorder=desc HTTP/1.1" 200 71550
46.229.168.154 - - [13/Apr/2020:05:17:05 +0200] "GET /ticket2/opencms/en/buy/?column=section&edid=12200247-16D8-2856-A450-483F60D8BDB8&page=1&sortorder=asc HTTP/1.1" 200 69257
192.99.5.225 - - [13/Apr/2020:05:17:07 +0200] "GET /ticket2/opencms/sv/venue/?venueid=2F261BB4-3D07-7D1B-5751-5C32681D1DE3 HTTP/1.1" 200 65504
46.229.168.139 - - [13/Apr/2020:05:17:07 +0200] "GET /ticket2/opencms/sv/sport/hockeybiljetter/nhl/chicago-blackhawks/ HTTP/1.1" 200 67634
5.9.140.242 - - [13/Apr/2020:05:17:11 +0200] "GET /ticket2/opencms/dk/buy/?page=1&edid=0423F886-7646-C776-7223-998CA06B03B8&sortorder=asc&column=price HTTP/1.1" 200 69348
144.76.7.79 - - [13/Apr/2020:05:17:13 +0200] "GET /ticket2/opencms/dk/buy/?page=1&edid=0903ADE1-D3A1-7465-1FF3-2BB60AFF9CDC&sortorder=desc&column=price HTTP/1.1" 200 70928
114.119.165.126 - - [13/Apr/2020:05:17:15 +0200] "GET /ticket2/opencms/no/buy/?page=1&edid=5C822312-AD78-519B-498C-5A897678D6CE&sortorder=desc&column=row HTTP/1.1" 200 71664
192.99.15.199 - - [13/Apr/2020:05:17:18 +0200] "GET /ticket2/opencms/sv/buy/?page=1&edid=C66DE128-1CA8-66E8-F8F9-3EC04F109E50&sortorder=desc&column=price HTTP/1.1" 200 72689
46.229.168.137 - - [13/Apr/2020:05:17:22 +0200] "GET /ticket2/opencms/sv/buy/?column=section&edid=A098D6B2-660B-4A91-CD88-E211CF0A7F9F&page=1&sortorder=asc HTTP/1.1" 200 69481
46.229.168.145 - - [13/Apr/2020:05:17:24 +0200] "GET /ticket2/opencms/no/buy/?edid=C585BD1B-7334-51AA-91F2-A36533EF6912&page=1 HTTP/1.1" 200 72949
46.229.168.161 - - [13/Apr/2020:05:17:31 +0200] "GET /ticket2/opencms/en/buy/?column=price&edid=68B8B09E-560A-8A10-6FF6-600A9E2434A4&page=1&sortorder=desc HTTP/1.1" 200 70670
46.229.168.137 - - [13/Apr/2020:05:17:37 +0200] "GET /ticket2/opencms/sv/buy/?column=price&edid=63084C78-5263-1A7A-C66E-4C63F55B8243&page=1&sortorder=asc HTTP/1.1" 200 72490
46.229.168.131 - - [13/Apr/2020:05:17:40 +0200] "GET /ticket2/opencms/nl/buy/?column=section&edid=30DFF5A6-5801-42E1-F124-0EA64463049D&page=1&sortorder=desc HTTP/1.1" 200 70216
144.76.7.79 - - [13/Apr/2020:05:17:41 +0200] "GET /ticket2/opencms/dk/buy/?page=1&edid=0903ADE1-D3A1-7465-1FF3-2BB60AFF9CDC&sortorder=desc&column=row HTTP/1.1" 200 70928
5.9.140.242 - - [13/Apr/2020:05:17:44 +0200] "GET /ticket2/opencms/dk/buy/?page=1&edid=0423F886-7646-C776-7223-998CA06B03B8&sortorder=asc&column=row HTTP/1.1" 200 69348
46.229.168.147 - - [13/Apr/2020:05:17:50 +0200] "GET /ticket2/opencms/ru/buy/?column=price&edid=F24F2583-2092-A5CA-4211-3A24230A3D5D&page=1&sortorder=asc HTTP/1.1" 200 72126
192.99.5.225 - - [13/Apr/2020:05:17:50 +0200] "GET /ticket2/opencms/sv/venue/?venueid=308D5B12-D557-DF8F-3129-5C03B03BE75B HTTP/1.1" 200 65477
46.229.168.143 - - [13/Apr/2020:05:17:52 +0200] "GET /ticket2/opencms/en/buy/?column=row&edid=206ED6C7-3CE7-5CA0-4BB3-B7330F14E50F&page=1&sortorder=asc HTTP/1.1" 200 73608
46.229.168.163 - - [13/Apr/2020:05:17:55 +0200] "GET /ticket2/opencms/en/buy/?column=row&edid=737F88F7-7F18-93CC-306A-5F33631B3F9F&page=1&sortorder=desc HTTP/1.1" 200 70696
192.99.4.168 - - [13/Apr/2020:05:17:56 +0200] "GET /ticket2/opencms/en/buy/?page=1&edid=A80995E7-8771-9176-CE64-C467ADECCBC7&sortorder=asc&column=section HTTP/1.1" 200 71822
46.229.168.130 - - [13/Apr/2020:05:18:03 +0200] "GET /ticket2/opencms/nl/buy/?column=price&edid=9CB88255-C1D7-A550-4F71-3BA9C5085A0C&page=1&sortorder=desc HTTP/1.1" 200 70413
46.229.168.136 - - [13/Apr/2020:05:18:05 +0200] "GET /ticket2/opencms/no/buy/?column=price&edid=D301B2B7-9351-4291-1F0E-BE4E439E3EF8&page=1&sortorder=asc HTTP/1.1" 200 69823
46.229.168.135 - - [13/Apr/2020:05:18:09 +0200] "GET /ticket2/opencms/dk/buy/?column=row&edid=492C1137-7E95-5EDF-8C64-E404B3827DAB&page=1&sortorder=desc HTTP/1.1" 200 69298
46.229.168.131 - - [13/Apr/2020:05:18:16 +0200] "GET /ticket2/opencms/sv/buy/?column=row&edid=D995694D-350B-F222-F2E2-1BFF2A2E395F&page=1&sortorder=asc HTTP/1.1" 200 70890
46.229.168.135 - - [13/Apr/2020:05:18:16 +0200] "GET /ticket2/opencms/nl/buy/?column=section&edid=6746D547-58E0-E059-5EA6-B180F3DC37DC&page=1&sortorder=desc HTTP/1.1" 200 70397
46.229.168.161 - - [13/Apr/2020:05:18:21 +0200] "GET /ticket2/opencms/nl/buy/?column=section&edid=75E180B2-F524-DD2F-53A6-55E274F1003A&page=1&sortorder=desc HTTP/1.1" 200 71045
5.9.140.242 - - [13/Apr/2020:05:18:23 +0200] "GET /ticket2/opencms/dk/buy/?page=1&edid=0423F886-7646-C776-7223-998CA06B03B8&sortorder=asc&column=section HTTP/1.1" 200 69348
192.99.5.225 - - [13/Apr/2020:05:18:23 +0200] "GET /ticket2/opencms/sv/venue/?venueid=4B317737-92C6-4AC7-0E37-4DCE8050F073 HTTP/1.1" 200 65522
144.76.7.79 - - [13/Apr/2020:05:18:25 +0200] "GET /ticket2/opencms/dk/buy/?page=1&edid=0903ADE1-D3A1-7465-1FF3-2BB60AFF9CDC&sortorder=desc&column=section HTTP/1.1" 200 70928
5.9.70.72 - - [13/Apr/2020:05:18:28 +0200] "GET /ticket2/opencms/robots.txt HTTP/1.1" 200 773
192.99.15.199 - - [13/Apr/2020:05:18:31 +0200] "GET /ticket2/opencms/sv/buy/?page=1&edid=C66DE128-1CA8-66E8-F8F9-3EC04F109E50&sortorder=desc&column=row HTTP/1.1" 200 72689
46.229.168.143 - - [13/Apr/2020:05:18:35 +0200] "GET /ticket2/opencms/fi/buy/?column=section&edid=556D8185-2C7D-1D55-B8E3-986EC0CA0CD9&page=1&sortorder=desc HTTP/1.1" 200 72541
46.229.168.145 - - [13/Apr/2020:05:18:40 +0200] "GET /ticket2/opencms/en/buy/?column=row&edid=2385A97C-ADBC-714E-058F-F9D1A81366A6&page=1&sortorder=desc HTTP/1.1" 200 69225
46.229.168.143 - - [13/Apr/2020:05:18:42 +0200] "GET /ticket2/opencms/en/buy/?column=section&edid=E169F5DB-C811-39FE-D2C1-0C94563BAA9E&page=1&sortorder=desc HTTP/1.1" 200 70877
46.229.168.143 - - [13/Apr/2020:05:18:43 +0200] "GET /ticket2/opencms/en/buy/?column=row&edid=206ED6C7-3CE7-5CA0-4BB3-B7330F14E50F&page=1&sortorder=asc HTTP/1.1" 200 73608
192.99.4.168 - - [13/Apr/2020:05:18:44 +0200] "GET /ticket2/opencms/en/buy/?page=1&edid=A80995E7-8771-9176-CE64-C467ADECCBC7&sortorder=desc&column=row HTTP/1.1" 200 71821
46.229.168.152 - - [13/Apr/2020:05:18:48 +0200] "GET /ticket2/opencms/en/buy/?edid=FD09C638-AEC7-D35A-9E6E-3AEC8C9AE08F&page=1 HTTP/1.1" 200 72413
46.229.168.137 - - [13/Apr/2020:05:18:55 +0200] "GET /ticket2/opencms/sv/buy/?column=price&edid=CD8C65AB-F506-0A9E-001A-2A1B6DBD3092&page=1&sortorder=desc HTTP/1.1" 200 71856
216.245.221.82 - - [13/Apr/2020:05:18:58 +0200] "HEAD /ticket2/opencms/en/ HTTP/1.1" 200 -
46.229.168.136 - - [13/Apr/2020:05:19:00 +0200] "GET /ticket2/opencms/nl/buy/?column=price&edid=339F7634-8AC0-9C3C-6C47-F4D07133A50F&page=1&sortorder=desc HTTP/1.1" 200 71490
5.9.70.72 - - [13/Apr/2020:05:19:02 +0200] "GET /ticket2/opencms/dk/buy/?page=1&edid=A2CCA38D-6150-551E-B9AC-21221F616F2D&sortorder=asc&column=row HTTP/1.1" 200 69286
192.99.15.199 - - [13/Apr/2020:05:19:03 +0200] "GET /ticket2/opencms/sv/buy/?page=1&edid=C66DE128-1CA8-66E8-F8F9-3EC04F109E50&sortorder=desc&column=section HTTP/1.1" 200 72689
192.99.5.225 - - [13/Apr/2020:05:19:04 +0200] "GET /ticket2/opencms/sv/venue/?venueid=5216E917-1606-FFAB-0933-662F7037E961 HTTP/1.1" 200 65441
144.76.7.79 - - [13/Apr/2020:05:19:07 +0200] "GET /ticket2/opencms/dk/buy/?page=1&edid=0908786A-4179-F93B-C44F-96D4376429EA HTTP/1.1" 200 72497
5.9.140.242 - - [13/Apr/2020:05:19:08 +0200] "GET /ticket2/opencms/dk/buy/?page=1&edid=0423F886-7646-C776-7223-998CA06B03B8&sortorder=desc&column=price HTTP/1.1" 200 69347
46.229.168.162 - - [13/Apr/2020:05:19:08 +0200] "GET /ticket2/opencms/sv/buy/?column=row&edid=3DD93626-388E-B658-D6F1-23C401A796FB&page=1&sortorder=desc HTTP/1.1" 200 72659
5.9.70.72 - - [13/Apr/2020:05:19:13 +0200] "GET /ticket2/opencms/dk/buy/?page=1&edid=A2CCA38D-6150-551E-B9AC-21221F616F2D&sortorder=asc&column=section HTTP/1.1" 200 69286
46.229.168.153 - - [13/Apr/2020:05:19:14 +0200] "GET /ticket2/opencms/sv/buy/?column=section&edid=A60952DA-299F-820E-67E8-C4650D264DE5&page=1&sortorder=desc HTTP/1.1" 200 73174
5.9.140.242 - - [13/Apr/2020:05:19:14 +0200] "GET /ticket2/opencms/dk/buy/?page=1&edid=0423F886-7646-C776-7223-998CA06B03B8&sortorder=desc&column=row HTTP/1.1" 200 69347
54.36.149.2 - - [13/Apr/2020:05:19:15 +0200] "GET /ticket2/opencms/sv/buy/?page=1&edid=9F204847-C811-936E-4B8D-981865300B46 HTTP/1.1" 200 71310
121.89.213.54 - - [13/Apr/2020:05:19:18 +0200] "GET /ticket2/opencms/dedecms/login.php HTTP/1.1" 404 -
46.229.168.140 - - [13/Apr/2020:05:19:18 +0200] "GET /ticket2/opencms/fi/buy/?column=price&edid=00059B5F-DE26-4FE8-9C34-25454FE29501&page=1&sortorder=asc HTTP/1.1" 200 72501
46.229.168.144 - - [13/Apr/2020:05:19:22 +0200] "GET /ticket2/opencms/fi/buy/?column=row&edid=C10D9635-5494-FEA9-6350-024287F4715F&page=1&sortorder=desc HTTP/1.1" 200 72738
114.119.166.206 - - [13/Apr/2020:05:19:26 +0200] "GET /ticket2/opencms/no/buy/?page=1&edid=E0A53669-91D6-866E-C069-2204E55E6CA3&sortorder=asc&column=price HTTP/1.1" 200 71674
121.89.213.54 - - [13/Apr/2020:05:19:27 +0200] "GET /ticket2/opencms/dedecms/login.php HTTP/1.1" 404 -
46.229.168.148 - - [13/Apr/2020:05:19:27 +0200] "GET /ticket2/opencms/en/buy/?column=price&edid=E19497C9-118B-A064-F507-FC97F0048E30&page=1&sortorder=desc HTTP/1.1" 200 71523
46.229.168.137 - - [13/Apr/2020:05:19:28 +0200] "GET /ticket2/opencms/robots.txt HTTP/1.1" 200 773
192.99.5.225 - - [13/Apr/2020:05:19:29 +0200] "GET /ticket2/opencms/sv/venue/?venueid=54CFF33C-FC92-3694-4B5D-667C721FDE9D HTTP/1.1" 200 65500
46.229.168.133 - - [13/Apr/2020:05:19:32 +0200] "GET /ticket2/opencms/sv/buy/?column=section&edid=F55FD46B-77AB-3FD2-8E77-5D8B9DF55395&page=1&sortorder=desc HTTP/1.1" 200 71342
121.89.213.54 - - [13/Apr/2020:05:19:32 +0200] "GET /ticket2/opencms/admins/login.php HTTP/1.1" 404 -
46.229.168.152 - - [13/Apr/2020:05:19:34 +0200] "GET /ticket2/opencms/fi/urheilu/jalkapallo/premier_league/bournemouth/ HTTP/1.1" 200 69172
46.229.168.130 - - [13/Apr/2020:05:19:34 +0200] "GET /ticket2/opencms/sv/buy/?column=price&edid=E8FE2A15-0338-AD03-E820-3464EC7EA1F7&page=1&sortorder=desc HTTP/1.1" 200 71554
192.99.15.199 - - [13/Apr/2020:05:19:35 +0200] "GET /ticket2/opencms/sv/buy/?page=1&edid=C6AF69F6-FF94-F121-756D-155EE0F892A6&sortorder=desc&column=price HTTP/1.1" 200 69497
46.229.168.154 - - [13/Apr/2020:05:19:36 +0200] "GET /ticket2/opencms/ru/sport/football/premier_league/tottenham/ HTTP/1.1" 200 71367
5.9.70.72 - - [13/Apr/2020:05:19:43 +0200] "GET /ticket2/opencms/dk/buy/?page=1&edid=BB1EC027-667A-D516-1408-190AC626767E&sortorder=asc&column=price HTTP/1.1" 200 71191
5.9.140.242 - - [13/Apr/2020:05:19:46 +0200] "GET /ticket2/opencms/dk/buy/?page=1&edid=0423F886-7646-C776-7223-998CA06B03B8&sortorder=desc&column=section HTTP/1.1" 200 69347
144.76.7.79 - - [13/Apr/2020:05:19:49 +0200] "GET /ticket2/opencms/dk/buy/?page=1&edid=0908786A-4179-F93B-C44F-96D4376429EA&sortorder=asc&column=price HTTP/1.1" 200 72533
46.229.168.139 - - [13/Apr/2020:05:19:50 +0200] "GET /ticket2/opencms/en/buy/?column=row&edid=C365E2BA-35BF-ADDA-A05F-BD467DADF4B0&page=1&sortorder=desc HTTP/1.1" 200 72439
5.9.70.72 - - [13/Apr/2020:05:19:52 +0200] "GET /ticket2/opencms/dk/buy/?page=1&edid=BB1EC027-667A-D516-1408-190AC626767E&sortorder=asc&column=row HTTP/1.1" 200 71191
46.229.168.153 - - [13/Apr/2020:05:19:54 +0200] "GET /ticket2/opencms/sv/buy/?column=section&edid=A60952DA-299F-820E-67E8-C4650D264DE5&page=1&sortorder=desc HTTP/1.1" 200 73174
192.99.4.168 - - [13/Apr/2020:05:20:01 +0200] "GET /ticket2/opencms/en/buy/?page=1&edid=A829FE1F-6A28-AF43-85C9-A10373B8D0AC&sortorder=desc&column=price HTTP/1.1" 200 71087
46.229.168.162 - - [13/Apr/2020:05:20:05 +0200] "GET /ticket2/opencms/no/buy/?column=price&edid=AA98F677-D021-59B7-E72A-DFC2DEA2070E&page=1&sortorder=asc HTTP/1.1" 200 72125
192.99.5.225 - - [13/Apr/2020:05:20:05 +0200] "GET /ticket2/opencms/sv/venue/?venueid=54DB6E7A-71B2-2EC1-0CC1-E45341E4F9EF HTTP/1.1" 200 65482
46.229.168.134 - - [13/Apr/2020:05:20:06 +0200] "GET /ticket2/opencms/en/buy/?column=section&edid=0BBD1918-205C-0140-CCFC-EC796EAE162A&page=1&sortorder=asc HTTP/1.1" 200 72415
46.229.168.151 - - [13/Apr/2020:05:20:08 +0200] "GET /ticket2/opencms/nl/buy/?column=section&edid=E0608FC5-65F6-E8D3-5201-2E9C615F63AB&page=1&sortorder=asc HTTP/1.1" 200 70412
216.245.221.82 - - [13/Apr/2020:05:20:10 +0200] "GET /ticket2/opencms/en/ HTTP/1.1" 200 71871
46.229.168.130 - - [13/Apr/2020:05:20:11 +0200] "GET /ticket2/opencms/no/buy/?column=row&edid=9855A2C3-650C-23D8-F314-126B4A227928&page=1&sortorder=asc HTTP/1.1" 200 69845
46.229.168.163 - - [13/Apr/2020:05:20:13 +0200] "GET /ticket2/opencms/sv/buy/?column=price&edid=19E1E130-239D-825F-A5F3-74E3C641B339&page=1&sortorder=desc HTTP/1.1" 200 71399
46.229.168.130 - - [13/Apr/2020:05:20:15 +0200] "GET /ticket2/opencms/sv/buy/?column=price&edid=D6E70B72-39E0-1850-AB2F-AE94BBCCC29C&page=1&sortorder=asc HTTP/1.1" 200 70935
46.229.168.135 - - [13/Apr/2020:05:20:16 +0200] "GET /ticket2/opencms/no/buy/?column=section&edid=E3FBDA6C-664F-E626-DA08-2F08834DE954&page=1&sortorder=asc HTTP/1.1" 200 69832
192.99.15.199 - - [13/Apr/2020:05:20:20 +0200] "GET /ticket2/opencms/sv/buy/?page=1&edid=C6AF69F6-FF94-F121-756D-155EE0F892A6&sortorder=desc&column=row HTTP/1.1" 200 69497
5.9.70.72 - - [13/Apr/2020:05:20:22 +0200] "GET /ticket2/opencms/dk/buy/?page=1&edid=BB1EC027-667A-D516-1408-190AC626767E&sortorder=asc&column=section HTTP/1.1" 200 71191
46.229.168.154 - - [13/Apr/2020:05:20:23 +0200] "GET /ticket2/opencms/ru/sport/football/premier_league/tottenham/ HTTP/1.1" 200 71367
46.229.168.143 - - [13/Apr/2020:05:20:25 +0200] "GET /ticket2/opencms/nl/buy/?edid=9CF69F2A-D1E9-E97E-3CC5-627B124BA0D4&page=1 HTTP/1.1" 200 70604
192.99.37.116 - - [13/Apr/2020:05:20:26 +0200] "GET /ticket2/opencms/robots.txt HTTP/1.1" 200 773
144.76.7.79 - - [13/Apr/2020:05:20:28 +0200] "GET /ticket2/opencms/dk/buy/?page=1&edid=0908786A-4179-F93B-C44F-96D4376429EA&sortorder=asc&column=row HTTP/1.1" 200 72533
54.36.148.126 - - [13/Apr/2020:05:20:28 +0200] "GET /ticket2/opencms/dk/venue/?venueid=86C22CE0-18B6-865E-E69F-CE6725E2874B HTTP/1.1" 200 65288
46.229.168.147 - - [13/Apr/2020:05:20:29 +0200] "GET /ticket2/opencms/no/buy/?column=price&edid=C3DFEBD2-A8A4-A504-936B-A29E2DFBAD6E&page=1&sortorder=asc HTTP/1.1" 200 69854
5.9.70.72 - - [13/Apr/2020:05:20:31 +0200] "GET /ticket2/opencms/dk/buy/?page=1&edid=BDACF8A9-BAB3-8280-514A-8268B08E2DCD&sortorder=asc&column=price HTTP/1.1" 200 71188
192.99.5.225 - - [13/Apr/2020:05:20:32 +0200] "GET /ticket2/opencms/sv/venue/?venueid=553A4378-FAB0-EA80-47F6-4E559997BA49 HTTP/1.1" 200 65483
46.229.168.153 - - [13/Apr/2020:05:20:33 +0200] "GET /ticket2/opencms/no/buy/?column=section&edid=A633271C-B67E-BBE4-ABBF-029D739BC729&page=1&sortorder=desc HTTP/1.1" 200 72166
46.229.168.147 - - [13/Apr/2020:05:20:38 +0200] "GET /ticket2/opencms/sv/buy/?column=price&edid=65DE09A5-CD2E-4A41-80F5-C70B8B080A91&page=1&sortorder=asc HTTP/1.1" 200 69489
46.229.168.148 - - [13/Apr/2020:05:20:42 +0200] "GET /ticket2/opencms/nl/buy/?column=section&edid=14401888-B36E-4BB6-0F28-21D471EFEDFE&page=1&sortorder=desc HTTP/1.1" 200 71485
46.229.168.148 - - [13/Apr/2020:05:20:43 +0200] "GET /ticket2/opencms/en/buy/?column=price&edid=736BD66B-437C-04AF-E221-4773B900AE5E&page=1&sortorder=asc HTTP/1.1" 200 71150
46.229.168.132 - - [13/Apr/2020:05:20:45 +0200] "GET /ticket2/opencms/en/buy/?column=section&edid=AA52C9A2-BBC2-04B4-6B59-35DEE0587899&page=1&sortorder=asc HTTP/1.1" 200 69224
46.229.168.143 - - [13/Apr/2020:05:20:51 +0200] "GET /ticket2/opencms/fi/buy/?column=price&edid=D5299377-114D-E85A-E06B-1E0425900906&page=1&sortorder=desc HTTP/1.1" 200 72541
216.245.221.82 - - [13/Apr/2020:05:20:51 +0200] "HEAD /ticket2/opencms/ HTTP/1.1" 302 -
46.229.168.132 - - [13/Apr/2020:05:20:54 +0200] "GET /ticket2/opencms/fi/buy/?column=price&edid=2946B44C-614C-B458-AD25-19BAB8520213&page=1&sortorder=desc HTTP/1.1" 200 71986
5.9.70.72 - - [13/Apr/2020:05:21:00 +0200] "GET /ticket2/opencms/dk/buy/?page=1&edid=BDACF8A9-BAB3-8280-514A-8268B08E2DCD&sortorder=asc&column=section HTTP/1.1" 200 71188
46.229.168.129 - - [13/Apr/2020:05:21:00 +0200] "GET /ticket2/opencms/robots.txt HTTP/1.1" 200 773
192.99.15.199 - - [13/Apr/2020:05:21:01 +0200] "GET /ticket2/opencms/sv/buy/?page=1&edid=C6AF69F6-FF94-F121-756D-155EE0F892A6&sortorder=desc&column=section HTTP/1.1" 200 69497
192.99.4.168 - - [13/Apr/2020:05:21:01 +0200] "GET /ticket2/opencms/en/buy/?page=1&edid=A829FE1F-6A28-AF43-85C9-A10373B8D0AC&sortorder=desc&column=row HTTP/1.1" 200 71087
46.229.168.143 - - [13/Apr/2020:05:21:03 +0200] "GET /ticket2/opencms/fi/buy/?column=row&edid=D671AA4B-F4FE-4377-0CEE-00CC26515A20&page=1&sortorder=desc HTTP/1.1" 200 70630
46.229.168.148 - - [13/Apr/2020:05:21:03 +0200] "GET /ticket2/opencms/robots.txt HTTP/1.1" 200 773
192.99.5.225 - - [13/Apr/2020:05:21:04 +0200] "GET /ticket2/opencms/sv/venue/?venueid=555C346E-314C-BAB1-EEE9-34C0C53F233E HTTP/1.1" 200 65488
46.229.168.133 - - [13/Apr/2020:05:21:04 +0200] "GET /ticket2/opencms/en/buy/?column=row&edid=5D700640-E13B-1534-DC36-11A7DB2850E1&page=1&sortorder=desc HTTP/1.1" 200 71972
144.76.7.79 - - [13/Apr/2020:05:21:04 +0200] "GET /ticket2/opencms/dk/buy/?page=1&edid=0908786A-4179-F93B-C44F-96D4376429EA&sortorder=desc&column=row HTTP/1.1" 200 72532
46.229.168.150 - - [13/Apr/2020:05:21:08 +0200] "GET /ticket2/opencms/en/buy/?column=row&edid=BCFF7CE3-BB7F-1B34-56A9-35AE2A4DFAD4&page=1&sortorder=asc HTTP/1.1" 200 70630
114.119.161.34 - - [13/Apr/2020:05:21:09 +0200] "GET /ticket2/opencms/dk/buy/?page=6&comcatid=B41CCF2B-5558-7AEE-3602-09BBDE417D65&catid=BF886BAE-FC84-8CB3-A193-6DFA251F7985 HTTP/1.1" 200 67325
46.229.168.129 - - [13/Apr/2020:05:21:10 +0200] "GET /ticket2/opencms/fi/buy/?edid=3A07E5A5-3743-E1F7-98D4-69CCB7817E15&page=1 HTTP/1.1" 200 73208
5.9.70.72 - - [13/Apr/2020:05:21:13 +0200] "GET /ticket2/opencms/dk/buy/?page=1&edid=C0041A02-725B-3012-77A5-FEBF23601EFD&sortorder=asc&column=price HTTP/1.1" 200 71190
5.9.140.242 - - [13/Apr/2020:05:21:16 +0200] "GET /ticket2/opencms/dk/buy/?page=1&edid=23538BB3-9FD4-8D9B-243A-AA2603640F65&sortorder=asc&column=row HTTP/1.1" 200 69314
46.229.168.137 - - [13/Apr/2020:05:21:17 +0200] "GET /ticket2/opencms/fi/buy/?column=row&edid=93A8E489-AE58-726C-E39F-173A5C4AC3E8&page=1&sortorder=asc HTTP/1.1" 200 70667
192.99.37.116 - - [13/Apr/2020:05:21:20 +0200] "GET /ticket2/opencms/fi/buy/?page=1&edid=66421F7F-588E-5C63-F6C6-DAD22E369929&sortorder=asc&column=section HTTP/1.1" 200 72101
46.229.168.163 - - [13/Apr/2020:05:21:23 +0200] "GET /ticket2/opencms/no/buy/?column=row&edid=A6BB718A-C4BD-3D5C-72E2-D776690BA6E7&page=1&sortorder=desc HTTP/1.1" 200 69818
40.77.167.131 - - [13/Apr/2020:05:21:26 +0200] "GET /ticket2/opencms/no/sport/fotballsbilletter/premier_league/manchester_united/ HTTP/1.1" 200 72130
144.76.7.79 - - [13/Apr/2020:05:21:29 +0200] "GET /ticket2/opencms/dk/buy/?page=1&edid=0908786A-4179-F93B-C44F-96D4376429EA&sortorder=desc&column=section HTTP/1.1" 200 72532
46.229.168.132 - - [13/Apr/2020:05:21:32 +0200] "GET /ticket2/opencms/nl/buy/?column=section&edid=5F93E8E8-0A3C-E7C6-799E-7FAC313A5B3D&page=1&sortorder=asc HTTP/1.1" 200 70409
192.99.15.199 - - [13/Apr/2020:05:21:34 +0200] "GET /ticket2/opencms/sv/buy/?page=1&edid=C6C5559B-8A18-A2E6-0F36-C07F28EC006B&sortorder=asc&column=price HTTP/1.1" 200 69496
46.229.168.139 - - [13/Apr/2020:05:21:35 +0200] "GET /ticket2/opencms/sv/buy/?column=section&edid=08A1CD09-2A6C-B849-30C9-2FC7EEBC7B3F&page=1&sortorder=asc HTTP/1.1" 200 71371
5.9.140.242 - - [13/Apr/2020:05:21:37 +0200] "GET /ticket2/opencms/dk/buy/?page=1&edid=23538BB3-9FD4-8D9B-243A-AA2603640F65&sortorder=desc&column=row HTTP/1.1" 200 69313
5.9.70.72 - - [13/Apr/2020:05:21:37 +0200] "GET /ticket2/opencms/dk/buy/?page=1&edid=C0041A02-725B-3012-77A5-FEBF23601EFD&sortorder=asc&column=row HTTP/1.1" 200 71190
192.99.5.225 - - [13/Apr/2020:05:21:41 +0200] "GET /ticket2/opencms/sv/venue/?venueid=5656BFDD-7249-1ADA-776A-F31C05AE5BA2 HTTP/1.1" 200 65527
173.208.157.186 - - [13/Apr/2020:05:21:41 +0200] "GET /ticket2/opencms/robots.txt HTTP/1.1" 200 773
46.229.168.132 - - [13/Apr/2020:05:21:41 +0200] "GET /ticket2/opencms/en/buy/?column=section&edid=C99E693D-9CB2-1356-E475-810D65C803C8&page=1&sortorder=desc HTTP/1.1" 200 71104
46.229.168.152 - - [13/Apr/2020:05:21:43 +0200] "GET /ticket2/opencms/dk/buy/?edid=50741BB5-AC41-8EDF-DDAB-6A055F5C5052&page=1 HTTP/1.1" 200 71663
54.36.148.236 - - [13/Apr/2020:05:21:51 +0200] "GET /ticket2/opencms/ru/buy/?page=1&edid=B0A7B93D-B4B8-4787-14E2-3435BF39BB42 HTTP/1.1" 200 72969
46.229.168.151 - - [13/Apr/2020:05:21:53 +0200] "GET /ticket2/opencms/sv/buy/?column=price&edid=71496077-5B1C-FE48-E8D7-00D3EF8F08C6&page=1&sortorder=asc HTTP/1.1" 200 70905
46.229.168.137 - - [13/Apr/2020:05:21:53 +0200] "GET /ticket2/opencms/fi/buy/?column=section&edid=8C6C738E-963E-E4C2-A89C-7AE088866860&page=1&sortorder=desc HTTP/1.1" 200 70632
192.99.4.168 - - [13/Apr/2020:05:21:57 +0200] "GET /ticket2/opencms/en/buy/?page=1&edid=A829FE1F-6A28-AF43-85C9-A10373B8D0AC&sortorder=desc&column=section HTTP/1.1" 200 71087
67.225.220.120 - - [13/Apr/2020:05:21:59 +0200] "GET /ticket2/opencms/sv/buy/?page=1&edid=8BD60387-4E3F-89EB-86CE-11AA91ED3E74 HTTP/1.1" 200 71337
67.225.220.120 - - [13/Apr/2020:05:22:00 +0200] "GET /ticket2/opencms/en/buy/?page=1&edid=AEEDBD7A-961C-0FB9-092F-CBFB7B36B978 HTTP/1.1" 200 69190
46.229.168.149 - - [13/Apr/2020:05:22:01 +0200] "GET /ticket2/opencms/no/buy/?edid=5F5C3C79-AB0C-DE40-C11B-7D9D102A404A&page=1 HTTP/1.1" 200 69804
67.225.220.120 - - [13/Apr/2020:05:22:05 +0200] "GET /ticket2/opencms/sv/buy/?page=1&edid=09DBE843-AC01-1747-3DBE-F411D6DF0264 HTTP/1.1" 200 71337
192.99.15.199 - - [13/Apr/2020:05:22:08 +0200] "GET /ticket2/opencms/sv/buy/?page=1&edid=C6C5559B-8A18-A2E6-0F36-C07F28EC006B&sortorder=asc&column=row HTTP/1.1" 200 69496
144.76.7.79 - - [13/Apr/2020:05:22:11 +0200] "GET /ticket2/opencms/dk/buy/?page=1&edid=090A82EB-84B2-523A-4E3E-E0A1CC3737FC HTTP/1.1" 200 70929
46.229.168.163 - - [13/Apr/2020:05:22:13 +0200] "GET /ticket2/opencms/dk/buy/?edid=52F96119-8DE8-02DF-9B26-6EB899FEED96&page=1 HTTP/1.1" 200 69299
173.208.157.186 - - [13/Apr/2020:05:22:16 +0200] "GET /ticket2/opencms/dk/buy/?page=1&edid=CFC2AA71-77AF-B6F9-E3AC-B5C5B74CC33A&sortorder=desc&column=section HTTP/1.1" 200 70963
5.9.70.72 - - [13/Apr/2020:05:22:19 +0200] "GET /ticket2/opencms/dk/buy/?page=1&edid=C0041A02-725B-3012-77A5-FEBF23601EFD&sortorder=asc&column=section HTTP/1.1" 200 71190
46.229.168.132 - - [13/Apr/2020:05:22:20 +0200] "GET /ticket2/opencms/sv/buy/?column=row&edid=27E722B7-DF70-9526-36C2-D7354E0E8726&page=1&sortorder=asc HTTP/1.1" 200 69490
192.99.5.225 - - [13/Apr/2020:05:22:21 +0200] "GET /ticket2/opencms/sv/venue/?venueid=599873B1-3873-AE39-BC85-F2D3640C7F65 HTTP/1.1" 200 65447
5.9.140.242 - - [13/Apr/2020:05:22:22 +0200] "GET /ticket2/opencms/dk/buy/?page=1&edid=23538BB3-9FD4-8D9B-243A-AA2603640F65&sortorder=desc&column=section HTTP/1.1" 200 69313
173.208.157.186 - - [13/Apr/2020:05:22:29 +0200] "GET /ticket2/opencms/dk/buy/?page=1&edid=D00B11B8-090A-50DF-6F8C-A2F9E4856CE4&sortorder=desc&column=price HTTP/1.1" 200 69332
46.229.168.152 - - [13/Apr/2020:05:22:31 +0200] "GET /ticket2/opencms/ru/buy/?column=price&edid=BF25989E-D557-34A8-F7E5-89D2F2212522&page=1&sortorder=asc HTTP/1.1" 200 71723
46.229.168.154 - - [13/Apr/2020:05:22:38 +0200] "GET /ticket2/opencms/sv/buy/?column=section&edid=E8D37283-D56B-FD6C-F174-24BB3094D0C7&page=1&sortorder=desc HTTP/1.1" 200 71583
46.229.168.134 - - [13/Apr/2020:05:22:39 +0200] "GET /ticket2/opencms/robots.txt HTTP/1.1" 200 773
46.229.168.132 - - [13/Apr/2020:05:22:40 +0200] "GET /ticket2/opencms/no/buy/?column=row&edid=8A1734CD-57B7-0726-0561-5D6E94CAD0FB&page=1&sortorder=asc HTTP/1.1" 200 69846
46.229.168.146 - - [13/Apr/2020:05:22:44 +0200] "GET /ticket2/opencms/sv/buy/?column=section&edid=9D441D2E-6FD2-AD7B-09BE-1E34309E6A7E&page=1&sortorder=desc HTTP/1.1" 200 69477
192.99.37.116 - - [13/Apr/2020:05:22:46 +0200] "GET /ticket2/opencms/fi/buy/?page=1&edid=6875AE46-58DA-9D07-CD12-63DF9AF5CB06&sortorder=asc&column=row HTTP/1.1" 200 72546
46.229.168.142 - - [13/Apr/2020:05:22:46 +0200] "GET /ticket2/opencms/nl/sell/?edid=BB394FD3-070C-1E2C-9920-F550F89B00A2 HTTP/1.1" 302 -
46.229.168.145 - - [13/Apr/2020:05:22:50 +0200] "GET /ticket2/opencms/sv/buy/?column=price&edid=DAE1C461-9A8D-E773-9EDE-290EE65504CD&page=1&sortorder=asc HTTP/1.1" 200 70933
46.229.168.142 - - [13/Apr/2020:05:22:50 +0200] "GET /ticket2/opencms/no/buy/?comcatid=810BB404-4103-77F2-A6C2-12D5E6C338E2 HTTP/1.1" 200 67757
5.9.140.242 - - [13/Apr/2020:05:22:51 +0200] "GET /ticket2/opencms/dk/buy/?page=1&edid=245192A6-8FDA-2EF7-FEA6-F7485A9315EF&sortorder=desc&column=price HTTP/1.1" 200 70736
46.229.168.134 - - [13/Apr/2020:05:22:51 +0200] "GET /ticket2/opencms/robots.txt HTTP/1.1" 200 773
5.9.70.72 - - [13/Apr/2020:05:22:52 +0200] "GET /ticket2/opencms/dk/buy/?page=1&edid=C11DE3CA-0E71-859F-288C-EDF79380210E&sortorder=asc&column=price HTTP/1.1" 200 70743
46.229.168.137 - - [13/Apr/2020:05:22:52 +0200] "GET /ticket2/opencms/no/buy/?catid=D414C6A5-7A03-3389-42A8-D7B7FE32BB37&comcatid=97ECA65A-72DA-F9AF-9DBB-245D3CFED1BE&page=6 HTTP/1.1" 200 70769
192.99.15.199 - - [13/Apr/2020:05:22:59 +0200] "GET /ticket2/opencms/sv/buy/?page=1&edid=C6C5559B-8A18-A2E6-0F36-C07F28EC006B&sortorder=asc&column=section HTTP/1.1" 200 69496
46.229.168.142 - - [13/Apr/2020:05:22:59 +0200] "GET /ticket2/opencms/en/buy/?catid=5A89E483-58AD-080E-F363-E16CE738916A&comcatid=A17713B6-D984-201A-4143-ED4DB5ED5C2E&eventid=3ED87672-1714-735A-8BA1-78AF866AA454&page=6 HTTP/1.1" 200 75675
192.99.5.225 - - [13/Apr/2020:05:22:59 +0200] "GET /ticket2/opencms/sv/venue/?venueid=59CE914F-11B4-25CE-BEB9-4C636D2ADFF0 HTTP/1.1" 200 65461
144.76.7.79 - - [13/Apr/2020:05:23:01 +0200] "GET /ticket2/opencms/dk/buy/?page=1&edid=090A82EB-84B2-523A-4E3E-E0A1CC3737FC&sortorder=asc&column=price HTTP/1.1" 200 70965
46.229.168.150 - - [13/Apr/2020:05:23:07 +0200] "GET /ticket2/opencms/dk/buy/?column=price&edid=650FDD1F-5A1C-AEA4-D5C4-D336D1D7E3C6&page=1&sortorder=asc HTTP/1.1" 200 71434
46.229.168.142 - - [13/Apr/2020:05:23:09 +0200] "GET /ticket2/opencms/fi/buy/?column=price&edid=F43255AB-1595-DACE-116E-56411343B9B3&page=1&sortorder=asc HTTP/1.1" 200 70631
46.229.168.129 - - [13/Apr/2020:05:23:09 +0200] "GET /ticket2/opencms/sv/sell/?edid=46B98409-BE11-50C1-A27B-F9F14E8510F5 HTTP/1.1" 302 -
67.225.220.120 - - [13/Apr/2020:05:23:17 +0200] "GET /ticket2/opencms/en/buy/?page=1&edid=27B5C52A-A7F8-FFF2-CD66-BA61BDE1F885 HTTP/1.1" 200 70640
67.225.220.120 - - [13/Apr/2020:05:23:17 +0200] "GET /ticket2/opencms/en/buy/?page=1&edid=80EE9861-CE07-B7DE-A3DB-A6E5C8995BA8 HTTP/1.1" 200 70847
192.99.4.168 - - [13/Apr/2020:05:23:18 +0200] "GET /ticket2/opencms/en/buy/?page=1&edid=A9819231-7FD1-126F-49F3-8CF87BACE744&sortorder=asc&column=row HTTP/1.1" 200 70908
173.208.157.186 - - [13/Apr/2020:05:23:22 +0200] "GET /ticket2/opencms/dk/buy/?page=1&edid=D00B11B8-090A-50DF-6F8C-A2F9E4856CE4&sortorder=desc&column=row HTTP/1.1" 200 69332
46.229.168.143 - - [13/Apr/2020:05:23:25 +0200] "GET /ticket2/opencms/dk/buy/?column=row&edid=8BC1C66B-97CD-0682-218C-2DF42CFC3091&page=1&sortorder=desc HTTP/1.1" 200 69301
5.9.70.72 - - [13/Apr/2020:05:23:29 +0200] "GET /ticket2/opencms/dk/buy/?page=1&edid=C11DE3CA-0E71-859F-288C-EDF79380210E&sortorder=asc&column=row HTTP/1.1" 200 70743
66.249.79.199 - - [13/Apr/2020:05:23:29 +0200] "GET /ticket2/opencms/dk/buy/?page=6&comcatid=A17713B6-D984-201A-4143-ED4DB5ED5C2E&catid=64756941-02D2-3538-2077-8C2508F4A3A8 HTTP/1.1" 200 75823
5.9.140.242 - - [13/Apr/2020:05:23:30 +0200] "GET /ticket2/opencms/dk/buy/?page=1&edid=245192A6-8FDA-2EF7-FEA6-F7485A9315EF&sortorder=desc&column=row HTTP/1.1" 200 70736
46.229.168.129 - - [13/Apr/2020:05:23:38 +0200] "GET /ticket2/opencms/en/buy/?edid=5F56230C-1D50-AA08-B627-595D000E7ED7&page=1 HTTP/1.1" 200 71058
114.119.164.24 - - [13/Apr/2020:05:23:38 +0200] "GET /ticket2/opencms/sv/buy/?page=1&edid=96F30A5D-14BE-BD60-0E2F-BB513D88813E&sortorder=desc&column=row HTTP/1.1" 200 69485
46.229.168.146 - - [13/Apr/2020:05:23:39 +0200] "GET /ticket2/opencms/sv/buy/?column=row&edid=511DBE77-4302-11AC-20DF-EC763D451874&page=1&sortorder=desc HTTP/1.1" 200 71345
46.229.168.131 - - [13/Apr/2020:05:23:40 +0200] "GET /ticket2/opencms/no/buy/?column=row&edid=A4B939B9-02F3-15DE-1828-4B6AE5FDD036&page=1&sortorder=asc HTTP/1.1" 200 71674
192.99.15.199 - - [13/Apr/2020:05:23:46 +0200] "GET /ticket2/opencms/sv/buy/?page=1&edid=C6C5559B-8A18-A2E6-0F36-C07F28EC006B&sortorder=desc&column=price HTTP/1.1" 200 69495
144.76.7.79 - - [13/Apr/2020:05:23:46 +0200] "GET /ticket2/opencms/dk/buy/?page=1&edid=0993F451-2A27-B97B-1E8A-397D4C7362D6&sortorder=desc&column=row HTTP/1.1" 200 70776
173.208.157.186 - - [13/Apr/2020:05:23:48 +0200] "GET /ticket2/opencms/dk/buy/?page=1&edid=D00B11B8-090A-50DF-6F8C-A2F9E4856CE4&sortorder=desc&column=section HTTP/1.1" 200 69332
192.99.5.225 - - [13/Apr/2020:05:23:48 +0200] "GET /ticket2/opencms/sv/venue/?venueid=5A418B6B-801E-D3D5-FCE2-DE803F28D272 HTTP/1.1" 200 65449
46.229.168.147 - - [13/Apr/2020:05:23:55 +0200] "GET /ticket2/opencms/ru/buy/?edid=02013735-73ED-40FA-90F3-7305F7F53475&page=1 HTTP/1.1" 200 72313
46.229.168.129 - - [13/Apr/2020:05:23:57 +0200] "GET /ticket2/opencms/no/buy/?column=price&edid=6D7A8123-61E5-5833-B05E-2C23906BD89C&page=1&sortorder=desc HTTP/1.1" 200 71446
46.229.168.146 - - [13/Apr/2020:05:24:01 +0200] "GET /ticket2/opencms/en/buy/?column=section&edid=A8541758-A566-1589-F892-2F6BA888CFB0&page=1&sortorder=asc HTTP/1.1" 200 70641
46.229.168.161 - - [13/Apr/2020:05:24:03 +0200] "GET /ticket2/opencms/sv/buy/?column=section&edid=8D125337-1EBE-A81A-53BF-30167193D5A6&page=1&sortorder=asc HTTP/1.1" 200 69483
46.229.168.131 - - [13/Apr/2020:05:24:09 +0200] "GET /ticket2/opencms/no/buy/?column=row&edid=A4B939B9-02F3-15DE-1828-4B6AE5FDD036&page=1&sortorder=asc HTTP/1.1" 200 71674
5.9.70.72 - - [13/Apr/2020:05:24:11 +0200] "GET /ticket2/opencms/dk/buy/?page=1&edid=C11DE3CA-0E71-859F-288C-EDF79380210E&sortorder=asc&column=section HTTP/1.1" 200 70743
192.99.4.168 - - [13/Apr/2020:05:24:16 +0200] "GET /ticket2/opencms/en/buy/?page=1&edid=AA12CDE5-3092-9A32-2B0B-96B83608047C&sortorder=desc&column=row HTTP/1.1" 200 71821
5.9.140.242 - - [13/Apr/2020:05:24:18 +0200] "GET /ticket2/opencms/dk/buy/?page=1&edid=245192A6-8FDA-2EF7-FEA6-F7485A9315EF&sortorder=desc&column=section HTTP/1.1" 200 70736
192.99.37.116 - - [13/Apr/2020:05:24:18 +0200] "GET /ticket2/opencms/fi/buy/?page=1&edid=6A7CCC37-5F63-D2E0-8750-C9D98381AE77 HTTP/1.1" 200 70619
67.225.220.120 - - [13/Apr/2020:05:24:25 +0200] "GET /ticket2/opencms/en/buy/?page=1&edid=C8198374-0577-0427-4408-233F54C3C751 HTTP/1.1" 200 71603
46.229.168.146 - - [13/Apr/2020:05:24:25 +0200] "GET /ticket2/opencms/en/buy/?column=section&edid=A8541758-A566-1589-F892-2F6BA888CFB0&page=1&sortorder=asc HTTP/1.1" 200 70641
216.245.221.82 - - [13/Apr/2020:05:24:25 +0200] "HEAD /ticket2/opencms/ HTTP/1.1" 302 -
173.208.157.186 - - [13/Apr/2020:05:24:32 +0200] "GET /ticket2/opencms/dk/buy/?page=1&edid=D08A9B60-3429-ACA1-D8CD-E29D3C6E537F&sortorder=desc&column=price HTTP/1.1" 200 72499
184.105.247.194 - - [13/Apr/2020:05:24:32 +0200] "GET /ticket2/opencms/ HTTP/1.1" 500 -
35.237.113.10 - - [13/Apr/2020:05:24:32 +0200] "GET /ticket2/opencms/robots.txt HTTP/1.0" 200 773
46.229.168.131 - - [13/Apr/2020:05:24:34 +0200] "GET /ticket2/opencms/sv/buy/?edid=32A8F56D-1146-586D-D282-0D84CEE4FD54&page=1 HTTP/1.1" 200 71335
114.119.160.24 - - [13/Apr/2020:05:24:39 +0200] "GET /ticket2/opencms/en/buy/?page=1&edid=416DE971-B897-5140-B141-FE881AD61026&sortorder=asc&column=section HTTP/1.1" 200 71558
5.9.70.72 - - [13/Apr/2020:05:24:42 +0200] "GET /ticket2/opencms/dk/buy/?page=1&edid=CAAA8227-15F5-C706-A4FA-E55E2646B59F&sortorder=asc&column=section HTTP/1.1" 200 69316
216.245.221.82 - - [13/Apr/2020:05:24:43 +0200] "HEAD /ticket2/opencms/en/ HTTP/1.1" 200 -
35.237.113.10 - - [13/Apr/2020:05:24:43 +0200] "GET /ticket2/opencms/en/ HTTP/1.0" 200 71871
216.245.221.82 - - [13/Apr/2020:05:24:43 +0200] "HEAD /ticket2/opencms/en/ HTTP/1.1" 200 -
46.229.168.161 - - [13/Apr/2020:05:24:47 +0200] "GET /ticket2/opencms/sv/buy/?column=section&edid=9AFE2803-9D25-C6E6-8BD9-C9F1130FF6D1&page=1&sortorder=desc HTTP/1.1" 200 71561
192.99.5.225 - - [13/Apr/2020:05:24:47 +0200] "GET /ticket2/opencms/sv/venue/?venueid=5A6F042B-89D7-42C6-FBDC-5C766B3AD495 HTTP/1.1" 200 65450
46.229.168.146 - - [13/Apr/2020:05:24:56 +0200] "GET /ticket2/opencms/sv/buy/?column=section&edid=EF861438-67E0-49D5-A813-ED658965F997&page=1&sortorder=desc HTTP/1.1" 200 72220
192.99.15.199 - - [13/Apr/2020:05:24:56 +0200] "GET /ticket2/opencms/sv/buy/?page=1&edid=C6C5559B-8A18-A2E6-0F36-C07F28EC006B&sortorder=desc&column=row HTTP/1.1" 200 69495
144.76.7.79 - - [13/Apr/2020:05:24:57 +0200] "GET /ticket2/opencms/dk/buy/?page=1&edid=099FDC21-9563-60C3-D538-CF137C642027&sortorder=desc&column=section HTTP/1.1" 200 69300
72.14.199.152 - - [13/Apr/2020:05:24:58 +0200] "GET /ticket2/opencms/dk/sport/fodboldbilletter/premier-league/manchester-united/ HTTP/1.1" 200 71487
46.229.168.135 - - [13/Apr/2020:05:24:59 +0200] "GET /ticket2/opencms/fi/buy/?column=price&edid=51AC3AFE-2DA9-0686-092F-F6A5A22A3529&page=1&sortorder=asc HTTP/1.1" 200 72054
67.225.220.120 - - [13/Apr/2020:05:25:00 +0200] "GET /ticket2/opencms/en/buy/?page=1&edid=779BC1FE-1DC8-FC01-87AD-5F72C1B982FD HTTP/1.1" 200 69195
46.229.168.135 - - [13/Apr/2020:05:25:00 +0200] "GET /ticket2/opencms/fi/buy/?column=price&edid=51AC3AFE-2DA9-0686-092F-F6A5A22A3529&page=1&sortorder=asc HTTP/1.1" 200 72054
5.9.70.72 - - [13/Apr/2020:05:25:01 +0200] "GET /ticket2/opencms/dk/buy/?page=1&edid=DEA4A591-9EE5-BF64-43D1-08A1DEA4CC02&sortorder=asc&column=price HTTP/1.1" 200 71190
192.99.4.168 - - [13/Apr/2020:05:25:03 +0200] "GET /ticket2/opencms/en/buy/?page=1&edid=AA5AE919-4BFF-B48F-3D5F-56D1DBCA6D67&sortorder=asc&column=row HTTP/1.1" 200 72245
173.252.87.38 - - [13/Apr/2020:05:25:03 +0200] "GET /ticket2/opencms/?fbclid=IwAR0z0oU8qAXgNfBgduU9ZomapJjYniYABrHEismPY-gzzqOqad_mDG9ZRlw HTTP/1.1" 302 -
173.208.157.186 - - [13/Apr/2020:05:25:04 +0200] "GET /ticket2/opencms/dk/buy/?page=1&edid=D08A9B60-3429-ACA1-D8CD-E29D3C6E537F&sortorder=desc&column=row HTTP/1.1" 200 72499
46.229.168.132 - - [13/Apr/2020:05:25:09 +0200] "GET /ticket2/opencms/nl/buy/?column=section&edid=F24F2583-2092-A5CA-4211-3A24230A3D5D&page=1&sortorder=desc HTTP/1.1" 200 70171
5.9.140.242 - - [13/Apr/2020:05:25:18 +0200] "GET /ticket2/opencms/dk/buy/?page=1&edid=24A282BA-CC6E-1C13-AE23-912C708E8D54&sortorder=desc&column=row HTTP/1.1" 200 71433
46.229.168.137 - - [13/Apr/2020:05:25:20 +0200] "GET /ticket2/opencms/fi/buy/?column=section&edid=7EB4B334-95CD-132B-87F8-58D620003B82&page=1&sortorder=asc HTTP/1.1" 200 72514
54.36.150.101 - - [13/Apr/2020:05:25:22 +0200] "GET /ticket2/opencms/ru/buy/?page=10&eventid=55D417BB-5412-3704-4054-63BFE95E046C HTTP/1.1" 200 67512
5.9.140.242 - - [13/Apr/2020:05:25:29 +0200] "GET /ticket2/opencms/dk/buy/?page=1&edid=24AF829E-10D1-5180-8437-2DA5F16AB60A&sortorder=asc&column=price HTTP/1.1" 200 72086
144.76.7.79 - - [13/Apr/2020:05:25:36 +0200] "GET /ticket2/opencms/dk/buy/?page=1&edid=09A90364-D1AA-5EE7-C5DA-9F857331E906&sortorder=desc&column=row HTTP/1.1" 200 71196
192.99.15.199 - - [13/Apr/2020:05:25:38 +0200] "GET /ticket2/opencms/sv/buy/?page=1&edid=C6C5559B-8A18-A2E6-0F36-C07F28EC006B&sortorder=desc&column=section HTTP/1.1" 200 69495
192.99.5.225 - - [13/Apr/2020:05:25:38 +0200] "GET /ticket2/opencms/sv/venue/?venueid=5A7F3216-3247-9899-48F9-7CCF4571FF29 HTTP/1.1" 200 65467
46.229.168.146 - - [13/Apr/2020:05:25:38 +0200] "GET /ticket2/opencms/sv/buy/?column=section&edid=EF861438-67E0-49D5-A813-ED658965F997&page=1&sortorder=desc HTTP/1.1" 200 72220
114.119.163.47 - - [13/Apr/2020:05:25:39 +0200] "GET /ticket2/opencms/dk/buy/?page=1&edid=8BA86FA9-C734-4E24-6C8F-AD29372A2A6B&sortorder=desc&column=row HTTP/1.1" 200 71689
46.229.168.132 - - [13/Apr/2020:05:25:39 +0200] "GET /ticket2/opencms/nl/login/?url=%25252Fnl%25252Fsell%25252F HTTP/1.1" 200 66495
192.99.37.116 - - [13/Apr/2020:05:25:40 +0200] "GET /ticket2/opencms/fi/buy/?page=1&edid=6BB562BA-2C6F-8AE1-6BE1-30FFE188507E&sortorder=asc&column=price HTTP/1.1" 200 72049
5.9.70.72 - - [13/Apr/2020:05:25:42 +0200] "GET /ticket2/opencms/dk/buy/?page=1&edid=DEA4A591-9EE5-BF64-43D1-08A1DEA4CC02&sortorder=asc&column=row HTTP/1.1" 200 71190
66.249.79.85 - - [13/Apr/2020:05:25:42 +0200] "GET /ticket2/opencms/en/venue/?countryid=BD065C1D-5EB9-6471-371C-1A2F19BD7F92 HTTP/1.1" 200 103233
67.225.220.120 - - [13/Apr/2020:05:25:48 +0200] "GET /ticket2/opencms/en/buy/?page=1&edid=7BFAA4DD-59F4-CFC0-8A75-4C1976E082E5 HTTP/1.1" 200 71600
204.12.226.26 - - [13/Apr/2020:05:25:48 +0200] "GET /ticket2/opencms/robots.txt HTTP/1.1" 200 773
173.208.157.186 - - [13/Apr/2020:05:25:56 +0200] "GET /ticket2/opencms/dk/buy/?page=1&edid=D0C0BBA9-AE8D-E0E2-57CD-EF4F8F9B1521&sortorder=desc&column=price HTTP/1.1" 200 71437
144.76.7.79 - - [13/Apr/2020:05:26:01 +0200] "GET /ticket2/opencms/dk/buy/?page=1&edid=09B68EB2-CAD3-E0AE-460C-DBBFE80836A5&sortorder=desc&column=price HTTP/1.1" 200 71183
192.99.4.168 - - [13/Apr/2020:05:26:08 +0200] "GET /ticket2/opencms/en/buy/?page=1&edid=AA5AE919-4BFF-B48F-3D5F-56D1DBCA6D67&sortorder=asc&column=section HTTP/1.1" 200 72245
5.9.140.242 - - [13/Apr/2020:05:26:08 +0200] "GET /ticket2/opencms/dk/buy/?page=1&edid=24AF829E-10D1-5180-8437-2DA5F16AB60A&sortorder=asc&column=row HTTP/1.1" 200 72086
111.202.100.85 - - [13/Apr/2020:05:26:12 +0200] "GET /ticket2/opencms/sv/ HTTP/1.1" 200 72017
157.55.39.32 - - [13/Apr/2020:05:26:14 +0200] "GET /ticket2/opencms/robots.txt HTTP/1.1" 200 773
46.229.168.136 - - [13/Apr/2020:05:26:17 +0200] "GET /ticket2/opencms/no/buy/?column=price&edid=46734271-901E-98C7-732C-5B62B085A633&page=1&sortorder=desc HTTP/1.1" 200 72812
5.9.70.72 - - [13/Apr/2020:05:26:22 +0200] "GET /ticket2/opencms/dk/buy/?page=1&edid=DEA4A591-9EE5-BF64-43D1-08A1DEA4CC02&sortorder=asc&column=section HTTP/1.1" 200 71190
46.229.168.141 - - [13/Apr/2020:05:26:24 +0200] "GET /ticket2/opencms/no/buy/?column=row&edid=88CE4BE0-00B2-6849-A0BE-AF415F692FD7&page=1&sortorder=asc HTTP/1.1" 200 71471
46.229.168.154 - - [13/Apr/2020:05:26:28 +0200] "GET /ticket2/opencms/nl/buy/?edid=B5487927-5D9E-47A1-7B61-6B84BE8D3FED&page=1 HTTP/1.1" 200 71454
66.249.79.199 - - [13/Apr/2020:05:26:28 +0200] "GET /ticket2/opencms/dk/venue/?venueid=04EBBB82-240A-AF8F-DA1F-896AD50040B5 HTTP/1.1" 200 65223
192.99.5.225 - - [13/Apr/2020:05:26:28 +0200] "GET /ticket2/opencms/sv/venue/?venueid=5B101BF6-93E5-0E68-CC24-F8AEC762D8E3 HTTP/1.1" 200 65452
46.229.168.142 - - [13/Apr/2020:05:26:34 +0200] "GET /ticket2/opencms/sv/buy/?column=price&edid=D3DBBF75-5523-8FBF-5E1B-1496E6028BAC&page=1&sortorder=asc HTTP/1.1" 200 69478
54.36.148.249 - - [13/Apr/2020:05:26:34 +0200] "GET /ticket2/opencms/dk/venue/?venueid=480A6B99-5B8C-629A-4599-8DBE2732DD37 HTTP/1.1" 200 65211
192.99.37.116 - - [13/Apr/2020:05:26:38 +0200] "GET /ticket2/opencms/fi/buy/?page=1&edid=6BB562BA-2C6F-8AE1-6BE1-30FFE188507E&sortorder=asc&column=row HTTP/1.1" 200 72049
144.76.7.79 - - [13/Apr/2020:05:26:40 +0200] "GET /ticket2/opencms/dk/buy/?page=1&edid=09B68EB2-CAD3-E0AE-460C-DBBFE80836A5&sortorder=desc&column=row HTTP/1.1" 200 71183
46.229.168.131 - - [13/Apr/2020:05:26:47 +0200] "GET /ticket2/opencms/fi/buy/?edid=30C89ECD-9C00-576C-AA0D-236F4C1FBD43&page=1 HTTP/1.1" 200 72067
46.229.168.129 - - [13/Apr/2020:05:26:47 +0200] "GET /ticket2/opencms/robots.txt HTTP/1.1" 200 773
192.99.15.199 - - [13/Apr/2020:05:26:52 +0200] "GET /ticket2/opencms/sv/buy/?page=1&edid=C7115D30-B8A3-CC93-65A1-FAEE93E7AAFA HTTP/1.1" 200 69462
173.208.157.186 - - [13/Apr/2020:05:26:52 +0200] "GET /ticket2/opencms/dk/buy/?page=1&edid=D0C0BBA9-AE8D-E0E2-57CD-EF4F8F9B1521&sortorder=desc&column=section HTTP/1.1" 200 71437
204.12.226.26 - - [13/Apr/2020:05:26:54 +0200] "GET /ticket2/opencms/fi/buy/?page=1&edid=CAE92924-3FB7-0134-A118-0CF45131D58E&sortorder=desc&column=section HTTP/1.1" 200 70623
66.249.79.89 - - [13/Apr/2020:05:26:58 +0200] "GET /ticket2/opencms/sv/venue/?venueid=58522292-9FB1-E2A9-71BC-483A012096C6 HTTP/1.1" 200 65482
5.9.70.72 - - [13/Apr/2020:05:26:59 +0200] "GET /ticket2/opencms/dk/buy/?page=1&edid=E0A53669-91D6-866E-C069-2204E55E6CA3&sortorder=asc&column=price HTTP/1.1" 200 71194
46.229.168.153 - - [13/Apr/2020:05:26:59 +0200] "GET /ticket2/opencms/sv/sport/hockeybiljetter/nhl/Anaheim-Ducks/ HTTP/1.1" 200 68131
46.229.168.142 - - [13/Apr/2020:05:27:01 +0200] "GET /ticket2/opencms/sv/buy/?column=price&edid=D3DBBF75-5523-8FBF-5E1B-1496E6028BAC&page=1&sortorder=asc HTTP/1.1" 200 69478
46.229.168.132 - - [13/Apr/2020:05:27:01 +0200] "GET /ticket2/opencms/fi/buy/?column=price&edid=9AFE2803-9D25-C6E6-8BD9-C9F1130FF6D1&page=1&sortorder=asc HTTP/1.1" 200 72712
46.229.168.129 - - [13/Apr/2020:05:27:01 +0200] "GET /ticket2/opencms/robots.txt HTTP/1.1" 200 773
192.99.4.168 - - [13/Apr/2020:05:27:01 +0200] "GET /ticket2/opencms/en/buy/?page=1&edid=AA5AE919-4BFF-B48F-3D5F-56D1DBCA6D67&sortorder=desc&column=price HTTP/1.1" 200 72244
67.225.220.120 - - [13/Apr/2020:05:27:13 +0200] "GET /ticket2/opencms/en/buy/?page=1&edid=09DE46D7-1C1F-33BE-37FA-869EBDC3AD7C HTTP/1.1" 200 70840
46.229.168.136 - - [13/Apr/2020:05:27:14 +0200] "GET /ticket2/opencms/no/buy/?column=price&edid=46734271-901E-98C7-732C-5B62B085A633&page=1&sortorder=desc HTTP/1.1" 200 72812
192.99.5.225 - - [13/Apr/2020:05:27:15 +0200] "GET /ticket2/opencms/sv/venue/?venueid=5B5FEC4B-6A08-971E-57F6-0BCF755A9705 HTTP/1.1" 200 65444
5.9.140.242 - - [13/Apr/2020:05:27:15 +0200] "GET /ticket2/opencms/dk/buy/?page=1&edid=24AF829E-10D1-5180-8437-2DA5F16AB60A&sortorder=asc&column=section HTTP/1.1" 200 72086
46.229.168.161 - - [13/Apr/2020:05:27:17 +0200] "GET /ticket2/opencms/dk/buy/?column=price&edid=A73B240C-7D61-AA56-4D37-875DF3743FEC&page=1&sortorder=asc HTTP/1.1" 200 69321
192.99.37.116 - - [13/Apr/2020:05:27:17 +0200] "GET /ticket2/opencms/fi/buy/?page=1&edid=6BB562BA-2C6F-8AE1-6BE1-30FFE188507E&sortorder=asc&column=section HTTP/1.1" 200 72049
192.99.15.199 - - [13/Apr/2020:05:27:19 +0200] "GET /ticket2/opencms/sv/buy/?page=1&edid=C7115D30-B8A3-CC93-65A1-FAEE93E7AAFA&sortorder=asc&column=price HTTP/1.1" 200 69498
46.229.168.131 - - [13/Apr/2020:05:27:28 +0200] "GET /ticket2/opencms/fi/buy/?edid=30C89ECD-9C00-576C-AA0D-236F4C1FBD43&page=1 HTTP/1.1" 200 72067
144.76.7.79 - - [13/Apr/2020:05:27:30 +0200] "GET /ticket2/opencms/dk/buy/?page=1&edid=09BCEBCD-087A-9ADA-95C7-1647396B134E&sortorder=desc&column=row HTTP/1.1" 200 70978
114.119.165.55 - - [13/Apr/2020:05:27:31 +0200] "GET /ticket2/opencms/no/buy/?page=1&edid=E3118800-A96C-AB59-99C3-1CFA30B79001&sortorder=desc&column=price HTTP/1.1" 200 71263
66.249.79.37 - - [13/Apr/2020:05:27:31 +0200] "GET /ticket2/opencms/en/buy/?page=6&comcatid=A17713B6-D984-201A-4143-ED4DB5ED5C2E&catid=7CF2D645-F785-0CBB-1B7C-C4711617EAAD HTTP/1.1" 200 75683
46.229.168.138 - - [13/Apr/2020:05:27:31 +0200] "GET /ticket2/opencms/no/buy/?column=row&edid=9E00FB70-B262-7D95-9558-FFEE9A3EC7E3&page=1&sortorder=asc HTTP/1.1" 200 73007
173.208.157.186 - - [13/Apr/2020:05:27:31 +0200] "GET /ticket2/opencms/dk/buy/?page=1&edid=D156CAE1-A0B1-59DD-D44A-719128E6266A&sortorder=desc&column=row HTTP/1.1" 200 71216
204.12.226.26 - - [13/Apr/2020:05:27:32 +0200] "GET /ticket2/opencms/fi/buy/?page=1&edid=CCCC75B3-B115-4484-EAA1-179BE65E4AE6 HTTP/1.1" 200 73333
46.229.168.143 - - [13/Apr/2020:05:27:34 +0200] "GET /ticket2/opencms/no/buy/?column=price&edid=C2E2A345-1805-9628-50E3-0D8B812CD139&page=1&sortorder=desc HTTP/1.1" 200 69822
46.229.168.130 - - [13/Apr/2020:05:27:36 +0200] "GET /ticket2/opencms/sv/buy/?column=section&edid=F9FF1A93-E063-30B5-D018-721B7BF05409&page=1&sortorder=asc HTTP/1.1" 200 71862
144.76.7.79 - - [13/Apr/2020:05:27:37 +0200] "GET /ticket2/opencms/dk/buy/?page=1&edid=09BCEBCD-087A-9ADA-95C7-1647396B134E&sortorder=desc&column=section HTTP/1.1" 200 70978
46.229.168.143 - - [13/Apr/2020:05:27:38 +0200] "GET /ticket2/opencms/no/buy/?column=price&edid=C2E2A345-1805-9628-50E3-0D8B812CD139&page=1&sortorder=desc HTTP/1.1" 200 69822
192.99.5.225 - - [13/Apr/2020:05:27:38 +0200] "GET /ticket2/opencms/sv/venue/?venueid=5DA3516A-811E-075A-C6ED-904902662B17 HTTP/1.1" 200 65453
46.229.168.140 - - [13/Apr/2020:05:27:39 +0200] "GET /ticket2/opencms/no/sport/fotballsbilletter/serie_a/carpi/ HTTP/1.1" 200 66720
46.229.168.163 - - [13/Apr/2020:05:27:40 +0200] "GET /ticket2/opencms/en/buy/?column=section&edid=3290BF82-EABE-6F5C-1E55-FF70F3A573DE&page=1&sortorder=desc HTTP/1.1" 200 69260
192.99.4.168 - - [13/Apr/2020:05:27:40 +0200] "GET /ticket2/opencms/en/buy/?page=1&edid=AC9B2055-12DA-9E20-67F9-15ACACD7CC8B&sortorder=desc&column=price HTTP/1.1" 200 71098
173.208.157.186 - - [13/Apr/2020:05:27:42 +0200] "GET /ticket2/opencms/dk/buy/?page=1&edid=D156CAE1-A0B1-59DD-D44A-719128E6266A&sortorder=desc&column=section HTTP/1.1" 200 71216
204.12.226.26 - - [13/Apr/2020:05:27:44 +0200] "GET /ticket2/opencms/fi/buy/?page=1&edid=CCCC75B3-B115-4484-EAA1-179BE65E4AE6&sortorder=asc&column=price HTTP/1.1" 200 73369
46.229.168.153 - - [13/Apr/2020:05:27:52 +0200] "GET /ticket2/opencms/fi/buy/?edid=4A1E541D-A2F7-F553-9244-C365DA9D6313&page=1 HTTP/1.1" 200 72688
5.9.70.72 - - [13/Apr/2020:05:27:54 +0200] "GET /ticket2/opencms/dk/buy/?page=1&edid=E105CC99-C590-CA5D-D12C-4CC2C60C2228&sortorder=asc&column=price HTTP/1.1" 200 69345
46.229.168.154 - - [13/Apr/2020:05:27:55 +0200] "GET /ticket2/opencms/en/buy/?column=price&edid=8F4CAB1A-F6AB-EB65-C2ED-61EB1750F18C&page=1&sortorder=asc HTTP/1.1" 200 69236
5.9.70.72 - - [13/Apr/2020:05:27:55 +0200] "GET /ticket2/opencms/dk/buy/?page=1&edid=E105CC99-C590-CA5D-D12C-4CC2C60C2228&sortorder=asc&column=row HTTP/1.1" 200 69345
192.99.5.225 - - [13/Apr/2020:05:27:55 +0200] "GET /ticket2/opencms/sv/venue/?venueid=5DEA585A-08E2-B30D-154E-200E44426012 HTTP/1.1" 200 65483
46.229.168.154 - - [13/Apr/2020:05:27:56 +0200] "GET /ticket2/opencms/en/buy/?column=price&edid=8F4CAB1A-F6AB-EB65-C2ED-61EB1750F18C&page=1&sortorder=asc HTTP/1.1" 200 69236
46.229.168.151 - - [13/Apr/2020:05:27:58 +0200] "GET /ticket2/opencms/nl/buy/?column=row&edid=91851CE1-DEEA-F6FA-15A7-E92688F40B77&page=1&sortorder=desc HTTP/1.1" 200 71521
204.12.226.26 - - [13/Apr/2020:05:27:59 +0200] "GET /ticket2/opencms/fi/buy/?page=1&edid=CCCC75B3-B115-4484-EAA1-179BE65E4AE6&sortorder=asc&column=row HTTP/1.1" 200 73369
192.99.37.116 - - [13/Apr/2020:05:28:03 +0200] "GET /ticket2/opencms/fi/buy/?page=1&edid=6DB046DB-410B-73D4-9D8B-16FCC7635D61&sortorder=asc&column=price HTTP/1.1" 200 72478
173.208.157.186 - - [13/Apr/2020:05:28:05 +0200] "GET /ticket2/opencms/dk/buy/?page=1&edid=D1EF0F6B-A1D9-3144-2C8D-BD026F6FEB3F&sortorder=desc&column=row HTTP/1.1" 200 72526
144.76.7.79 - - [13/Apr/2020:05:28:06 +0200] "GET /ticket2/opencms/dk/buy/?page=1&edid=09C15822-D004-0AFD-D637-91FF46D0AE70&sortorder=asc&column=price HTTP/1.1" 200 69287
46.229.168.139 - - [13/Apr/2020:05:28:06 +0200] "GET /ticket2/opencms/no/buy/?column=price&edid=D8AF9E01-ADFB-3436-2590-435C98124FC7&page=1&sortorder=desc HTTP/1.1" 200 72539
157.55.39.159 - - [13/Apr/2020:05:28:08 +0200] "GET /ticket2/opencms/dk/sport/fodboldbilletter/serie-a/napoli/ HTTP/1.1" 200 68983
46.229.168.138 - - [13/Apr/2020:05:28:10 +0200] "GET /ticket2/opencms/no/buy/?column=section&edid=B3E9CF22-67BA-F1BB-114E-8C5EC129CEB7&page=1&sortorder=desc HTTP/1.1" 200 73006
192.99.15.199 - - [13/Apr/2020:05:28:11 +0200] "GET /ticket2/opencms/sv/buy/?page=1&edid=C7115D30-B8A3-CC93-65A1-FAEE93E7AAFA&sortorder=asc&column=row HTTP/1.1" 200 69498
192.99.5.225 - - [13/Apr/2020:05:28:13 +0200] "GET /ticket2/opencms/sv/venue/?venueid=5E03C312-201F-EA86-FC06-30C04764E9A3 HTTP/1.1" 200 65468
67.225.220.120 - - [13/Apr/2020:05:28:13 +0200] "GET /ticket2/opencms/sv/buy/?page=1&edid=25D3D3E5-D02F-8300-32F4-19219E2ACCBA HTTP/1.1" 200 71543
144.76.7.79 - - [13/Apr/2020:05:28:15 +0200] "GET /ticket2/opencms/dk/buy/?page=1&edid=09DBE843-AC01-1747-3DBE-F411D6DF0264&sortorder=asc&column=price HTTP/1.1" 200 71217
192.99.4.168 - - [13/Apr/2020:05:28:17 +0200] "GET /ticket2/opencms/en/buy/?page=1&edid=AE103B06-1DCE-BEFE-4D39-C1E8490548BB&sortorder=asc&column=price HTTP/1.1" 200 71652
46.229.168.141 - - [13/Apr/2020:05:28:19 +0200] "GET /ticket2/opencms/sv/buy/?edid=9269E4E8-F0FC-CA07-8C2F-0DE80FBAAA7B&page=1 HTTP/1.1" 200 72662
173.208.157.186 - - [13/Apr/2020:05:28:21 +0200] "GET /ticket2/opencms/dk/buy/?page=1&edid=D210E338-439A-D82B-80DD-B03F52201487 HTTP/1.1" 200 69291
114.119.163.102 - - [13/Apr/2020:05:28:23 +0200] "GET /ticket2/opencms/no/buy/?page=1&edid=BD31577E-89AE-21C8-EC43-EC092DF762EE&sortorder=desc&column=price HTTP/1.1" 200 72172
204.12.226.26 - - [13/Apr/2020:05:28:23 +0200] "GET /ticket2/opencms/fi/buy/?page=1&edid=CCCC75B3-B115-4484-EAA1-179BE65E4AE6&sortorder=asc&column=section HTTP/1.1" 200 73369
46.229.168.130 - - [13/Apr/2020:05:28:25 +0200] "GET /ticket2/opencms/en/buy/?column=row&edid=E19497C9-118B-A064-F507-FC97F0048E30&page=1&sortorder=desc HTTP/1.1" 200 71523
5.9.70.72 - - [13/Apr/2020:05:28:29 +0200] "GET /ticket2/opencms/dk/buy/?page=1&edid=E105CC99-C590-CA5D-D12C-4CC2C60C2228&sortorder=asc&column=section HTTP/1.1" 200 69345
46.229.168.140 - - [13/Apr/2020:05:28:33 +0200] "GET /ticket2/opencms/nl/buy/?column=section&edid=ED19B4A4-0607-6479-D5B9-048B1EA6100D&page=1&sortorder=desc HTTP/1.1" 200 71517
173.208.157.186 - - [13/Apr/2020:05:28:38 +0200] "GET /ticket2/opencms/dk/buy/?page=1&edid=D244D98C-A955-FD66-B94B-A61EAC22C3B6&sortorder=desc&column=price HTTP/1.1" 200 69328
46.229.168.145 - - [13/Apr/2020:05:28:41 +0200] "GET /ticket2/opencms/nl/buy/?edid=D210E338-439A-D82B-80DD-B03F52201487&page=1 HTTP/1.1" 200 68299
192.99.15.199 - - [13/Apr/2020:05:28:42 +0200] "GET /ticket2/opencms/sv/buy/?page=1&edid=C7115D30-B8A3-CC93-65A1-FAEE93E7AAFA&sortorder=asc&column=section HTTP/1.1" 200 69498
