208.110.93.78 - - [13/Apr/2020:08:42:05 +0200] "GET /ticket2/opencms/no/buy/?page=1&edid=C3441F4B-9BE6-0302-46AF-3438A0A89825&sortorder=desc&column=price HTTP/1.1" 200 69831
95.216.20.54 - - [13/Apr/2020:08:42:05 +0200] "GET /ticket2/opencms/fi/login/?edid=9B6C7A6D-9617-9B22-4988-8D29FAC16B71 HTTP/1.1" 200 68719
47.54.35.136 - - [13/Apr/2020:08:42:07 +0200] "GET /ticket2/opencms/en/buy/?page=1&edid=66421F7F-588E-5C63-F6C6-DAD22E369929&sortorder=asc&column=row HTTP/1.1" 200 70696
176.67.84.71 - - [13/Apr/2020:08:42:07 +0200] "GET /ticket2/opencms/ HTTP/1.0" 302 -
173.208.130.202 - - [13/Apr/2020:08:42:09 +0200] "GET /ticket2/opencms/dk/buy/?page=1&edid=990537F6-0505-9757-D901-B5E3E564ED8C&sortorder=asc&column=section HTTP/1.1" 200 71219
114.119.160.32 - - [13/Apr/2020:08:42:10 +0200] "GET /ticket2/opencms/no/buy/?page=1&edid=96F30A5D-14BE-BD60-0E2F-BB513D88813E&sortorder=desc&column=price HTTP/1.1" 200 69829
67.225.220.120 - - [13/Apr/2020:08:42:11 +0200] "GET /ticket2/opencms/en/buy/?page=1&edid=859A21BA-7D6B-CB00-5A53-1245BE135278 HTTP/1.1" 200 69231
208.110.93.78 - - [13/Apr/2020:08:42:11 +0200] "GET /ticket2/opencms/no/buy/?page=1&edid=C3441F4B-9BE6-0302-46AF-3438A0A89825&sortorder=desc&column=row HTTP/1.1" 200 69831
5.9.71.213 - - [13/Apr/2020:08:42:11 +0200] "GET /ticket2/opencms/dk/buy/?page=1&edid=72BBEF2E-3C1D-620B-FDA3-39E4087FDFE0&sortorder=asc&column=section HTTP/1.1" 200 69312
46.229.168.145 - - [13/Apr/2020:08:42:11 +0200] "GET /ticket2/opencms/robots.txt HTTP/1.1" 200 773
46.229.168.153 - - [13/Apr/2020:08:42:14 +0200] "GET /ticket2/opencms/dk/buy/?edid=81DE99B8-B539-4A70-A5E8-8FEF57F1405C&page=1 HTTP/1.1" 200 70961
95.216.20.54 - - [13/Apr/2020:08:42:15 +0200] "GET /ticket2/opencms/fi/login/?edid=9B811E9B-3C95-EFED-B35F-7CEE6EE5AD36 HTTP/1.1" 200 68719
223.71.167.165 - - [13/Apr/2020:08:42:15 +0200] "GET /ticket2/opencms/ HTTP/1.1" 302 -
47.54.35.136 - - [13/Apr/2020:08:42:17 +0200] "GET /ticket2/opencms/en/buy/?page=1&edid=66421F7F-588E-5C63-F6C6-DAD22E369929&sortorder=asc&column=section HTTP/1.1" 200 70696
46.229.168.137 - - [13/Apr/2020:08:42:26 +0200] "GET /ticket2/opencms/sv/buy/?edid=10AAD649-5E5E-EE36-2E17-DDA964C1719C&page=1 HTTP/1.1" 200 70855
46.229.168.147 - - [13/Apr/2020:08:42:26 +0200] "GET /ticket2/opencms/no/buy/?catid=36394212-F82E-F845-399B-42BED55969CC&comcatid=A17713B6-D984-201A-4143-ED4DB5ED5C2E HTTP/1.1" 200 94069
46.229.168.153 - - [13/Apr/2020:08:42:31 +0200] "GET /ticket2/opencms/fi/buy/?column=section&edid=5693F4A3-DF3A-7DE7-893C-20EBEBDA7A22&page=1&sortorder=asc HTTP/1.1" 200 70647
69.30.198.186 - - [13/Apr/2020:08:42:33 +0200] "GET /ticket2/opencms/dk/buy/?page=1&edid=0477FD06-96DA-B114-0215-1A5B86788F96&sortorder=desc&column=section HTTP/1.1" 200 71216
95.216.20.54 - - [13/Apr/2020:08:42:33 +0200] "GET /ticket2/opencms/fi/login/?edid=9C91C697-B406-6838-E8EE-67CCBD777A69 HTTP/1.1" 200 68719
192.99.37.116 - - [13/Apr/2020:08:42:36 +0200] "GET /ticket2/opencms/fi/buy/?page=1&edid=E12F4022-1973-9A42-8144-79292D1B75BA&sortorder=desc&column=price HTTP/1.1" 200 72579
176.67.84.71 - - [13/Apr/2020:08:42:36 +0200] "GET /ticket2/opencms/ HTTP/1.0" 302 -
54.36.148.93 - - [13/Apr/2020:08:42:36 +0200] "GET /ticket2/opencms/en/venue/?venueid=E2D4E9F9-CC54-5F87-2390-831138B18156 HTTP/1.1" 200 65260
208.110.93.78 - - [13/Apr/2020:08:42:43 +0200] "GET /ticket2/opencms/no/buy/?page=1&edid=C3441F4B-9BE6-0302-46AF-3438A0A89825&sortorder=desc&column=section HTTP/1.1" 200 69831
95.216.20.54 - - [13/Apr/2020:08:42:43 +0200] "GET /ticket2/opencms/fi/login/?edid=9D28F9B9-6904-1ABE-2B7B-B5AAE0BDC058 HTTP/1.1" 200 68719
192.99.15.199 - - [13/Apr/2020:08:42:43 +0200] "GET /ticket2/opencms/sv/login/?edid=D46E0578-2C40-B575-6691-BBD6C7BC77BE HTTP/1.1" 200 67543
5.9.71.213 - - [13/Apr/2020:08:42:45 +0200] "GET /ticket2/opencms/dk/buy/?page=1&edid=7545A501-A74F-FCD9-6047-6417398923F8&sortorder=desc&column=price HTTP/1.1" 200 71248
46.229.168.134 - - [13/Apr/2020:08:42:47 +0200] "GET /ticket2/opencms/ru/buy/?column=row&edid=5685D4F1-DA1F-5275-BF3E-BE6818FDF10F&page=1&sortorder=asc HTTP/1.1" 200 72132
46.229.168.146 - - [13/Apr/2020:08:42:47 +0200] "GET /ticket2/opencms/robots.txt HTTP/1.1" 200 773
46.229.168.151 - - [13/Apr/2020:08:42:50 +0200] "GET /ticket2/opencms/fi/buy/?edid=43D88884-7748-D9CD-309C-B4C043F1EC3C&page=1 HTTP/1.1" 200 72006
67.225.220.120 - - [13/Apr/2020:08:42:50 +0200] "GET /ticket2/opencms/en/buy/?page=1&edid=A4AA9FAF-A900-49DB-5496-82F65D60D290 HTTP/1.1" 200 71596
208.110.93.78 - - [13/Apr/2020:08:42:52 +0200] "GET /ticket2/opencms/no/buy/?page=1&edid=C3820925-46F4-9B94-F451-8C76FF25869E HTTP/1.1" 200 69793
46.229.168.145 - - [13/Apr/2020:08:42:54 +0200] "GET /ticket2/opencms/sv/sport/fotbollsbiljetter/premier_league/leicester/ HTTP/1.1" 200 68636
95.216.20.54 - - [13/Apr/2020:08:42:54 +0200] "GET /ticket2/opencms/fi/login/?edid=9D741AD8-6686-3598-9ED2-A1E65C34EAB3 HTTP/1.1" 200 68719
216.245.221.82 - - [13/Apr/2020:08:42:54 +0200] "HEAD /ticket2/opencms/ HTTP/1.1" 302 -
46.229.168.142 - - [13/Apr/2020:08:43:05 +0200] "GET /ticket2/opencms/no/buy/?column=section&edid=9FB7859D-DDE8-10E7-3804-37A1874573F9&page=1&sortorder=desc HTTP/1.1" 200 71246
46.229.168.135 - - [13/Apr/2020:08:43:06 +0200] "GET /ticket2/opencms/sv/buy/?column=price&edid=73E3472E-75F3-D9FA-7EEA-B15267C09460&page=1&sortorder=desc HTTP/1.1" 200 71349
46.229.168.144 - - [13/Apr/2020:08:43:08 +0200] "GET /ticket2/opencms/dk/buy/?edid=F54D8C8D-5C06-7A10-2302-6EF73D28A9FF&page=1 HTTP/1.1" 200 70700
46.229.168.139 - - [13/Apr/2020:08:43:08 +0200] "GET /ticket2/opencms/nl/buy/?edid=9CB88255-C1D7-A550-4F71-3BA9C5085A0C&page=1 HTTP/1.1" 200 70378
95.216.20.54 - - [13/Apr/2020:08:43:09 +0200] "GET /ticket2/opencms/fi/login/?edid=9D9F75F2-1C85-5AEE-0B71-545915B49E49 HTTP/1.1" 200 68719
46.229.168.149 - - [13/Apr/2020:08:43:13 +0200] "GET /ticket2/opencms/sv/buy/?column=price&edid=A6BB718A-C4BD-3D5C-72E2-D776690BA6E7&page=1&sortorder=asc HTTP/1.1" 200 69475
208.110.93.78 - - [13/Apr/2020:08:43:14 +0200] "GET /ticket2/opencms/no/buy/?page=1&edid=C3820925-46F4-9B94-F451-8C76FF25869E&sortorder=asc&column=price HTTP/1.1" 200 69829
46.229.168.145 - - [13/Apr/2020:08:43:16 +0200] "GET /ticket2/opencms/fi/buy/?column=price&edid=DA092D51-9FFC-84BE-97A0-4DF0E8B1E89B&page=1&sortorder=asc HTTP/1.1" 200 73023
46.229.168.146 - - [13/Apr/2020:08:43:16 +0200] "GET /ticket2/opencms/sv/buy/?column=price&edid=A80995E7-8771-9176-CE64-C467ADECCBC7&page=1&sortorder=desc HTTP/1.1" 200 72072
46.229.168.149 - - [13/Apr/2020:08:43:26 +0200] "GET /ticket2/opencms/en/buy/?column=price&edid=DD891C99-40B2-616E-6EFB-91B084647EE0&page=1&sortorder=asc HTTP/1.1" 200 71971
114.119.162.79 - - [13/Apr/2020:08:43:27 +0200] "GET /ticket2/opencms/en/buy/?page=1&edid=8D609A09-968B-809C-B291-0AEC7810E029&sortorder=desc&column=section HTTP/1.1" 200 71316
95.216.20.54 - - [13/Apr/2020:08:43:27 +0200] "GET /ticket2/opencms/fi/login/?edid=A0FF03C8-8420-0877-2FE6-0C9E8902BC6D HTTP/1.1" 200 68719
5.9.71.213 - - [13/Apr/2020:08:43:30 +0200] "GET /ticket2/opencms/dk/buy/?page=1&edid=75E180B2-F524-DD2F-53A6-55E274F1003A&sortorder=desc&column=row HTTP/1.1" 200 72057
46.229.168.139 - - [13/Apr/2020:08:43:31 +0200] "GET /ticket2/opencms/en/buy/?column=row&edid=06E9E41F-E48F-7CFB-D11B-E7C9F0A0E4D8&page=1&sortorder=desc HTTP/1.1" 200 72237
208.110.93.78 - - [13/Apr/2020:08:43:34 +0200] "GET /ticket2/opencms/no/buy/?page=1&edid=C3820925-46F4-9B94-F451-8C76FF25869E&sortorder=asc&column=row HTTP/1.1" 200 69829
46.229.168.145 - - [13/Apr/2020:08:43:35 +0200] "GET /ticket2/opencms/no/buy/?column=price&edid=49C08FA0-ED06-3265-70AE-3BEE76F3DD9E&page=1&sortorder=desc HTTP/1.1" 200 71465
46.229.168.146 - - [13/Apr/2020:08:43:45 +0200] "GET /ticket2/opencms/no/buy/?column=price&edid=52827494-239B-83D7-4791-E7789689FAB8&page=1&sortorder=desc HTTP/1.1" 200 72539
192.99.15.199 - - [13/Apr/2020:08:43:45 +0200] "GET /ticket2/opencms/sv/login/?edid=D5F77514-6365-CD51-9AFB-D0DD3E873E69 HTTP/1.1" 200 67543
46.229.168.161 - - [13/Apr/2020:08:43:45 +0200] "GET /ticket2/opencms/sv/buy/?column=price&edid=3CC17989-3033-10BE-F5C3-D729834B05F5&page=1&sortorder=asc HTTP/1.1" 200 71568
69.30.198.186 - - [13/Apr/2020:08:43:47 +0200] "GET /ticket2/opencms/dk/buy/?page=1&edid=047FC651-5E83-AFEB-C98F-124C833B2F12&sortorder=asc&column=price HTTP/1.1" 200 69289
192.99.5.228 - - [13/Apr/2020:08:43:48 +0200] "GET /ticket2/opencms/dk/buy/?page=1&edid=0EB0D4A4-8EE5-6BAA-5854-F5AFE62D3ABB&sortorder=desc&column=row HTTP/1.1" 200 72532
54.36.148.167 - - [13/Apr/2020:08:43:52 +0200] "GET /ticket2/opencms/fi/buy/?page=1&edid=31A00BC6-9742-3DA5-82ED-B62782C882F9 HTTP/1.1" 200 72440
54.36.148.194 - - [13/Apr/2020:08:43:53 +0200] "GET /ticket2/opencms/fi/buy/?page=1&edid=0F8FC4F8-2FB4-7AC0-1C11-E3AC9DE072FF HTTP/1.1" 200 72015
95.216.20.54 - - [13/Apr/2020:08:43:53 +0200] "GET /ticket2/opencms/fi/login/?edid=A63B1890-86E1-9F60-54D7-09AEE785F38E HTTP/1.1" 200 68719
192.99.37.116 - - [13/Apr/2020:08:43:54 +0200] "GET /ticket2/opencms/fi/buy/?page=1&edid=E12F4022-1973-9A42-8144-79292D1B75BA&sortorder=desc&column=row HTTP/1.1" 200 72579
5.9.71.213 - - [13/Apr/2020:08:43:55 +0200] "GET /ticket2/opencms/dk/buy/?page=1&edid=7D0648F8-3AD0-8F78-E994-E700AC212971 HTTP/1.1" 200 70951
46.229.168.152 - - [13/Apr/2020:08:43:55 +0200] "GET /ticket2/opencms/ru/buy/?column=section&edid=CFE1ACC1-EEB0-7819-3B31-5885A0D8724F&page=1&sortorder=asc HTTP/1.1" 200 72139
66.249.79.87 - - [13/Apr/2020:08:43:56 +0200] "GET /ticket2/opencms/sv/venue/?countryid=DC26E1B3-EC21-D762-3AB1-2969BD57FF68 HTTP/1.1" 200 94846
46.229.168.141 - - [13/Apr/2020:08:44:00 +0200] "GET /ticket2/opencms/fi/buy/?column=price&edid=8DA352BB-DB51-9EC0-B0E1-B948448A62C6&page=1&sortorder=desc HTTP/1.1" 200 72303
67.225.220.120 - - [13/Apr/2020:08:44:06 +0200] "GET /ticket2/opencms/en/buy/?page=1&edid=1BF80C33-B195-62CF-DC0D-7E03BCB8BD2C HTTP/1.1" 200 71575
5.9.71.213 - - [13/Apr/2020:08:44:13 +0200] "GET /ticket2/opencms/dk/buy/?page=1&edid=81C43494-E044-CAD1-6388-497B66514F97&sortorder=asc&column=row HTTP/1.1" 200 70983
95.216.20.54 - - [13/Apr/2020:08:44:13 +0200] "GET /ticket2/opencms/fi/login/?edid=A66DD741-1307-2752-B483-B25D748C7344 HTTP/1.1" 200 68719
46.229.168.153 - - [13/Apr/2020:08:44:13 +0200] "GET /ticket2/opencms/tb/opencms/en/archive/events/modo_hockey/2006_12_05_19_00/ HTTP/1.1" 404 -
46.229.168.132 - - [13/Apr/2020:08:44:24 +0200] "GET /ticket2/opencms/en/buy/?edid=D1FDD4D5-0EA0-7CA6-7618-EEE5879D2D21&page=1 HTTP/1.1" 200 71135
46.229.168.148 - - [13/Apr/2020:08:44:25 +0200] "GET /ticket2/opencms/sv/buy/?edid=92D7B757-A51C-01B4-DEF0-576B5ED68075&page=1 HTTP/1.1" 200 69452
208.110.93.78 - - [13/Apr/2020:08:44:27 +0200] "GET /ticket2/opencms/no/buy/?page=1&edid=C3820925-46F4-9B94-F451-8C76FF25869E&sortorder=asc&column=section HTTP/1.1" 200 69829
192.99.4.168 - - [13/Apr/2020:08:44:35 +0200] "GET /ticket2/opencms/en/buy/?page=1&edid=0ED421D5-7883-F3F6-6140-60A891D6FA14&sortorder=asc&column=section HTTP/1.1" 200 71316
114.119.160.32 - - [13/Apr/2020:08:44:35 +0200] "GET /ticket2/opencms/fi/buy/?page=1&edid=5AA3AC98-278A-0456-8CFC-FCC83A4A6984 HTTP/1.1" 200 70595
46.229.168.150 - - [13/Apr/2020:08:44:42 +0200] "GET /ticket2/opencms/nl/buy/?column=section&edid=9C4836A1-BD2A-4D85-1156-08B8E0333D34&page=1&sortorder=asc HTTP/1.1" 200 70188
46.229.168.134 - - [13/Apr/2020:08:44:43 +0200] "GET /ticket2/opencms/sv/login/?url=%25252Fsv%25252Fsell%25252F HTTP/1.1" 200 67543
208.110.93.78 - - [13/Apr/2020:08:44:56 +0200] "GET /ticket2/opencms/no/buy/?page=1&edid=C3820925-46F4-9B94-F451-8C76FF25869E&sortorder=desc&column=price HTTP/1.1" 200 69828
95.216.20.54 - - [13/Apr/2020:08:44:56 +0200] "GET /ticket2/opencms/fi/login/?edid=A7F1A7EE-4449-7331-753F-36F9CB2473E4 HTTP/1.1" 200 68719
5.9.71.213 - - [13/Apr/2020:08:45:04 +0200] "GET /ticket2/opencms/dk/buy/?page=1&edid=81C43494-E044-CAD1-6388-497B66514F97&sortorder=desc&column=section HTTP/1.1" 200 70982
192.99.15.199 - - [13/Apr/2020:08:45:04 +0200] "GET /ticket2/opencms/sv/login/?edid=D9F4EA68-CBF1-EC4F-D3CC-583BE0D28E99 HTTP/1.1" 200 67543
69.30.198.186 - - [13/Apr/2020:08:45:04 +0200] "GET /ticket2/opencms/dk/buy/?page=1&edid=047FC651-5E83-AFEB-C98F-124C833B2F12&sortorder=asc&column=row HTTP/1.1" 200 69289
66.249.79.89 - - [13/Apr/2020:08:45:04 +0200] "GET /ticket2/opencms/sv/venue/?venueid=BD822697-3740-82B9-1A6D-F3495CC47DAB HTTP/1.1" 200 65438
46.229.168.162 - - [13/Apr/2020:08:45:13 +0200] "GET /ticket2/opencms/sv/buy/?column=row&edid=9C91C697-B406-6838-E8EE-67CCBD777A69&page=1&sortorder=desc HTTP/1.1" 200 71805
46.229.168.138 - - [13/Apr/2020:08:45:14 +0200] "GET /ticket2/opencms/en/buy/?edid=11FD6A0D-DBDD-2EB1-4BAA-FE0CA8F88A9E&page=1 HTTP/1.1" 200 72404
192.99.37.116 - - [13/Apr/2020:08:45:22 +0200] "GET /ticket2/opencms/fi/buy/?page=1&edid=E12F4022-1973-9A42-8144-79292D1B75BA&sortorder=desc&column=section HTTP/1.1" 200 72579
18.188.147.108 - - [13/Apr/2020:08:45:22 +0200] "GET /ticket2/opencms/.dev/ HTTP/1.1" 404 -
111.202.100.85 - - [13/Apr/2020:08:45:24 +0200] "GET /ticket2/opencms/dk/ HTTP/1.1" 200 71866
46.229.168.136 - - [13/Apr/2020:08:45:30 +0200] "GET /ticket2/opencms/nl/login/?url=%25252Fnl%25252Fsell%25252F HTTP/1.1" 200 66495
46.229.168.133 - - [13/Apr/2020:08:45:35 +0200] "GET /ticket2/opencms/nl/buy/?column=row&edid=C0041A02-725B-3012-77A5-FEBF23601EFD&page=1&sortorder=desc HTTP/1.1" 200 70176
95.216.20.54 - - [13/Apr/2020:08:45:35 +0200] "GET /ticket2/opencms/fi/login/?edid=A83A5ABF-2C57-0520-8010-5DCE561EE55B HTTP/1.1" 200 68719
46.229.168.134 - - [13/Apr/2020:08:45:43 +0200] "GET /ticket2/opencms/sv/buy/?column=row&edid=E616C922-D35B-E8A3-7710-EAD27B127A97&page=1&sortorder=asc HTTP/1.1" 200 71866
173.208.130.202 - - [13/Apr/2020:08:45:59 +0200] "GET /ticket2/opencms/dk/buy/?page=1&edid=9B9311EB-B4D2-9499-BE79-EAD276FCD2D7&sortorder=desc&column=price HTTP/1.1" 200 73645
46.229.168.138 - - [13/Apr/2020:08:46:02 +0200] "GET /ticket2/opencms/sv/buy/?column=price&edid=448E97AD-A675-26E8-5DB2-B1923040DF7D&page=1&sortorder=asc HTTP/1.1" 200 71375
192.99.5.228 - - [13/Apr/2020:08:46:06 +0200] "GET /ticket2/opencms/dk/buy/?page=1&edid=0EB0D4A4-8EE5-6BAA-5854-F5AFE62D3ABB&sortorder=desc&column=section HTTP/1.1" 200 72532
208.110.93.78 - - [13/Apr/2020:08:46:06 +0200] "GET /ticket2/opencms/no/buy/?page=1&edid=C3820925-46F4-9B94-F451-8C76FF25869E&sortorder=desc&column=row HTTP/1.1" 200 69828
176.67.84.71 - - [13/Apr/2020:08:46:10 +0200] "GET /ticket2/opencms/en/ HTTP/1.0" 200 71871
46.229.168.141 - - [13/Apr/2020:08:46:11 +0200] "GET /ticket2/opencms/dk/buy/?column=section&edid=258C096E-CB88-FAB5-BED7-1612D258C46A&page=1&sortorder=asc HTTP/1.1" 200 71422
192.99.15.199 - - [13/Apr/2020:08:46:11 +0200] "GET /ticket2/opencms/sv/login/?edid=DAF9DCA9-A17E-0CF8-4492-868DD9E14908 HTTP/1.1" 200 67543
54.36.150.91 - - [13/Apr/2020:08:46:11 +0200] "GET /ticket2/opencms/fi/buy/?page=1&edid=9A69C26B-D767-96B2-1BE8-FB9B1C38C21B HTTP/1.1" 200 72272
69.30.198.186 - - [13/Apr/2020:08:46:19 +0200] "GET /ticket2/opencms/dk/buy/?page=1&edid=047FC651-5E83-AFEB-C98F-124C833B2F12&sortorder=asc&column=section HTTP/1.1" 200 69289
5.9.71.213 - - [13/Apr/2020:08:46:38 +0200] "GET /ticket2/opencms/dk/buy/?page=1&edid=897211BD-6892-D833-1096-CE6140C23AFB&sortorder=asc&column=price HTTP/1.1" 200 70758
173.208.130.202 - - [13/Apr/2020:08:46:40 +0200] "GET /ticket2/opencms/dk/buy/?page=1&edid=9B9311EB-B4D2-9499-BE79-EAD276FCD2D7&sortorder=desc&column=row HTTP/1.1" 200 73645
46.229.168.134 - - [13/Apr/2020:08:46:46 +0200] "GET /ticket2/opencms/sv/buy/?column=row&edid=E616C922-D35B-E8A3-7710-EAD27B127A97&page=1&sortorder=asc HTTP/1.1" 200 71866
67.225.220.120 - - [13/Apr/2020:08:46:52 +0200] "GET /ticket2/opencms/sv/buy/?page=1&edid=8C2B67E4-8153-3736-E092-0CE2785F030B HTTP/1.1" 200 71340
46.229.168.140 - - [13/Apr/2020:08:46:52 +0200] "GET /ticket2/opencms/en/sell/?edid=D5D92891-B389-AB4D-D0C3-85E1E758B18E HTTP/1.1" 302 -
95.216.20.54 - - [13/Apr/2020:08:46:52 +0200] "GET /ticket2/opencms/fi/login/?edid=A8B6F5B8-721B-A21E-AB6C-76915BC32CAD HTTP/1.1" 200 68719
208.110.93.78 - - [13/Apr/2020:08:46:57 +0200] "GET /ticket2/opencms/no/buy/?page=1&edid=C3820925-46F4-9B94-F451-8C76FF25869E&sortorder=desc&column=section HTTP/1.1" 200 69828
192.99.4.168 - - [13/Apr/2020:08:46:59 +0200] "GET /ticket2/opencms/en/buy/?page=1&edid=0F17BCAD-3084-AC58-8EE9-146E1CEBAC51&sortorder=asc&column=price HTTP/1.1" 200 71109
46.229.168.146 - - [13/Apr/2020:08:46:59 +0200] "GET /ticket2/opencms/robots.txt HTTP/1.1" 200 773
114.119.167.17 - - [13/Apr/2020:08:47:00 +0200] "GET /ticket2/opencms/fi/buy/?page=1&edid=8A1734CD-57B7-0726-0561-5D6E94CAD0FB&sortorder=desc&column=section HTTP/1.1" 200 70652
216.245.221.82 - - [13/Apr/2020:08:47:06 +0200] "HEAD /ticket2/opencms/en/ HTTP/1.1" 200 -
173.208.130.202 - - [13/Apr/2020:08:47:18 +0200] "GET /ticket2/opencms/dk/buy/?page=1&edid=9CAF6586-61E9-C895-F78B-B953749F4872&sortorder=desc&column=price HTTP/1.1" 200 69320
46.229.168.146 - - [13/Apr/2020:08:47:18 +0200] "GET /ticket2/opencms/robots.txt HTTP/1.1" 200 773
46.229.168.138 - - [13/Apr/2020:08:47:19 +0200] "GET /ticket2/opencms/sv/buy/?column=price&edid=448E97AD-A675-26E8-5DB2-B1923040DF7D&page=1&sortorder=asc HTTP/1.1" 200 71375
192.99.37.116 - - [13/Apr/2020:08:47:21 +0200] "GET /ticket2/opencms/fi/buy/?page=1&edid=E195347C-2F61-DC12-B555-E80AECD24DE5&sortorder=asc&column=price HTTP/1.1" 200 72530
67.225.220.120 - - [13/Apr/2020:08:47:24 +0200] "GET /ticket2/opencms/en/buy/?page=1&edid=C9287498-6E1F-DBF4-4549-10442CEAA9F5 HTTP/1.1" 200 73150
223.71.167.165 - - [13/Apr/2020:08:47:30 +0200] "GET /ticket2/opencms/en/ HTTP/1.1" 200 71871
208.110.93.78 - - [13/Apr/2020:08:47:34 +0200] "GET /ticket2/opencms/no/buy/?page=1&edid=C3C74C60-D658-8683-8964-2C7AF1804D73 HTTP/1.1" 200 71424
46.229.168.144 - - [13/Apr/2020:08:47:34 +0200] "GET /ticket2/opencms/no/sport/fotballsbilletter/la_liga/huesca/ HTTP/1.1" 200 66672
46.229.168.147 - - [13/Apr/2020:08:47:38 +0200] "GET /ticket2/opencms/sv/buy/?column=row&edid=A4AA9FAF-A900-49DB-5496-82F65D60D290&page=1&sortorder=asc HTTP/1.1" 200 71856
46.229.168.140 - - [13/Apr/2020:08:47:38 +0200] "GET /ticket2/opencms/en/sell/?edid=D5D92891-B389-AB4D-D0C3-85E1E758B18E HTTP/1.1" 302 -
46.229.168.162 - - [13/Apr/2020:08:47:54 +0200] "GET /ticket2/opencms/sv/buy/?column=price&edid=DF7FDCF1-CC85-5FC0-0D90-B64E90E425F7&page=1&sortorder=asc HTTP/1.1" 200 82313
192.99.15.199 - - [13/Apr/2020:08:47:54 +0200] "GET /ticket2/opencms/sv/login/?edid=DBB4CDC4-5E0E-656F-1181-66C666A0DBB9 HTTP/1.1" 200 67543
192.99.5.228 - - [13/Apr/2020:08:48:03 +0200] "GET /ticket2/opencms/dk/buy/?page=1&edid=0ED1EF7C-0A26-4874-75D0-5C707B461913&sortorder=asc&column=row HTTP/1.1" 200 71612
5.9.71.213 - - [13/Apr/2020:08:48:13 +0200] "GET /ticket2/opencms/dk/buy/?page=1&edid=897211BD-6892-D833-1096-CE6140C23AFB&sortorder=desc&column=section HTTP/1.1" 200 70757
69.30.198.186 - - [13/Apr/2020:08:48:23 +0200] "GET /ticket2/opencms/dk/buy/?page=1&edid=047FC651-5E83-AFEB-C98F-124C833B2F12&sortorder=desc&column=price HTTP/1.1" 200 69288
95.216.20.54 - - [13/Apr/2020:08:48:23 +0200] "GET /ticket2/opencms/fi/login/?edid=A917185F-FCCF-F49F-FDB1-2FF147298D69 HTTP/1.1" 200 68719
67.225.220.120 - - [13/Apr/2020:08:48:33 +0200] "GET /ticket2/opencms/en/buy/?page=1&edid=932EE4CB-7B30-C5AB-E151-FCA89B320521 HTTP/1.1" 200 70617
54.36.150.63 - - [13/Apr/2020:08:48:34 +0200] "GET /ticket2/opencms/ru/buy/?page=1&edid=D169DED2-2240-97E3-9D8E-B2DCE4FDEA5F HTTP/1.1" 200 72626
46.229.168.147 - - [13/Apr/2020:08:48:34 +0200] "GET /ticket2/opencms/sv/buy/?catid=FCA7FF95-260A-464B-B6FF-A820FCE7DFEF&comcatid=0A6B8208-FDA4-E929-9D72-5312FD481B76&eventid=E313ACE7-E9A7-78CF-DEBE-E9944695B5C3&page=6 HTTP/1.1" 200 69169
173.208.130.202 - - [13/Apr/2020:08:48:42 +0200] "GET /ticket2/opencms/dk/buy/?page=1&edid=9CAF6586-61E9-C895-F78B-B953749F4872&sortorder=desc&column=row HTTP/1.1" 200 69320
46.229.168.147 - - [13/Apr/2020:08:48:53 +0200] "GET /ticket2/opencms/sv/buy/?column=row&edid=A4AA9FAF-A900-49DB-5496-82F65D60D290&page=1&sortorder=asc HTTP/1.1" 200 71856
46.229.168.141 - - [13/Apr/2020:08:49:02 +0200] "GET /ticket2/opencms/fi/buy/?column=section&edid=490618CE-2093-9232-6EFE-E2FDF84D0DEE&page=1&sortorder=asc HTTP/1.1" 200 70652
46.229.168.151 - - [13/Apr/2020:08:49:12 +0200] "GET /ticket2/opencms/sv/buy/?column=section&edid=930DA63B-B6EB-C65F-6A39-F4240571C002&page=1&sortorder=asc HTTP/1.1" 200 72222
46.229.168.162 - - [13/Apr/2020:08:49:13 +0200] "GET /ticket2/opencms/sv/buy/?column=price&edid=DF7FDCF1-CC85-5FC0-0D90-B64E90E425F7&page=1&sortorder=asc HTTP/1.1" 200 82313
192.99.4.168 - - [13/Apr/2020:08:49:22 +0200] "GET /ticket2/opencms/en/buy/?page=1&edid=0F17BCAD-3084-AC58-8EE9-146E1CEBAC51&sortorder=asc&column=row HTTP/1.1" 200 71109
46.229.168.144 - - [13/Apr/2020:08:49:22 +0200] "GET /ticket2/opencms/no/sport/fotballsbilletter/la_liga/huesca/ HTTP/1.1" 200 66672
46.229.168.146 - - [13/Apr/2020:08:49:22 +0200] "GET /ticket2/opencms/sv/search.html HTTP/1.1" 200 84270
95.216.20.54 - - [13/Apr/2020:08:49:22 +0200] "GET /ticket2/opencms/fi/login/?edid=A9DB1DE6-01D7-BC62-CF57-554A2AD423E4 HTTP/1.1" 200 68719
208.110.93.78 - - [13/Apr/2020:08:49:26 +0200] "GET /ticket2/opencms/no/buy/?page=1&edid=C3C74C60-D658-8683-8964-2C7AF1804D73&sortorder=asc&column=price HTTP/1.1" 200 71460
46.229.168.142 - - [13/Apr/2020:08:49:28 +0200] "GET /ticket2/opencms/nl/buy/?column=row&edid=3DD93626-388E-B658-D6F1-23C401A796FB&page=1&sortorder=desc HTTP/1.1" 200 71489
173.208.130.202 - - [13/Apr/2020:08:49:40 +0200] "GET /ticket2/opencms/dk/buy/?page=1&edid=9CAF6586-61E9-C895-F78B-B953749F4872&sortorder=desc&column=section HTTP/1.1" 200 69320
192.99.37.116 - - [13/Apr/2020:08:49:41 +0200] "GET /ticket2/opencms/fi/buy/?page=1&edid=E195347C-2F61-DC12-B555-E80AECD24DE5&sortorder=asc&column=row HTTP/1.1" 200 72530
46.229.168.147 - - [13/Apr/2020:08:49:41 +0200] "GET /ticket2/opencms/sv/buy/?catid=FCA7FF95-260A-464B-B6FF-A820FCE7DFEF&comcatid=0A6B8208-FDA4-E929-9D72-5312FD481B76&eventid=E313ACE7-E9A7-78CF-DEBE-E9944695B5C3&page=6 HTTP/1.1" 200 69169
208.110.93.78 - - [13/Apr/2020:08:49:54 +0200] "GET /ticket2/opencms/no/buy/?page=1&edid=C3C74C60-D658-8683-8964-2C7AF1804D73&sortorder=asc&column=row HTTP/1.1" 200 71460
46.229.168.141 - - [13/Apr/2020:08:50:03 +0200] "GET /ticket2/opencms/fi/buy/?column=section&edid=490618CE-2093-9232-6EFE-E2FDF84D0DEE&page=1&sortorder=asc HTTP/1.1" 200 70652
114.119.162.79 - - [13/Apr/2020:08:50:03 +0200] "GET /ticket2/opencms/sv/buy/?page=1&edid=B45E1AD2-1369-CFCC-BA36-8169D6C56034&sortorder=desc&column=row HTTP/1.1" 200 71870
192.99.15.199 - - [13/Apr/2020:08:50:03 +0200] "GET /ticket2/opencms/sv/login/?edid=DF615F8C-8ACA-64F7-2E7F-C0B5F6927A2E HTTP/1.1" 200 67543
46.229.168.149 - - [13/Apr/2020:08:50:06 +0200] "GET /ticket2/opencms/fi/buy/?edid=1B3695A1-C6BF-D11C-9A7D-82951655EF61&page=1 HTTP/1.1" 200 70625
46.229.168.146 - - [13/Apr/2020:08:50:06 +0200] "GET /ticket2/opencms/sv/search.html HTTP/1.1" 200 84270
5.9.71.213 - - [13/Apr/2020:08:50:08 +0200] "GET /ticket2/opencms/dk/buy/?page=1&edid=932EE4CB-7B30-C5AB-E151-FCA89B320521&sortorder=desc&column=price HTTP/1.1" 200 70739
192.99.5.228 - - [13/Apr/2020:08:50:11 +0200] "GET /ticket2/opencms/dk/buy/?page=1&edid=0ED1EF7C-0A26-4874-75D0-5C707B461913&sortorder=asc&column=section HTTP/1.1" 200 71612
46.229.168.151 - - [13/Apr/2020:08:50:12 +0200] "GET /ticket2/opencms/sv/buy/?column=section&edid=930DA63B-B6EB-C65F-6A39-F4240571C002&page=1&sortorder=asc HTTP/1.1" 200 72222
192.99.37.116 - - [13/Apr/2020:08:50:30 +0200] "GET /ticket2/opencms/fi/buy/?page=1&edid=E195347C-2F61-DC12-B555-E80AECD24DE5&sortorder=asc&column=section HTTP/1.1" 200 72530
69.30.198.186 - - [13/Apr/2020:08:50:30 +0200] "GET /ticket2/opencms/dk/buy/?page=1&edid=0485B1F2-C43E-954A-D657-2695BB05A4ED&sortorder=desc&column=row HTTP/1.1" 200 69295
54.36.150.48 - - [13/Apr/2020:08:50:31 +0200] "GET /ticket2/opencms/en/venue/?venueid=D8B88429-6D57-5D8C-1F51-7CCD8B6C0D54 HTTP/1.1" 200 65194
46.229.168.149 - - [13/Apr/2020:08:50:41 +0200] "GET /ticket2/opencms/fi/buy/?edid=1B3695A1-C6BF-D11C-9A7D-82951655EF61&page=1 HTTP/1.1" 200 70625
46.229.168.142 - - [13/Apr/2020:08:50:42 +0200] "GET /ticket2/opencms/nl/buy/?column=row&edid=3DD93626-388E-B658-D6F1-23C401A796FB&page=1&sortorder=desc HTTP/1.1" 200 71489
46.229.168.145 - - [13/Apr/2020:08:50:45 +0200] "GET /ticket2/opencms/nl/buy/?edid=1BF80C33-B195-62CF-DC0D-7E03BCB8BD2C&page=1 HTTP/1.1" 200 70653
46.229.168.153 - - [13/Apr/2020:08:50:51 +0200] "GET /ticket2/opencms/sv/buy/?column=row&edid=926BFD29-18E3-952E-0BD4-BEAEB20DA20D&page=1&sortorder=asc HTTP/1.1" 200 72699
192.99.15.199 - - [13/Apr/2020:08:50:57 +0200] "GET /ticket2/opencms/sv/login/?edid=E15668F5-4E3A-1346-EBDC-91E9E224E763 HTTP/1.1" 200 67543
54.36.148.133 - - [13/Apr/2020:08:51:10 +0200] "GET /ticket2/opencms/dk/venue/?venueid=11E73491-76CB-D5D9-5B25-91D799D1EF69 HTTP/1.1" 200 65192
46.229.168.145 - - [13/Apr/2020:08:51:14 +0200] "GET /ticket2/opencms/nl/buy/?edid=1BF80C33-B195-62CF-DC0D-7E03BCB8BD2C&page=1 HTTP/1.1" 200 70653
114.119.163.240 - - [13/Apr/2020:08:51:14 +0200] "GET /ticket2/opencms/no/buy/?page=1&edid=606531C5-CF71-89DE-0E4C-EEBAF097DA09&sortorder=asc&column=section HTTP/1.1" 200 69834
46.229.168.139 - - [13/Apr/2020:08:51:21 +0200] "GET /ticket2/opencms/sv/buy/?column=section&edid=33AD275B-8F41-5274-32DC-BB78399B709A&page=1&sortorder=desc HTTP/1.1" 200 72688
95.216.20.54 - - [13/Apr/2020:08:51:21 +0200] "GET /ticket2/opencms/fi/login/?edid=AB50204C-215A-4600-59BC-2DA2AB6F3782 HTTP/1.1" 200 68719
208.110.93.78 - - [13/Apr/2020:08:51:30 +0200] "GET /ticket2/opencms/no/buy/?page=1&edid=C3C74C60-D658-8683-8964-2C7AF1804D73&sortorder=desc&column=price HTTP/1.1" 200 71459
46.229.168.152 - - [13/Apr/2020:08:51:36 +0200] "GET /ticket2/opencms/sv/buy/?column=section&edid=4DD2C600-8E26-117F-D48B-6E6499BB74CF&page=1&sortorder=asc HTTP/1.1" 200 71571
67.225.220.120 - - [13/Apr/2020:08:51:37 +0200] "GET /ticket2/opencms/sv/buy/?page=1&edid=FB730AA6-A470-8EFB-27FE-924D530AC7B8 HTTP/1.1" 200 71301
46.229.168.149 - - [13/Apr/2020:08:51:41 +0200] "GET /ticket2/opencms/ru/buy/?column=section&edid=74AB5A47-FA53-0B09-3D6B-CA67984DC604&page=1&sortorder=desc HTTP/1.1" 200 71746
46.229.168.153 - - [13/Apr/2020:08:51:54 +0200] "GET /ticket2/opencms/sv/buy/?column=row&edid=926BFD29-18E3-952E-0BD4-BEAEB20DA20D&page=1&sortorder=asc HTTP/1.1" 200 72699
192.99.37.116 - - [13/Apr/2020:08:52:06 +0200] "GET /ticket2/opencms/fi/buy/?page=1&edid=E3118800-A96C-AB59-99C3-1CFA30B79001&sortorder=desc&column=section HTTP/1.1" 200 72099
46.229.168.139 - - [13/Apr/2020:08:52:15 +0200] "GET /ticket2/opencms/sv/buy/?column=section&edid=33AD275B-8F41-5274-32DC-BB78399B709A&page=1&sortorder=desc HTTP/1.1" 200 72688
46.229.168.149 - - [13/Apr/2020:08:52:28 +0200] "GET /ticket2/opencms/ru/buy/?column=section&edid=74AB5A47-FA53-0B09-3D6B-CA67984DC604&page=1&sortorder=desc HTTP/1.1" 200 71746
46.229.168.145 - - [13/Apr/2020:08:52:28 +0200] "GET /ticket2/opencms/sv/buy/?eventid=22914557-CC49-4B25-FCB0-2579F0334F97&page=10&venueid=EF31A462-4388-0119-B57C-552F86F22FFC HTTP/1.1" 200 68687
5.9.71.213 - - [13/Apr/2020:08:52:36 +0200] "GET /ticket2/opencms/dk/buy/?page=1&edid=A41C2B12-6647-8282-B059-EA40F6DAC88A HTTP/1.1" 200 69274
192.99.15.199 - - [13/Apr/2020:08:52:36 +0200] "GET /ticket2/opencms/sv/login/?edid=E19F6380-8030-6AD8-8710-C3F6BEB23E30 HTTP/1.1" 200 67543
208.110.93.78 - - [13/Apr/2020:08:52:42 +0200] "GET /ticket2/opencms/no/buy/?page=1&edid=C3C74C60-D658-8683-8964-2C7AF1804D73&sortorder=desc&column=row HTTP/1.1" 200 71459
192.99.4.168 - - [13/Apr/2020:08:52:44 +0200] "GET /ticket2/opencms/en/buy/?page=1&edid=0FA74890-A85F-201C-0B2B-F2DB2DF0CC76&sortorder=asc&column=price HTTP/1.1" 200 72441
46.229.168.136 - - [13/Apr/2020:08:52:51 +0200] "GET /ticket2/opencms/robots.txt HTTP/1.1" 200 773
46.229.168.150 - - [13/Apr/2020:08:52:52 +0200] "GET /ticket2/opencms/sv/buy/?column=price&edid=8AD96918-4845-F025-BEBF-8271DEECF8F7&page=1&sortorder=desc HTTP/1.1" 200 70891
46.229.168.146 - - [13/Apr/2020:08:52:54 +0200] "GET /ticket2/opencms/nl/buy/?edid=20612935-3425-D396-5737-7F6A887FCFF3&page=1 HTTP/1.1" 200 68266
46.229.168.136 - - [13/Apr/2020:08:52:54 +0200] "GET /ticket2/opencms/robots.txt HTTP/1.1" 200 773
46.229.168.145 - - [13/Apr/2020:08:52:54 +0200] "GET /ticket2/opencms/sv/buy/?eventid=22914557-CC49-4B25-FCB0-2579F0334F97&page=10&venueid=EF31A462-4388-0119-B57C-552F86F22FFC HTTP/1.1" 200 68687
192.99.5.228 - - [13/Apr/2020:08:53:00 +0200] "GET /ticket2/opencms/dk/buy/?page=1&edid=0ED421D5-7883-F3F6-6140-60A891D6FA14&sortorder=asc&column=price HTTP/1.1" 200 71404
5.9.61.101 - - [13/Apr/2020:08:53:00 +0200] "GET /ticket2/opencms/robots.txt HTTP/1.1" 200 773
46.229.168.152 - - [13/Apr/2020:08:53:02 +0200] "GET /ticket2/opencms/sv/buy/?column=section&edid=4DD2C600-8E26-117F-D48B-6E6499BB74CF&page=1&sortorder=asc HTTP/1.1" 200 71571
46.229.168.140 - - [13/Apr/2020:08:53:10 +0200] "GET /ticket2/opencms/fi/buy/?edid=339F7634-8AC0-9C3C-6C47-F4D07133A50F&page=1 HTTP/1.1" 200 73776
46.229.168.145 - - [13/Apr/2020:08:53:15 +0200] "GET /ticket2/opencms/sv/buy/?column=row&edid=D169DED2-2240-97E3-9D8E-B2DCE4FDEA5F&page=1&sortorder=asc HTTP/1.1" 200 71847
69.30.198.186 - - [13/Apr/2020:08:53:16 +0200] "GET /ticket2/opencms/dk/buy/?page=1&edid=04B561CA-7B1C-1A1C-7CA8-96F451587513&sortorder=asc&column=price HTTP/1.1" 200 70677
95.216.20.54 - - [13/Apr/2020:08:53:16 +0200] "GET /ticket2/opencms/fi/login/?edid=B2E5BFF4-A3CD-3EDE-214C-30C8A05EA888 HTTP/1.1" 200 68719
192.99.37.116 - - [13/Apr/2020:08:53:17 +0200] "GET /ticket2/opencms/fi/buy/?page=1&edid=E3349052-4C67-E849-5DAA-CE8C09FE4A65&sortorder=asc&column=price HTTP/1.1" 200 72717
39.98.123.190 - - [13/Apr/2020:08:53:17 +0200] "GET /ticket2/opencms/js/comm.js HTTP/1.1" 404 -
39.98.123.190 - - [13/Apr/2020:08:53:17 +0200] "GET /ticket2/opencms/admin/_user/_Admin/AspCms_AdminAdd.asp?action=add HTTP/1.1" 404 -
46.229.168.149 - - [13/Apr/2020:08:53:24 +0200] "GET /ticket2/opencms/en/buy/?column=section&edid=07F43CF2-2AE8-D1DB-0128-AE77107A7EF9&page=1&sortorder=asc HTTP/1.1" 200 70648
39.98.123.190 - - [13/Apr/2020:08:53:24 +0200] "GET /ticket2/opencms/public/ui/v1/js/sea.js%20 HTTP/1.1" 404 -
46.229.168.136 - - [13/Apr/2020:08:53:26 +0200] "GET /ticket2/opencms/dk/buy/?edid=95D527D7-A681-C22C-0004-08E23653C7F4&page=1 HTTP/1.1" 200 71668
192.99.15.199 - - [13/Apr/2020:08:53:29 +0200] "GET /ticket2/opencms/sv/login/?edid=E2111368-0A40-2CCB-2BED-6EDF87CADCB9 HTTP/1.1" 200 67543
46.229.168.149 - - [13/Apr/2020:08:53:32 +0200] "GET /ticket2/opencms/en/buy/?column=section&edid=07F43CF2-2AE8-D1DB-0128-AE77107A7EF9&page=1&sortorder=asc HTTP/1.1" 200 70648
5.9.61.101 - - [13/Apr/2020:08:53:33 +0200] "GET /ticket2/opencms/robots.txt HTTP/1.0" 200 773
46.229.168.150 - - [13/Apr/2020:08:53:33 +0200] "GET /ticket2/opencms/sv/buy/?column=price&edid=8AD96918-4845-F025-BEBF-8271DEECF8F7&page=1&sortorder=desc HTTP/1.1" 200 70891
46.229.168.146 - - [13/Apr/2020:08:53:34 +0200] "GET /ticket2/opencms/nl/buy/?edid=20612935-3425-D396-5737-7F6A887FCFF3&page=1 HTTP/1.1" 200 68266
46.229.168.141 - - [13/Apr/2020:08:53:53 +0200] "GET /ticket2/opencms/nl/buy/?column=price&edid=D75E23E2-3BF9-8794-031B-AF07751CB0C8&page=1&sortorder=desc HTTP/1.1" 200 71516
46.229.168.140 - - [13/Apr/2020:08:53:56 +0200] "GET /ticket2/opencms/fi/buy/?edid=339F7634-8AC0-9C3C-6C47-F4D07133A50F&page=1 HTTP/1.1" 200 73776
46.229.168.145 - - [13/Apr/2020:08:53:56 +0200] "GET /ticket2/opencms/sv/buy/?column=row&edid=D169DED2-2240-97E3-9D8E-B2DCE4FDEA5F&page=1&sortorder=asc HTTP/1.1" 200 71847
67.225.220.120 - - [13/Apr/2020:08:53:57 +0200] "GET /ticket2/opencms/sv/buy/?page=1&edid=70AA95CC-0F01-4970-97B9-5BD4C290D6AC HTTP/1.1" 200 71314
67.225.220.120 - - [13/Apr/2020:08:54:00 +0200] "GET /ticket2/opencms/en/buy/?page=1&edid=23538BB3-9FD4-8D9B-243A-AA2603640F65 HTTP/1.1" 200 69212
114.119.166.207 - - [13/Apr/2020:08:54:03 +0200] "GET /ticket2/opencms/no/buy/?page=1&edid=149E4898-886E-801A-DF9C-A6639D44D86F&sortorder=desc&column=price HTTP/1.1" 200 71699
208.110.93.78 - - [13/Apr/2020:08:54:04 +0200] "GET /ticket2/opencms/no/buy/?page=1&edid=C3C85BA9-2E4B-C378-8825-4A7128A5F236 HTTP/1.1" 200 69790
216.245.221.82 - - [13/Apr/2020:08:54:04 +0200] "HEAD /ticket2/opencms/ HTTP/1.1" 302 -
5.9.71.213 - - [13/Apr/2020:08:54:05 +0200] "GET /ticket2/opencms/dk/buy/?page=1&edid=A41C2B12-6647-8282-B059-EA40F6DAC88A&sortorder=desc&column=price HTTP/1.1" 200 69309
46.229.168.145 - - [13/Apr/2020:08:54:05 +0200] "GET /ticket2/opencms/sv/buy/?column=price&edid=7DD1D997-8506-C642-8119-02D9A9FF9695&page=1&sortorder=asc HTTP/1.1" 200 72216
46.229.168.129 - - [13/Apr/2020:08:54:09 +0200] "GET /ticket2/opencms/no/buy/?column=row&edid=9EB6A254-5786-FAE4-D689-87650556B208&page=1&sortorder=asc HTTP/1.1" 200 69822
47.54.35.136 - - [13/Apr/2020:08:54:11 +0200] "GET /ticket2/opencms/en/buy/?page=1&edid=6B2EA6CD-7553-8F73-30CB-5A807E0727F2&sortorder=asc&column=row HTTP/1.1" 200 71968
46.229.168.142 - - [13/Apr/2020:08:54:12 +0200] "GET /ticket2/opencms/sv/buy/?column=price&edid=9EA37920-9D1A-F26E-E9A9-49D65DB88D0F&page=1&sortorder=desc HTTP/1.1" 200 71570
46.229.168.136 - - [13/Apr/2020:08:54:13 +0200] "GET /ticket2/opencms/dk/buy/?edid=95D527D7-A681-C22C-0004-08E23653C7F4&page=1 HTTP/1.1" 200 71668
46.229.168.149 - - [13/Apr/2020:08:54:16 +0200] "GET /ticket2/opencms/sv/buy/?column=row&edid=0812742F-8B41-850C-7814-070681F8DAC0&page=1&sortorder=asc HTTP/1.1" 200 70939
192.99.37.116 - - [13/Apr/2020:08:54:17 +0200] "GET /ticket2/opencms/fi/buy/?page=1&edid=E3349052-4C67-E849-5DAA-CE8C09FE4A65&sortorder=asc&column=row HTTP/1.1" 200 72717
46.229.168.135 - - [13/Apr/2020:08:54:33 +0200] "GET /ticket2/opencms/nl/buy/?column=row&edid=3A214899-09EC-75F3-3DE3-C67B94A7CF85&page=1&sortorder=asc HTTP/1.1" 200 70631
46.229.168.149 - - [13/Apr/2020:08:54:36 +0200] "GET /ticket2/opencms/sv/buy/?column=row&edid=0812742F-8B41-850C-7814-070681F8DAC0&page=1&sortorder=asc HTTP/1.1" 200 70939
95.216.20.54 - - [13/Apr/2020:08:54:36 +0200] "GET /ticket2/opencms/fi/login/?edid=B45CAF00-40DA-59AC-3A61-6664C9A34C3F HTTP/1.1" 200 68719
66.249.79.87 - - [13/Apr/2020:08:54:36 +0200] "GET /ticket2/opencms/sv/venue/?countryid=6B694798-0B8F-37B1-435B-6B5A0DB8B5CB HTTP/1.1" 200 94846
67.225.220.120 - - [13/Apr/2020:08:54:36 +0200] "GET /ticket2/opencms/en/buy/?page=1&edid=1D3B7FAE-60FD-7507-CD49-6B32E37D8AFF HTTP/1.1" 200 69204
67.225.220.120 - - [13/Apr/2020:08:54:37 +0200] "GET /ticket2/opencms/en/buy/?page=1&edid=376D44BE-6874-0837-33B9-391036CCB528 HTTP/1.1" 200 69232
46.229.168.141 - - [13/Apr/2020:08:54:40 +0200] "GET /ticket2/opencms/nl/buy/?column=price&edid=D75E23E2-3BF9-8794-031B-AF07751CB0C8&page=1&sortorder=desc HTTP/1.1" 200 71516
46.229.168.132 - - [13/Apr/2020:08:54:43 +0200] "GET /ticket2/opencms/sv/buy/?edid=B3A48CEA-40D1-484D-6F9F-58918454073B&page=1 HTTP/1.1" 200 70889
208.110.93.78 - - [13/Apr/2020:08:54:44 +0200] "GET /ticket2/opencms/no/buy/?page=1&edid=C3C85BA9-2E4B-C378-8825-4A7128A5F236&sortorder=asc&column=row HTTP/1.1" 200 69826
192.99.15.199 - - [13/Apr/2020:08:54:44 +0200] "GET /ticket2/opencms/sv/login/?edid=E523849E-F45A-68B5-5DC6-A1206DC5A66F HTTP/1.1" 200 67543
5.9.71.213 - - [13/Apr/2020:08:54:45 +0200] "GET /ticket2/opencms/dk/buy/?page=1&edid=A41C2B12-6647-8282-B059-EA40F6DAC88A&sortorder=desc&column=row HTTP/1.1" 200 69309
192.99.37.116 - - [13/Apr/2020:08:54:48 +0200] "GET /ticket2/opencms/fi/buy/?page=1&edid=E3349052-4C67-E849-5DAA-CE8C09FE4A65&sortorder=asc&column=section HTTP/1.1" 200 72717
46.229.168.129 - - [13/Apr/2020:08:54:51 +0200] "GET /ticket2/opencms/no/buy/?column=row&edid=9EB6A254-5786-FAE4-D689-87650556B208&page=1&sortorder=asc HTTP/1.1" 200 69822
69.30.198.186 - - [13/Apr/2020:08:54:52 +0200] "GET /ticket2/opencms/dk/buy/?page=1&edid=04B561CA-7B1C-1A1C-7CA8-96F451587513&sortorder=desc&column=section HTTP/1.1" 200 70676
46.229.168.154 - - [13/Apr/2020:08:54:52 +0200] "GET /ticket2/opencms/en/buy/?column=price&edid=22427B46-07B5-3A33-0EC8-693289467501&page=1&sortorder=desc HTTP/1.1" 200 70875
46.229.168.129 - - [13/Apr/2020:08:54:53 +0200] "GET /ticket2/opencms/no/buy/?eventid=932F9475-6FAB-B413-BBDD-1A4B4F0C8526&page=10&venueid=BBFDFA62-30E5-0CF7-5C31-22BFF847E1A4 HTTP/1.1" 200 67162
46.229.168.142 - - [13/Apr/2020:08:54:56 +0200] "GET /ticket2/opencms/sv/buy/?column=price&edid=9EA37920-9D1A-F26E-E9A9-49D65DB88D0F&page=1&sortorder=desc HTTP/1.1" 200 71570
46.229.168.135 - - [13/Apr/2020:08:54:56 +0200] "GET /ticket2/opencms/sv/sport/fotbollsbiljetter/la_liga/hercules/ HTTP/1.1" 302 -
192.99.4.168 - - [13/Apr/2020:08:55:04 +0200] "GET /ticket2/opencms/en/buy/?page=1&edid=0FA74890-A85F-201C-0B2B-F2DB2DF0CC76&sortorder=asc&column=section HTTP/1.1" 200 72441
46.229.168.154 - - [13/Apr/2020:08:55:04 +0200] "GET /ticket2/opencms/en/buy/?column=price&edid=22427B46-07B5-3A33-0EC8-693289467501&page=1&sortorder=desc HTTP/1.1" 200 70875
208.110.93.78 - - [13/Apr/2020:08:55:07 +0200] "GET /ticket2/opencms/no/buy/?page=1&edid=C3C85BA9-2E4B-C378-8825-4A7128A5F236&sortorder=desc&column=price HTTP/1.1" 200 69825
5.9.71.213 - - [13/Apr/2020:08:55:12 +0200] "GET /ticket2/opencms/dk/buy/?page=1&edid=A41C2B12-6647-8282-B059-EA40F6DAC88A&sortorder=desc&column=section HTTP/1.1" 200 69309
46.229.168.135 - - [13/Apr/2020:08:55:14 +0200] "GET /ticket2/opencms/nl/buy/?column=row&edid=3A214899-09EC-75F3-3DE3-C67B94A7CF85&page=1&sortorder=asc HTTP/1.1" 200 70631
173.208.130.202 - - [13/Apr/2020:08:55:15 +0200] "GET /ticket2/opencms/dk/buy/?page=1&edid=B962C40E-5239-1A70-6077-E9EDC5F09084&sortorder=asc&column=price HTTP/1.1" 200 71488
46.229.168.132 - - [13/Apr/2020:08:55:15 +0200] "GET /ticket2/opencms/sv/buy/?edid=B3A48CEA-40D1-484D-6F9F-58918454073B&page=1 HTTP/1.1" 200 70889
192.99.5.228 - - [13/Apr/2020:08:55:16 +0200] "GET /ticket2/opencms/dk/buy/?page=1&edid=0ED421D5-7883-F3F6-6140-60A891D6FA14&sortorder=asc&column=section HTTP/1.1" 200 71404
95.216.20.54 - - [13/Apr/2020:08:55:17 +0200] "GET /ticket2/opencms/fi/login/?edid=B8736786-BDEB-839B-CA60-E0B1B63D3892 HTTP/1.1" 200 68719
192.99.15.199 - - [13/Apr/2020:08:55:18 +0200] "GET /ticket2/opencms/sv/login/?edid=E5717319-73D8-DE0E-B7AA-AA889F763447 HTTP/1.1" 200 67543
46.229.168.145 - - [13/Apr/2020:08:55:23 +0200] "GET /ticket2/opencms/sv/buy/?column=price&edid=7DD1D997-8506-C642-8119-02D9A9FF9695&page=1&sortorder=asc HTTP/1.1" 200 72216
114.119.163.240 - - [13/Apr/2020:08:55:23 +0200] "GET /ticket2/opencms/sv/sport/fotbollsbiljetter/uefa-champions-league/manchester_united/ HTTP/1.1" 200 67145
173.208.130.202 - - [13/Apr/2020:08:55:29 +0200] "GET /ticket2/opencms/dk/buy/?page=1&edid=B962C40E-5239-1A70-6077-E9EDC5F09084&sortorder=asc&column=row HTTP/1.1" 200 71488
46.229.168.141 - - [13/Apr/2020:08:55:30 +0200] "GET /ticket2/opencms/en/buy/?column=section&edid=C2FCD713-6AE1-6CEF-FA73-C3089C99A625&page=1&sortorder=desc HTTP/1.1" 200 71343
46.229.168.129 - - [13/Apr/2020:08:55:30 +0200] "GET /ticket2/opencms/no/buy/?eventid=932F9475-6FAB-B413-BBDD-1A4B4F0C8526&page=10&venueid=BBFDFA62-30E5-0CF7-5C31-22BFF847E1A4 HTTP/1.1" 200 67162
66.249.79.147 - - [13/Apr/2020:08:55:30 +0200] "GET /ticket2/opencms/fi/urheilu/jalkapallo/bundesliga/bayer-leverkusen/ HTTP/1.1" 200 67766
46.229.168.135 - - [13/Apr/2020:08:55:30 +0200] "GET /ticket2/opencms/sv/sport/fotbollsbiljetter/la_liga/hercules/ HTTP/1.1" 302 -
46.229.168.153 - - [13/Apr/2020:08:55:31 +0200] "GET /ticket2/opencms/no/buy/?column=price&edid=AA5AE919-4BFF-B48F-3D5F-56D1DBCA6D67&page=1&sortorder=asc HTTP/1.1" 200 72816
192.99.37.116 - - [13/Apr/2020:08:55:32 +0200] "GET /ticket2/opencms/fi/buy/?page=1&edid=E37D9788-59C6-DADE-FC63-F7F06CE589EF&sortorder=desc&column=section HTTP/1.1" 200 72716
180.163.220.62 - - [13/Apr/2020:08:55:32 +0200] "GET /ticket2/opencms/ HTTP/1.1" 302 -
46.229.168.153 - - [13/Apr/2020:08:55:35 +0200] "GET /ticket2/opencms/sv/buy/?edid=9FDDAE6E-2099-CA20-8A5D-FB81C4E4FF2C&page=1 HTTP/1.1" 200 71524
67.225.220.120 - - [13/Apr/2020:08:55:43 +0200] "GET /ticket2/opencms/en/buy/?page=1&edid=B9E9CF01-02D5-6E30-5E13-8442FF25AAF9 HTTP/1.1" 200 69212
95.216.20.54 - - [13/Apr/2020:08:55:43 +0200] "GET /ticket2/opencms/fi/login/?edid=B962C40E-5239-1A70-6077-E9EDC5F09084 HTTP/1.1" 200 68719
5.9.71.213 - - [13/Apr/2020:08:55:43 +0200] "GET /ticket2/opencms/dk/buy/?page=1&edid=A426BA6C-DA03-08DF-D7B3-655AA13EBE13&sortorder=asc&column=row HTTP/1.1" 200 71433
173.208.130.202 - - [13/Apr/2020:08:55:44 +0200] "GET /ticket2/opencms/dk/buy/?page=1&edid=B9E9CF01-02D5-6E30-5E13-8442FF25AAF9&sortorder=desc&column=row HTTP/1.1" 200 69313
69.30.198.186 - - [13/Apr/2020:08:55:47 +0200] "GET /ticket2/opencms/dk/buy/?page=1&edid=04B7A43F-4145-4709-C003-EEEDE827D091&sortorder=asc&column=section HTTP/1.1" 200 70979
192.99.4.168 - - [13/Apr/2020:08:55:52 +0200] "GET /ticket2/opencms/en/buy/?page=1&edid=104C3244-DF16-AE6C-1D80-9200EA2CEADE&sortorder=asc&column=price HTTP/1.1" 200 70695
46.229.168.153 - - [13/Apr/2020:08:55:54 +0200] "GET /ticket2/opencms/sv/buy/?edid=9FDDAE6E-2099-CA20-8A5D-FB81C4E4FF2C&page=1 HTTP/1.1" 200 71524
46.229.168.137 - - [13/Apr/2020:08:55:55 +0200] "GET /ticket2/opencms/nl/buy/?column=section&edid=925BE32B-971D-9D24-C936-506F166BE685&page=1&sortorder=desc HTTP/1.1" 200 69699
208.110.93.78 - - [13/Apr/2020:08:55:57 +0200] "GET /ticket2/opencms/no/buy/?page=1&edid=C3C85BA9-2E4B-C378-8825-4A7128A5F236&sortorder=desc&column=row HTTP/1.1" 200 69825
5.9.71.213 - - [13/Apr/2020:08:56:01 +0200] "GET /ticket2/opencms/dk/buy/?page=1&edid=A426BA6C-DA03-08DF-D7B3-655AA13EBE13&sortorder=asc&column=price HTTP/1.1" 200 71433
46.229.168.130 - - [13/Apr/2020:08:56:05 +0200] "GET /ticket2/opencms/en/buy/?column=section&edid=D4257B4D-221F-23FE-F1F6-6C524759B22C&page=1&sortorder=asc HTTP/1.1" 200 71173
46.229.168.141 - - [13/Apr/2020:08:56:11 +0200] "GET /ticket2/opencms/en/buy/?column=section&edid=C2FCD713-6AE1-6CEF-FA73-C3089C99A625&page=1&sortorder=desc HTTP/1.1" 200 71343
208.110.93.78 - - [13/Apr/2020:08:56:11 +0200] "GET /ticket2/opencms/no/buy/?page=1&edid=C3C85BA9-2E4B-C378-8825-4A7128A5F236&sortorder=desc&column=section HTTP/1.1" 200 69825
192.99.15.199 - - [13/Apr/2020:08:56:12 +0200] "GET /ticket2/opencms/sv/login/?edid=E99B3C54-F700-0126-628E-FF8EE40F5DE2 HTTP/1.1" 200 67543
46.229.168.153 - - [13/Apr/2020:08:56:14 +0200] "GET /ticket2/opencms/no/buy/?column=price&edid=AA5AE919-4BFF-B48F-3D5F-56D1DBCA6D67&page=1&sortorder=asc HTTP/1.1" 200 72816
54.36.150.82 - - [13/Apr/2020:08:56:14 +0200] "GET /ticket2/opencms/fi/urheilu/jalkapallo/mm_2018/ HTTP/1.1" 200 67634
67.225.220.120 - - [13/Apr/2020:08:56:21 +0200] "GET /ticket2/opencms/en/buy/?page=1&edid=06C5FFFC-1994-FFFA-CB08-B1A3EEC36583 HTTP/1.1" 200 69200
192.99.5.228 - - [13/Apr/2020:08:56:22 +0200] "GET /ticket2/opencms/dk/buy/?page=1&edid=0ED421D5-7883-F3F6-6140-60A891D6FA14&sortorder=desc&column=price HTTP/1.1" 200 71403
46.229.168.143 - - [13/Apr/2020:08:56:23 +0200] "GET /ticket2/opencms/no/buy/?catid=21C3854B-901E-11F9-7B7D-6838CC6AFAA4&comcatid=A17713B6-D984-201A-4143-ED4DB5ED5C2E&eventid=832D545D-35B4-47B9-C211-718E191726C5&page=6 HTTP/1.1" 200 78606
208.110.93.78 - - [13/Apr/2020:08:56:23 +0200] "GET /ticket2/opencms/no/buy/?page=1&edid=C42BF7EA-D819-8A67-F8B3-5081D65DA522&sortorder=asc&column=price HTTP/1.1" 200 69812
69.30.198.186 - - [13/Apr/2020:08:56:31 +0200] "GET /ticket2/opencms/dk/buy/?page=1&edid=04C73364-27DF-BC1F-A84D-29BF88D4FF51&sortorder=desc&column=price HTTP/1.1" 200 70742
46.229.168.143 - - [13/Apr/2020:08:56:33 +0200] "GET /ticket2/opencms/no/buy/?column=section&edid=CA586440-2614-3334-BC2E-BE71BA9F9152&page=1&sortorder=asc HTTP/1.1" 200 69845
46.229.168.137 - - [13/Apr/2020:08:56:40 +0200] "GET /ticket2/opencms/nl/buy/?column=section&edid=925BE32B-971D-9D24-C936-506F166BE685&page=1&sortorder=desc HTTP/1.1" 200 69699
54.36.148.77 - - [13/Apr/2020:08:56:41 +0200] "GET /ticket2/opencms/fi/buy/?page=1&edid=1010B797-FD07-A826-871C-B380D1F057A0 HTTP/1.1" 200 70603
67.225.220.120 - - [13/Apr/2020:08:56:43 +0200] "GET /ticket2/opencms/en/buy/?page=1&edid=7057B2C9-74F4-D569-B6F7-77B58D68F437 HTTP/1.1" 200 69214
208.110.93.78 - - [13/Apr/2020:08:56:44 +0200] "GET /ticket2/opencms/no/buy/?page=1&edid=C42BF7EA-D819-8A67-F8B3-5081D65DA522&sortorder=asc&column=section HTTP/1.1" 200 69812
46.229.168.132 - - [13/Apr/2020:08:56:49 +0200] "GET /ticket2/opencms/sv/buy/?column=row&edid=0ED421D5-7883-F3F6-6140-60A891D6FA14&page=1&sortorder=desc HTTP/1.1" 200 71562
192.99.15.199 - - [13/Apr/2020:08:56:49 +0200] "GET /ticket2/opencms/sv/login/?edid=EC21F052-00BC-07D6-2A31-7F40587DDAFC HTTP/1.1" 200 67543
46.229.168.145 - - [13/Apr/2020:08:56:51 +0200] "GET /ticket2/opencms/sv/buy/?column=row&edid=149E4898-886E-801A-DF9C-A6639D44D86F&page=1&sortorder=asc HTTP/1.1" 200 71379
46.229.168.129 - - [13/Apr/2020:08:56:53 +0200] "GET /ticket2/opencms/no/buy/?column=row&edid=3C1911A2-FB1E-235B-6EA5-AC2F033F7D7E&page=1&sortorder=desc HTTP/1.1" 200 69832
46.229.168.161 - - [13/Apr/2020:08:57:01 +0200] "GET /ticket2/opencms/ru/buy/?column=section&edid=2037F1F4-3AC9-7D0D-D653-6187E617C819&page=1&sortorder=desc HTTP/1.1" 200 70238
46.229.168.162 - - [13/Apr/2020:08:57:03 +0200] "GET /ticket2/opencms/en/buy/?column=price&edid=06E063D7-AE27-0DA0-0E8E-0E82EFDCE11C&page=1&sortorder=desc HTTP/1.1" 200 69238
46.229.168.146 - - [13/Apr/2020:08:57:03 +0200] "GET /ticket2/opencms/no/buy/?column=price&edid=0EF8B22E-BE68-12EF-B463-EE507CBF5141&page=1&sortorder=desc HTTP/1.1" 200 71657
208.110.93.78 - - [13/Apr/2020:08:57:10 +0200] "GET /ticket2/opencms/no/buy/?page=1&edid=C439FA23-3FE7-CDC9-A39E-4CD3D19ACA8D HTTP/1.1" 200 71687
114.119.167.17 - - [13/Apr/2020:08:57:10 +0200] "GET /ticket2/opencms/tb/opencms/en/archive/events/the_sounds/ HTTP/1.1" 404 -
192.99.5.228 - - [13/Apr/2020:08:57:14 +0200] "GET /ticket2/opencms/dk/buy/?page=1&edid=0ED421D5-7883-F3F6-6140-60A891D6FA14&sortorder=desc&column=row HTTP/1.1" 200 71403
46.229.168.136 - - [13/Apr/2020:08:57:19 +0200] "GET /ticket2/opencms/dk/buy/?column=section&edid=C11CE0A1-BCBD-A7C4-C22E-164F1C641833&page=1&sortorder=desc HTTP/1.1" 200 71910
67.225.220.120 - - [13/Apr/2020:08:57:20 +0200] "GET /ticket2/opencms/sv/buy/?page=1&edid=C7A7C915-381D-19BD-EDE4-9DFD4C1BFCFC HTTP/1.1" 200 71539
46.229.168.162 - - [13/Apr/2020:08:57:22 +0200] "GET /ticket2/opencms/sv/buy/?column=section&edid=AE07727B-E4B5-4837-EECB-5BB0C9EE24CD&page=1&sortorder=desc HTTP/1.1" 200 70893
208.110.93.78 - - [13/Apr/2020:08:57:24 +0200] "GET /ticket2/opencms/no/buy/?page=1&edid=C439FA23-3FE7-CDC9-A39E-4CD3D19ACA8D&sortorder=asc&column=price HTTP/1.1" 200 71723
46.229.168.148 - - [13/Apr/2020:08:57:25 +0200] "GET /ticket2/opencms/no/buy/?column=price&edid=511DBE77-4302-11AC-20DF-EC763D451874&page=1&sortorder=asc HTTP/1.1" 200 71669
192.99.15.199 - - [13/Apr/2020:08:57:32 +0200] "GET /ticket2/opencms/sv/login/?edid=EEB4C277-42A6-C747-BCBB-599AAA94BEB2 HTTP/1.1" 200 67543
46.229.168.153 - - [13/Apr/2020:08:57:33 +0200] "GET /ticket2/opencms/sv/buy/?edid=736BD66B-437C-04AF-E221-4773B900AE5E&page=1 HTTP/1.1" 200 71340
95.216.20.54 - - [13/Apr/2020:08:57:35 +0200] "GET /ticket2/opencms/fi/login/?edid=BDEB9EF3-3BF1-B07B-8A1C-C78F2EDCBC2D HTTP/1.1" 200 68719
69.30.198.186 - - [13/Apr/2020:08:57:37 +0200] "GET /ticket2/opencms/dk/buy/?page=1&edid=04C73364-27DF-BC1F-A84D-29BF88D4FF51&sortorder=desc&column=row HTTP/1.1" 200 70742
95.216.20.54 - - [13/Apr/2020:08:57:38 +0200] "GET /ticket2/opencms/fi/login/?edid=BE677498-647D-741B-F50C-DF4074C4FF3A HTTP/1.1" 200 68719
46.229.168.144 - - [13/Apr/2020:08:57:40 +0200] "GET /ticket2/opencms/fi/buy/?column=price&edid=5C70B1F0-4607-47F9-95A0-AADB29E20053&page=1&sortorder=asc HTTP/1.1" 200 72508
95.216.20.54 - - [13/Apr/2020:08:57:41 +0200] "GET /ticket2/opencms/fi/login/?edid=BEE9102C-D2FA-07BD-37A8-F36B2B2962FE HTTP/1.1" 200 68719
46.229.168.146 - - [13/Apr/2020:08:57:44 +0200] "GET /ticket2/opencms/ru/buy/?column=price&edid=FC1BE44E-7A45-D3C1-478D-6E378C706536&page=1&sortorder=asc HTTP/1.1" 200 70248
95.216.20.54 - - [13/Apr/2020:08:57:46 +0200] "GET /ticket2/opencms/fi/login/?edid=C0E71D3B-DC0E-DD9D-0716-7AD40A999541 HTTP/1.1" 200 68719
46.229.168.140 - - [13/Apr/2020:08:57:47 +0200] "GET /ticket2/opencms/sv/buy/?column=row&edid=5C0BECD6-754F-CE6D-F6E5-BC4B5678134F&page=1&sortorder=desc HTTP/1.1" 200 70923
114.119.167.17 - - [13/Apr/2020:08:57:47 +0200] "GET /ticket2/opencms/no/buy/?page=6&comcatid=A17713B6-D984-201A-4143-ED4DB5ED5C2E&catid=573B7747-EE85-D769-C87D-F3F61FB64AA5 HTTP/1.1" 200 76320
46.229.168.153 - - [13/Apr/2020:08:57:48 +0200] "GET /ticket2/opencms/no/buy/?column=row&edid=4B8DF2AC-42E6-6C5D-F1CE-0DA3D8253356&page=1&sortorder=desc HTTP/1.1" 200 72536
46.229.168.139 - - [13/Apr/2020:08:57:53 +0200] "GET /ticket2/opencms/no/buy/?edid=C0041A02-725B-3012-77A5-FEBF23601EFD&page=1 HTTP/1.1" 200 71634
46.229.168.140 - - [13/Apr/2020:08:57:57 +0200] "GET /ticket2/opencms/sv/buy/?column=section&edid=66C209AA-BB52-2AF5-35F3-336E85585A75&page=1&sortorder=asc HTTP/1.1" 200 70899
95.216.20.54 - - [13/Apr/2020:08:57:57 +0200] "GET /ticket2/opencms/fi/login/?edid=C0FFA6FD-32FA-9A10-CB6E-3A2F4E87A6FA HTTP/1.1" 200 68719
208.110.93.78 - - [13/Apr/2020:08:57:57 +0200] "GET /ticket2/opencms/no/buy/?page=1&edid=C439FA23-3FE7-CDC9-A39E-4CD3D19ACA8D&sortorder=asc&column=section HTTP/1.1" 200 71723
208.110.93.78 - - [13/Apr/2020:08:58:03 +0200] "GET /ticket2/opencms/no/buy/?page=1&edid=C439FA23-3FE7-CDC9-A39E-4CD3D19ACA8D&sortorder=desc&column=price HTTP/1.1" 200 71722
95.216.20.54 - - [13/Apr/2020:08:58:03 +0200] "GET /ticket2/opencms/fi/login/?edid=C19BDC6D-B9B2-2881-03CD-5E0FA6322EFC HTTP/1.1" 200 68719
192.99.15.199 - - [13/Apr/2020:08:58:03 +0200] "GET /ticket2/opencms/sv/login/?edid=F304E181-E936-71FB-E213-CFCB44032C9B HTTP/1.1" 200 67543
46.229.168.145 - - [13/Apr/2020:08:58:05 +0200] "GET /ticket2/opencms/sv/buy/?column=section&edid=3898DC0B-6760-464A-235F-24AA9CC44808&page=1&sortorder=asc HTTP/1.1" 200 71118
