68.183.238.15 - - [12/Mar/2025:00:00:42 +0100] "GET /manager/html HTTP/1.1" 404 -
138.246.253.24 - - [12/Mar/2025:00:03:52 +0100] "GET /ticket2/opencms/robots.txt HTTP/1.1" 200 773
68.183.238.15 - - [12/Mar/2025:00:04:20 +0100] "GET /manager/html HTTP/1.1" 404 -
68.183.238.15 - - [12/Mar/2025:00:07:53 +0100] "GET /manager/html HTTP/1.1" 404 -
68.183.238.15 - - [12/Mar/2025:00:11:32 +0100] "GET /manager/html HTTP/1.1" 404 -
68.183.238.15 - - [12/Mar/2025:00:15:16 +0100] "GET /manager/html HTTP/1.1" 404 -
207.46.13.64 - - [12/Mar/2025:00:15:40 +0100] "GET /ticket2/opencms/en/venue/?countryid=93055F81-99D6-0EE6-3CC8-FB4301992434 HTTP/1.1" 200 93013
68.183.238.15 - - [12/Mar/2025:00:19:01 +0100] "GET /manager/html HTTP/1.1" 404 -
68.183.238.15 - - [12/Mar/2025:00:22:43 +0100] "GET /manager/html HTTP/1.1" 404 -
68.183.238.15 - - [12/Mar/2025:00:26:18 +0100] "GET /manager/html HTTP/1.1" 404 -
68.183.238.15 - - [12/Mar/2025:00:29:56 +0100] "GET /manager/html HTTP/1.1" 404 -
68.183.238.15 - - [12/Mar/2025:00:33:31 +0100] "GET /manager/html HTTP/1.1" 404 -
68.183.238.15 - - [12/Mar/2025:00:37:09 +0100] "GET /manager/html HTTP/1.1" 404 -
206.168.34.222 - - [12/Mar/2025:00:38:44 +0100] "GET / HTTP/1.1" 404 -
66.249.79.199 - - [12/Mar/2025:00:38:44 +0100] "GET /ticket2/opencms/en/venue/?venueid=BCC58979-A0BB-82A8-394D-152CD294A8FC HTTP/1.1" 200 63666
206.168.34.222 - - [12/Mar/2025:00:38:46 +0100] "PRI * HTTP/2.0" 505 -
206.168.34.222 - - [12/Mar/2025:00:38:56 +0100] "GET /favicon.ico HTTP/1.1" 404 -
206.168.34.222 - - [01/Jan/1970:00:59:59 +0100] "-" 400 -
68.183.238.15 - - [12/Mar/2025:00:40:48 +0100] "GET /manager/html HTTP/1.1" 404 -
68.183.238.15 - - [12/Mar/2025:00:44:24 +0100] "GET /manager/html HTTP/1.1" 404 -
68.183.238.15 - - [12/Mar/2025:00:48:03 +0100] "GET /manager/html HTTP/1.1" 404 -
66.249.79.199 - - [12/Mar/2025:00:48:44 +0100] "GET /ticket2/opencms/sv/buy/?comcatid=A17713B6-D984-201A-4143-ED4DB5ED5C2E&catid=A7674DEA-B39E-502C-2F76-760AE08947E9 HTTP/1.1" 200 75241
68.183.238.15 - - [12/Mar/2025:00:51:37 +0100] "GET /manager/html HTTP/1.1" 404 -
68.183.238.15 - - [12/Mar/2025:00:55:12 +0100] "GET /manager/html HTTP/1.1" 404 -
68.183.238.15 - - [12/Mar/2025:00:58:42 +0100] "GET /manager/html HTTP/1.1" 404 -
68.183.238.15 - - [12/Mar/2025:01:02:15 +0100] "GET /manager/html HTTP/1.1" 404 -
162.216.149.113 - - [12/Mar/2025:01:05:22 +0100] "GET /ticket2/opencms/ HTTP/1.1" 302 -
162.216.149.113 - - [12/Mar/2025:01:05:23 +0100] "GET /ticket2/opencms/en/ HTTP/1.1" 200 66763
68.183.238.15 - - [12/Mar/2025:01:06:02 +0100] "GET /manager/html HTTP/1.1" 404 -
157.55.39.195 - - [12/Mar/2025:01:07:31 +0100] "GET /ticket2/opencms/en/venue/?countryid=02784C54-6C5E-C56A-BCB8-106172A4270F HTTP/1.1" 200 93013
185.147.124.57 - - [12/Mar/2025:01:09:43 +0100] "/*?Cookie: mstshash=Administr " 400 -
68.183.238.15 - - [12/Mar/2025:01:09:47 +0100] "GET /manager/html HTTP/1.1" 404 -
66.249.76.69 - - [12/Mar/2025:01:09:51 +0100] "GET /ticket2/opencms/sv/buy_safety/ HTTP/1.1" 200 67293
185.91.127.81 - - [12/Mar/2025:01:10:17 +0100] "CONNECT api.ip.pn:443 HTTP/1.1" 400 -
68.183.238.15 - - [12/Mar/2025:01:13:27 +0100] "GET /manager/html HTTP/1.1" 404 -
66.249.79.198 - - [12/Mar/2025:01:15:40 +0100] "GET /ticket2/opencms/sv/selling_tickets/ HTTP/1.1" 200 65394
66.249.79.198 - - [12/Mar/2025:01:15:58 +0100] "GET /ticket2/opencms/sv/login/ HTTP/1.1" 200 67145
68.183.238.15 - - [12/Mar/2025:01:17:02 +0100] "GET /manager/html HTTP/1.1" 404 -
66.249.76.71 - - [12/Mar/2025:01:19:49 +0100] "GET /ticket2/opencms/en/about/contact/ HTTP/1.1" 200 63259
66.249.79.198 - - [12/Mar/2025:01:19:58 +0100] "GET /ticket2/opencms/en/affiliateprogram.html HTTP/1.1" 200 63934
66.249.79.197 - - [12/Mar/2025:01:20:24 +0100] "GET /ticket2/opencms/en/search.html?searchQuery=liverpool&submit= HTTP/1.1" 200 85794
66.249.76.69 - - [12/Mar/2025:01:20:35 +0100] "GET /ticket2/opencms/en/search.html?searchQuery=chelsea&submit= HTTP/1.1" 200 87360
68.183.238.15 - - [12/Mar/2025:01:20:45 +0100] "GET /manager/html HTTP/1.1" 404 -
141.98.11.97 - - [12/Mar/2025:01:22:29 +0100] "GET / HTTP/1.1" 404 -
66.249.76.70 - - [12/Mar/2025:01:22:50 +0100] "GET /ticket2/opencms/en/venue/?venueid=FD61FD0F-7893-095D-0FF7-17503C5C1517 HTTP/1.1" 200 63631
68.183.238.15 - - [12/Mar/2025:01:24:30 +0100] "GET /manager/html HTTP/1.1" 404 -
68.183.238.15 - - [12/Mar/2025:01:28:08 +0100] "GET /manager/html HTTP/1.1" 404 -
104.234.115.124 - - [12/Mar/2025:01:31:28 +0100] "GET / HTTP/1.0" 404 -
68.183.238.15 - - [12/Mar/2025:01:31:48 +0100] "GET /manager/html HTTP/1.1" 404 -
104.234.115.124 - - [12/Mar/2025:01:32:06 +0100] "GET / HTTP/1.1" 404 -
104.234.115.124 - - [12/Mar/2025:01:32:26 +0100] "GET /manage/account/login HTTP/1.1" 404 -
104.234.115.124 - - [12/Mar/2025:01:32:45 +0100] "GET /admin/index.html HTTP/1.1" 404 -
104.234.115.124 - - [12/Mar/2025:01:33:01 +0100] "GET /index.html HTTP/1.1" 404 -
104.234.115.124 - - [12/Mar/2025:01:33:17 +0100] "GET /+CSCOE+/logon.html HTTP/1.1" 404 -
104.234.115.124 - - [12/Mar/2025:01:33:33 +0100] "GET /cgi-bin/login.cgi HTTP/1.1" 404 -
104.234.115.124 - - [12/Mar/2025:01:33:50 +0100] "GET /login.htm HTTP/1.1" 404 -
104.234.115.124 - - [12/Mar/2025:01:34:06 +0100] "GET /login.html HTTP/1.1" 404 -
104.234.115.124 - - [12/Mar/2025:01:34:23 +0100] "GET /login.jsp HTTP/1.1" 404 -
104.234.115.124 - - [12/Mar/2025:01:34:41 +0100] "GET /login HTTP/1.1" 404 -
104.234.115.124 - - [12/Mar/2025:01:34:57 +0100] "GET /doc/index.html HTTP/1.1" 404 -
104.234.115.124 - - [12/Mar/2025:01:35:14 +0100] "GET /remote/login HTTP/1.1" 404 -
104.234.115.124 - - [12/Mar/2025:01:35:31 +0100] "GET //admin/login.asp HTTP/1.1" 404 -
68.183.238.15 - - [12/Mar/2025:01:35:36 +0100] "GET /manager/html HTTP/1.1" 404 -
104.234.115.124 - - [12/Mar/2025:01:35:48 +0100] "GET /web/ HTTP/1.1" 404 -
104.234.115.124 - - [12/Mar/2025:01:36:05 +0100] "GET //webpages/login.html HTTP/1.1" 404 -
66.249.76.70 - - [12/Mar/2025:01:37:47 +0100] "GET /ticket2/opencms/en/venue/?venueid=39B3A61A-44BF-44D0-2A9A-4F22CB9C7DF2 HTTP/1.1" 200 63655
66.249.79.198 - - [12/Mar/2025:01:37:50 +0100] "GET /ticket2/opencms/en/venue/?venueid=549D1F21-57F6-6965-4AE0-C027D23DF3A5 HTTP/1.1" 200 63727
66.249.79.199 - - [12/Mar/2025:01:38:50 +0100] "GET /ticket2/opencms/en/venue/?venueid=C5476B3C-0464-46FE-ABA4-218B7E7B42C3 HTTP/1.1" 200 63616
68.183.238.15 - - [12/Mar/2025:01:39:22 +0100] "GET /manager/html HTTP/1.1" 404 -
66.249.79.199 - - [12/Mar/2025:01:40:32 +0100] "GET /ticket2/opencms/en/venue/?venueid=B949E0D0-6478-1385-BB77-53DBB861A93A HTTP/1.1" 200 63628
104.234.115.124 - - [12/Mar/2025:01:41:43 +0100] "GET /ticket2/opencms/ HTTP/1.1" 302 -
66.249.79.199 - - [12/Mar/2025:01:42:52 +0100] "GET /ticket2/opencms/en/venue/?venueid=9E11657F-4DEC-23FB-7EA0-FBC7E33C2918 HTTP/1.1" 200 63609
66.249.79.197 - - [12/Mar/2025:01:42:58 +0100] "GET /ticket2/opencms/en/venue/?venueid=86AE90BC-D8AF-A4B6-5DCE-73A3626C185F HTTP/1.1" 200 63669
68.183.238.15 - - [12/Mar/2025:01:42:59 +0100] "GET /manager/html HTTP/1.1" 404 -
68.183.238.15 - - [12/Mar/2025:01:46:44 +0100] "GET /manager/html HTTP/1.1" 404 -
66.249.79.197 - - [12/Mar/2025:01:47:23 +0100] "GET /ticket2/opencms/en/venue/?venueid=B3BE141E-CF3F-F6A7-8B12-1986445931C5 HTTP/1.1" 200 63634
68.183.238.15 - - [12/Mar/2025:01:50:25 +0100] "GET /manager/html HTTP/1.1" 404 -
68.183.238.15 - - [12/Mar/2025:01:54:08 +0100] "GET /manager/html HTTP/1.1" 404 -
68.183.238.15 - - [12/Mar/2025:01:57:54 +0100] "GET /manager/html HTTP/1.1" 404 -
66.249.76.70 - - [12/Mar/2025:01:58:14 +0100] "GET /ticket2/opencms/en/venue/?venueid=3696F630-3175-B624-1F25-409A07AAD64C HTTP/1.1" 200 63642
66.249.76.70 - - [12/Mar/2025:01:59:47 +0100] "GET /ticket2/opencms/en/venue/?venueid=FBAFDD4B-DAD3-1027-F610-2E658B7C0EA4 HTTP/1.1" 200 63700
66.249.76.70 - - [12/Mar/2025:02:00:44 +0100] "GET /ticket2/opencms/en/venue/?venueid=F07570AB-6180-6ECF-7A44-E3C64FEDE92E HTTP/1.1" 200 63671
68.183.238.15 - - [12/Mar/2025:02:01:48 +0100] "GET /manager/html HTTP/1.1" 404 -
66.249.76.69 - - [12/Mar/2025:02:03:36 +0100] "GET /ticket2/opencms/sv/buy/?page=6&comcatid=97ECA65A-72DA-F9AF-9DBB-245D3CFED1BE&catid=1656E964-1E02-9A38-D092-65384E60B6EA HTTP/1.1" 200 70190
66.249.79.199 - - [12/Mar/2025:02:04:44 +0100] "GET /ticket2/opencms/sv/buy/?comcatid=A17713B6-D984-201A-4143-ED4DB5ED5C2E&catid=A4D9EA9A-192D-0274-BF26-9C98D8B902AB HTTP/1.1" 200 75238
68.183.238.15 - - [12/Mar/2025:02:05:21 +0100] "GET /manager/html HTTP/1.1" 404 -
66.249.76.70 - - [12/Mar/2025:02:07:37 +0100] "GET /ticket2/opencms/sv/buy/?page=6&comcatid=97ECA65A-72DA-F9AF-9DBB-245D3CFED1BE&catid=F7F89B9B-6697-7881-54AE-4C39276BF1B8 HTTP/1.1" 200 70194
66.249.79.199 - - [12/Mar/2025:02:08:26 +0100] "GET /ticket2/opencms/sv/buy/?page=6&comcatid=97ECA65A-72DA-F9AF-9DBB-245D3CFED1BE&catid=6CD184E8-C8D4-E1CC-33D0-6F47E3751240 HTTP/1.1" 200 70194
68.183.238.15 - - [12/Mar/2025:02:09:22 +0100] "GET /manager/html HTTP/1.1" 404 -
66.249.76.71 - - [12/Mar/2025:02:11:14 +0100] "GET /ticket2/opencms/sv/buy/?page=6&comcatid=97ECA65A-72DA-F9AF-9DBB-245D3CFED1BE&catid=757E2DFB-33DA-9B34-8402-9F06B19D8409 HTTP/1.1" 200 70198
66.249.79.198 - - [12/Mar/2025:02:11:32 +0100] "GET /ticket2/opencms/sv/buy/?page=6&comcatid=97ECA65A-72DA-F9AF-9DBB-245D3CFED1BE&catid=8732E72C-A028-EA8C-4D4D-DEB44E2A28A8 HTTP/1.1" 200 70192
66.249.79.199 - - [12/Mar/2025:02:12:27 +0100] "GET /ticket2/opencms/sv/buy/?page=6&comcatid=97ECA65A-72DA-F9AF-9DBB-245D3CFED1BE&catid=2E79AED8-FF58-B4E8-AFB0-43E7CEBE7864 HTTP/1.1" 200 70190
68.183.238.15 - - [12/Mar/2025:02:13:15 +0100] "GET /manager/html HTTP/1.1" 404 -
66.249.76.70 - - [12/Mar/2025:02:13:42 +0100] "GET /ticket2/opencms/en/venue/?venueid=BE099EDC-92F5-295D-5F82-387E8463882F HTTP/1.1" 200 63646
68.183.238.15 - - [12/Mar/2025:02:16:49 +0100] "GET /manager/html HTTP/1.1" 404 -
68.183.238.15 - - [12/Mar/2025:02:20:30 +0100] "GET /manager/html HTTP/1.1" 404 -
66.249.79.198 - - [12/Mar/2025:02:22:50 +0100] "GET /ticket2/opencms/en/venue/?venueid=8682E816-1238-F4DA-A108-AC8CA9D6A4AD HTTP/1.1" 200 63663
68.183.238.15 - - [12/Mar/2025:02:24:19 +0100] "GET /manager/html HTTP/1.1" 404 -
66.249.79.199 - - [12/Mar/2025:02:24:50 +0100] "GET /ticket2/opencms/en/venue/?venueid=3ED5EA9D-5706-84F2-16D2-FC98CC15FF4D HTTP/1.1" 200 63634
66.249.79.197 - - [12/Mar/2025:02:27:24 +0100] "GET /ticket2/opencms/en/venue/?venueid=5E03C312-201F-EA86-FC06-30C04764E9A3 HTTP/1.1" 200 63631
66.249.79.199 - - [12/Mar/2025:02:27:27 +0100] "GET /ticket2/opencms/en/venue/?venueid=CECD7212-C0C4-A2C4-7CE4-4BCC2D51A2B1 HTTP/1.1" 200 63679
68.183.238.15 - - [12/Mar/2025:02:27:56 +0100] "GET /manager/html HTTP/1.1" 404 -
205.210.31.237 - - [12/Mar/2025:02:31:23 +0100] "??w%?l?????H9?z?S??????p??U???? w ??k??r???!??!?????1Tz\?Y?&?+?/?,?0????? ??" 400 -
205.210.31.237 - - [01/Jan/1970:00:59:59 +0100] "-" 400 -
68.183.238.15 - - [12/Mar/2025:02:31:37 +0100] "GET /manager/html HTTP/1.1" 404 -
66.249.76.71 - - [12/Mar/2025:02:32:27 +0100] "GET /ticket2/opencms/en/venue/?venueid=E68A45BC-0CBA-4CB6-8ECD-A427173821D5 HTTP/1.1" 200 63616
66.249.79.197 - - [12/Mar/2025:02:32:48 +0100] "GET /ticket2/opencms/en/venue/?venueid=A9729561-0F30-059F-16C0-B98F2DEFE27A HTTP/1.1" 200 63664
66.249.79.199 - - [12/Mar/2025:02:35:45 +0100] "GET /ticket2/opencms/en/venue/?venueid=9113985D-44E1-D6AA-8893-307E961DB223 HTTP/1.1" 200 63685
68.183.238.15 - - [12/Mar/2025:02:35:47 +0100] "GET /manager/html HTTP/1.1" 404 -
159.65.139.77 - - [12/Mar/2025:02:36:18 +0100] "GET /ticket2/opencms/.env HTTP/1.1" 404 -
68.183.238.15 - - [12/Mar/2025:02:39:35 +0100] "GET /manager/html HTTP/1.1" 404 -
68.183.238.15 - - [12/Mar/2025:02:43:21 +0100] "GET /manager/html HTTP/1.1" 404 -
68.183.238.15 - - [12/Mar/2025:02:47:17 +0100] "GET /manager/html HTTP/1.1" 404 -
66.249.76.69 - - [12/Mar/2025:02:50:14 +0100] "GET /ticket2/opencms/en/venue/?venueid=176D3FFD-8008-78D4-93A3-4EAE24F36FFF HTTP/1.1" 200 63822
68.183.238.15 - - [12/Mar/2025:02:50:54 +0100] "GET /manager/html HTTP/1.1" 404 -
18.191.187.215 - - [12/Mar/2025:02:50:56 +0100] "GET /ticket2/opencms/ HTTP/1.1" 302 -
18.191.187.215 - - [12/Mar/2025:02:50:56 +0100] "GET /ticket2/opencms/en/ HTTP/1.1" 200 66763
66.249.79.197 - - [12/Mar/2025:02:51:52 +0100] "GET /ticket2/opencms/en/venue/?venueid=66B80C8D-02F9-D9AE-4568-9AC2DE8502C2 HTTP/1.1" 200 63675
66.249.79.199 - - [12/Mar/2025:02:52:26 +0100] "GET /ticket2/opencms/en/venue/?venueid=09E03E16-187C-4DF2-8E48-7E3967D626E7 HTTP/1.1" 200 63628
66.249.79.197 - - [12/Mar/2025:02:52:47 +0100] "GET /ticket2/opencms/en/venue/?venueid=50859568-726C-2D0D-904C-FF60FB4804EC HTTP/1.1" 200 63636
68.183.238.15 - - [12/Mar/2025:02:54:36 +0100] "GET /manager/html HTTP/1.1" 404 -
66.249.79.198 - - [12/Mar/2025:02:56:37 +0100] "GET /ticket2/opencms/en/venue/?venueid=80B2E1FA-5C12-5CA8-5156-ED69E629CB1C HTTP/1.1" 200 63664
185.191.171.6 - - [12/Mar/2025:02:57:04 +0100] "GET /ticket2/opencms/robots.txt HTTP/1.1" 200 773
85.208.96.198 - - [12/Mar/2025:02:57:05 +0100] "GET /ticket2/opencms/sv/search.html HTTP/1.1" 200 83886
68.183.238.15 - - [12/Mar/2025:02:58:16 +0100] "GET /manager/html HTTP/1.1" 404 -
185.242.226.109 - - [12/Mar/2025:03:00:52 +0100] "GET /ticket2/opencms/favicon.ico HTTP/1.1" 200 1406
185.242.226.109 - - [12/Mar/2025:03:00:52 +0100] "GET /ticket2/opencms/ HTTP/1.1" 302 -
185.242.226.109 - - [12/Mar/2025:03:00:52 +0100] "GET /ticket2/opencms/en/ HTTP/1.1" 200 66763
68.183.238.15 - - [12/Mar/2025:03:02:04 +0100] "GET /manager/html HTTP/1.1" 404 -
66.249.79.197 - - [12/Mar/2025:03:03:31 +0100] "GET /ticket2/opencms/en/venue/?venueid=0A150E76-62F4-C52C-086E-D4CAD50B046E HTTP/1.1" 200 63625
66.249.76.70 - - [12/Mar/2025:03:03:35 +0100] "GET /ticket2/opencms/en/venue/?venueid=C6684262-14F2-16A6-6E24-1E1928C60800 HTTP/1.1" 200 63645
185.242.226.109 - - [12/Mar/2025:03:04:32 +0100] "GET /ticket2/opencms/favicon.ico HTTP/1.1" 200 1406
185.242.226.109 - - [12/Mar/2025:03:04:32 +0100] "GET /ticket2/opencms/ HTTP/1.1" 302 -
185.242.226.109 - - [12/Mar/2025:03:04:32 +0100] "GET /ticket2/opencms/en/ HTTP/1.1" 200 66763
68.183.238.15 - - [12/Mar/2025:03:05:44 +0100] "GET /manager/html HTTP/1.1" 404 -
78.108.102.35 - - [12/Mar/2025:03:05:49 +0100] "GET /ticket2/opencms/ HTTP/1.0" 500 -
68.183.238.15 - - [12/Mar/2025:03:09:36 +0100] "GET /manager/html HTTP/1.1" 404 -
68.183.238.15 - - [12/Mar/2025:03:13:41 +0100] "GET /manager/html HTTP/1.1" 404 -
68.183.238.15 - - [12/Mar/2025:03:17:26 +0100] "GET /manager/html HTTP/1.1" 404 -
207.46.13.130 - - [12/Mar/2025:03:19:37 +0100] "GET /ticket2/opencms/en/venue/?countryid=180EAAAB-918A-9F1E-ED78-EB81C803FB9F HTTP/1.1" 200 93013
66.249.79.197 - - [12/Mar/2025:03:20:37 +0100] "GET /ticket2/opencms/en/venue/?venueid=C0F938D7-4DFA-1781-F9B4-CE387BBF9E3B HTTP/1.1" 200 63678
68.183.238.15 - - [12/Mar/2025:03:21:20 +0100] "GET /manager/html HTTP/1.1" 404 -
68.183.238.15 - - [12/Mar/2025:03:25:06 +0100] "GET /manager/html HTTP/1.1" 404 -
66.249.79.199 - - [12/Mar/2025:03:27:31 +0100] "GET /ticket2/opencms/en/ask-form.html HTTP/1.1" 200 3146
68.183.238.15 - - [12/Mar/2025:03:29:01 +0100] "GET /manager/html HTTP/1.1" 404 -
165.227.85.187 - - [12/Mar/2025:03:30:01 +0100] "GET / HTTP/1.1" 404 -
66.249.79.197 - - [12/Mar/2025:03:31:59 +0100] "GET /ticket2/opencms/sv/buy/?comcatid=810BB404-4103-77F2-A6C2-12D5E6C338E2&catid=95AE85B5-8979-BB11-643C-430ACC6D50F9 HTTP/1.1" 200 67039
68.183.238.15 - - [12/Mar/2025:03:32:45 +0100] "GET /manager/html HTTP/1.1" 404 -
66.249.76.70 - - [12/Mar/2025:03:33:53 +0100] "GET /ticket2/opencms/sv/buy/?comcatid=A17713B6-D984-201A-4143-ED4DB5ED5C2E&catid=FF8D7FE7-4B09-7305-01C7-2D47F7913EB8 HTTP/1.1" 200 75243
195.246.120.122 - - [12/Mar/2025:03:34:00 +0100] "GET / HTTP/1.0" 404 -
66.249.79.197 - - [12/Mar/2025:03:34:40 +0100] "GET /ticket2/opencms/sv/buy/?comcatid=A17713B6-D984-201A-4143-ED4DB5ED5C2E&catid=7ACC33AD-EE7E-AAA7-9050-0F4587759B87 HTTP/1.1" 200 75248
66.249.76.70 - - [12/Mar/2025:03:35:24 +0100] "GET /ticket2/opencms/sv/buy/?comcatid=A17713B6-D984-201A-4143-ED4DB5ED5C2E&catid=BDD8C04C-DD99-1C07-B5F3-F2AB98D157E8 HTTP/1.1" 200 75245
66.249.79.197 - - [12/Mar/2025:03:35:47 +0100] "GET /ticket2/opencms/sv/buy/?comcatid=A17713B6-D984-201A-4143-ED4DB5ED5C2E&catid=70B37487-FE30-D476-CAE7-E6AFEA3153F2 HTTP/1.1" 200 75239
68.183.238.15 - - [12/Mar/2025:03:36:33 +0100] "GET /manager/html HTTP/1.1" 404 -
195.178.110.54 - - [12/Mar/2025:03:36:56 +0100] "GET / HTTP/1.1" 404 -
66.249.79.197 - - [12/Mar/2025:03:38:41 +0100] "GET /ticket2/opencms/sv/buy/?comcatid=A17713B6-D984-201A-4143-ED4DB5ED5C2E&catid=B0817F4C-4B6F-A68C-6229-209BB05F84D4 HTTP/1.1" 200 75237
68.183.238.15 - - [12/Mar/2025:03:40:25 +0100] "GET /manager/html HTTP/1.1" 404 -
66.249.76.70 - - [12/Mar/2025:03:41:49 +0100] "GET /ticket2/opencms/sv/buy/?comcatid=A17713B6-D984-201A-4143-ED4DB5ED5C2E&catid=E961462E-5AC2-64D6-5850-A310C9DEAA06 HTTP/1.1" 200 75250
66.249.76.70 - - [12/Mar/2025:03:42:25 +0100] "GET /ticket2/opencms/sv/buy/?comcatid=A17713B6-D984-201A-4143-ED4DB5ED5C2E&catid=7EF04817-972D-18B1-F941-DE800D088075 HTTP/1.1" 200 75252
66.249.79.197 - - [12/Mar/2025:03:43:23 +0100] "GET /ticket2/opencms/sv/buy/?comcatid=A17713B6-D984-201A-4143-ED4DB5ED5C2E&catid=D08E96E8-A514-9E09-4E22-63713911E0B8 HTTP/1.1" 200 75254
68.183.238.15 - - [12/Mar/2025:03:44:22 +0100] "GET /manager/html HTTP/1.1" 404 -
68.183.238.15 - - [12/Mar/2025:03:48:14 +0100] "GET /manager/html HTTP/1.1" 404 -
147.45.112.187 - - [12/Mar/2025:03:51:02 +0100] "/*?Cookie: mstshash=Administr " 400 -
68.183.238.15 - - [12/Mar/2025:03:51:55 +0100] "GET /manager/html HTTP/1.1" 404 -
20.65.194.168 - - [12/Mar/2025:03:52:05 +0100] "GET /hudson HTTP/1.1" 404 -
68.183.238.15 - - [12/Mar/2025:03:55:57 +0100] "GET /manager/html HTTP/1.1" 404 -
66.249.76.69 - - [12/Mar/2025:03:56:27 +0100] "GET /ticket2/opencms/sv/buy/?comcatid=A17713B6-D984-201A-4143-ED4DB5ED5C2E&catid=6BD6E0B0-84AF-3A0D-3851-C1357CE9B771 HTTP/1.1" 200 75248
66.249.76.70 - - [12/Mar/2025:03:57:50 +0100] "GET /ticket2/opencms/sv/buy/?comcatid=A17713B6-D984-201A-4143-ED4DB5ED5C2E&catid=42C82D82-D02A-8562-E55C-48ADB3771882 HTTP/1.1" 200 75263
68.183.238.15 - - [12/Mar/2025:03:59:33 +0100] "GET /manager/html HTTP/1.1" 404 -
66.249.79.199 - - [12/Mar/2025:04:02:40 +0100] "GET /ticket2/opencms/sv/buy/?comcatid=A17713B6-D984-201A-4143-ED4DB5ED5C2E&catid=06324577-7173-BAB0-146D-E644C912F7C1 HTTP/1.1" 200 75247
68.183.238.15 - - [12/Mar/2025:04:03:20 +0100] "GET /manager/html HTTP/1.1" 404 -
66.249.79.197 - - [12/Mar/2025:04:03:41 +0100] "GET /ticket2/opencms/sv/buy/?comcatid=A17713B6-D984-201A-4143-ED4DB5ED5C2E&catid=7BADFFFB-57C5-5DBC-E7EB-B45075B3D8F9 HTTP/1.1" 200 75251
66.249.76.71 - - [12/Mar/2025:04:04:41 +0100] "GET /ticket2/opencms/sv/buy/?comcatid=A17713B6-D984-201A-4143-ED4DB5ED5C2E&catid=D8B345C9-F7A5-E620-4B43-C34EB0D6885B HTTP/1.1" 200 75238
66.249.79.198 - - [12/Mar/2025:04:06:32 +0100] "GET /ticket2/opencms/sv/buy/?comcatid=A17713B6-D984-201A-4143-ED4DB5ED5C2E&catid=0A9E385E-33D9-328E-DC79-CA2C7009C829 HTTP/1.1" 200 75246
66.249.76.70 - - [12/Mar/2025:04:06:35 +0100] "GET /ticket2/opencms/sv/buy/?comcatid=A17713B6-D984-201A-4143-ED4DB5ED5C2E&catid=4B941E1B-E4E2-C53E-C693-9FA91BBA9AD5 HTTP/1.1" 200 75250
68.183.238.15 - - [12/Mar/2025:04:07:12 +0100] "GET /manager/html HTTP/1.1" 404 -
66.249.76.70 - - [12/Mar/2025:04:07:13 +0100] "GET /ticket2/opencms/sv/buy/?comcatid=A17713B6-D984-201A-4143-ED4DB5ED5C2E&catid=2DE12DDA-A5FB-C1C6-CB20-FBF873FB032B HTTP/1.1" 200 75258
68.183.238.15 - - [12/Mar/2025:04:11:03 +0100] "GET /manager/html HTTP/1.1" 404 -
66.249.79.197 - - [12/Mar/2025:04:11:45 +0100] "GET /ticket2/opencms/sv/buy/?comcatid=A17713B6-D984-201A-4143-ED4DB5ED5C2E&catid=24AC1CA6-1C09-0BE5-C04A-9DCCDB15D5E9 HTTP/1.1" 200 75246
66.249.79.199 - - [12/Mar/2025:04:11:47 +0100] "GET /ticket2/opencms/sv/buy/?comcatid=A17713B6-D984-201A-4143-ED4DB5ED5C2E&catid=3A7AEA37-903D-9533-4B33-21B0001FF1D1 HTTP/1.1" 200 75247
66.249.76.71 - - [12/Mar/2025:04:12:34 +0100] "GET /ticket2/opencms/sv/ HTTP/1.1" 200 68095
66.249.79.199 - - [12/Mar/2025:04:14:32 +0100] "GET /ticket2/opencms/en/venue/?countryid=A9198A40-C385-3F3F-F1E3-C36DF8CBA8BE HTTP/1.1" 200 93013
68.183.238.15 - - [12/Mar/2025:04:15:08 +0100] "GET /manager/html HTTP/1.1" 404 -
66.249.79.199 - - [12/Mar/2025:04:15:47 +0100] "GET /ticket2/opencms/en/venue/?countryid=38CC08E3-88E5-726B-7780-E55017C79604 HTTP/1.1" 200 93013
66.249.76.71 - - [12/Mar/2025:04:16:49 +0100] "GET /ticket2/opencms/en/venue/?countryid=C0984F56-34B3-2410-35BD-6A54606EFEFB HTTP/1.1" 200 93013
66.249.79.197 - - [12/Mar/2025:04:17:36 +0100] "GET /ticket2/opencms/en/venue/?countryid=C83BD7D3-147E-EEE7-3AB4-19E8D9E56196 HTTP/1.1" 200 93013
66.249.79.197 - - [12/Mar/2025:04:18:23 +0100] "GET /ticket2/opencms/en/venue/?countryid=E1B3F038-2C75-F5F0-10E7-1C4055EF4908 HTTP/1.1" 200 93013
66.249.79.199 - - [12/Mar/2025:04:18:36 +0100] "GET /ticket2/opencms/en/venue/?countryid=893226B0-D69E-4766-831E-1D42E613AB75 HTTP/1.1" 200 93255
68.183.238.15 - - [12/Mar/2025:04:18:58 +0100] "GET /manager/html HTTP/1.1" 404 -
66.249.79.199 - - [12/Mar/2025:04:19:44 +0100] "GET /ticket2/opencms/sv/buy/?comcatid=A17713B6-D984-201A-4143-ED4DB5ED5C2E&catid=739BFC5D-78FA-6834-D764-6CE64CA5F9EC HTTP/1.1" 200 75247
66.249.79.197 - - [12/Mar/2025:04:19:50 +0100] "GET /ticket2/opencms/en/venue/?countryid=ACBCEDDC-478F-6F5C-046F-A1A55C83F98D HTTP/1.1" 200 99186
3.140.188.170 - - [12/Mar/2025:04:22:44 +0100] "GET /ticket2/opencms/ HTTP/1.1" 302 -
3.140.188.170 - - [12/Mar/2025:04:22:44 +0100] "GET /ticket2/opencms/en/ HTTP/1.1" 200 66763
68.183.238.15 - - [12/Mar/2025:04:22:46 +0100] "GET /manager/html HTTP/1.1" 404 -
66.249.79.197 - - [12/Mar/2025:04:23:50 +0100] "GET /ticket2/opencms/en/venue/?countryid=D9E13DB9-8338-AA2E-D2F0-97CDF9CA1F76 HTTP/1.1" 200 93013
68.183.238.15 - - [12/Mar/2025:04:26:36 +0100] "GET /manager/html HTTP/1.1" 404 -
66.249.79.198 - - [12/Mar/2025:04:28:44 +0100] "GET /ticket2/opencms/en/venue/?venueid=8C459824-0791-C4B3-96A5-E2175298EB51 HTTP/1.1" 200 63613
143.198.46.164 - - [12/Mar/2025:04:29:26 +0100] "GET / HTTP/1.1" 404 -
143.198.46.164 - - [12/Mar/2025:04:29:26 +0100] "GET /download/powershell/ HTTP/1.1" 404 -
143.198.46.164 - - [12/Mar/2025:04:29:27 +0100] "GET /get.php HTTP/1.1" 404 -
66.249.79.198 - - [12/Mar/2025:04:29:48 +0100] "GET /ticket2/opencms/en/venue/?countryid=87A0CCAA-3D1F-51AB-962B-6BBE856D2C40 HTTP/1.1" 200 93013
66.249.79.198 - - [12/Mar/2025:04:29:52 +0100] "GET /ticket2/opencms/en/venue/?countryid=39338EA9-6CB0-428E-D26D-7F5D8BBADF63 HTTP/1.1" 200 93013
66.249.79.197 - - [12/Mar/2025:04:29:59 +0100] "GET /ticket2/opencms/en/venue/?countryid=1D29B349-241A-DA25-C29E-C6C960274511 HTTP/1.1" 200 93013
68.183.238.15 - - [12/Mar/2025:04:30:27 +0100] "GET /manager/html HTTP/1.1" 404 -
66.249.79.198 - - [12/Mar/2025:04:31:14 +0100] "GET /ticket2/opencms/en/venue/?countryid=01A4931A-C165-4B79-C9B2-6B15C1A8EA57 HTTP/1.1" 200 121474
147.185.132.18 - - [12/Mar/2025:04:31:31 +0100] "GET / HTTP/1.0" 404 -
66.249.79.197 - - [12/Mar/2025:04:33:50 +0100] "GET /ticket2/opencms/en/venue/?countryid=EFCDD4BE-2B2E-DD3B-EFFB-83BD42354573 HTTP/1.1" 200 103082
66.249.79.198 - - [12/Mar/2025:04:34:06 +0100] "GET /ticket2/opencms/en/venue/?venueid=84D7889A-E11A-AB47-B40A-66082298581A HTTP/1.1" 200 63610
68.183.238.15 - - [12/Mar/2025:04:34:22 +0100] "GET /manager/html HTTP/1.1" 404 -
66.249.79.198 - - [12/Mar/2025:04:34:26 +0100] "GET /ticket2/opencms/en/venue/?countryid=EFE62657-ED88-7045-031D-E16EFB5F4910 HTTP/1.1" 200 93013
66.249.79.198 - - [12/Mar/2025:04:34:59 +0100] "GET /ticket2/opencms/en/venue/?countryid=668D17D3-DDBF-7460-C2FB-E48A99F3BD87 HTTP/1.1" 200 93013
185.91.127.81 - - [12/Mar/2025:04:37:18 +0100] "CONNECT api.ip.pn:443 HTTP/1.1" 400 -
68.183.238.15 - - [12/Mar/2025:04:38:22 +0100] "GET /manager/html HTTP/1.1" 404 -
66.249.76.71 - - [12/Mar/2025:04:38:26 +0100] "GET /ticket2/opencms/en/venue/?countryid=B2685E9F-F5FB-C584-F982-0FC8E094C1AC HTTP/1.1" 200 93013
68.183.238.15 - - [12/Mar/2025:04:42:07 +0100] "GET /manager/html HTTP/1.1" 404 -
66.249.79.199 - - [12/Mar/2025:04:43:44 +0100] "GET /ticket2/opencms/sv/buy/?comcatid=A17713B6-D984-201A-4143-ED4DB5ED5C2E&catid=7CF2D645-F785-0CBB-1B7C-C4711617EAAD HTTP/1.1" 200 75257
20.171.26.155 - - [12/Mar/2025:04:45:26 +0100] "GET /ticket2/opencms/ HTTP/1.1" 302 -
66.249.76.71 - - [12/Mar/2025:04:45:35 +0100] "GET /ticket2/opencms/en/venue/?countryid=B33351B8-DB63-1834-566A-CB44E5291395 HTTP/1.1" 200 93013
68.183.238.15 - - [12/Mar/2025:04:45:53 +0100] "GET /manager/html HTTP/1.1" 404 -
66.249.79.199 - - [12/Mar/2025:04:48:32 +0100] "GET /ticket2/opencms/en/venue/?countryid=3F84C922-E52E-4F0E-1F8F-97D62941C628 HTTP/1.1" 200 93013
68.183.238.15 - - [12/Mar/2025:04:49:33 +0100] "GET /manager/html HTTP/1.1" 404 -
66.249.79.197 - - [12/Mar/2025:04:49:45 +0100] "GET /ticket2/opencms/en/venue/?countryid=52F4A5D1-57D1-3DCD-E1E5-1C5778B3C28E HTTP/1.1" 200 93013
68.183.238.15 - - [12/Mar/2025:04:53:23 +0100] "GET /manager/html HTTP/1.1" 404 -
66.249.79.199 - - [12/Mar/2025:04:53:37 +0100] "GET /ticket2/opencms/en/venue/?countryid=91AAC8CB-DC00-AD46-25B5-9E567AEBD805 HTTP/1.1" 200 93483
179.43.175.246 - - [12/Mar/2025:04:55:53 +0100] "GET / HTTP/1.1" 404 -
68.183.238.15 - - [12/Mar/2025:04:57:05 +0100] "GET /manager/html HTTP/1.1" 404 -
64.227.183.199 - - [12/Mar/2025:04:57:45 +0100] "GET / HTTP/1.1" 404 -
66.249.79.199 - - [12/Mar/2025:04:57:51 +0100] "GET /ticket2/opencms/en/venue/?countryid=8AB3059A-CDC7-3AC2-BF58-176BA47DA764 HTTP/1.1" 200 108442
66.249.79.197 - - [12/Mar/2025:04:58:26 +0100] "GET /ticket2/opencms/en/venue/?countryid=6941D863-6987-AFB6-0EB8-DD9A02005855 HTTP/1.1" 200 93013
66.249.79.197 - - [12/Mar/2025:04:59:44 +0100] "GET /ticket2/opencms/en/venue/?countryid=C390DA46-FDFE-72E8-463E-D2A88C688BC4 HTTP/1.1" 200 93013
66.249.79.198 - - [12/Mar/2025:05:00:26 +0100] "GET /ticket2/opencms/en/venue/?countryid=6D97DD41-58F8-E86C-8D49-519899AAF206 HTTP/1.1" 200 93013
68.183.238.15 - - [12/Mar/2025:05:00:47 +0100] "GET /manager/html HTTP/1.1" 404 -
66.249.76.69 - - [12/Mar/2025:05:00:50 +0100] "GET /ticket2/opencms/en/venue/?countryid=7B8EA247-B72D-57A1-F5B5-112514CAAC1F HTTP/1.1" 200 93013
66.249.76.69 - - [12/Mar/2025:05:00:52 +0100] "GET /ticket2/opencms/en/venue/?countryid=EBEF9B75-B33B-BBAE-FE14-1F037092B34B HTTP/1.1" 200 102918
68.183.238.15 - - [12/Mar/2025:05:04:25 +0100] "GET /manager/html HTTP/1.1" 404 -
66.249.79.197 - - [12/Mar/2025:05:06:47 +0100] "GET /ticket2/opencms/en/venue/?countryid=7955C1DA-0203-9687-2994-14739AEE539F HTTP/1.1" 200 93013
68.183.238.15 - - [12/Mar/2025:05:08:18 +0100] "GET /manager/html HTTP/1.1" 404 -
68.183.238.15 - - [12/Mar/2025:05:12:09 +0100] "GET /manager/html HTTP/1.1" 404 -
66.249.76.69 - - [12/Mar/2025:05:12:47 +0100] "GET /ticket2/opencms/en/venue/?countryid=40378634-F839-FEF7-110F-40EAA530AB1D HTTP/1.1" 200 93013
66.249.79.197 - - [12/Mar/2025:05:14:51 +0100] "GET /ticket2/opencms/en/venue/?countryid=180EAAAB-918A-9F1E-ED78-EB81C803FB9F HTTP/1.1" 200 93013
68.183.238.15 - - [12/Mar/2025:05:16:41 +0100] "GET /manager/html HTTP/1.1" 404 -
68.183.238.15 - - [12/Mar/2025:05:20:26 +0100] "GET /manager/html HTTP/1.1" 404 -
66.249.79.199 - - [12/Mar/2025:05:20:42 +0100] "GET /ticket2/opencms/en/venue/?countryid=DBAF1CDD-BB02-B386-3F1A-E606C2F733BC HTTP/1.1" 200 94785
45.148.10.35 - - [12/Mar/2025:05:22:48 +0100] "GET /ticket2/opencms/ HTTP/1.1" 302 -
45.148.10.35 - - [12/Mar/2025:05:22:48 +0100] "GET /ticket2/opencms/api/.git/config HTTP/1.1" 404 -
45.148.10.35 - - [12/Mar/2025:05:22:49 +0100] "GET /ticket2/opencms/templates/.git/config HTTP/1.1" 404 -
68.183.238.15 - - [12/Mar/2025:05:24:12 +0100] "GET /manager/html HTTP/1.1" 404 -
66.249.79.198 - - [12/Mar/2025:05:24:25 +0100] "GET /ticket2/opencms/en/venue/?countryid=666C887D-F998-338F-2ABE-16022B884D9D HTTP/1.1" 200 93013
66.249.76.69 - - [12/Mar/2025:05:24:44 +0100] "GET /ticket2/opencms/en/venue/?countryid=6B694798-0B8F-37B1-435B-6B5A0DB8B5CB HTTP/1.1" 200 93013
68.183.238.15 - - [12/Mar/2025:05:28:03 +0100] "GET /manager/html HTTP/1.1" 404 -
68.183.238.15 - - [12/Mar/2025:05:32:02 +0100] "GET /manager/html HTTP/1.1" 404 -
68.183.238.15 - - [12/Mar/2025:05:35:46 +0100] "GET /manager/html HTTP/1.1" 404 -
198.235.24.52 - - [12/Mar/2025:05:39:31 +0100] "GET / HTTP/1.1" 404 -
66.249.76.69 - - [12/Mar/2025:05:39:36 +0100] "GET /ticket2/opencms/en/venue/?countryid=FF003B65-76E6-22ED-7100-B7664691B6BF HTTP/1.1" 200 93013
68.183.238.15 - - [12/Mar/2025:05:39:39 +0100] "GET /manager/html HTTP/1.1" 404 -
66.249.76.69 - - [12/Mar/2025:05:39:43 +0100] "GET /ticket2/opencms/en/venue/?countryid=98E21F26-BA61-B037-B7B7-D6DBAF5824E4 HTTP/1.1" 200 104677
68.183.238.15 - - [12/Mar/2025:05:43:27 +0100] "GET /manager/html HTTP/1.1" 404 -
198.101.28.49 - - [12/Mar/2025:05:44:38 +0100] "GET / HTTP/1.1" 404 -
66.249.79.198 - - [12/Mar/2025:05:44:59 +0100] "GET /ticket2/opencms/en/venue/?countryid=87042EBC-41CD-88B3-A5A5-7C6AF4E19F07 HTTP/1.1" 200 93013
68.183.238.15 - - [12/Mar/2025:05:47:25 +0100] "GET /manager/html HTTP/1.1" 404 -
66.249.79.197 - - [12/Mar/2025:05:47:55 +0100] "GET /ticket2/opencms/en/buy/?page=10&eventid=7016CF1B-CC52-94F9-4136-362E6D3CC9D6&column= HTTP/1.1" 200 64966
66.249.79.198 - - [12/Mar/2025:05:48:12 +0100] "GET /ticket2/opencms/en/venue/?countryid=F4546A23-438C-B8AA-E6C1-C86A24730617 HTTP/1.1" 200 93013
66.249.79.198 - - [12/Mar/2025:05:48:35 +0100] "GET /ticket2/opencms/en/venue/?countryid=02784C54-6C5E-C56A-BCB8-106172A4270F HTTP/1.1" 200 93013
185.91.127.81 - - [12/Mar/2025:05:50:54 +0100] "CONNECT api.ip.pn:443 HTTP/1.1" 400 -
68.183.238.15 - - [12/Mar/2025:05:51:04 +0100] "GET /manager/html HTTP/1.1" 404 -
185.147.124.57 - - [12/Mar/2025:05:53:20 +0100] "/*?Cookie: mstshash=Administr " 400 -
66.249.79.197 - - [12/Mar/2025:05:53:42 +0100] "GET /ticket2/opencms/en/venue/?countryid=542AAA85-729E-385B-AA25-7388FBEAC6A1 HTTP/1.1" 200 93013
45.148.10.35 - - [12/Mar/2025:05:54:23 +0100] "GET /ticket2/opencms/lib/js/.git/config HTTP/1.1" 404 -
45.148.10.35 - - [12/Mar/2025:05:54:23 +0100] "GET /ticket2/opencms/project/backend/.git/config HTTP/1.1" 404 -
45.148.10.35 - - [12/Mar/2025:05:54:23 +0100] "GET /ticket2/opencms/build/.git/config HTTP/1.1" 404 -
45.148.10.35 - - [12/Mar/2025:05:54:23 +0100] "GET /ticket2/opencms/data/processing/.git/config HTTP/1.1" 404 -
45.148.10.35 - - [12/Mar/2025:05:54:23 +0100] "GET /ticket2/opencms/images/.git/config HTTP/1.1" 404 -
45.148.10.35 - - [12/Mar/2025:05:54:24 +0100] "GET /ticket2/opencms/temp/.git/config HTTP/1.1" 404 -
45.148.10.35 - - [12/Mar/2025:05:54:24 +0100] "GET /ticket2/opencms/static/files/.git/config HTTP/1.1" 404 -
45.148.10.35 - - [12/Mar/2025:05:54:24 +0100] "GET /ticket2/opencms/dev/.git/config HTTP/1.1" 404 -
45.148.10.35 - - [12/Mar/2025:05:54:24 +0100] "GET /ticket2/opencms/app/resources/.git/config HTTP/1.1" 404 -
45.148.10.35 - - [12/Mar/2025:05:54:24 +0100] "GET /ticket2/opencms/data/.git/config HTTP/1.1" 404 -
45.148.10.35 - - [12/Mar/2025:05:54:24 +0100] "GET /ticket2/opencms/static/content/.git/config HTTP/1.1" 404 -
45.148.10.35 - - [12/Mar/2025:05:54:25 +0100] "GET /ticket2/opencms/app/.git/config HTTP/1.1" 404 -
45.148.10.35 - - [12/Mar/2025:05:54:25 +0100] "GET /ticket2/opencms/modules/.git/config HTTP/1.1" 404 -
66.249.79.198 - - [12/Mar/2025:05:54:44 +0100] "GET /ticket2/opencms/en/venue/?countryid=73397994-CBFD-79C6-593A-A865ED272E64 HTTP/1.1" 200 93013
68.183.238.15 - - [12/Mar/2025:05:55:01 +0100] "GET /manager/html HTTP/1.1" 404 -
66.249.79.198 - - [12/Mar/2025:05:55:50 +0100] "GET /ticket2/opencms/en/venue/?countryid=DDBEC1A9-923C-6F8A-904B-EA3F8C6D99F4 HTTP/1.1" 200 93013
68.183.238.15 - - [12/Mar/2025:05:58:49 +0100] "GET /manager/html HTTP/1.1" 404 -
68.183.238.15 - - [12/Mar/2025:06:02:37 +0100] "GET /manager/html HTTP/1.1" 404 -
34.22.213.78 - - [12/Mar/2025:06:03:18 +0100] "GET /ticket2/opencms/ HTTP/1.1" 302 -
66.249.79.199 - - [12/Mar/2025:06:03:35 +0100] "GET /ticket2/opencms/en/venue/?countryid=E6D1D9A5-7003-75BD-6D2C-CB60A7D92969 HTTP/1.1" 200 93013
185.180.140.103 - - [12/Mar/2025:06:04:15 +0100] "GET /helpdesk/WebObjects/Helpdesk.woa HTTP/1.1" 404 -
66.249.76.69 - - [12/Mar/2025:06:04:40 +0100] "GET /ticket2/opencms/en/venue/?countryid=281637B5-EBD8-5B84-5601-31AFF5C65765 HTTP/1.1" 200 93013
35.240.100.73 - - [12/Mar/2025:06:04:52 +0100] "GET / HTTP/1.1" 404 -
85.208.96.209 - - [12/Mar/2025:06:05:09 +0100] "GET /ticket2/opencms/robots.txt HTTP/1.1" 200 773
85.208.96.196 - - [12/Mar/2025:06:05:12 +0100] "GET /ticket2/opencms/en/sport/football-tickets/premier_league/chelsea/ HTTP/1.1" 200 65140
68.183.238.15 - - [12/Mar/2025:06:06:25 +0100] "GET /manager/html HTTP/1.1" 404 -
66.249.79.197 - - [12/Mar/2025:06:07:44 +0100] "GET /ticket2/opencms/en/venue/?venueid=E2FEB47A-C42A-C36E-D3CC-3BB461FF276F HTTP/1.1" 200 63624
78.108.177.54 - - [12/Mar/2025:06:09:08 +0100] "GET / HTTP/1.0" 404 -
66.249.79.198 - - [12/Mar/2025:06:09:13 +0100] "GET /ticket2/opencms/en/venue/?countryid=6A314B5B-08FE-5CDE-C85D-253064810CDA HTTP/1.1" 200 93013
66.249.79.197 - - [12/Mar/2025:06:09:52 +0100] "GET /ticket2/opencms/en/venue/?countryid=65D2945E-1431-C523-469E-55D7D9B9867C HTTP/1.1" 200 93013
68.183.238.15 - - [12/Mar/2025:06:10:25 +0100] "GET /manager/html HTTP/1.1" 404 -
66.249.79.197 - - [12/Mar/2025:06:10:35 +0100] "GET /ticket2/opencms/en/venue/?countryid=FFFF1061-F0B1-C4E6-4E92-B35C1210D71D HTTP/1.1" 200 93013
66.249.79.199 - - [12/Mar/2025:06:13:26 +0100] "GET /ticket2/opencms/sv/buy/?page=6&comcatid=A17713B6-D984-201A-4143-ED4DB5ED5C2E&catid=88C381AD-5D76-A34D-AC15-A7129F8EF5BE HTTP/1.1" 200 75644
66.249.79.197 - - [12/Mar/2025:06:13:50 +0100] "GET /ticket2/opencms/sv/buy/?page=6&comcatid=A17713B6-D984-201A-4143-ED4DB5ED5C2E HTTP/1.1" 200 77991
68.183.238.15 - - [12/Mar/2025:06:14:04 +0100] "GET /manager/html HTTP/1.1" 404 -
68.183.238.15 - - [12/Mar/2025:06:17:55 +0100] "GET /manager/html HTTP/1.1" 404 -
66.249.79.198 - - [12/Mar/2025:06:18:25 +0100] "GET /ticket2/opencms/sv/buy/?page=6&comcatid=A17713B6-D984-201A-4143-ED4DB5ED5C2E&catid=2DE12DDA-A5FB-C1C6-CB20-FBF873FB032B HTTP/1.1" 200 75665
66.249.79.198 - - [12/Mar/2025:06:19:52 +0100] "GET /ticket2/opencms/sv/buy/?page=6&comcatid=A17713B6-D984-201A-4143-ED4DB5ED5C2E&catid=061607E6-22B7-6FFA-03FD-A4B8B13A943F HTTP/1.1" 200 75652
66.249.79.198 - - [12/Mar/2025:06:20:41 +0100] "GET /ticket2/opencms/sv/buy/?page=6&comcatid=A17713B6-D984-201A-4143-ED4DB5ED5C2E&catid=70B37487-FE30-D476-CAE7-E6AFEA3153F2 HTTP/1.1" 200 75646
66.249.79.198 - - [12/Mar/2025:06:21:24 +0100] "GET /ticket2/opencms/sv/buy/?page=6&comcatid=A17713B6-D984-201A-4143-ED4DB5ED5C2E&catid=D8B345C9-F7A5-E620-4B43-C34EB0D6885B HTTP/1.1" 200 75645
68.183.238.15 - - [12/Mar/2025:06:21:40 +0100] "GET /manager/html HTTP/1.1" 404 -
66.249.79.198 - - [12/Mar/2025:06:22:59 +0100] "GET /ticket2/opencms/sv/buy/?page=6&comcatid=810BB404-4103-77F2-A6C2-12D5E6C338E2 HTTP/1.1" 200 66397
66.249.79.197 - - [12/Mar/2025:06:23:24 +0100] "GET /ticket2/opencms/sv/sell/ HTTP/1.1" 302 -
66.249.79.197 - - [12/Mar/2025:06:23:25 +0100] "GET /ticket2/opencms/sv/login/?url=/sv/sell/ HTTP/1.1" 200 67145
18.166.88.66 - - [12/Mar/2025:06:25:04 +0100] "HEAD /ticket2/opencms/actuator/env HTTP/1.1" 404 -
68.183.238.15 - - [12/Mar/2025:06:25:48 +0100] "GET /manager/html HTTP/1.1" 404 -
66.249.79.198 - - [12/Mar/2025:06:28:37 +0100] "GET /ticket2/opencms/sv/sport/fotbollsbiljetter/la_liga/barcelona/ HTTP/1.1" 200 69834
66.249.76.69 - - [12/Mar/2025:06:28:44 +0100] "GET /ticket2/opencms/en/venue/ HTTP/1.1" 200 332826
68.183.238.15 - - [12/Mar/2025:06:29:41 +0100] "GET /manager/html HTTP/1.1" 404 -
66.249.76.70 - - [12/Mar/2025:06:31:34 +0100] "GET /ticket2/opencms/en/search.html?searchQuery=tottenham&submit= HTTP/1.1" 200 86415
68.183.238.15 - - [12/Mar/2025:06:33:31 +0100] "GET /manager/html HTTP/1.1" 404 -
68.183.238.15 - - [12/Mar/2025:06:37:36 +0100] "GET /manager/html HTTP/1.1" 404 -
66.249.79.199 - - [12/Mar/2025:06:39:44 +0100] "GET /ticket2/opencms/sv/affiliateprogram.html HTTP/1.1" 200 65553
68.183.238.15 - - [12/Mar/2025:06:41:36 +0100] "GET /manager/html HTTP/1.1" 404 -
66.249.79.197 - - [12/Mar/2025:06:45:36 +0100] "GET /ticket2/opencms/sv/buy/ HTTP/1.1" 200 65243
68.183.238.15 - - [12/Mar/2025:06:45:38 +0100] "GET /manager/html HTTP/1.1" 404 -
66.249.76.70 - - [12/Mar/2025:06:46:39 +0100] "GET /ticket2/opencms/sv/sport/fotbollsbiljetter/premier_league/liverpool/ HTTP/1.1" 200 70560
66.249.76.71 - - [12/Mar/2025:06:46:41 +0100] "GET /ticket2/opencms/sv/sport/fotbollsbiljetter/la_liga/real_madrid/ HTTP/1.1" 200 70162
68.183.238.15 - - [12/Mar/2025:06:49:33 +0100] "GET /manager/html HTTP/1.1" 404 -
66.249.79.199 - - [12/Mar/2025:06:49:37 +0100] "GET /ticket2/opencms/sv/sport/fotbollsbiljetter/ligue_1/paris_saint_germain// HTTP/1.1" 200 70448
66.249.79.197 - - [12/Mar/2025:06:49:49 +0100] "GET /ticket2/opencms/sv/sport/fotbollsbiljetter/premier_league/manchester_united/ HTTP/1.1" 200 70374
66.249.79.199 - - [12/Mar/2025:06:52:34 +0100] "GET /ticket2/opencms/en/venue/?venueid=EF3DDBD0-8AD7-39F7-94D9-5BDDBB2A78DA HTTP/1.1" 200 63613
68.183.238.15 - - [12/Mar/2025:06:53:19 +0100] "GET /manager/html HTTP/1.1" 404 -
66.249.76.70 - - [12/Mar/2025:06:53:39 +0100] "GET /ticket2/opencms/sv/sport/fotbollsbiljetter/premier_league/chelsea/ HTTP/1.1" 200 70455
66.249.79.198 - - [12/Mar/2025:06:53:47 +0100] "GET /ticket2/opencms/en/sport/football-tickets/premier_league/aston_villa/ HTTP/1.1" 200 65309
66.249.79.199 - - [12/Mar/2025:06:54:35 +0100] "GET /ticket2/opencms/en/sport/football-tickets/premier_league/everton/ HTTP/1.1" 200 66317
66.249.79.198 - - [12/Mar/2025:06:55:36 +0100] "GET /ticket2/opencms/en/sport/football-tickets/premier_league/manchester_city/ HTTP/1.1" 200 66191
66.249.76.70 - - [12/Mar/2025:06:55:51 +0100] "GET /ticket2/opencms/en/sport/football-tickets/premier_league/newcastle_united/ HTTP/1.1" 200 66301
66.249.79.198 - - [12/Mar/2025:06:56:30 +0100] "GET /ticket2/opencms/en/sport/football-tickets/premier_league/west-ham/ HTTP/1.1" 404 -
66.249.79.197 - - [12/Mar/2025:06:57:13 +0100] "GET /ticket2/opencms/en/sport/football-tickets/premier_league/liverpool/ HTTP/1.1" 200 66512
68.183.238.15 - - [12/Mar/2025:06:57:19 +0100] "GET /manager/html HTTP/1.1" 404 -
66.249.79.198 - - [12/Mar/2025:06:57:26 +0100] "GET /ticket2/opencms/en/sport/football-tickets/la-liga/real_madrid/ HTTP/1.1" 200 64491
66.249.79.199 - - [12/Mar/2025:06:58:48 +0100] "GET /ticket2/opencms/en/buy/?page=10&eventid=B85BEE98-8727-2424-2597-5E99D818B644&column= HTTP/1.1" 200 64966
68.183.238.15 - - [12/Mar/2025:07:01:18 +0100] "GET /manager/html HTTP/1.1" 404 -
68.183.238.15 - - [12/Mar/2025:07:05:34 +0100] "GET /manager/html HTTP/1.1" 404 -
66.249.79.198 - - [12/Mar/2025:07:07:23 +0100] "GET /ticket2/opencms/en/buy/?page=10&eventid=2D54F0A4-B7E5-1986-E461-A23A05E27C76&column= HTTP/1.1" 200 64968
66.249.79.199 - - [12/Mar/2025:07:08:59 +0100] "GET /ticket2/opencms/sv/sport/fotbollsbiljetter/bundesliga/bayer-leverkusen/ HTTP/1.1" 200 70343
68.183.238.15 - - [12/Mar/2025:07:09:21 +0100] "GET /manager/html HTTP/1.1" 404 -
66.249.79.197 - - [12/Mar/2025:07:10:36 +0100] "GET /ticket2/opencms/en/about/press/ HTTP/1.1" 200 64283
68.183.238.15 - - [12/Mar/2025:07:13:09 +0100] "GET /manager/html HTTP/1.1" 404 -
66.249.76.69 - - [12/Mar/2025:07:13:43 +0100] "GET /ticket2/opencms/sv/sport/fotbollsbiljetter/bundesliga/fc_nurnberg/ HTTP/1.1" 200 70255
47.236.239.177 - - [12/Mar/2025:07:13:43 +0100] "GET / HTTP/1.0" 404 -
47.236.239.177 - - [12/Mar/2025:07:13:44 +0100] "GET / HTTP/1.1" 404 -
47.236.239.177 - - [12/Mar/2025:07:13:45 +0100] "GET /favicon.ico HTTP/1.1" 404 -
68.183.238.15 - - [12/Mar/2025:07:16:55 +0100] "GET /manager/html HTTP/1.1" 404 -
66.249.79.197 - - [12/Mar/2025:07:18:38 +0100] "GET /ticket2/opencms/sv/buy/?page=6&comcatid=66708183-7480-3365-06BF-DBF60280AB45&catid=05A94519-01D1-C86F-9031-84936B0B9DAE HTTP/1.1" 200 66882
66.249.76.70 - - [12/Mar/2025:07:19:26 +0100] "GET /ticket2/opencms/sv/buy/?page=6&comcatid=97ECA65A-72DA-F9AF-9DBB-245D3CFED1BE&catid=9457695E-36ED-A63E-7A88-32963954E2C7 HTTP/1.1" 200 70197
66.249.79.197 - - [12/Mar/2025:07:19:35 +0100] "GET /ticket2/opencms/sv/buy/?page=6&comcatid=97ECA65A-72DA-F9AF-9DBB-245D3CFED1BE&catid=E3105E1E-3982-291E-5523-1C1DF161E9B7 HTTP/1.1" 200 70192
68.183.238.15 - - [12/Mar/2025:07:20:40 +0100] "GET /manager/html HTTP/1.1" 404 -
66.249.79.198 - - [12/Mar/2025:07:21:26 +0100] "GET /ticket2/opencms/sv/buy/?page=6&comcatid=97ECA65A-72DA-F9AF-9DBB-245D3CFED1BE&catid=DA31441B-C568-3C77-D08C-698809032494 HTTP/1.1" 200 70190
66.249.79.197 - - [12/Mar/2025:07:21:53 +0100] "GET /ticket2/opencms/en/venue/?venueid=11960552-4FF4-96DB-42BD-D3A15E53C356 HTTP/1.1" 200 63645
66.249.79.198 - - [12/Mar/2025:07:23:47 +0100] "GET /ticket2/opencms/en/venue/?venueid=10FED53D-1B45-AB30-C853-C4BE292CA7FA HTTP/1.1" 200 63598
66.249.79.199 - - [12/Mar/2025:07:24:32 +0100] "GET /ticket2/opencms/en/venue/?venueid=24282DEB-2558-F658-4C50-90E4155081CA HTTP/1.1" 200 63619
68.183.238.15 - - [12/Mar/2025:07:24:40 +0100] "GET /manager/html HTTP/1.1" 404 -
66.249.79.199 - - [12/Mar/2025:07:26:48 +0100] "GET /ticket2/opencms/en/venue/?venueid=D469B02A-A348-1879-8637-C23BC06689E4 HTTP/1.1" 200 63658
10.158.0.202 - - [12/Mar/2025:07:27:16 +0100] "GET / HTTP/1.1" 404 -
68.183.238.15 - - [12/Mar/2025:07:28:19 +0100] "GET /manager/html HTTP/1.1" 404 -
68.183.238.15 - - [12/Mar/2025:07:32:05 +0100] "GET /manager/html HTTP/1.1" 404 -
68.183.238.15 - - [12/Mar/2025:07:35:57 +0100] "GET /manager/html HTTP/1.1" 404 -
68.183.238.15 - - [12/Mar/2025:07:39:58 +0100] "GET /manager/html HTTP/1.1" 404 -
68.183.238.15 - - [12/Mar/2025:07:44:01 +0100] "GET /manager/html HTTP/1.1" 404 -
66.249.76.71 - - [12/Mar/2025:07:45:52 +0100] "GET /ticket2/opencms/en/venue/?venueid=D4784E51-1C45-CBDB-BB13-DEF8FB831FB5 HTTP/1.1" 200 63600
68.183.238.15 - - [12/Mar/2025:07:47:46 +0100] "GET /manager/html HTTP/1.1" 404 -
66.249.79.197 - - [12/Mar/2025:07:50:43 +0100] "GET /ticket2/opencms/en/venue/?venueid=7AC70570-F2F1-BD18-D0E9-BC9514E6B8B3 HTTP/1.1" 200 63619
66.249.76.69 - - [12/Mar/2025:07:50:47 +0100] "GET /ticket2/opencms/en/venue/?venueid=03F062B9-ACA1-F236-0E66-5FB2E8B6786E HTTP/1.1" 200 63624
66.249.79.197 - - [12/Mar/2025:07:51:23 +0100] "GET /ticket2/opencms/en/venue/?venueid=BB7269F8-B61E-FA7E-A9DA-3606646F64C6 HTTP/1.1" 200 63583
66.249.76.69 - - [12/Mar/2025:07:51:26 +0100] "GET /ticket2/opencms/en/venue/?venueid=4127EEBD-FCE3-EDFF-3B26-3C946EF7942B HTTP/1.1" 200 63642
68.183.238.15 - - [12/Mar/2025:07:51:43 +0100] "GET /manager/html HTTP/1.1" 404 -
68.183.238.15 - - [12/Mar/2025:07:55:31 +0100] "GET /manager/html HTTP/1.1" 404 -
66.249.79.198 - - [12/Mar/2025:07:57:59 +0100] "GET /ticket2/opencms/en/venue/?venueid=B9A3249B-A407-83D8-700C-4E1EE9D257A8 HTTP/1.1" 200 63648
66.249.79.199 - - [12/Mar/2025:07:58:28 +0100] "GET /ticket2/opencms/en/venue/?venueid=DF37D396-FA06-F473-CD27-6AD0A828AD06 HTTP/1.1" 200 63636
66.249.79.197 - - [12/Mar/2025:07:58:42 +0100] "GET /ticket2/opencms/en/venue/?venueid=4264E775-2245-34EC-AB9C-8E5203A0BEEE HTTP/1.1" 200 63628
68.183.238.15 - - [12/Mar/2025:07:59:32 +0100] "GET /manager/html HTTP/1.1" 404 -
199.204.96.10 - - [12/Mar/2025:08:03:08 +0100] "GET /ip HTTP/1.1" 404 -
68.183.238.15 - - [12/Mar/2025:08:03:28 +0100] "GET /manager/html HTTP/1.1" 404 -
68.183.238.15 - - [12/Mar/2025:08:07:25 +0100] "GET /manager/html HTTP/1.1" 404 -
66.249.79.198 - - [12/Mar/2025:08:07:42 +0100] "GET /ticket2/opencms/en/venue/?venueid=931B960B-87A9-7EDC-AD2E-1CCD2CDDC26D HTTP/1.1" 200 63646
66.249.79.197 - - [12/Mar/2025:08:09:09 +0100] "GET /ticket2/opencms/system/modules/com.gridnine.opencms.ticketbrokerage.site/resources/js/stickyfill.min.js HTTP/1.1" 200 5672
66.249.79.197 - - [12/Mar/2025:08:09:35 +0100] "GET /ticket2/opencms/en/venue/?venueid=79787CD2-7865-34D1-58A9-E39B34651991 HTTP/1.1" 200 63625
66.249.79.199 - - [12/Mar/2025:08:10:42 +0100] "GET /ticket2/opencms/en/venue/?venueid=A3BB5C5F-AE9B-C3F6-5C60-F2B46B94318E HTTP/1.1" 200 63642
68.183.238.15 - - [12/Mar/2025:08:11:10 +0100] "GET /manager/html HTTP/1.1" 404 -
66.249.79.198 - - [12/Mar/2025:08:14:41 +0100] "GET /ticket2/opencms/en/venue/?venueid=ABC0464F-8805-FF17-3379-7EF70B4189E3 HTTP/1.1" 200 63625
68.183.238.15 - - [12/Mar/2025:08:15:31 +0100] "GET /manager/html HTTP/1.1" 404 -
66.249.79.198 - - [12/Mar/2025:08:15:53 +0100] "GET /ticket2/opencms/en/venue/?venueid=78753FB6-3A87-49B0-BB46-30CC2526D91F HTTP/1.1" 200 63604
66.249.79.198 - - [12/Mar/2025:08:18:50 +0100] "GET /ticket2/opencms/en/venue/?venueid=480A6B99-5B8C-629A-4599-8DBE2732DD37 HTTP/1.1" 200 63601
68.183.238.15 - - [12/Mar/2025:08:19:33 +0100] "GET /manager/html HTTP/1.1" 404 -
66.249.79.198 - - [12/Mar/2025:08:20:38 +0100] "GET /ticket2/opencms/en/venue/?venueid=D436D35C-B831-A55A-C197-F1CFCA7C670C HTTP/1.1" 200 63679
66.249.79.197 - - [12/Mar/2025:08:22:54 +0100] "GET /ticket2/opencms/en/venue/?venueid=64779FD9-2136-580E-BBD9-F422639CB144 HTTP/1.1" 200 63589
68.183.238.15 - - [12/Mar/2025:08:23:24 +0100] "GET /manager/html HTTP/1.1" 404 -
66.249.79.199 - - [12/Mar/2025:08:23:44 +0100] "GET /ticket2/opencms/en/venue/?venueid=17E7C622-E012-3663-44A8-95BA7DB84F40 HTTP/1.1" 200 63619
185.191.171.5 - - [12/Mar/2025:08:23:48 +0100] "GET /ticket2/opencms/robots.txt HTTP/1.1" 200 773
185.191.171.6 - - [12/Mar/2025:08:23:48 +0100] "GET /ticket2/opencms/sv/sport/fotbollsbiljetter/bundesliga/fc_nurnberg/ HTTP/1.1" 200 70255
66.249.79.198 - - [12/Mar/2025:08:24:53 +0100] "GET /ticket2/opencms/en/venue/?venueid=9F527521-42A0-A302-0BE9-10280D75A460 HTTP/1.1" 200 63660
68.183.238.15 - - [12/Mar/2025:08:27:24 +0100] "GET /manager/html HTTP/1.1" 404 -
66.249.79.198 - - [12/Mar/2025:08:28:27 +0100] "GET /ticket2/opencms/en/venue/?venueid=DAA6AE39-3D49-AA75-E977-846AD93A9CE8 HTTP/1.1" 200 63640
92.255.57.58 - - [12/Mar/2025:08:29:31 +0100] "GET /ticket2/opencms/?XDEBUG_SESSION_START=phpstorm HTTP/1.1" 302 -
92.255.57.58 - - [12/Mar/2025:08:29:36 +0100] "GET /ticket2/opencms/en/ HTTP/1.1" 200 66763
68.183.238.15 - - [12/Mar/2025:08:31:22 +0100] "GET /manager/html HTTP/1.1" 404 -
66.249.76.71 - - [12/Mar/2025:08:32:36 +0100] "GET /ticket2/opencms/en/venue/?venueid=31613234-3A5A-9089-C471-3CB6857351EF HTTP/1.1" 200 63690
8.211.162.45 - - [12/Mar/2025:08:33:41 +0100] "GET /ticket2/opencms/dns-query?dns=j3kBAAABAAAAAAAAB2V4YW1wbGUDY29tAAABAAE HTTP/1.1" 404 -
8.211.162.45 - - [12/Mar/2025:08:33:41 +0100] "POST /ticket2/opencms/dns-query HTTP/1.1" 404 -
8.211.162.45 - - [12/Mar/2025:08:33:42 +0100] "GET /ticket2/opencms/dns-query?name=example.com&type=A HTTP/1.1" 404 -
8.211.162.45 - - [12/Mar/2025:08:33:42 +0100] "GET /ticket2/opencms/dns-query?dns=rocBAAABAAAAAAAAB2V4YW1wbGUDY29tAAABAAE HTTP/1.1" 404 -
8.211.162.45 - - [12/Mar/2025:08:33:42 +0100] "POST /ticket2/opencms/dns-query HTTP/1.1" 404 -
8.211.162.45 - - [12/Mar/2025:08:33:43 +0100] "GET /ticket2/opencms/dns-query?name=example.com&type=A HTTP/1.1" 404 -
8.211.162.45 - - [12/Mar/2025:08:33:43 +0100] "GET /ticket2/opencms/query?dns=veMBAAABAAAAAAAAB2V4YW1wbGUDY29tAAABAAE HTTP/1.1" 404 -
8.211.162.45 - - [12/Mar/2025:08:33:43 +0100] "POST /ticket2/opencms/query HTTP/1.1" 404 -
8.211.162.45 - - [12/Mar/2025:08:33:43 +0100] "GET /ticket2/opencms/query?name=example.com&type=A HTTP/1.1" 404 -
8.211.162.45 - - [12/Mar/2025:08:33:44 +0100] "GET /ticket2/opencms/query?dns=duQBAAABAAAAAAAAB2V4YW1wbGUDY29tAAABAAE HTTP/1.1" 404 -
8.211.162.45 - - [12/Mar/2025:08:33:44 +0100] "POST /ticket2/opencms/query HTTP/1.1" 404 -
8.211.162.45 - - [12/Mar/2025:08:33:45 +0100] "GET /ticket2/opencms/query?name=example.com&type=A HTTP/1.1" 404 -
8.211.162.45 - - [12/Mar/2025:08:33:47 +0100] "GET /ticket2/opencms/resolve?dns=SMABAAABAAAAAAAAB2V4YW1wbGUDY29tAAABAAE HTTP/1.1" 404 -
8.211.162.45 - - [12/Mar/2025:08:33:47 +0100] "POST /ticket2/opencms/resolve HTTP/1.1" 404 -
8.211.162.45 - - [12/Mar/2025:08:33:49 +0100] "GET /ticket2/opencms/resolve?name=example.com&type=A HTTP/1.1" 404 -
8.211.162.45 - - [12/Mar/2025:08:33:49 +0100] "GET /ticket2/opencms/resolve?dns=igoBAAABAAAAAAAAB2V4YW1wbGUDY29tAAABAAE HTTP/1.1" 404 -
8.211.162.45 - - [12/Mar/2025:08:33:50 +0100] "POST /ticket2/opencms/resolve HTTP/1.1" 404 -
8.211.162.45 - - [12/Mar/2025:08:33:50 +0100] "GET /ticket2/opencms/resolve?name=example.com&type=A HTTP/1.1" 404 -
8.211.162.45 - - [12/Mar/2025:08:33:51 +0100] "GET /ticket2/opencms/?dns=0iMBAAABAAAAAAAAB2V4YW1wbGUDY29tAAABAAE HTTP/1.1" 302 -
8.211.162.45 - - [12/Mar/2025:08:33:51 +0100] "POST /ticket2/opencms/ HTTP/1.1" 302 -
8.211.162.45 - - [12/Mar/2025:08:33:51 +0100] "GET /ticket2/opencms/?name=example.com&type=A HTTP/1.1" 302 -
8.211.162.45 - - [12/Mar/2025:08:33:52 +0100] "GET /ticket2/opencms/?dns=gVQBAAABAAAAAAAAB2V4YW1wbGUDY29tAAABAAE HTTP/1.1" 302 -
8.211.162.45 - - [12/Mar/2025:08:33:52 +0100] "POST /ticket2/opencms/ HTTP/1.1" 302 -
8.211.162.45 - - [12/Mar/2025:08:33:52 +0100] "GET /ticket2/opencms/?name=example.com&type=A HTTP/1.1" 302 -
68.183.238.15 - - [12/Mar/2025:08:35:23 +0100] "GET /manager/html HTTP/1.1" 404 -
66.249.79.198 - - [12/Mar/2025:08:35:35 +0100] "GET /ticket2/opencms/en/venue/?venueid=D472C220-B929-5B16-8479-1E0BD6C92DF6 HTTP/1.1" 200 63624
66.249.76.70 - - [12/Mar/2025:08:37:36 +0100] "GET /ticket2/opencms/en/venue/?venueid=4640DAEA-8174-AC11-F7AA-B7BB125A39E8 HTTP/1.1" 200 63607
68.183.238.15 - - [12/Mar/2025:08:39:19 +0100] "GET /manager/html HTTP/1.1" 404 -
66.249.76.71 - - [12/Mar/2025:08:39:24 +0100] "GET /ticket2/opencms/en/venue/?venueid=FFAD140D-D3E3-13F5-E204-505E06314019 HTTP/1.1" 200 63609
66.249.79.198 - - [12/Mar/2025:08:39:50 +0100] "GET /ticket2/opencms/en/venue/?venueid=227CA6FE-2DA3-B1F8-C080-0BD749B9B40F HTTP/1.1" 200 63576
66.249.76.71 - - [12/Mar/2025:08:43:23 +0100] "GET /ticket2/opencms/en/venue/?venueid=4DC8FB9D-B80E-E873-CA20-DF6B75642113 HTTP/1.1" 200 63631
68.183.238.15 - - [12/Mar/2025:08:43:38 +0100] "GET /manager/html HTTP/1.1" 404 -
