68.183.238.15 - - [11/Mar/2025:00:01:12 +0100] "GET /manager/html HTTP/1.1" 404 -
68.183.238.15 - - [11/Mar/2025:00:04:39 +0100] "GET /manager/html HTTP/1.1" 404 -
195.178.110.163 - - [11/Mar/2025:00:06:03 +0100] "GET /ticket2/opencms/ HTTP/1.1" 302 -
195.178.110.163 - - [11/Mar/2025:00:06:05 +0100] "GET /ticket2/opencms/.aws/credentials HTTP/1.1" 404 -
195.178.110.163 - - [11/Mar/2025:00:06:06 +0100] "GET /ticket2/opencms/.env.local HTTP/1.1" 404 -
195.178.110.163 - - [11/Mar/2025:00:06:06 +0100] "GET /ticket2/opencms/.env.live HTTP/1.1" 404 -
195.178.110.163 - - [11/Mar/2025:00:06:07 +0100] "GET /ticket2/opencms/.env HTTP/1.1" 404 -
68.183.238.15 - - [11/Mar/2025:00:08:09 +0100] "GET /manager/html HTTP/1.1" 404 -
66.249.77.225 - - [11/Mar/2025:00:11:35 +0100] "GET /ticket2/opencms/sv/partners/ HTTP/1.1" 200 -
68.183.238.15 - - [11/Mar/2025:00:11:40 +0100] "GET /manager/html HTTP/1.1" 404 -
68.183.238.15 - - [11/Mar/2025:00:15:22 +0100] "GET /manager/html HTTP/1.1" 404 -
66.249.77.224 - - [11/Mar/2025:00:16:14 +0100] "GET /ticket2/opencms/en/sell/?edid=19841486-6F3E-C113-B4BC-B89661DF253A HTTP/1.1" 302 -
66.249.77.225 - - [11/Mar/2025:00:16:15 +0100] "GET /ticket2/opencms/en/login/?url=/en/sell/ HTTP/1.1" 200 65723
68.183.238.15 - - [11/Mar/2025:00:19:06 +0100] "GET /manager/html HTTP/1.1" 404 -
45.148.10.90 - - [11/Mar/2025:00:20:47 +0100] "GET /ticket2/opencms/ HTTP/1.1" 302 -
68.183.238.15 - - [11/Mar/2025:00:22:37 +0100] "GET /manager/html HTTP/1.1" 404 -
68.183.238.15 - - [11/Mar/2025:00:26:08 +0100] "GET /manager/html HTTP/1.1" 404 -
66.249.77.225 - - [11/Mar/2025:00:27:41 +0100] "GET /ticket2/opencms/en/sell/?edid=54777665-C11F-0F11-581A-52B69510C3F1 HTTP/1.1" 302 -
66.249.77.224 - - [11/Mar/2025:00:27:42 +0100] "GET /ticket2/opencms/en/login/?url=/en/sell/ HTTP/1.1" 200 65723
68.183.238.15 - - [11/Mar/2025:00:29:42 +0100] "GET /manager/html HTTP/1.1" 404 -
185.91.127.81 - - [11/Mar/2025:00:30:00 +0100] "CONNECT api.ip.pn:443 HTTP/1.1" 400 -
66.249.77.225 - - [11/Mar/2025:00:32:44 +0100] "GET /ticket2/opencms/en/venue/?venueid=C739F0C3-3AC2-C330-A99C-F40369E33E70 HTTP/1.1" 200 63625
68.183.238.15 - - [11/Mar/2025:00:33:18 +0100] "GET /manager/html HTTP/1.1" 404 -
66.249.77.225 - - [11/Mar/2025:00:35:31 +0100] "GET /ticket2/opencms/en/sell/?edid=0AADB87A-CE0B-67E6-8DFB-CF02642073E1 HTTP/1.1" 302 -
66.249.77.225 - - [11/Mar/2025:00:35:34 +0100] "GET /ticket2/opencms/en/login/?url=/en/sell/ HTTP/1.1" 200 65723
66.249.77.224 - - [11/Mar/2025:00:35:40 +0100] "GET /ticket2/opencms/en/buy/?page=10&eventid=D0A9601D-3651-9BBC-A356-BE476DAC1559&column= HTTP/1.1" 200 64968
68.183.238.15 - - [11/Mar/2025:00:36:56 +0100] "GET /manager/html HTTP/1.1" 404 -
179.43.175.246 - - [11/Mar/2025:00:37:41 +0100] "GET / HTTP/1.1" 404 -
66.249.77.225 - - [11/Mar/2025:00:38:47 +0100] "GET /ticket2/opencms/en/venue/?venueid=E14E113B-0F23-4425-AB89-F1003AE64F34 HTTP/1.1" 200 63637
66.249.77.224 - - [11/Mar/2025:00:40:27 +0100] "GET /ticket2/opencms/sv/buy/?comcatid=A17713B6-D984-201A-4143-ED4DB5ED5C2E HTTP/1.1" 200 78235
68.183.238.15 - - [11/Mar/2025:00:40:28 +0100] "GET /manager/html HTTP/1.1" 404 -
66.249.76.70 - - [11/Mar/2025:00:41:13 +0100] "GET /ticket2/opencms/sv/buy/?comcatid=66708183-7480-3365-06BF-DBF60280AB45 HTTP/1.1" 200 67361
68.183.238.15 - - [11/Mar/2025:00:43:58 +0100] "GET /manager/html HTTP/1.1" 404 -
68.183.238.15 - - [11/Mar/2025:00:47:24 +0100] "GET /manager/html HTTP/1.1" 404 -
68.183.238.15 - - [11/Mar/2025:00:50:58 +0100] "GET /manager/html HTTP/1.1" 404 -
45.135.194.28 - - [11/Mar/2025:00:53:42 +0100] "GET /manager/html HTTP/1.1" 404 -
68.183.238.15 - - [11/Mar/2025:00:54:32 +0100] "GET /manager/html HTTP/1.1" 404 -
68.183.238.15 - - [11/Mar/2025:00:57:59 +0100] "GET /manager/html HTTP/1.1" 404 -
66.249.77.226 - - [11/Mar/2025:01:00:55 +0100] "GET /ticket2/opencms/en/venue/?venueid=E1FDA495-A4B3-5F1B-7AE5-E9A07438E5E1 HTTP/1.1" 200 63630
68.183.238.15 - - [11/Mar/2025:01:01:22 +0100] "GET /manager/html HTTP/1.1" 404 -
66.249.76.69 - - [11/Mar/2025:01:01:35 +0100] "GET /ticket2/opencms/sv/buy/?comcatid=810BB404-4103-77F2-A6C2-12D5E6C338E2 HTTP/1.1" 200 66980
66.249.77.224 - - [11/Mar/2025:01:03:49 +0100] "GET /ticket2/opencms/sv/buy/?comcatid=97ECA65A-72DA-F9AF-9DBB-245D3CFED1BE HTTP/1.1" 200 70312
68.183.238.15 - - [11/Mar/2025:01:05:11 +0100] "GET /manager/html HTTP/1.1" 404 -
66.249.77.225 - - [11/Mar/2025:01:05:23 +0100] "GET /ticket2/opencms/sv/buy/?comcatid=0A6B8208-FDA4-E929-9D72-5312FD481B76 HTTP/1.1" 200 69014
195.178.110.163 - - [11/Mar/2025:01:06:28 +0100] "??k[?.c???????lK????S??~??6+/tmp/index1.php HTTP/1.1" 404 -
66.249.77.226 - - [11/Mar/2025:10:26:46 +0100] "GET /ticket2/opencms/en/venue/?countryid=9D09DC7F-C38B-5D28-4040-9F250F6A5B12 HTTP/1.1" 200 93236
66.249.76.69 - - [11/Mar/2025:10:27:13 +0100] "GET /ticket2/opencms/en/venue/?countryid=9F976644-D811-1E5C-8CA5-C3CE6B3B71EB HTTP/1.1" 200 93013
66.249.76.70 - - [11/Mar/2025:10:28:25 +0100] "GET /ticket2/opencms/en/venue/?countryid=BCA33F4B-7509-BC45-DAD2-4CA6BF14FC82 HTTP/1.1" 200 94141
68.183.238.15 - - [11/Mar/2025:10:28:45 +0100] "GET /manager/html HTTP/1.1" 404 -
66.249.77.225 - - [11/Mar/2025:10:28:58 +0100] "GET /ticket2/opencms/en/venue/?countryid=44E342A3-ABB4-8C4C-D9AB-B83FB043D424 HTTP/1.1" 200 93013
66.249.76.69 - - [11/Mar/2025:10:29:24 +0100] "GET /ticket2/opencms/en/venue/?countryid=65CBF22C-E953-E822-8DA0-6226C52D7D6A HTTP/1.1" 200 93013
66.249.77.226 - - [11/Mar/2025:10:31:32 +0100] "GET /ticket2/opencms/en/venue/?countryid=2E49BBE4-C681-08D6-D216-0893A1269431 HTTP/1.1" 200 93013
66.249.77.225 - - [11/Mar/2025:10:31:36 +0100] "GET /ticket2/opencms/en/venue/?countryid=CB0D79A8-EF67-3E1D-EAA5-706F775F6058 HTTP/1.1" 200 110244
66.249.77.225 - - [11/Mar/2025:10:31:39 +0100] "GET /ticket2/opencms/en/venue/?countryid=99B1C0F6-84FB-98CC-65FC-5142D0D877AC HTTP/1.1" 200 93013
66.249.77.224 - - [11/Mar/2025:10:31:41 +0100] "GET /ticket2/opencms/en/venue/?countryid=08DE8999-72B5-1ADD-5E76-2A7D1399FECF HTTP/1.1" 200 93013
68.183.238.15 - - [11/Mar/2025:10:32:33 +0100] "GET /manager/html HTTP/1.1" 404 -
66.249.77.225 - - [11/Mar/2025:10:33:13 +0100] "GET /ticket2/opencms/en/venue/?countryid=45F5A414-7E6A-581D-803C-BE75F86B0965 HTTP/1.1" 200 93013
66.249.76.70 - - [11/Mar/2025:10:33:25 +0100] "GET /ticket2/opencms/en/venue/?countryid=A41A8692-50A8-E04F-AB0B-A9766CB2286D HTTP/1.1" 200 93013
66.249.77.224 - - [11/Mar/2025:10:33:37 +0100] "GET /ticket2/opencms/sv/buy/?page=6&comcatid=A17713B6-D984-201A-4143-ED4DB5ED5C2E&catid=97608B80-50C4-18AE-7A82-0413C62E9243 HTTP/1.1" 200 75649
68.183.238.15 - - [11/Mar/2025:10:36:25 +0100] "GET /manager/html HTTP/1.1" 404 -
66.249.77.226 - - [11/Mar/2025:10:36:39 +0100] "GET /ticket2/opencms/en/venue/?countryid=E3A24EE3-33A9-9FC0-BC5A-AFB379A75340 HTTP/1.1" 200 93013
66.249.77.226 - - [11/Mar/2025:10:38:26 +0100] "GET /ticket2/opencms/sv/buy/?page=6&comcatid=A17713B6-D984-201A-4143-ED4DB5ED5C2E&catid=5A89E483-58AD-080E-F363-E16CE738916A HTTP/1.1" 200 75656
66.249.76.70 - - [11/Mar/2025:10:38:41 +0100] "GET /ticket2/opencms/en/venue/?countryid=AAA022C2-26E4-B95A-575B-2EC278F7A0C0 HTTP/1.1" 200 93013
66.249.77.224 - - [11/Mar/2025:10:38:47 +0100] "GET /ticket2/opencms/en/venue/?countryid=E5A463DD-D0D6-2F66-230F-35633A8D9ED0 HTTP/1.1" 200 93013
66.249.77.224 - - [11/Mar/2025:10:39:28 +0100] "GET /ticket2/opencms/en/venue/?countryid=ACAFFD14-DCE8-EFC6-6ECA-AF006BA900C4 HTTP/1.1" 200 93013
66.249.77.224 - - [11/Mar/2025:10:39:43 +0100] "GET /ticket2/opencms/en/venue/?countryid=E7631FE5-7061-8322-868B-F6085CDA8809 HTTP/1.1" 200 93013
68.183.238.15 - - [11/Mar/2025:10:40:21 +0100] "GET /manager/html HTTP/1.1" 404 -
66.249.77.225 - - [11/Mar/2025:10:40:36 +0100] "GET /ticket2/opencms/en/venue/?countryid=FEF54986-84B0-FEDA-0583-5080DFD917BA HTTP/1.1" 200 93013
66.249.76.70 - - [11/Mar/2025:10:40:52 +0100] "GET /ticket2/opencms/en/sport/football-tickets/premier_league/manchester_united/ HTTP/1.1" 200 67290
66.249.76.70 - - [11/Mar/2025:10:40:52 +0100] "GET /ticket2/opencms/en/venue/?countryid=B54C3B27-273E-C131-E997-905F5C2CDDC3 HTTP/1.1" 200 93013
66.249.77.226 - - [11/Mar/2025:10:41:26 +0100] "GET /ticket2/opencms/en/venue/?countryid=EC060DB8-FED8-7431-5B9F-CF7C54F51223 HTTP/1.1" 200 100532
66.249.77.224 - - [11/Mar/2025:10:41:51 +0100] "GET /ticket2/opencms/sv/buy/?page=6&comcatid=A17713B6-D984-201A-4143-ED4DB5ED5C2E&catid=BDD8C04C-DD99-1C07-B5F3-F2AB98D157E8 HTTP/1.1" 200 75652
68.183.238.15 - - [11/Mar/2025:10:44:21 +0100] "GET /manager/html HTTP/1.1" 404 -
66.249.77.225 - - [11/Mar/2025:10:46:41 +0100] "GET /ticket2/opencms/en/venue/?countryid=7EB583F0-D67D-8877-88CD-3F7B9DDEB361 HTTP/1.1" 200 93672
66.249.77.225 - - [11/Mar/2025:10:47:35 +0100] "GET /ticket2/opencms/en/sport/football-tickets/premier_league/chelsea/ HTTP/1.1" 200 65140
68.183.238.15 - - [11/Mar/2025:10:48:33 +0100] "GET /manager/html HTTP/1.1" 404 -
66.249.77.224 - - [11/Mar/2025:10:49:23 +0100] "GET /ticket2/opencms/sv/sport/fotbollsbiljetter/la_liga/athletic-bilbao/ HTTP/1.1" 200 70673
207.46.13.54 - - [11/Mar/2025:10:49:29 +0100] "GET /ticket2/opencms/en/venue/?countryid=219973C9-2DDA-2E70-1B9F-7B4A1AF9BB6C HTTP/1.1" 200 93013
66.249.77.224 - - [11/Mar/2025:10:50:53 +0100] "GET /ticket2/opencms/sv/sport/fotbollsbiljetter/bundesliga/schalke/ HTTP/1.1" 200 70162
66.249.77.225 - - [11/Mar/2025:10:52:35 +0100] "GET /ticket2/opencms/sv/buy/?page=1&edid=D06E40AA-5917-7CC6-8395-10069BB33EB3 HTTP/1.1" 200 76948
68.183.238.15 - - [11/Mar/2025:10:52:41 +0100] "GET /manager/html HTTP/1.1" 404 -
66.249.77.225 - - [11/Mar/2025:10:52:43 +0100] "GET /ticket2/opencms/en/venue/?countryid=154B818B-780A-C47E-AFFC-04B53C9B2BA9 HTTP/1.1" 200 93013
66.249.77.224 - - [11/Mar/2025:10:52:50 +0100] "GET /ticket2/opencms/sv/buy/?page=6&comcatid=A17713B6-D984-201A-4143-ED4DB5ED5C2E&catid=6E0E0CA4-3F14-9697-92B9-3687047BE453 HTTP/1.1" 200 75655
66.249.77.225 - - [11/Mar/2025:10:54:47 +0100] "GET /ticket2/opencms/en/venue/?countryid=13E2F7E1-5D94-F02B-9C0C-560B8034AC6C HTTP/1.1" 200 93013
66.249.77.225 - - [11/Mar/2025:10:55:31 +0100] "GET /ticket2/opencms/sv/sport/fotbollsbiljetter/bundesliga/freiburg/ HTTP/1.1" 200 69874
66.249.77.225 - - [11/Mar/2025:10:55:35 +0100] "GET /ticket2/opencms/en/venue/?venueid=7A93BED8-ECFC-8BF7-F201-A6433D9EB679 HTTP/1.1" 200 63591
66.249.76.69 - - [11/Mar/2025:10:55:50 +0100] "GET /ticket2/opencms/sv/sport/fotbollsbiljetter/bundesliga/borussia-monchengladbach/ HTTP/1.1" 200 70473
68.183.238.15 - - [11/Mar/2025:10:56:38 +0100] "GET /manager/html HTTP/1.1" 404 -
66.249.77.224 - - [11/Mar/2025:10:56:47 +0100] "GET /ticket2/opencms/en/venue/?countryid=D3DB55BA-ABAE-0702-A973-202744AB3BB9 HTTP/1.1" 200 93013
66.249.77.225 - - [11/Mar/2025:10:57:13 +0100] "GET /ticket2/opencms/en/venue/?countryid=20EFB686-B272-8573-F37B-891928190471 HTTP/1.1" 200 93013
66.249.76.69 - - [11/Mar/2025:10:57:24 +0100] "GET /ticket2/opencms/en/venue/?countryid=E4BF4299-AF7E-C1CD-3B3B-2AB4B9697C56 HTTP/1.1" 200 93013
66.249.76.71 - - [11/Mar/2025:10:58:30 +0100] "GET /ticket2/opencms/sv/sport/fotbollsbiljetter/bundesliga/bayer-leverkusen/ HTTP/1.1" 200 70343
68.183.238.15 - - [11/Mar/2025:11:00:32 +0100] "GET /manager/html HTTP/1.1" 404 -
66.249.77.224 - - [11/Mar/2025:11:01:26 +0100] "GET /ticket2/opencms/sv/buy/?page=6&comcatid=0A6B8208-FDA4-E929-9D72-5312FD481B76&catid=1DB7F66B-473B-B427-F752-358FEEFE8EC0 HTTP/1.1" 200 68736
66.249.77.225 - - [11/Mar/2025:11:01:35 +0100] "GET /ticket2/opencms/en/venue/?countryid=08F91625-8D0D-C389-E632-ABC46886787C HTTP/1.1" 200 93013
66.249.77.224 - - [11/Mar/2025:11:01:36 +0100] "GET /ticket2/opencms/en/venue/?venueid=FA7BAF4B-9ED9-EC1C-6283-44456BD39E38 HTTP/1.1" 200 63645
66.249.76.69 - - [11/Mar/2025:11:01:47 +0100] "GET /ticket2/opencms/en/venue/?venueid=AC375263-7A55-216C-3DC8-A3A22B8C867F HTTP/1.1" 200 63657
66.249.77.224 - - [11/Mar/2025:11:01:47 +0100] "GET /ticket2/opencms/en/venue/?countryid=AC4C45B6-62CE-9E4E-735C-3EDAF240E46F HTTP/1.1" 200 93013
66.249.77.224 - - [11/Mar/2025:11:01:50 +0100] "GET /ticket2/opencms/en/venue/?venueid=7E97277D-1DCB-20AA-8AE9-51535192889A HTTP/1.1" 200 63619
66.249.77.226 - - [11/Mar/2025:11:02:27 +0100] "GET /ticket2/opencms/en/venue/?venueid=F88F99DB-CCD0-4577-59AA-A36930D419E1 HTTP/1.1" 200 63619
66.249.77.224 - - [11/Mar/2025:11:02:53 +0100] "GET /ticket2/opencms/en/venue/?countryid=2FA5524A-D842-525C-9D6C-F790BA0272FC HTTP/1.1" 200 93013
85.208.96.209 - - [11/Mar/2025:11:04:12 +0100] "GET /ticket2/opencms/robots.txt HTTP/1.1" 200 773
185.191.171.10 - - [11/Mar/2025:11:04:13 +0100] "GET /ticket2/opencms/dk/about/ HTTP/1.1" 200 65437
68.183.238.15 - - [11/Mar/2025:11:04:24 +0100] "GET /manager/html HTTP/1.1" 404 -
66.249.76.69 - - [11/Mar/2025:11:05:25 +0100] "GET /ticket2/opencms/en/venue/?countryid=8C4D64C3-0D1D-4A9C-0C13-7146340D3209 HTTP/1.1" 200 93013
66.249.76.70 - - [11/Mar/2025:11:06:40 +0100] "GET /ticket2/opencms/en/venue/?countryid=4067501C-3738-9610-03B0-18FCE6867011 HTTP/1.1" 200 93013
66.249.77.224 - - [11/Mar/2025:11:07:49 +0100] "GET /ticket2/opencms/sv/buy/?page=6&comcatid=A17713B6-D984-201A-4143-ED4DB5ED5C2E&catid=8AA488FA-6797-D710-8108-3088D6948FC1 HTTP/1.1" 200 75645
66.249.77.225 - - [11/Mar/2025:11:07:58 +0100] "GET /ticket2/opencms/sv/buy/?page=6&column= HTTP/1.1" 200 65336
68.183.238.15 - - [11/Mar/2025:11:08:29 +0100] "GET /manager/html HTTP/1.1" 404 -
66.249.76.71 - - [11/Mar/2025:11:10:13 +0100] "GET /ticket2/opencms/en/venue/?venueid=53EF7D3C-060E-89A6-0542-435CB2DFE1C0 HTTP/1.1" 200 63636
66.249.76.70 - - [11/Mar/2025:11:10:37 +0100] "GET /ticket2/opencms/en/venue/?venueid=1296F5D3-4505-F292-99A1-ABFE76F323BD HTTP/1.1" 200 63728
66.249.77.226 - - [11/Mar/2025:11:11:26 +0100] "GET /ticket2/opencms/sv/buy/?page=6&comcatid=A17713B6-D984-201A-4143-ED4DB5ED5C2E&catid=B0817F4C-4B6F-A68C-6229-209BB05F84D4 HTTP/1.1" 200 75644
68.183.238.15 - - [11/Mar/2025:11:12:31 +0100] "GET /manager/html HTTP/1.1" 404 -
66.249.77.226 - - [11/Mar/2025:11:13:25 +0100] "GET /ticket2/opencms/en/venue/?venueid=8A02FD62-AB7D-0F2A-98D0-1DF2D8566333 HTTP/1.1" 200 63651
66.249.77.224 - - [11/Mar/2025:11:13:58 +0100] "GET /ticket2/opencms/en/venue/?venueid=A8296605-D785-16FA-4CCB-AC7210C36F8D HTTP/1.1" 200 63630
66.249.77.224 - - [11/Mar/2025:11:15:51 +0100] "GET /ticket2/opencms/en/venue/?venueid=D67BBEAA-85B5-D2EB-96E5-A5759AF56653 HTTP/1.1" 200 63625
68.183.238.15 - - [11/Mar/2025:11:16:25 +0100] "GET /manager/html HTTP/1.1" 404 -
66.249.77.225 - - [11/Mar/2025:11:16:32 +0100] "GET /ticket2/opencms/en/venue/?venueid=E6D4C5C5-380D-4772-E0D1-58201DC9D2A9 HTTP/1.1" 200 63631
66.249.76.70 - - [11/Mar/2025:11:16:36 +0100] "GET /ticket2/opencms/en/venue/?venueid=988CFED4-6B4C-E666-FAD2-FF27363C6BC5 HTTP/1.1" 200 63654
66.249.76.69 - - [11/Mar/2025:11:16:49 +0100] "GET /ticket2/opencms/en/venue/?venueid=EA20BC3C-5A99-C24A-7F8E-B17F2D2D6A56 HTTP/1.1" 200 63637
66.249.76.69 - - [11/Mar/2025:11:16:51 +0100] "GET /ticket2/opencms/en/venue/?venueid=F92F457D-1B42-E209-CE55-7604B969AAC0 HTTP/1.1" 200 63639
66.249.77.226 - - [11/Mar/2025:11:17:32 +0100] "GET /ticket2/opencms/en/venue/?venueid=E42DAA3B-8D14-C1C2-324E-BD1238E886E9 HTTP/1.1" 200 63619
66.249.76.69 - - [11/Mar/2025:11:17:34 +0100] "GET /ticket2/opencms/en/venue/?venueid=13C8B5B5-CE5F-93AA-5310-F1AAB7C5EFB6 HTTP/1.1" 200 63657
66.249.77.225 - - [11/Mar/2025:11:18:27 +0100] "GET /ticket2/opencms/en/venue/?venueid=B5F81AEB-3F90-FA50-5453-F474EEB5E0C1 HTTP/1.1" 200 63649
66.249.76.70 - - [11/Mar/2025:11:18:27 +0100] "GET /ticket2/opencms/en/venue/?venueid=AF6FD165-4F1A-7FA7-C62D-5E8440EB560A HTTP/1.1" 200 63622
66.249.77.224 - - [11/Mar/2025:11:18:36 +0100] "GET /ticket2/opencms/en/venue/?venueid=823F5427-3F19-16AC-CDB6-E04B20BCA5D8 HTTP/1.1" 200 63627
66.249.77.224 - - [11/Mar/2025:11:18:40 +0100] "GET /ticket2/opencms/en/venue/?venueid=CBFE8A4E-C585-9190-3329-E41131A827AB HTTP/1.1" 200 63661
66.249.76.69 - - [11/Mar/2025:11:18:47 +0100] "GET /ticket2/opencms/en/venue/?venueid=03F51804-8CDE-802D-E000-0AE79CB6ED35 HTTP/1.1" 200 63607
66.249.77.226 - - [11/Mar/2025:11:19:27 +0100] "GET /ticket2/opencms/en/venue/?venueid=308D5B12-D557-DF8F-3129-5C03B03BE75B HTTP/1.1" 200 63640
66.249.77.224 - - [11/Mar/2025:11:19:52 +0100] "GET /ticket2/opencms/en/venue/?venueid=C73E0DCE-5592-ED9B-E2AF-FE9E3C67E821 HTTP/1.1" 200 63627
66.249.77.225 - - [11/Mar/2025:11:19:53 +0100] "GET /ticket2/opencms/en/venue/?venueid=93FD60CE-1709-3387-040C-1949E388590B HTTP/1.1" 200 63634
68.183.238.15 - - [11/Mar/2025:11:20:30 +0100] "GET /manager/html HTTP/1.1" 404 -
66.249.77.224 - - [11/Mar/2025:11:20:40 +0100] "GET /ticket2/opencms/en/venue/?venueid=0CF5EE35-DFE3-ADC5-E0D6-1D381791145B HTTP/1.1" 200 63609
66.249.76.71 - - [11/Mar/2025:11:22:20 +0100] "GET /ticket2/opencms/en/venue/?venueid=37CBE37C-7D6F-4665-1B80-1F6AC01C8EBD HTTP/1.1" 200 63612
66.249.77.225 - - [11/Mar/2025:11:22:23 +0100] "GET /ticket2/opencms/system/modules/com.gridnine.opencms.ticketbrokerage.site/resources/js/calendar-setup.js HTTP/1.1" 200 4923
66.249.76.70 - - [11/Mar/2025:11:22:23 +0100] "GET /ticket2/opencms/system/modules/com.gridnine.opencms.ticketbrokerage.site/resources/js/calendar-en.js HTTP/1.1" 200 3338
66.249.77.225 - - [11/Mar/2025:11:22:23 +0100] "GET /ticket2/opencms/system/modules/com.gridnine.opencms.ticketbrokerage.site/resources/css/standard.css HTTP/1.1" 200 71024
66.249.77.224 - - [11/Mar/2025:11:22:25 +0100] "GET /ticket2/opencms/system/modules/com.gridnine.opencms.ticketbrokerage.site/resources/css/ticketbrokerage.css HTTP/1.1" 200 39340
66.249.77.225 - - [11/Mar/2025:11:22:25 +0100] "GET /ticket2/opencms/system/modules/com.gridnine.opencms.ticketbrokerage.site/resources/js/standard.js HTTP/1.1" 200 3928
66.249.77.225 - - [11/Mar/2025:11:22:25 +0100] "GET /ticket2/opencms/system/modules/com.gridnine.opencms.ticketbrokerage.site/resources/js/functions.js HTTP/1.1" 200 1583
66.249.76.69 - - [11/Mar/2025:11:22:26 +0100] "GET /ticket2/opencms/system/modules/com.gridnine.opencms.ticketbrokerage.site/resources/js/jquery/jquery-ui.js HTTP/1.1" 200 228088
66.249.77.224 - - [11/Mar/2025:11:22:26 +0100] "GET /ticket2/opencms/system/modules/com.gridnine.opencms.ticketbrokerage.site/resources/js/calendar.js HTTP/1.1" 200 49229
66.249.77.224 - - [11/Mar/2025:11:22:27 +0100] "GET /ticket2/opencms/system/modules/com.gridnine.opencms.ticketbrokerage.site/resources/css/jquery.fancybox.css HTTP/1.1" 200 4939
66.249.77.224 - - [11/Mar/2025:11:22:29 +0100] "GET /ticket2/opencms/system/modules/com.gridnine.opencms.ticketbrokerage.site/resources/js/jquery.placeholder.min.js HTTP/1.1" 200 1737
66.249.77.224 - - [11/Mar/2025:11:22:58 +0100] "GET /ticket2/opencms/en/venue/?venueid=305DAD5C-FF35-7284-E470-947548E280ED HTTP/1.1" 200 63637
66.249.76.69 - - [11/Mar/2025:11:24:03 +0100] "GET /ticket2/opencms/en/venue/?venueid=A107EE08-ED64-E57F-E733-30B760B5B864 HTTP/1.1" 200 63640
68.183.238.15 - - [11/Mar/2025:11:24:22 +0100] "GET /manager/html HTTP/1.1" 404 -
109.236.61.84 - - [11/Mar/2025:11:24:33 +0100] "??%{ "Ret" : 100, "SessionID" : "0x0" }" 400 -
66.249.77.225 - - [11/Mar/2025:11:25:41 +0100] "GET /ticket2/opencms/en/venue/?venueid=02C2C7C6-9BB6-F13B-26C3-941A9A3FEDB3 HTTP/1.1" 200 63669
66.249.77.226 - - [11/Mar/2025:11:27:43 +0100] "GET /ticket2/opencms/en/venue/?venueid=2B8D0888-5DB2-65B4-1080-38E069157030 HTTP/1.1" 200 63631
68.183.238.15 - - [11/Mar/2025:11:28:12 +0100] "GET /manager/html HTTP/1.1" 404 -
66.249.77.224 - - [11/Mar/2025:11:28:26 +0100] "GET /ticket2/opencms/en/venue/?venueid=CEECF1E7-5F75-125A-BBD9-315FE319D489 HTTP/1.1" 200 63633
157.55.39.55 - - [11/Mar/2025:11:28:33 +0100] "GET /ticket2/opencms/en/venue/?countryid=1A4DC6D7-7BCB-9C80-4A3B-99ABDC610C14 HTTP/1.1" 200 93236
66.249.76.69 - - [11/Mar/2025:11:28:42 +0100] "GET /ticket2/opencms/en/venue/?venueid=72A98177-8EC1-6A88-9C99-0807532C7C07 HTTP/1.1" 200 63642
66.249.76.69 - - [11/Mar/2025:11:28:44 +0100] "GET /ticket2/opencms/en/venue/?venueid=73F2F83F-35FC-D320-77FF-C349F98B1063 HTTP/1.1" 200 63639
66.249.77.225 - - [11/Mar/2025:11:28:45 +0100] "GET /ticket2/opencms/sv/buy/?page=6&comcatid=0A6B8208-FDA4-E929-9D72-5312FD481B76&catid=5ED34547-492C-90DA-709D-448345844685 HTTP/1.1" 200 68734
66.249.77.224 - - [11/Mar/2025:11:28:59 +0100] "GET /ticket2/opencms/en/venue/?venueid=D609D4D6-C7F0-DA05-ADC1-92A771D52BE6 HTTP/1.1" 200 63721
66.249.77.225 - - [11/Mar/2025:11:30:54 +0100] "GET /ticket2/opencms/en/sport/football-tickets/la-liga/barcelona/ HTTP/1.1" 200 64825
66.249.77.225 - - [11/Mar/2025:11:30:54 +0100] "GET /ticket2/opencms/sv/sport/tennis/monte_carlo_masters/ HTTP/1.1" 200 69603
68.183.238.15 - - [11/Mar/2025:11:32:24 +0100] "GET /manager/html HTTP/1.1" 404 -
66.249.76.70 - - [11/Mar/2025:11:33:05 +0100] "GET /ticket2/opencms/en/venue/?venueid=BC1A9CCA-795F-F200-591F-A9E7F125D0C8 HTTP/1.1" 200 63616
66.249.76.70 - - [11/Mar/2025:11:33:45 +0100] "GET /ticket2/opencms/en/venue/?venueid=7016E11C-AD7B-34CA-B499-2039C86B9809 HTTP/1.1" 200 63642
66.249.77.225 - - [11/Mar/2025:11:33:50 +0100] "GET /ticket2/opencms/en/venue/?venueid=647A017A-A337-874C-385C-B1E6DFFA2A10 HTTP/1.1" 200 63654
66.249.77.224 - - [11/Mar/2025:11:33:57 +0100] "GET /ticket2/opencms/sv/sport/fotbollsbiljetter/ HTTP/1.1" 200 70201
66.249.77.226 - - [11/Mar/2025:11:35:47 +0100] "GET /ticket2/opencms/sv/about/press/ HTTP/1.1" 200 66053
66.249.76.70 - - [11/Mar/2025:11:36:26 +0100] "GET /ticket2/opencms/en/venue/?venueid=F63D0B85-674B-34FA-027D-C916C9DB7863 HTTP/1.1" 200 63648
68.183.238.15 - - [11/Mar/2025:11:36:37 +0100] "GET /manager/html HTTP/1.1" 404 -
66.249.76.69 - - [11/Mar/2025:11:37:12 +0100] "GET /ticket2/opencms/en/venue/?venueid=FF21FF50-A37F-0165-85A9-80D1D5F77A6E HTTP/1.1" 200 63603
66.249.77.224 - - [11/Mar/2025:11:37:25 +0100] "GET /ticket2/opencms/en/venue/?venueid=780F530C-1E5B-A040-B582-92C140F93856 HTTP/1.1" 200 63655
66.249.77.224 - - [11/Mar/2025:11:37:43 +0100] "GET /ticket2/opencms/en/venue/?countryid=8FA673E2-F13B-75C4-56CD-A4B786B7BC94 HTTP/1.1" 200 93013
68.183.238.15 - - [11/Mar/2025:11:40:33 +0100] "GET /manager/html HTTP/1.1" 404 -
66.249.77.225 - - [11/Mar/2025:11:42:15 +0100] "GET /ticket2/opencms/en/venue/?venueid=ADCD705E-60C1-B5B7-06CB-C114610D2494 HTTP/1.1" 200 63598
68.183.238.15 - - [11/Mar/2025:11:44:39 +0100] "GET /manager/html HTTP/1.1" 404 -
66.249.77.224 - - [11/Mar/2025:11:44:44 +0100] "GET /ticket2/opencms/en/venue/?countryid=EF4CD3F8-F552-B03A-F63B-5D01B436E59A HTTP/1.1" 200 93013
66.249.77.224 - - [11/Mar/2025:11:45:42 +0100] "GET /ticket2/opencms/en/venue/?venueid=4349F65D-FB27-47E2-0CED-5F47C9BE484E HTTP/1.1" 200 63609
66.249.76.70 - - [11/Mar/2025:11:45:54 +0100] "GET /ticket2/opencms/en/venue/?venueid=EF6FD3C5-92B8-0848-2522-37DD22A0F2CC HTTP/1.1" 200 63639
68.183.238.15 - - [11/Mar/2025:11:48:36 +0100] "GET /manager/html HTTP/1.1" 404 -
66.249.77.226 - - [11/Mar/2025:11:48:38 +0100] "GET /ticket2/opencms/en/venue/?venueid=67A06CF6-50B1-39D9-CC81-9C78D966E53A HTTP/1.1" 200 63621
47.91.91.123 - - [11/Mar/2025:11:49:23 +0100] "GET /ticket2/opencms/ HTTP/1.1" 302 -
66.249.77.225 - - [11/Mar/2025:11:49:52 +0100] "GET /ticket2/opencms/en/venue/?venueid=67DA257D-26D2-0E2E-4524-14E8E3D430E4 HTTP/1.1" 200 63586
66.249.77.225 - - [11/Mar/2025:11:50:44 +0100] "GET /ticket2/opencms/en/venue/?venueid=482A31C1-C33C-ABEE-E572-D6A56AE33E8F HTTP/1.1" 200 63609
179.43.175.246 - - [11/Mar/2025:11:51:20 +0100] "GET / HTTP/1.1" 404 -
66.249.77.224 - - [11/Mar/2025:11:51:43 +0100] "GET /ticket2/opencms/en/venue/?venueid=70347237-20AB-1826-B64D-E226B107BB72 HTTP/1.1" 200 63624
68.183.238.15 - - [11/Mar/2025:11:52:20 +0100] "GET /manager/html HTTP/1.1" 404 -
68.183.238.15 - - [11/Mar/2025:11:56:21 +0100] "GET /manager/html HTTP/1.1" 404 -
66.249.77.226 - - [11/Mar/2025:11:58:43 +0100] "GET /ticket2/opencms/en/venue/?venueid=BB5DCC3D-DF81-3AAD-D19F-0F0A28A6463A HTTP/1.1" 200 63604
66.249.77.225 - - [11/Mar/2025:11:59:48 +0100] "GET /ticket2/opencms/en/venue/?venueid=DBF697FB-88C2-E56A-2177-E2C114E7E434 HTTP/1.1" 200 63598
66.249.77.224 - - [11/Mar/2025:12:00:12 +0100] "GET /ticket2/opencms/en/sport/football-tickets/premier_league/tottenham/ HTTP/1.1" 200 64498
68.183.238.15 - - [11/Mar/2025:12:00:14 +0100] "GET /manager/html HTTP/1.1" 404 -
66.249.77.224 - - [11/Mar/2025:12:03:14 +0100] "GET /ticket2/opencms/en/venue/?venueid=EB77ABB2-7681-5353-78ED-A3ADEC5FE4B1 HTTP/1.1" 200 63636
66.249.77.225 - - [11/Mar/2025:12:03:39 +0100] "GET /ticket2/opencms/en/venue/?venueid=7DFFA88D-A72E-EF83-E1F4-D4C0A7C75BDB HTTP/1.1" 200 63627
66.249.76.69 - - [11/Mar/2025:12:03:43 +0100] "GET /ticket2/opencms/en/venue/?venueid=92752EF9-40B1-8A14-C655-150B49BABB41 HTTP/1.1" 200 63654
66.249.77.224 - - [11/Mar/2025:12:04:14 +0100] "GET /ticket2/opencms/en/venue/?venueid=C5834F34-3BBB-2A93-0E8E-D95E38C86A64 HTTP/1.1" 200 63663
68.183.238.15 - - [11/Mar/2025:12:04:24 +0100] "GET /manager/html HTTP/1.1" 404 -
66.249.77.226 - - [11/Mar/2025:12:06:51 +0100] "GET /ticket2/opencms/en/venue/?venueid=FD96E284-2B2D-3C17-09D0-D66476535FBF HTTP/1.1" 200 63666
66.249.77.225 - - [11/Mar/2025:12:07:43 +0100] "GET /ticket2/opencms/en/venue/?venueid=1D0702B1-352E-5FBA-3475-D4A6D59D40D0 HTTP/1.1" 200 63645
68.183.238.15 - - [11/Mar/2025:12:08:23 +0100] "GET /manager/html HTTP/1.1" 404 -
66.249.76.71 - - [11/Mar/2025:12:09:52 +0100] "GET /ticket2/opencms/en/venue/?venueid=624AC056-160F-0167-065E-997275B2D428 HTTP/1.1" 200 63606
66.249.77.224 - - [11/Mar/2025:12:09:54 +0100] "GET /ticket2/opencms/en/buy_safety/ HTTP/1.1" 200 64296
66.249.77.225 - - [11/Mar/2025:12:09:58 +0100] "GET /ticket2/opencms/en/venue/?venueid=701663DC-2455-294E-2D99-0CDACEA4F260 HTTP/1.1" 200 63718
66.249.77.224 - - [11/Mar/2025:12:10:49 +0100] "GET /ticket2/opencms/en/venue/?venueid=D6F2B52F-C215-0A5B-8206-F685BCC6BD43 HTTP/1.1" 200 63667
66.249.77.224 - - [11/Mar/2025:12:11:35 +0100] "GET /ticket2/opencms/en/venue/?venueid=644AC771-2186-260E-75E7-7F6B39C5B86B HTTP/1.1" 200 63658
66.249.77.224 - - [11/Mar/2025:12:11:47 +0100] "GET /ticket2/opencms/en/venue/?venueid=C26446A4-8872-48CD-CA86-62157D64B3E9 HTTP/1.1" 200 63621
66.249.77.225 - - [11/Mar/2025:12:11:50 +0100] "GET /ticket2/opencms/en/venue/?venueid=94C483B9-56F5-43F8-EB23-31CA57E16549 HTTP/1.1" 200 63621
68.183.238.15 - - [11/Mar/2025:12:12:02 +0100] "GET /manager/html HTTP/1.1" 404 -
66.249.76.70 - - [11/Mar/2025:12:12:35 +0100] "GET /ticket2/opencms/en/venue/?venueid=C895C98D-A877-A846-0D41-8B19B93F577D HTTP/1.1" 200 63636
66.249.77.224 - - [11/Mar/2025:12:12:47 +0100] "GET /ticket2/opencms/en/venue/?venueid=B2412BC5-320E-2195-9E09-4C1EC09A5B89 HTTP/1.1" 200 63601
66.249.77.224 - - [11/Mar/2025:12:13:22 +0100] "GET /ticket2/opencms/en/venue/?venueid=92B1EF2C-B01A-5498-4DA0-D832A3A798A5 HTTP/1.1" 200 63639
66.249.77.226 - - [11/Mar/2025:12:14:27 +0100] "GET /ticket2/opencms/en/venue/?venueid=2518510D-FB74-EF77-3887-A2E874444251 HTTP/1.1" 200 63640
66.249.77.224 - - [11/Mar/2025:12:14:36 +0100] "GET /ticket2/opencms/en/venue/?venueid=5AC23685-CBDF-0034-E285-05FDF9221C43 HTTP/1.1" 200 63631
66.249.77.224 - - [11/Mar/2025:12:15:36 +0100] "GET /ticket2/opencms/en/venue/?venueid=11F3A3F2-5F7A-8DF0-9A91-D0D485D2E890 HTTP/1.1" 200 63639
68.183.238.15 - - [11/Mar/2025:12:15:48 +0100] "GET /manager/html HTTP/1.1" 404 -
66.249.77.225 - - [11/Mar/2025:12:15:53 +0100] "GET /ticket2/opencms/en/venue/?venueid=7DE2C374-815B-4259-16EB-46FF20885F41 HTTP/1.1" 200 63726
66.249.77.224 - - [11/Mar/2025:12:16:24 +0100] "GET /ticket2/opencms/en/venue/?venueid=FD8E2085-4C66-B96B-FE96-170F5D626150 HTTP/1.1" 200 63633
66.249.77.226 - - [11/Mar/2025:12:18:35 +0100] "GET /ticket2/opencms/en/venue/?venueid=E27C37A8-B6C5-D44D-C533-C3BD6E0498F9 HTTP/1.1" 200 63651
66.249.77.224 - - [11/Mar/2025:12:18:36 +0100] "GET /ticket2/opencms/en/venue/?venueid=8B6C824C-D02D-D12B-5DBC-51731218C202 HTTP/1.1" 200 63630
147.185.133.222 - - [11/Mar/2025:12:18:47 +0100] "GET /ticket2/opencms/ HTTP/1.1" 302 -
147.185.133.222 - - [11/Mar/2025:12:18:47 +0100] "GET /ticket2/opencms/en/ HTTP/1.1" 200 66763
66.249.76.70 - - [11/Mar/2025:12:18:47 +0100] "GET /ticket2/opencms/en/venue/?venueid=97501A18-D92A-B557-A54C-8FA7BE9BBDB4 HTTP/1.1" 200 63624
68.183.238.15 - - [11/Mar/2025:12:19:38 +0100] "GET /manager/html HTTP/1.1" 404 -
66.249.76.71 - - [11/Mar/2025:12:20:43 +0100] "GET /ticket2/opencms/en/venue/?venueid=5825560D-8AFF-5FEB-2C32-D0E0D585D6B3 HTTP/1.1" 200 63631
66.249.76.70 - - [11/Mar/2025:12:21:13 +0100] "GET /ticket2/opencms/en/venue/?venueid=93DAAAF3-1B74-84EC-84B9-59E298EE51A3 HTTP/1.1" 200 63634
68.183.238.15 - - [11/Mar/2025:12:23:21 +0100] "GET /manager/html HTTP/1.1" 404 -
68.183.238.15 - - [11/Mar/2025:12:27:03 +0100] "GET /manager/html HTTP/1.1" 404 -
66.249.76.70 - - [11/Mar/2025:12:27:37 +0100] "GET /ticket2/opencms/en/venue/?venueid=C891F662-1AC1-E1A8-EC4F-A7FA9132E3C3 HTTP/1.1" 200 63627
66.249.77.225 - - [11/Mar/2025:12:27:44 +0100] "GET /ticket2/opencms/en/venue/?venueid=445A2A9B-2310-DAA8-7B45-AD2D4189EE3D HTTP/1.1" 200 63621
66.249.77.224 - - [11/Mar/2025:12:28:13 +0100] "GET /ticket2/opencms/en/venue/?venueid=788D8A95-9784-C0AC-7C72-145DA63A5615 HTTP/1.1" 200 63692
66.249.77.224 - - [11/Mar/2025:12:28:24 +0100] "GET /ticket2/opencms/en/venue/?venueid=40BC3D00-46E6-20A0-5D8C-1C84088AAF36 HTTP/1.1" 200 63595
66.249.77.225 - - [11/Mar/2025:12:29:36 +0100] "GET /ticket2/opencms/en/venue/?venueid=88FA5ED7-F5AA-6C61-A45E-2A93337B7DAA HTTP/1.1" 200 63591
66.249.77.224 - - [11/Mar/2025:12:29:47 +0100] "GET /ticket2/opencms/en/venue/?venueid=A3B71C1B-E926-B112-21C1-4B4246731BD7 HTTP/1.1" 200 63648
68.183.238.15 - - [11/Mar/2025:12:30:46 +0100] "GET /manager/html HTTP/1.1" 404 -
66.249.76.69 - - [11/Mar/2025:12:32:47 +0100] "GET /ticket2/opencms/en/venue/?venueid=F03C5E97-FFBF-7048-55FD-77B5E4C1E006 HTTP/1.1" 200 63709
68.183.238.15 - - [11/Mar/2025:12:34:37 +0100] "GET /manager/html HTTP/1.1" 404 -
66.249.77.225 - - [11/Mar/2025:12:36:45 +0100] "GET /ticket2/opencms/en/venue/?venueid=15123ED8-609E-2D0A-517F-C0F7E5CB9508 HTTP/1.1" 200 63604
66.249.77.225 - - [11/Mar/2025:12:36:58 +0100] "GET /ticket2/opencms/en/venue/?venueid=E6C7CF50-648B-EF95-A6BB-99DB19BC221E HTTP/1.1" 200 63642
66.249.77.224 - - [11/Mar/2025:12:37:12 +0100] "GET /ticket2/opencms/en/venue/?venueid=7323AE7D-D178-B332-F0E5-FE2EC0804060 HTTP/1.1" 200 63648
66.249.77.224 - - [11/Mar/2025:12:37:35 +0100] "GET /ticket2/opencms/en/venue/?venueid=C6D8F33E-E17F-AB76-DAA0-0AEF57419F32 HTTP/1.1" 200 63758
68.183.238.15 - - [11/Mar/2025:12:38:21 +0100] "GET /manager/html HTTP/1.1" 404 -
66.249.77.226 - - [11/Mar/2025:12:38:32 +0100] "GET /ticket2/opencms/en/venue/?venueid=8CD131ED-0F8F-D369-706B-E5EC13ED9308 HTTP/1.1" 200 63630
66.249.76.70 - - [11/Mar/2025:12:39:26 +0100] "GET /ticket2/opencms/en/venue/?venueid=A5A743EB-AD74-4583-AFF2-141D1363F7B4 HTTP/1.1" 200 63628
66.249.77.226 - - [11/Mar/2025:12:39:27 +0100] "GET /ticket2/opencms/en/venue/?venueid=A4544F22-1405-47A7-F95C-5F7B102A464E HTTP/1.1" 200 63669
68.183.238.15 - - [11/Mar/2025:12:42:20 +0100] "GET /manager/html HTTP/1.1" 404 -
66.249.76.71 - - [11/Mar/2025:12:43:43 +0100] "GET /ticket2/opencms/en/venue/?venueid=B7E496D3-47D0-180C-FDEA-256FBD380F8B HTTP/1.1" 200 63699
66.249.76.69 - - [11/Mar/2025:12:44:23 +0100] "GET /ticket2/opencms/en/venue/?venueid=77AE86FB-D354-0E5F-2F8B-54B74EAA6DBC HTTP/1.1" 200 63603
90.151.171.106 - - [11/Mar/2025:12:45:03 +0100] "CONNECT fingerprints.bablosoft.com:443 HTTP/1.1" 400 -
90.151.171.106 - - [11/Mar/2025:12:45:13 +0100] "GET /ip?Z76113273351Q1 HTTP/1.1" 404 -
68.183.238.15 - - [11/Mar/2025:12:45:57 +0100] "GET /manager/html HTTP/1.1" 404 -
66.249.76.71 - - [11/Mar/2025:12:47:27 +0100] "GET /ticket2/opencms/en/venue/?venueid=B8C41EE7-7AF6-8871-AC03-F6E6E3E6DF47 HTTP/1.1" 200 63646
66.249.76.69 - - [11/Mar/2025:12:47:49 +0100] "GET /ticket2/opencms/en/venue/?venueid=79ABCF29-8849-375A-51D4-EF1F6E582A69 HTTP/1.1" 200 63630
66.249.77.225 - - [11/Mar/2025:12:49:41 +0100] "GET /ticket2/opencms/en/venue/?venueid=1B0D63E0-3E74-D9A1-7710-B72B09BD174E HTTP/1.1" 200 63657
68.183.238.15 - - [11/Mar/2025:12:49:45 +0100] "GET /manager/html HTTP/1.1" 404 -
66.249.77.224 - - [11/Mar/2025:12:50:43 +0100] "GET /ticket2/opencms/en/venue/?venueid=04A82A7F-3526-7853-AB0E-3B58A65053A2 HTTP/1.1" 200 63622
66.249.77.225 - - [11/Mar/2025:12:51:13 +0100] "GET /ticket2/opencms/en/venue/?venueid=955ADC9C-78E1-F9EA-9BBA-CAE06CDA40D4 HTTP/1.1" 200 63627
66.249.76.69 - - [11/Mar/2025:12:51:50 +0100] "GET /ticket2/opencms/en/venue/?venueid=D4F19FB0-0B28-632C-9086-124F525CC6BE HTTP/1.1" 200 63702
66.249.76.69 - - [11/Mar/2025:12:52:19 +0100] "GET /ticket2/opencms/en/venue/?venueid=1D111B68-FF2E-F846-9D39-C347310597D3 HTTP/1.1" 200 63601
68.183.238.15 - - [11/Mar/2025:12:53:29 +0100] "GET /manager/html HTTP/1.1" 404 -
66.249.77.226 - - [11/Mar/2025:12:53:35 +0100] "GET /ticket2/opencms/en/venue/?venueid=F70F08EA-0F3A-95EA-07F1-FD6D52373424 HTTP/1.1" 200 63618
66.249.77.225 - - [11/Mar/2025:12:53:47 +0100] "GET /ticket2/opencms/en/venue/?venueid=D198E605-58F6-945B-9B95-FBB903185288 HTTP/1.1" 200 63619
66.249.77.224 - - [11/Mar/2025:12:53:53 +0100] "GET /ticket2/opencms/en/venue/?venueid=0CC87D32-3D29-5809-F3E9-5889619E3A38 HTTP/1.1" 200 63610
66.249.76.71 - - [11/Mar/2025:12:56:35 +0100] "GET /ticket2/opencms/en/venue/?venueid=99EB5D09-9A33-95A7-F158-1EC6D2BA2BAD HTTP/1.1" 200 63667
68.183.238.15 - - [11/Mar/2025:12:57:17 +0100] "GET /manager/html HTTP/1.1" 404 -
66.249.76.71 - - [11/Mar/2025:12:57:24 +0100] "GET /ticket2/opencms/en/venue/?venueid=599873B1-3873-AE39-BC85-F2D3640C7F65 HTTP/1.1" 200 63610
66.249.79.198 - - [11/Mar/2025:12:57:27 +0100] "GET /ticket2/opencms/en/venue/?venueid=3DDFA073-4C38-5EE7-7723-B0FB0CD0E69B HTTP/1.1" 200 63637
66.249.79.198 - - [11/Mar/2025:12:57:27 +0100] "GET /ticket2/opencms/en/venue/?venueid=08E4EC60-00C9-C497-9F21-DF811FAE4DEC HTTP/1.1" 200 63636
66.249.76.69 - - [11/Mar/2025:12:57:53 +0100] "GET /ticket2/opencms/en/venue/?venueid=E472D4FD-D5DF-5700-717C-3F4C29267654 HTTP/1.1" 200 63648
66.249.76.69 - - [11/Mar/2025:12:58:13 +0100] "GET /ticket2/opencms/sv/sport/fotbollsbiljetter/premier_league/ HTTP/1.1" 200 78731
66.249.79.198 - - [11/Mar/2025:12:58:41 +0100] "GET /ticket2/opencms/en/venue/?venueid=A349DBED-07A6-8985-882B-FBE6633B82A6 HTTP/1.1" 200 63613
66.249.79.197 - - [11/Mar/2025:12:58:43 +0100] "GET /ticket2/opencms/sv/sport/fotbollsbiljetter/eredivisie/ HTTP/1.1" 200 63993
66.249.79.197 - - [11/Mar/2025:12:58:53 +0100] "GET /ticket2/opencms/en/venue/?venueid=9E6547A9-8704-3972-CB65-0FC9EBB9343F HTTP/1.1" 200 63651
66.249.76.69 - - [11/Mar/2025:12:59:58 +0100] "GET /ticket2/opencms/en/venue/?venueid=A0B35C83-269D-8EEE-39B8-9C45CBF0DD7B HTTP/1.1" 200 63639
66.249.79.199 - - [11/Mar/2025:12:59:59 +0100] "GET /ticket2/opencms/en/venue/?venueid=F99CBBAF-7922-5F3D-94E5-84437A50F751 HTTP/1.1" 200 63598
66.249.76.70 - - [11/Mar/2025:13:00:22 +0100] "GET /ticket2/opencms/sv/sport/fotbollsbiljetter/bundesliga/stuttgart/ HTTP/1.1" 200 70190
66.249.79.197 - - [11/Mar/2025:13:00:23 +0100] "GET /ticket2/opencms/en/venue/?venueid=BC924132-7F96-0646-A878-2E37F8A82CF2 HTTP/1.1" 200 63612
66.249.79.198 - - [11/Mar/2025:13:00:53 +0100] "GET /ticket2/opencms/en/venue/?venueid=ADC2EAE7-F3B9-5998-1901-D9DA30ACB19A HTTP/1.1" 200 63600
68.183.238.15 - - [11/Mar/2025:13:01:02 +0100] "GET /manager/html HTTP/1.1" 404 -
66.249.76.70 - - [11/Mar/2025:13:04:27 +0100] "GET /ticket2/opencms/sv/sport/fotbollsbiljetter/bundesliga/hertha/ HTTP/1.1" 200 70035
68.183.238.15 - - [11/Mar/2025:13:04:37 +0100] "GET /manager/html HTTP/1.1" 404 -
207.46.13.7 - - [11/Mar/2025:13:04:54 +0100] "GET /ticket2/opencms/en/venue/?countryid=C20C79E6-EE6B-26D5-6506-E0F6BF6B710A HTTP/1.1" 200 94418
66.249.76.69 - - [11/Mar/2025:13:06:35 +0100] "GET /ticket2/opencms/en/venue/?venueid=30E59E70-2AD5-DB3F-8F99-0F76DBFE059E HTTP/1.1" 200 63645
66.249.76.70 - - [11/Mar/2025:13:06:50 +0100] "GET /ticket2/opencms/en/venue/?venueid=D2E7742E-B3AB-CC80-7552-271DAD847F3D HTTP/1.1" 200 63678
68.183.238.15 - - [11/Mar/2025:13:08:22 +0100] "GET /manager/html HTTP/1.1" 404 -
66.249.79.199 - - [11/Mar/2025:13:08:47 +0100] "GET /ticket2/opencms/sv/buy/?page=1&edid=54777665-C11F-0F11-581A-52B69510C3F1 HTTP/1.1" 200 81255
66.249.79.199 - - [11/Mar/2025:13:08:49 +0100] "GET /ticket2/opencms/sv/sport/fotbollsbiljetter/bundesliga/fc_nurnberg/ HTTP/1.1" 200 70255
66.249.79.197 - - [11/Mar/2025:13:08:53 +0100] "GET /ticket2/opencms/fr/sport/fotbollsbiljetter/premier_league/tottenham/ HTTP/1.1" 500 -
66.249.79.198 - - [11/Mar/2025:13:09:27 +0100] "GET /ticket2/opencms/sv/buy/?page=6&comcatid=A17713B6-D984-201A-4143-ED4DB5ED5C2E&catid=0A6C99D2-F5BD-7A18-9A5F-5668827042E0&eventid=AE8A6CAA-9529-DB54-69E5-B3169B36CD6E HTTP/1.1" 200 78640
66.249.79.199 - - [11/Mar/2025:13:10:35 +0100] "GET /ticket2/opencms/en/venue/?venueid=18FD821D-6DDA-C3F8-586C-11DB373981E5 HTTP/1.1" 200 63697
68.183.238.15 - - [11/Mar/2025:13:12:03 +0100] "GET /manager/html HTTP/1.1" 404 -
66.249.79.199 - - [11/Mar/2025:13:12:43 +0100] "GET /ticket2/opencms/en/venue/?venueid=3060E255-FFB8-E1FC-2EE4-0AD33AC358BD HTTP/1.1" 200 63724
66.249.76.71 - - [11/Mar/2025:13:13:32 +0100] "GET /ticket2/opencms/en/venue/?venueid=7E82DC48-1248-0BA8-8AD1-989A2C48BEDA HTTP/1.1" 200 63642
66.249.79.198 - - [11/Mar/2025:13:13:55 +0100] "GET /ticket2/opencms/sv/buy/?page=6&comcatid=0A6B8208-FDA4-E929-9D72-5312FD481B76&catid=A05A53F7-423D-23BE-575E-EA7B67DE22D9 HTTP/1.1" 200 68734
66.249.79.197 - - [11/Mar/2025:13:13:59 +0100] "GET /ticket2/opencms/en/sport/football-tickets/serie_a/as_roma/ HTTP/1.1" 200 65800
66.249.76.69 - - [11/Mar/2025:13:14:52 +0100] "GET /ticket2/opencms/sv/sport/fotbollsbiljetter/premier_league/stoke/ HTTP/1.1" 200 70386
68.183.238.15 - - [11/Mar/2025:13:15:46 +0100] "GET /manager/html HTTP/1.1" 404 -
66.249.79.197 - - [11/Mar/2025:13:15:48 +0100] "GET /ticket2/opencms/sv/buy/?page=6&comcatid=66708183-7480-3365-06BF-DBF60280AB45 HTTP/1.1" 200 66822
66.249.79.198 - - [11/Mar/2025:13:16:26 +0100] "GET /ticket2/opencms/sv/buy/?page=6&comcatid=A17713B6-D984-201A-4143-ED4DB5ED5C2E&catid=7ACC33AD-EE7E-AAA7-9050-0F4587759B87 HTTP/1.1" 200 75655
66.249.79.197 - - [11/Mar/2025:13:16:35 +0100] "GET /ticket2/opencms/sv/buy/?page=6&comcatid=A17713B6-D984-201A-4143-ED4DB5ED5C2E&catid=7BADFFFB-57C5-5DBC-E7EB-B45075B3D8F9 HTTP/1.1" 200 75658
66.249.76.70 - - [11/Mar/2025:13:17:26 +0100] "GET /ticket2/opencms/en/venue/?venueid=26187F00-F337-E504-40C6-06E3F8F174F7 HTTP/1.1" 200 63633
66.249.76.71 - - [11/Mar/2025:13:17:27 +0100] "GET /ticket2/opencms/en/sport/football-tickets/serie_a/ HTTP/1.1" 200 77554
66.249.76.69 - - [11/Mar/2025:13:17:57 +0100] "GET /ticket2/opencms/en/venue/?venueid=81575406-737A-D887-8BD9-C8B79507FB55 HTTP/1.1" 200 63606
66.249.79.198 - - [11/Mar/2025:13:19:32 +0100] "GET /ticket2/opencms/sv/sport/fotbollsbiljetter/premier_league/wolverhampton/ HTTP/1.1" 200 70492
68.183.238.15 - - [11/Mar/2025:13:19:42 +0100] "GET /manager/html HTTP/1.1" 404 -
66.249.76.69 - - [11/Mar/2025:13:21:50 +0100] "GET /ticket2/opencms/en/venue/?venueid=22FBA63B-CC18-3864-F1A1-268F2EA93F27 HTTP/1.1" 200 63633
66.249.79.198 - - [11/Mar/2025:13:22:42 +0100] "GET /ticket2/opencms/sv/sport/fotbollsbiljetter/premier_league/blackburn_rovers/ HTTP/1.1" 200 70086
68.183.238.15 - - [11/Mar/2025:13:23:24 +0100] "GET /manager/html HTTP/1.1" 404 -
66.249.76.71 - - [11/Mar/2025:13:24:44 +0100] "GET /ticket2/opencms/en/venue/?venueid=6B6CD597-19E3-DE91-73C1-62D0A84F1A85 HTTP/1.1" 200 63616
66.249.79.197 - - [11/Mar/2025:13:25:14 +0100] "GET /ticket2/opencms/sv/sport/fotbollsbiljetter/premier_league/birmingham/ HTTP/1.1" 200 70714
66.249.79.198 - - [11/Mar/2025:13:26:24 +0100] "GET /ticket2/opencms/sv/sport/fotbollsbiljetter/premier_league/west-bromwich-albion/ HTTP/1.1" 200 70686
66.249.76.70 - - [11/Mar/2025:13:26:31 +0100] "GET /ticket2/opencms/sv/sport/fotbollsbiljetter/premier_league/fulham/ HTTP/1.1" 404 -
66.249.76.70 - - [11/Mar/2025:13:26:35 +0100] "GET /ticket2/opencms/en/venue/?venueid=0B62AF84-0F0F-19DA-57AE-3882EFB8ABC4 HTTP/1.1" 200 63634
68.183.238.15 - - [11/Mar/2025:13:27:37 +0100] "GET /manager/html HTTP/1.1" 404 -
68.183.238.15 - - [11/Mar/2025:13:31:17 +0100] "GET /manager/html HTTP/1.1" 404 -
66.249.79.198 - - [11/Mar/2025:13:33:36 +0100] "GET /ticket2/opencms/en/venue/?venueid=46DC1BEE-587B-35C7-7302-335A03B6455F HTTP/1.1" 200 63615
66.249.79.198 - - [11/Mar/2025:13:34:40 +0100] "GET /ticket2/opencms/sv/sport/fotbollsbiljetter/premier_league/blackpool/ HTTP/1.1" 200 70545
68.183.238.15 - - [11/Mar/2025:13:34:59 +0100] "GET /manager/html HTTP/1.1" 404 -
66.249.79.197 - - [11/Mar/2025:13:35:13 +0100] "GET /ticket2/opencms/sv/sport/fotbollsbiljetter/premier_league/west_ham_united/ HTTP/1.1" 200 70667
66.249.76.69 - - [11/Mar/2025:13:35:41 +0100] "GET /ticket2/opencms/sv/sport/fotbollsbiljetter/premier_league/liverpool/ HTTP/1.1" 200 70560
68.183.238.15 - - [11/Mar/2025:13:38:52 +0100] "GET /manager/html HTTP/1.1" 404 -
66.249.79.199 - - [11/Mar/2025:13:42:26 +0100] "GET /ticket2/opencms/en/venue/?venueid=E16419C0-E16D-8616-72CD-19175637FF0C HTTP/1.1" 200 63636
68.183.238.15 - - [11/Mar/2025:13:42:35 +0100] "GET /manager/html HTTP/1.1" 404 -
66.249.79.197 - - [11/Mar/2025:13:43:14 +0100] "GET /ticket2/opencms/en/venue/?venueid=05361057-EBBB-11B2-D22F-B07AF39AA1F0 HTTP/1.1" 200 63616
66.249.76.69 - - [11/Mar/2025:13:44:35 +0100] "GET /ticket2/opencms/en/venue/?venueid=7608D27A-AB31-0DEE-7A44-070EA75BF3B4 HTTP/1.1" 200 63580
66.249.79.197 - - [11/Mar/2025:13:46:24 +0100] "GET /ticket2/opencms/en/venue/?venueid=46A76095-C8CC-46CE-5C46-97C8D40D2C4B HTTP/1.1" 200 63663
66.249.79.197 - - [11/Mar/2025:13:46:25 +0100] "GET /ticket2/opencms/en/venue/?venueid=22D725DE-51C6-0A7B-C9AD-59BC777D6F28 HTTP/1.1" 200 63639
68.183.238.15 - - [11/Mar/2025:13:46:25 +0100] "GET /manager/html HTTP/1.1" 404 -
66.249.79.197 - - [11/Mar/2025:13:49:37 +0100] "GET /ticket2/opencms/en/venue/?venueid=CA49AB1D-436E-22F2-9DD7-D243FFB8DE30 HTTP/1.1" 200 63639
66.249.79.197 - - [11/Mar/2025:13:49:50 +0100] "GET /ticket2/opencms/en/venue/?venueid=24F72B39-B955-8335-9AE8-08FED3A112B7 HTTP/1.1" 200 63633
66.249.79.197 - - [11/Mar/2025:13:49:59 +0100] "GET /ticket2/opencms/en/venue/?venueid=EA1AFB8D-F7C7-5DC6-A760-CAB159647828 HTTP/1.1" 200 63616
68.183.238.15 - - [11/Mar/2025:13:50:22 +0100] "GET /manager/html HTTP/1.1" 404 -
66.249.79.198 - - [11/Mar/2025:13:51:51 +0100] "GET /ticket2/opencms/en/venue/?venueid=A003754C-3E1C-9E13-64E9-6F827A08D00B HTTP/1.1" 200 63606
66.249.79.198 - - [11/Mar/2025:13:52:14 +0100] "GET /ticket2/opencms/en/venue/?venueid=A4FD97C9-3112-FD78-66F7-32D2DBBAA5F9 HTTP/1.1" 200 63684
68.183.238.15 - - [11/Mar/2025:13:54:23 +0100] "GET /manager/html HTTP/1.1" 404 -
181.214.94.71 - - [11/Mar/2025:13:57:56 +0100] "CONNECT upload.wikimedia.org:443 HTTP/1.1" 400 -
68.183.238.15 - - [11/Mar/2025:13:58:01 +0100] "GET /manager/html HTTP/1.1" 404 -
68.183.238.15 - - [11/Mar/2025:14:01:58 +0100] "GET /manager/html HTTP/1.1" 404 -
66.249.79.197 - - [11/Mar/2025:14:03:14 +0100] "GET /ticket2/opencms/en/venue/?venueid=B3AD8D42-BAF1-2803-2183-F6705D1BC41E HTTP/1.1" 200 63642
185.91.127.81 - - [11/Mar/2025:14:03:34 +0100] "CONNECT api.ip.pn:443 HTTP/1.1" 400 -
68.183.238.15 - - [11/Mar/2025:14:06:01 +0100] "GET /manager/html HTTP/1.1" 404 -
68.183.238.15 - - [11/Mar/2025:14:10:01 +0100] "GET /manager/html HTTP/1.1" 404 -
66.249.79.197 - - [11/Mar/2025:14:12:35 +0100] "GET /ticket2/opencms/en/venue/?venueid=00752A38-52C0-4B10-A6B8-353C80635A91 HTTP/1.1" 200 63604
68.183.238.15 - - [11/Mar/2025:14:13:49 +0100] "GET /manager/html HTTP/1.1" 404 -
68.183.238.15 - - [11/Mar/2025:14:17:51 +0100] "GET /manager/html HTTP/1.1" 404 -
66.249.79.197 - - [11/Mar/2025:14:18:26 +0100] "GET /ticket2/opencms/en/venue/?venueid=2F58F2AB-0424-685C-B2ED-AB5E0C783A33 HTTP/1.1" 200 63649
66.249.79.197 - - [11/Mar/2025:14:18:31 +0100] "GET /ticket2/opencms/en/venue/?venueid=AAA2050F-EB9C-D448-55D3-9C97F26928FB HTTP/1.1" 200 63675
66.249.76.70 - - [11/Mar/2025:14:20:28 +0100] "GET /ticket2/opencms/en/venue/?venueid=BB4F9455-CDA6-66FB-561C-A3A9BC4EB96F HTTP/1.1" 200 63637
68.183.238.15 - - [11/Mar/2025:14:21:32 +0100] "GET /manager/html HTTP/1.1" 404 -
45.156.129.133 - - [11/Mar/2025:14:23:51 +0100] "GET /ticket2/opencms/ HTTP/1.1" 302 -
185.224.128.70 - - [11/Mar/2025:14:24:59 +0100] "GET /ticket2/opencms/ HTTP/1.1" 302 -
185.224.128.70 - - [11/Mar/2025:14:25:00 +0100] "GET /ticket2/opencms/en/ HTTP/1.1" 200 66763
68.183.238.15 - - [11/Mar/2025:14:25:12 +0100] "GET /manager/html HTTP/1.1" 404 -
66.249.76.69 - - [11/Mar/2025:14:26:36 +0100] "GET /ticket2/opencms/en/venue/?venueid=CA6B89CB-1236-585A-E228-07129994CD40 HTTP/1.1" 200 63625
66.249.76.70 - - [11/Mar/2025:14:27:47 +0100] "GET /ticket2/opencms/en/venue/?venueid=8A164F69-C3AD-8904-FC05-FBEE26604F9B HTTP/1.1" 200 63619
66.249.76.69 - - [11/Mar/2025:14:27:58 +0100] "GET /ticket2/opencms/en/venue/?venueid=E063D77E-F5E5-437C-9144-084D408D5EA1 HTTP/1.1" 200 63649
68.183.238.15 - - [11/Mar/2025:14:28:56 +0100] "GET /manager/html HTTP/1.1" 404 -
66.249.76.69 - - [11/Mar/2025:14:30:55 +0100] "GET /ticket2/opencms/en/search.html?searchQuery=barcelona&submit= HTTP/1.1" 200 84990
66.249.79.197 - - [11/Mar/2025:14:31:09 +0100] "GET /ticket2/opencms/system/modules/com.gridnine.opencms.ticketbrokerage.site/resources/js/stickyfill.min.js HTTP/1.1" 200 5672
66.249.79.197 - - [11/Mar/2025:14:31:15 +0100] "GET /ticket2/opencms/system/modules/com.gridnine.opencms.ticketbrokerage.site/resources/js/jquery.fancybox.pack.js HTTP/1.1" 200 23187
66.249.79.197 - - [11/Mar/2025:14:31:16 +0100] "GET /ticket2/opencms/system/modules/com.gridnine.opencms.ticketbrokerage.site/resources/css/jquery-ui.css HTTP/1.1" 200 33221
66.249.79.197 - - [11/Mar/2025:14:31:16 +0100] "GET /ticket2/opencms/system/modules/com.gridnine.opencms.ticketbrokerage.site/resources/js/jquery/jquery.js HTTP/1.1" 200 93868
66.249.79.197 - - [11/Mar/2025:14:31:16 +0100] "GET /ticket2/opencms/system/modules/com.gridnine.opencms.ticketbrokerage.site/resources/css/calendar.css HTTP/1.1" 200 6871
66.249.79.197 - - [11/Mar/2025:14:31:16 +0100] "GET /ticket2/opencms/system/modules/com.gridnine.opencms.ticketbrokerage.site/resources/js/common-ajax.js HTTP/1.1" 200 20175
66.249.79.197 - - [11/Mar/2025:14:31:17 +0100] "GET /ticket2/opencms/system/modules/com.gridnine.opencms.ticketbrokerage.site/resources/css/standard.css HTTP/1.1" 200 71024
66.249.76.69 - - [11/Mar/2025:14:31:18 +0100] "GET /ticket2/opencms/system/modules/com.gridnine.opencms.ticketbrokerage.site/resources/css/ticketbrokerage.css HTTP/1.1" 200 39340
66.249.79.197 - - [11/Mar/2025:14:31:19 +0100] "GET /ticket2/opencms/en/ask-form.html HTTP/1.1" 200 3146
66.249.79.198 - - [11/Mar/2025:14:31:41 +0100] "GET /ticket2/opencms/en/venue/?venueid=6379B58C-0142-402C-4D0E-AD80B641DF88 HTTP/1.1" 200 63607
196.251.92.16 - - [11/Mar/2025:14:32:48 +0100] "GET /ticket2/opencms/_profiler/phpinfo HTTP/1.1" 404 -
68.183.238.15 - - [11/Mar/2025:14:33:00 +0100] "GET /manager/html HTTP/1.1" 404 -
196.251.92.16 - - [11/Mar/2025:14:35:35 +0100] "GET /ticket2/opencms/_profiler/phpinfo HTTP/1.1" 404 -
68.183.238.15 - - [11/Mar/2025:14:36:45 +0100] "GET /manager/html HTTP/1.1" 404 -
66.249.76.70 - - [11/Mar/2025:14:38:41 +0100] "GET /ticket2/opencms/en/venue/?venueid=1E1536E8-AE90-57CE-2DC3-A96AB80E9F2E HTTP/1.1" 200 63645
68.183.238.15 - - [11/Mar/2025:14:40:25 +0100] "GET /manager/html HTTP/1.1" 404 -
66.249.76.71 - - [11/Mar/2025:14:42:49 +0100] "GET /ticket2/opencms/en/venue/?venueid=FD6D24AC-994F-5C37-30F4-5F926A8E4486 HTTP/1.1" 200 63618
165.227.183.210 - - [11/Mar/2025:14:43:06 +0100] "GET /ticket2/opencms/.env HTTP/1.1" 404 -
66.249.79.197 - - [11/Mar/2025:14:43:47 +0100] "GET /ticket2/opencms/en/venue/?venueid=5A418B6B-801E-D3D5-FCE2-DE803F28D272 HTTP/1.1" 200 63612
68.183.238.15 - - [11/Mar/2025:14:44:09 +0100] "GET /manager/html HTTP/1.1" 404 -
66.249.79.199 - - [11/Mar/2025:14:45:24 +0100] "GET /ticket2/opencms/en/venue/?venueid=7DFE5FAB-A7F9-D9CB-B181-D0F227E04C90 HTTP/1.1" 200 63618
185.224.128.70 - - [11/Mar/2025:14:46:26 +0100] "GET /ticket2/opencms/ HTTP/1.1" 302 -
185.224.128.70 - - [11/Mar/2025:14:46:27 +0100] "GET /ticket2/opencms/en/ HTTP/1.1" 200 66763
66.249.76.69 - - [11/Mar/2025:14:47:41 +0100] "GET /ticket2/opencms/en/venue/?venueid=630E70AB-B3E3-ED18-A61B-E2859D17F940 HTTP/1.1" 200 63633
68.183.238.15 - - [11/Mar/2025:14:47:55 +0100] "GET /manager/html HTTP/1.1" 404 -
207.46.13.78 - - [11/Mar/2025:14:50:59 +0100] "GET /ticket2/opencms/sitemap.xml HTTP/1.1" 200 37572
68.183.238.15 - - [11/Mar/2025:14:51:29 +0100] "GET /manager/html HTTP/1.1" 404 -
66.249.79.198 - - [11/Mar/2025:14:51:41 +0100] "GET /ticket2/opencms/en/venue/?venueid=161A25A1-F416-8A38-C48B-CA3253B2326B HTTP/1.1" 200 63714
66.249.79.197 - - [11/Mar/2025:14:51:42 +0100] "GET /ticket2/opencms/en/venue/?venueid=1C245787-B670-B45B-9FDB-63071D66AAAA HTTP/1.1" 200 63612
66.249.79.197 - - [11/Mar/2025:14:53:26 +0100] "GET /ticket2/opencms/en/venue/?venueid=D83A67D7-A141-9489-1425-0ABF7FD0961D HTTP/1.1" 200 63616
68.183.238.15 - - [11/Mar/2025:14:55:25 +0100] "GET /manager/html HTTP/1.1" 404 -
68.183.238.15 - - [11/Mar/2025:14:59:26 +0100] "GET /manager/html HTTP/1.1" 404 -
66.249.79.197 - - [11/Mar/2025:15:00:14 +0100] "GET /ticket2/opencms/en/venue/?venueid=2C09BEA1-5E2F-8434-031D-62BC13D49C80 HTTP/1.1" 200 63649
74.82.47.35 - - [01/Jan/1970:00:59:59 +0100] "-" 400 -
66.249.79.197 - - [11/Mar/2025:15:01:28 +0100] "GET /ticket2/opencms/en/venue/?venueid=C517FF86-D6DC-504E-2694-757DC653B6AB HTTP/1.1" 200 63652
195.181.170.235 - - [11/Mar/2025:15:03:17 +0100] "CONNECT karlshochschule.de:443 HTTP/1.1" 400 -
68.183.238.15 - - [11/Mar/2025:15:03:34 +0100] "GET /manager/html HTTP/1.1" 404 -
89.248.172.16 - - [11/Mar/2025:15:05:01 +0100] "GET / HTTP/1.1" 404 -
89.248.172.16 - - [11/Mar/2025:15:05:01 +0100] "GET /favicon.ico HTTP/1.1" 404 -
68.183.238.15 - - [11/Mar/2025:15:07:23 +0100] "GET /manager/html HTTP/1.1" 404 -
