66.249.76.70 - - [11/Mar/2025:15:09:36 +0100] "GET /ticket2/opencms/en/venue/?venueid=ECA1E61D-2477-4810-8BC2-649930C9F0AE HTTP/1.1" 200 63643
68.183.238.15 - - [11/Mar/2025:15:11:23 +0100] "GET /manager/html HTTP/1.1" 404 -
66.249.76.70 - - [11/Mar/2025:15:11:38 +0100] "GET /ticket2/opencms/en/venue/?venueid=4E57517D-EB34-B5C4-C05B-4A4E6641D62F HTTP/1.1" 200 63630
66.249.79.198 - - [11/Mar/2025:15:14:51 +0100] "GET /ticket2/opencms/en/venue/?venueid=57C4265D-1F48-7073-0A99-FC101DE89128 HTTP/1.1" 200 63633
68.183.238.15 - - [11/Mar/2025:15:15:17 +0100] "GET /manager/html HTTP/1.1" 404 -
66.249.79.199 - - [11/Mar/2025:15:15:28 +0100] "GET /ticket2/opencms/en/venue/?venueid=69923349-A528-C93F-2999-4DA35CF7FB58 HTTP/1.1" 200 63648
68.183.238.15 - - [11/Mar/2025:15:19:14 +0100] "GET /manager/html HTTP/1.1" 404 -
40.77.167.247 - - [11/Mar/2025:15:20:58 +0100] "GET /ticket2/opencms/en/venue/?venueid=D1E3CA2F-D440-9494-7505-2287047FEB0E HTTP/1.1" 200 63689
66.249.79.197 - - [11/Mar/2025:15:22:14 +0100] "GET /ticket2/opencms/en/venue/?venueid=9DA8A4B3-4A97-FBB2-EFB7-185E7CEA4A49 HTTP/1.1" 200 63619
66.249.76.70 - - [11/Mar/2025:15:22:31 +0100] "GET /ticket2/opencms/en/venue/?venueid=50ADE794-FDC0-9A3D-A90D-B6243D82F793 HTTP/1.1" 200 63648
68.183.238.15 - - [11/Mar/2025:15:23:12 +0100] "GET /manager/html HTTP/1.1" 404 -
66.249.79.197 - - [11/Mar/2025:15:24:38 +0100] "GET /ticket2/opencms/sv/sport/fotbollsbiljetter/serie_a/milan/ HTTP/1.1" 200 70011
157.55.39.10 - - [11/Mar/2025:15:25:26 +0100] "GET /ticket2/opencms/en/venue/?countryid=A9198A40-C385-3F3F-F1E3-C36DF8CBA8BE HTTP/1.1" 200 93013
68.183.238.15 - - [11/Mar/2025:15:27:02 +0100] "GET /manager/html HTTP/1.1" 404 -
66.249.79.197 - - [11/Mar/2025:15:29:36 +0100] "GET /ticket2/opencms/en/venue/?venueid=EF08F761-6D3A-2C5E-CAD2-0E2506BB1071 HTTP/1.1" 200 63699
66.249.79.197 - - [11/Mar/2025:15:29:44 +0100] "GET /ticket2/opencms/en/venue/?venueid=B781A402-D863-1F75-F682-75473A301298 HTTP/1.1" 200 63592
68.183.238.15 - - [11/Mar/2025:15:30:56 +0100] "GET /manager/html HTTP/1.1" 404 -
66.249.76.71 - - [11/Mar/2025:15:31:27 +0100] "GET /ticket2/opencms/en/venue/?venueid=2C043B1C-6C0F-19CE-E5CC-868F8A75E913 HTTP/1.1" 200 63615
66.249.76.70 - - [11/Mar/2025:15:32:14 +0100] "GET /ticket2/opencms/en/venue/?venueid=044124AA-8517-9D68-740C-14F5017956EC HTTP/1.1" 200 63601
66.249.64.165 - - [11/Mar/2025:15:32:36 +0100] "GET /ticket2/opencms/en/venue/?venueid=F670BB4E-C7FE-DBAC-B41D-241CF96C0068 HTTP/1.1" 200 63633
66.249.79.197 - - [11/Mar/2025:15:33:15 +0100] "GET /ticket2/opencms/en/venue/?venueid=EB7553A5-57B5-8BDF-93F0-35BE2BD45349 HTTP/1.1" 200 63625
68.183.238.15 - - [11/Mar/2025:15:34:45 +0100] "GET /manager/html HTTP/1.1" 404 -
66.249.79.198 - - [11/Mar/2025:15:36:44 +0100] "GET /ticket2/opencms/en/venue/?venueid=D2C20C7F-68AD-13DD-DE5C-40A1EAAE528A HTTP/1.1" 200 63615
68.183.238.15 - - [11/Mar/2025:15:38:39 +0100] "GET /manager/html HTTP/1.1" 404 -
66.249.79.198 - - [11/Mar/2025:15:40:36 +0100] "GET /ticket2/opencms/en/venue/?venueid=A80A0A61-7C37-1A40-97CB-2266617DAAEF HTTP/1.1" 200 63604
68.183.238.15 - - [11/Mar/2025:15:42:35 +0100] "GET /manager/html HTTP/1.1" 404 -
68.183.238.15 - - [11/Mar/2025:15:46:21 +0100] "GET /manager/html HTTP/1.1" 404 -
66.249.79.197 - - [11/Mar/2025:15:47:59 +0100] "GET /ticket2/opencms/en/venue/?venueid=8EA26496-DB80-A5FF-39BD-F3714E2293E3 HTTP/1.1" 200 63634
134.122.33.82 - - [11/Mar/2025:15:48:09 +0100] "?????J(Uz?e?*??D??R=d??r??q?????? Lr_|???y*?? ?h??R?Z????T??0gDz??3g?????9k?????E?????? ?#?????+?" 400 -
134.122.33.82 - - [11/Mar/2025:15:48:10 +0100] "??m????g?.0?i???/x?zJ????1?f??? ??>??'Kn|U??w5/??Sq?_[x??????A?????=5?????</ " 400 -
134.122.33.82 - - [11/Mar/2025:15:48:10 +0100] "XT?X??0????X??3???Oro{(I:]?i B?+?W!{??\?k??????.?L|9 " 400 -
68.183.238.15 - - [11/Mar/2025:15:50:08 +0100] "GET /manager/html HTTP/1.1" 404 -
68.183.238.15 - - [11/Mar/2025:15:54:12 +0100] "GET /manager/html HTTP/1.1" 404 -
68.183.238.15 - - [11/Mar/2025:15:57:56 +0100] "GET /manager/html HTTP/1.1" 404 -
66.249.79.199 - - [11/Mar/2025:15:59:27 +0100] "GET /ticket2/opencms/en/venue/?venueid=C81AD7E5-8D0C-B7E1-63A6-C15C2A1202E2 HTTP/1.1" 200 63616
66.249.79.197 - - [11/Mar/2025:15:59:36 +0100] "GET /ticket2/opencms/en/venue/?venueid=F02E173E-B6D1-5F01-3792-4FB1E4AC7E1E HTTP/1.1" 200 63625
66.249.79.198 - - [11/Mar/2025:16:01:40 +0100] "GET /ticket2/opencms/sv/buying_tickets/ HTTP/1.1" 200 66595
68.183.238.15 - - [11/Mar/2025:16:01:51 +0100] "GET /manager/html HTTP/1.1" 404 -
52.167.144.210 - - [11/Mar/2025:16:02:15 +0100] "GET /ticket2/opencms/en/venue/?venueid=51B4DE67-01CA-0B71-9885-4DA0B8DB7CF4 HTTP/1.1" 200 63673
66.249.79.198 - - [11/Mar/2025:16:03:24 +0100] "GET /ticket2/opencms/sv/buy/?comcatid=A17713B6-D984-201A-4143-ED4DB5ED5C2E&catid=08F27F2A-1872-A39F-A97C-63093E77B18A HTTP/1.1" 200 75238
68.183.238.15 - - [11/Mar/2025:16:05:43 +0100] "GET /manager/html HTTP/1.1" 404 -
66.249.79.197 - - [11/Mar/2025:16:06:53 +0100] "GET /ticket2/opencms/sv/buy/?comcatid=A17713B6-D984-201A-4143-ED4DB5ED5C2E&catid=2FC3D548-EAF9-1354-0CD2-7D7619DA2334 HTTP/1.1" 200 75238
66.249.79.198 - - [11/Mar/2025:16:08:31 +0100] "GET /ticket2/opencms/sv/buy/?comcatid=A17713B6-D984-201A-4143-ED4DB5ED5C2E&catid=21C3854B-901E-11F9-7B7D-6838CC6AFAA4 HTTP/1.1" 200 75238
66.249.76.69 - - [11/Mar/2025:16:09:12 +0100] "GET /ticket2/opencms/sv/buy/?comcatid=A17713B6-D984-201A-4143-ED4DB5ED5C2E&catid=5A89E483-58AD-080E-F363-E16CE738916A HTTP/1.1" 200 75249
68.183.238.15 - - [11/Mar/2025:16:09:34 +0100] "GET /manager/html HTTP/1.1" 404 -
66.249.79.199 - - [11/Mar/2025:16:10:40 +0100] "GET /ticket2/opencms/sv/buy/?comcatid=A17713B6-D984-201A-4143-ED4DB5ED5C2E&catid=C48671DB-5AEB-8CE2-928E-38417FFBE085 HTTP/1.1" 200 75243
68.183.238.15 - - [11/Mar/2025:16:13:15 +0100] "GET /manager/html HTTP/1.1" 404 -
66.249.76.69 - - [11/Mar/2025:16:15:37 +0100] "GET /ticket2/opencms/sv/buy/?comcatid=A17713B6-D984-201A-4143-ED4DB5ED5C2E&catid=3B549160-8B9C-E872-44A9-20FEA86B30E8 HTTP/1.1" 200 75243
66.249.76.71 - - [11/Mar/2025:16:16:50 +0100] "GET /ticket2/opencms/sv/buy/?comcatid=A17713B6-D984-201A-4143-ED4DB5ED5C2E&catid=C0DF818C-DB21-6E2E-4056-DB751FFE0C41 HTTP/1.1" 200 75239
66.249.79.198 - - [11/Mar/2025:16:16:59 +0100] "GET /ticket2/opencms/sv/buy/?comcatid=A17713B6-D984-201A-4143-ED4DB5ED5C2E&catid=A3372871-3019-08B8-80CE-74B78F441ACA HTTP/1.1" 200 75242
68.183.238.15 - - [11/Mar/2025:16:17:06 +0100] "GET /manager/html HTTP/1.1" 404 -
66.249.79.199 - - [11/Mar/2025:16:18:15 +0100] "GET /ticket2/opencms/sv/buy/?comcatid=A17713B6-D984-201A-4143-ED4DB5ED5C2E&catid=97608B80-50C4-18AE-7A82-0413C62E9243 HTTP/1.1" 200 75242
66.249.79.197 - - [11/Mar/2025:16:20:14 +0100] "GET /ticket2/opencms/sv/buy/?comcatid=A17713B6-D984-201A-4143-ED4DB5ED5C2E&catid=E92E6B1B-7CD1-74B1-312C-265A7D8125D0 HTTP/1.1" 200 75244
68.183.238.15 - - [11/Mar/2025:16:20:57 +0100] "GET /manager/html HTTP/1.1" 404 -
66.249.79.197 - - [11/Mar/2025:16:22:55 +0100] "GET /ticket2/opencms/en/venue/?countryid=65FCED9C-5C2E-43C2-63C9-AA64AA056E6E HTTP/1.1" 200 93013
66.249.79.199 - - [11/Mar/2025:16:23:54 +0100] "GET /ticket2/opencms/sv/buy/?comcatid=A17713B6-D984-201A-4143-ED4DB5ED5C2E&catid=0A6C99D2-F5BD-7A18-9A5F-5668827042E0 HTTP/1.1" 200 78293
68.183.238.15 - - [11/Mar/2025:16:24:49 +0100] "GET /manager/html HTTP/1.1" 404 -
172.171.245.248 - - [11/Mar/2025:16:25:07 +0100] "GET /ticket2/opencms/actuator/health HTTP/1.1" 404 -
68.183.238.15 - - [11/Mar/2025:16:28:49 +0100] "GET /manager/html HTTP/1.1" 404 -
185.242.226.109 - - [11/Mar/2025:16:32:13 +0100] "GET /ticket2/opencms/favicon.ico HTTP/1.1" 200 1406
185.242.226.109 - - [11/Mar/2025:16:32:13 +0100] "GET /ticket2/opencms/ HTTP/1.1" 302 -
185.242.226.109 - - [11/Mar/2025:16:32:13 +0100] "GET /ticket2/opencms/en/ HTTP/1.1" 200 66763
68.183.238.15 - - [11/Mar/2025:16:32:33 +0100] "GET /manager/html HTTP/1.1" 404 -
68.183.238.15 - - [11/Mar/2025:16:36:18 +0100] "GET /manager/html HTTP/1.1" 404 -
66.249.79.197 - - [11/Mar/2025:16:36:37 +0100] "GET /ticket2/opencms/sv/buy/?comcatid=A17713B6-D984-201A-4143-ED4DB5ED5C2E&catid=573B7747-EE85-D769-C87D-F3F61FB64AA5 HTTP/1.1" 200 75249
66.249.79.197 - - [11/Mar/2025:16:37:24 +0100] "GET /ticket2/opencms/sv/buy/?comcatid=A17713B6-D984-201A-4143-ED4DB5ED5C2E&catid=88C381AD-5D76-A34D-AC15-A7129F8EF5BE HTTP/1.1" 200 75237
38.47.76.131 - - [11/Mar/2025:16:38:36 +0100] "GET /ticket2/opencms/auth.json HTTP/1.1" 404 -
38.47.76.131 - - [11/Mar/2025:16:38:37 +0100] "GET /ticket2/opencms/.git/config HTTP/1.1" 404 -
68.183.238.15 - - [11/Mar/2025:16:40:10 +0100] "GET /manager/html HTTP/1.1" 404 -
66.249.79.198 - - [11/Mar/2025:16:42:41 +0100] "GET /ticket2/opencms/sv/buy/?comcatid=A17713B6-D984-201A-4143-ED4DB5ED5C2E&catid=F03B8ADD-988E-AE6A-8DBA-AF502C691C60 HTTP/1.1" 200 75253
68.183.238.15 - - [11/Mar/2025:16:44:08 +0100] "GET /manager/html HTTP/1.1" 404 -
66.249.79.198 - - [11/Mar/2025:16:45:25 +0100] "GET /ticket2/opencms/sv/buy/?comcatid=A17713B6-D984-201A-4143-ED4DB5ED5C2E&catid=515A9A29-35A0-2DB8-262B-AEF122DB04F6 HTTP/1.1" 200 75243
66.249.79.199 - - [11/Mar/2025:16:46:40 +0100] "GET /ticket2/opencms/sv/buy/?comcatid=A17713B6-D984-201A-4143-ED4DB5ED5C2E&catid=AE3FE643-AE41-BAA6-237D-5206D1B044A1 HTTP/1.1" 200 75243
66.249.79.197 - - [11/Mar/2025:16:47:14 +0100] "GET /ticket2/opencms/sv/buy/?comcatid=A17713B6-D984-201A-4143-ED4DB5ED5C2E&catid=C871EAE3-C584-718A-9795-07CDEF43FA75 HTTP/1.1" 200 75240
68.183.238.15 - - [11/Mar/2025:16:47:53 +0100] "GET /manager/html HTTP/1.1" 404 -
66.249.79.198 - - [11/Mar/2025:16:48:32 +0100] "GET /ticket2/opencms/sv/buy/?comcatid=A17713B6-D984-201A-4143-ED4DB5ED5C2E&catid=061607E6-22B7-6FFA-03FD-A4B8B13A943F HTTP/1.1" 200 75245
66.249.79.198 - - [11/Mar/2025:16:50:44 +0100] "GET /ticket2/opencms/sv/buy/?comcatid=A17713B6-D984-201A-4143-ED4DB5ED5C2E&catid=BE041FBE-C1A7-918C-EB61-99ED02D12F5B HTTP/1.1" 200 75246
68.183.238.15 - - [11/Mar/2025:16:51:50 +0100] "GET /manager/html HTTP/1.1" 404 -
66.249.76.70 - - [11/Mar/2025:16:51:53 +0100] "GET /ticket2/opencms/sv/buy/?comcatid=A17713B6-D984-201A-4143-ED4DB5ED5C2E&catid=64756941-02D2-3538-2077-8C2508F4A3A8 HTTP/1.1" 200 75246
179.43.175.246 - - [11/Mar/2025:16:53:22 +0100] "GET / HTTP/1.1" 404 -
92.255.57.58 - - [11/Mar/2025:16:54:18 +0100] "GET /?XDEBUG_SESSION_START=phpstorm HTTP/1.1" 404 -
68.183.238.15 - - [11/Mar/2025:16:55:45 +0100] "GET /manager/html HTTP/1.1" 404 -
146.190.241.65 - - [11/Mar/2025:16:56:26 +0100] "-" 400 -
66.249.79.197 - - [11/Mar/2025:16:57:43 +0100] "GET /ticket2/opencms/sv/buy/?comcatid=A17713B6-D984-201A-4143-ED4DB5ED5C2E&catid=F2006A3D-5EE0-B40B-5749-60C15271538F HTTP/1.1" 200 75247
66.249.79.199 - - [11/Mar/2025:16:57:44 +0100] "GET /ticket2/opencms/sv/buy/?comcatid=A17713B6-D984-201A-4143-ED4DB5ED5C2E&catid=36394212-F82E-F845-399B-42BED55969CC HTTP/1.1" 200 75241
66.249.79.197 - - [11/Mar/2025:16:58:43 +0100] "GET /ticket2/opencms/sv/buy/?column= HTTP/1.1" 200 65243
66.249.76.69 - - [11/Mar/2025:16:58:58 +0100] "GET /ticket2/opencms/sv/buy/?comcatid=A17713B6-D984-201A-4143-ED4DB5ED5C2E&catid=6E0E0CA4-3F14-9697-92B9-3687047BE453 HTTP/1.1" 200 75248
66.249.76.69 - - [11/Mar/2025:16:59:24 +0100] "GET /ticket2/opencms/en/terms_of_service/ HTTP/1.1" 200 74565
68.183.238.15 - - [11/Mar/2025:16:59:42 +0100] "GET /manager/html HTTP/1.1" 404 -
45.156.129.56 - - [11/Mar/2025:17:00:10 +0100] "GET /ticket2/opencms/ HTTP/1.1" 302 -
45.156.129.56 - - [11/Mar/2025:17:00:11 +0100] "GET /ticket2/opencms/en/ HTTP/1.1" 200 66763
66.249.79.199 - - [11/Mar/2025:17:01:24 +0100] "GET /ticket2/opencms/en/buy/?comcatid=810BB404-4103-77F2-A6C2-12D5E6C338E2 HTTP/1.1" 200 65540
103.203.59.1 - - [11/Mar/2025:17:03:04 +0100] "GET /ticket2/opencms/ HTTP/1.1" 302 -
66.249.79.197 - - [11/Mar/2025:17:03:31 +0100] "GET /ticket2/opencms/en/buy/?comcatid=66708183-7480-3365-06BF-DBF60280AB45 HTTP/1.1" 200 65922
68.183.238.15 - - [11/Mar/2025:17:03:38 +0100] "GET /manager/html HTTP/1.1" 404 -
68.183.238.15 - - [11/Mar/2025:17:07:27 +0100] "GET /manager/html HTTP/1.1" 404 -
68.183.238.15 - - [11/Mar/2025:17:11:15 +0100] "GET /manager/html HTTP/1.1" 404 -
45.116.68.9 - - [11/Mar/2025:17:12:53 +0100] "GET / HTTP/1.1" 404 -
196.251.66.46 - - [11/Mar/2025:17:14:23 +0100] "GET /ticket2/opencms/.git/config HTTP/1.1" 404 -
92.255.57.58 - - [11/Mar/2025:17:14:30 +0100] "GET /actuator/gateway/routes HTTP/1.1" 404 -
68.183.238.15 - - [11/Mar/2025:17:15:08 +0100] "GET /manager/html HTTP/1.1" 404 -
68.183.238.15 - - [11/Mar/2025:17:18:52 +0100] "GET /manager/html HTTP/1.1" 404 -
66.249.79.197 - - [11/Mar/2025:17:20:51 +0100] "GET /ticket2/opencms/en/buy/?comcatid=97ECA65A-72DA-F9AF-9DBB-245D3CFED1BE HTTP/1.1" 200 68872
68.183.238.15 - - [11/Mar/2025:17:22:55 +0100] "GET /manager/html HTTP/1.1" 404 -
68.183.238.15 - - [11/Mar/2025:17:26:42 +0100] "GET /manager/html HTTP/1.1" 404 -
66.249.76.69 - - [11/Mar/2025:17:27:27 +0100] "GET /ticket2/opencms/en/buy/?comcatid=0A6B8208-FDA4-E929-9D72-5312FD481B76 HTTP/1.1" 200 67575
68.183.238.15 - - [11/Mar/2025:17:30:21 +0100] "GET /manager/html HTTP/1.1" 404 -
66.249.79.197 - - [11/Mar/2025:17:33:25 +0100] "GET /ticket2/opencms/en/buy/?comcatid=B41CCF2B-5558-7AEE-3602-09BBDE417D65 HTTP/1.1" 200 66093
68.183.238.15 - - [11/Mar/2025:17:34:19 +0100] "GET /manager/html HTTP/1.1" 404 -
66.249.79.198 - - [11/Mar/2025:17:34:43 +0100] "GET /ticket2/opencms/en/buy/?comcatid=A17713B6-D984-201A-4143-ED4DB5ED5C2E HTTP/1.1" 200 76792
66.249.79.197 - - [11/Mar/2025:17:36:36 +0100] "GET /ticket2/opencms/sv/buy/?page=6&comcatid=97ECA65A-72DA-F9AF-9DBB-245D3CFED1BE&catid=2CCC191C-F37F-B9CA-D41C-1204E575B328 HTTP/1.1" 200 70194
68.183.238.15 - - [11/Mar/2025:17:38:03 +0100] "GET /manager/html HTTP/1.1" 404 -
66.249.79.199 - - [11/Mar/2025:17:39:28 +0100] "GET /ticket2/opencms/sv/buy/?page=6&comcatid=97ECA65A-72DA-F9AF-9DBB-245D3CFED1BE&catid=81B744E7-1FEE-E757-C0AB-C7AF73CDE252 HTTP/1.1" 200 70189
66.249.79.198 - - [11/Mar/2025:17:39:44 +0100] "GET /ticket2/opencms/sv/buy/?page=6&comcatid=97ECA65A-72DA-F9AF-9DBB-245D3CFED1BE&catid=55D1256D-BDD9-CBA3-47A3-0A252F702555 HTTP/1.1" 200 70196
66.249.76.71 - - [11/Mar/2025:17:40:43 +0100] "GET /ticket2/opencms/en/venue/?venueid=51311201-5880-D74E-C1B9-F9DC8FAA206E HTTP/1.1" 200 63613
68.183.238.15 - - [11/Mar/2025:17:41:56 +0100] "GET /manager/html HTTP/1.1" 404 -
66.249.76.71 - - [11/Mar/2025:17:45:27 +0100] "GET /ticket2/opencms/en/venue/?venueid=2CC3C565-7AA7-01B3-4822-8F5EC3F5CADB HTTP/1.1" 200 63651
65.49.1.28 - - [11/Mar/2025:17:45:46 +0100] "GET / HTTP/1.1" 404 -
66.249.76.70 - - [11/Mar/2025:17:45:47 +0100] "GET /ticket2/opencms/en/venue/?venueid=31714C71-62AB-341F-02CF-2D7553D967CB HTTP/1.1" 200 63646
68.183.238.15 - - [11/Mar/2025:17:45:53 +0100] "GET /manager/html HTTP/1.1" 404 -
65.49.1.34 - - [11/Mar/2025:17:46:06 +0100] "GET /favicon.ico HTTP/1.1" 404 -
65.49.1.27 - - [11/Mar/2025:17:46:20 +0100] "GET /?format=json HTTP/1.1" 404 -
65.49.1.28 - - [11/Mar/2025:17:46:27 +0100] "CONNECT www.shadowserver.org:443 HTTP/1.1" 400 -
65.49.1.36 - - [11/Mar/2025:17:46:30 +0100] "GET /geoserver/web/ HTTP/1.1" 404 -
66.249.79.198 - - [11/Mar/2025:17:47:48 +0100] "GET /ticket2/opencms/en/venue/?venueid=CF91071C-3412-BA8E-033B-F6FD610B69D5 HTTP/1.1" 200 63649
68.183.238.15 - - [11/Mar/2025:17:49:45 +0100] "GET /manager/html HTTP/1.1" 404 -
66.249.79.197 - - [11/Mar/2025:17:49:59 +0100] "GET /ticket2/opencms/en/venue/?venueid=0B9975D1-A2ED-D828-2456-3EB94DF3E37F HTTP/1.1" 200 63660
66.249.79.199 - - [11/Mar/2025:17:52:49 +0100] "GET /ticket2/opencms/en/venue/?venueid=B6945CB2-E0A0-4A08-48BD-0C2A2E2927C8 HTTP/1.1" 200 63582
68.183.238.15 - - [11/Mar/2025:17:53:32 +0100] "GET /manager/html HTTP/1.1" 404 -
66.249.79.199 - - [11/Mar/2025:17:55:45 +0100] "GET /ticket2/opencms/en/venue/?venueid=16E0C8F7-C946-BD85-3408-7035EE064BCF HTTP/1.1" 200 63695
66.249.79.198 - - [11/Mar/2025:17:56:42 +0100] "GET /ticket2/opencms/en/venue/?venueid=2ABA9B42-A594-1503-6871-6005D5872901 HTTP/1.1" 200 63636
68.183.238.15 - - [11/Mar/2025:17:57:31 +0100] "GET /manager/html HTTP/1.1" 404 -
66.249.76.70 - - [11/Mar/2025:17:58:23 +0100] "GET /ticket2/opencms/en/venue/?venueid=A18E6B9F-ABE7-577B-3CDD-CFF0ABF1460E HTTP/1.1" 200 63621
64.227.97.195 - - [01/Jan/1970:00:59:59 +0100] "-" 400 -
68.183.238.15 - - [11/Mar/2025:18:01:33 +0100] "GET /manager/html HTTP/1.1" 404 -
66.249.79.198 - - [11/Mar/2025:18:02:41 +0100] "GET /ticket2/opencms/en/venue/?venueid=50DAC20F-40DE-CF88-E5C9-6C2C12662F21 HTTP/1.1" 200 63669
68.183.238.15 - - [11/Mar/2025:18:05:30 +0100] "GET /manager/html HTTP/1.1" 404 -
68.183.238.15 - - [11/Mar/2025:18:09:24 +0100] "GET /manager/html HTTP/1.1" 404 -
66.249.79.197 - - [11/Mar/2025:18:11:27 +0100] "GET /ticket2/opencms/en/venue/?venueid=CD1E4382-C9AC-7735-F8A6-8B8BE4233203 HTTP/1.1" 200 63622
66.249.79.198 - - [11/Mar/2025:18:12:32 +0100] "GET /ticket2/opencms/en/venue/?venueid=C7742FBF-52AC-AE6B-D02B-68464EB70BEB HTTP/1.1" 200 63627
66.249.79.198 - - [11/Mar/2025:18:12:50 +0100] "GET /ticket2/opencms/en/venue/?venueid=8B6B2DCD-4A3D-A699-2105-31175C2D2D0A HTTP/1.1" 200 63648
68.183.238.15 - - [11/Mar/2025:18:13:23 +0100] "GET /manager/html HTTP/1.1" 404 -
51.138.184.110 - - [11/Mar/2025:18:15:57 +0100] "GET / HTTP/1.1" 404 -
66.249.79.198 - - [11/Mar/2025:18:16:43 +0100] "GET /ticket2/opencms/en/venue/?venueid=1D8D6A4F-9ED4-4698-838F-ADCA81DD135B HTTP/1.1" 200 63645
68.183.238.15 - - [11/Mar/2025:18:17:11 +0100] "GET /manager/html HTTP/1.1" 404 -
51.8.102.165 - - [11/Mar/2025:18:19:12 +0100] "GET /ticket2/opencms/robots.txt HTTP/1.1" 304 -
68.183.238.15 - - [11/Mar/2025:18:21:14 +0100] "GET /manager/html HTTP/1.1" 404 -
66.249.79.197 - - [11/Mar/2025:18:24:28 +0100] "GET /ticket2/opencms/en/venue/?venueid=B5895B7A-5394-F998-65EB-0C4A85F1034A HTTP/1.1" 200 63640
68.183.238.15 - - [11/Mar/2025:18:25:03 +0100] "GET /manager/html HTTP/1.1" 404 -
66.249.79.198 - - [11/Mar/2025:18:26:33 +0100] "GET /ticket2/opencms/en/venue/?venueid=D26EFF68-2001-3A5E-1E6D-2A7DCC895275 HTTP/1.1" 200 63610
66.249.79.197 - - [11/Mar/2025:18:26:36 +0100] "GET /ticket2/opencms/en/venue/?venueid=ACC8A459-C50B-8227-22E5-527547E31271 HTTP/1.1" 200 63660
66.249.79.197 - - [11/Mar/2025:18:26:40 +0100] "GET /ticket2/opencms/en/venue/?venueid=D1E3D72D-8E07-9A29-868C-678E69048B2D HTTP/1.1" 200 63642
66.249.79.198 - - [11/Mar/2025:18:27:41 +0100] "GET /ticket2/opencms/en/venue/?venueid=AE59E0F8-4B65-A12C-F3A1-6436CF8F3E4C HTTP/1.1" 200 63642
66.249.76.70 - - [11/Mar/2025:18:27:47 +0100] "GET /ticket2/opencms/en/venue/?venueid=4B0D88EB-7E2A-A891-8EAD-E0241631A72F HTTP/1.1" 200 63618
68.183.238.15 - - [11/Mar/2025:18:28:40 +0100] "GET /manager/html HTTP/1.1" 404 -
68.183.238.15 - - [11/Mar/2025:18:32:16 +0100] "GET /manager/html HTTP/1.1" 404 -
185.91.127.81 - - [11/Mar/2025:18:34:35 +0100] "CONNECT api.ip.pn:443 HTTP/1.1" 400 -
68.183.238.15 - - [11/Mar/2025:18:35:56 +0100] "GET /manager/html HTTP/1.1" 404 -
66.249.79.197 - - [11/Mar/2025:18:36:36 +0100] "GET /ticket2/opencms/en/venue/?venueid=D2C0F5B4-1573-341C-5259-5AC0A43EDC76 HTTP/1.1" 200 63588
66.249.79.197 - - [11/Mar/2025:18:39:47 +0100] "GET /ticket2/opencms/en/venue/?venueid=7AC4544E-68B6-072F-C815-86F75E4EE456 HTTP/1.1" 200 63718
66.249.79.198 - - [11/Mar/2025:18:39:53 +0100] "GET /ticket2/opencms/en/venue/?venueid=8F5E4425-8141-7E8A-A807-2D9CCA042D40 HTTP/1.1" 200 63636
68.183.238.15 - - [11/Mar/2025:18:40:13 +0100] "GET /manager/html HTTP/1.1" 404 -
66.249.76.70 - - [11/Mar/2025:18:41:52 +0100] "GET /ticket2/opencms/en/venue/?venueid=F8EFDBCE-B1FF-C34F-BAE0-79E90F8EC2C1 HTTP/1.1" 200 63669
66.249.76.70 - - [11/Mar/2025:18:43:50 +0100] "GET /ticket2/opencms/en/venue/?venueid=35F2C0FD-2AD5-32E8-D68C-01A0719CB745 HTTP/1.1" 200 63649
68.183.238.15 - - [11/Mar/2025:18:44:05 +0100] "GET /manager/html HTTP/1.1" 404 -
66.249.79.199 - - [11/Mar/2025:18:44:40 +0100] "GET /ticket2/opencms/en/venue/?venueid=43E46141-15E1-3762-0B24-518B95D780B0 HTTP/1.1" 200 63636
66.249.79.197 - - [11/Mar/2025:18:46:13 +0100] "GET /ticket2/opencms/en/venue/?venueid=E3ABC6CE-4A60-827E-3753-FDF36F1A3D41 HTTP/1.1" 200 63615
66.249.76.70 - - [11/Mar/2025:18:46:59 +0100] "GET /ticket2/opencms/en/venue/?venueid=3CE0E128-5996-3CEF-9D6D-3E9490863BCD HTTP/1.1" 200 63643
68.183.238.15 - - [11/Mar/2025:18:47:42 +0100] "GET /manager/html HTTP/1.1" 404 -
66.249.76.69 - - [11/Mar/2025:18:48:14 +0100] "GET /ticket2/opencms/en/venue/?venueid=BD2383E2-D470-0DE4-1584-B3BAF90D1F5C HTTP/1.1" 200 63601
68.183.238.15 - - [11/Mar/2025:18:51:24 +0100] "GET /manager/html HTTP/1.1" 404 -
66.249.76.71 - - [11/Mar/2025:18:51:41 +0100] "GET /ticket2/opencms/en/venue/?venueid=4C9467B2-6A62-2081-D8AE-397B47B3C12E HTTP/1.1" 200 63642
68.183.238.15 - - [11/Mar/2025:18:55:09 +0100] "GET /manager/html HTTP/1.1" 404 -
68.183.238.15 - - [11/Mar/2025:18:58:54 +0100] "GET /manager/html HTTP/1.1" 404 -
66.249.79.197 - - [11/Mar/2025:19:01:28 +0100] "GET /ticket2/opencms/en/venue/?venueid=D1E3CA2F-D440-9494-7505-2287047FEB0E HTTP/1.1" 200 63689
68.183.238.15 - - [11/Mar/2025:19:02:44 +0100] "GET /manager/html HTTP/1.1" 404 -
196.251.71.106 - - [11/Mar/2025:19:03:26 +0100] "GET /ticket2/opencms/.env HTTP/1.1" 404 -
66.249.79.199 - - [11/Mar/2025:19:03:33 +0100] "GET /ticket2/opencms/en/venue/?venueid=7E3A2D74-DA88-871F-895E-1180E253F56F HTTP/1.1" 200 63624
66.249.79.197 - - [11/Mar/2025:19:04:14 +0100] "GET /ticket2/opencms/en/venue/?venueid=3A97A88C-6372-9F8E-F130-07FEF2F49EA5 HTTP/1.1" 200 63646
68.183.238.15 - - [11/Mar/2025:19:06:21 +0100] "GET /manager/html HTTP/1.1" 404 -
141.98.11.97 - - [11/Mar/2025:19:06:53 +0100] "GET / HTTP/1.1" 404 -
172.203.233.78 - - [11/Mar/2025:19:06:53 +0100] "GET / HTTP/1.1" 404 -
66.249.76.69 - - [11/Mar/2025:19:07:44 +0100] "GET /ticket2/opencms/en/venue/?venueid=E2096692-E58C-A2FC-0C2A-16356E3525BF HTTP/1.1" 200 63612
66.249.76.69 - - [11/Mar/2025:19:07:47 +0100] "GET /ticket2/opencms/en/venue/?venueid=D8B88429-6D57-5D8C-1F51-7CCD8B6C0D54 HTTP/1.1" 200 63609
68.183.238.15 - - [11/Mar/2025:19:10:01 +0100] "GET /manager/html HTTP/1.1" 404 -
167.99.131.124 - - [11/Mar/2025:19:10:34 +0100] "GET / HTTP/1.1" 404 -
66.249.79.198 - - [11/Mar/2025:19:12:45 +0100] "GET /ticket2/opencms/en/venue/?venueid=BDC9D29C-8F6E-EC95-33C8-597D26A28E7C HTTP/1.1" 200 63628
66.249.76.71 - - [11/Mar/2025:19:13:26 +0100] "GET /ticket2/opencms/en/venue/?venueid=C193D8AF-9A65-C470-2EE4-1ED9D3240C58 HTTP/1.1" 200 63678
68.183.238.15 - - [11/Mar/2025:19:13:50 +0100] "GET /manager/html HTTP/1.1" 404 -
66.249.79.198 - - [11/Mar/2025:19:14:59 +0100] "GET /ticket2/opencms/en/venue/?venueid=F559DC88-543C-9BE7-D4C6-F477D1C58CD9 HTTP/1.1" 200 63607
66.249.79.198 - - [11/Mar/2025:19:15:13 +0100] "GET /ticket2/opencms/en/venue/?venueid=1E6F661B-8D12-844B-5F2D-01422A9038BD HTTP/1.1" 200 63657
66.249.76.69 - - [11/Mar/2025:19:16:41 +0100] "GET /ticket2/opencms/en/venue/?venueid=ABB5C55A-BFE4-73F4-5E75-29A7F89A5077 HTTP/1.1" 200 63633
68.183.238.15 - - [11/Mar/2025:19:17:44 +0100] "GET /manager/html HTTP/1.1" 404 -
66.249.79.199 - - [11/Mar/2025:19:18:13 +0100] "GET /ticket2/opencms/en/venue/?venueid=1D111B68-FF2E-F846-9D39-C347310597D3 HTTP/1.1" 200 63601
66.249.79.199 - - [11/Mar/2025:19:18:43 +0100] "GET /ticket2/opencms/en/venue/?venueid=E6FE59B7-6C05-A916-C36D-3FBE31FFEED3 HTTP/1.1" 200 63610
68.183.238.15 - - [11/Mar/2025:19:21:27 +0100] "GET /manager/html HTTP/1.1" 404 -
68.183.238.15 - - [11/Mar/2025:19:25:11 +0100] "GET /manager/html HTTP/1.1" 404 -
66.249.79.197 - - [11/Mar/2025:19:26:14 +0100] "GET /ticket2/opencms/en/venue/?venueid=255EC0A2-CFF1-A438-835D-B03A710178CE HTTP/1.1" 200 63600
68.183.238.15 - - [11/Mar/2025:19:29:01 +0100] "GET /manager/html HTTP/1.1" 404 -
51.138.188.120 - - [11/Mar/2025:19:31:08 +0100] "GET /ticket2/opencms/ HTTP/1.1" 302 -
51.138.188.120 - - [11/Mar/2025:19:31:08 +0100] "GET /ticket2/opencms/en/ HTTP/1.1" 200 66763
68.183.238.15 - - [11/Mar/2025:19:32:41 +0100] "GET /manager/html HTTP/1.1" 404 -
66.249.79.197 - - [11/Mar/2025:19:32:41 +0100] "GET /ticket2/opencms/en/venue/?venueid=CF199113-9939-2152-B2AE-8CCA2EF584FF HTTP/1.1" 200 63619
66.249.79.198 - - [11/Mar/2025:19:32:53 +0100] "GET /ticket2/opencms/en/venue/?venueid=D10220DB-AAF6-E84A-D2D4-5A9FE554E837 HTTP/1.1" 200 63643
68.183.238.15 - - [11/Mar/2025:19:36:41 +0100] "GET /manager/html HTTP/1.1" 404 -
66.249.76.69 - - [11/Mar/2025:19:40:14 +0100] "GET /ticket2/opencms/en/venue/?venueid=7C4E533F-2F12-6B17-62E3-200FFD253387 HTTP/1.1" 200 63592
68.183.238.15 - - [11/Mar/2025:19:40:24 +0100] "GET /manager/html HTTP/1.1" 404 -
66.249.79.199 - - [11/Mar/2025:19:42:58 +0100] "GET /ticket2/opencms/en/venue/?venueid=FA1F63EA-EA54-4899-F30D-0FB3D87C3647 HTTP/1.1" 200 63676
68.183.238.15 - - [11/Mar/2025:19:44:07 +0100] "GET /manager/html HTTP/1.1" 404 -
66.249.79.199 - - [11/Mar/2025:19:44:26 +0100] "GET /ticket2/opencms/en/venue/?venueid=2D39E46D-1A00-918A-79A1-577BDF40C861 HTTP/1.1" 200 63625
66.249.79.197 - - [11/Mar/2025:19:46:36 +0100] "GET /ticket2/opencms/en/venue/?venueid=4455CA08-4C9A-150A-70CE-D4B8FC02B91F HTTP/1.1" 200 63669
66.249.79.198 - - [11/Mar/2025:19:46:42 +0100] "GET /ticket2/opencms/en/venue/?venueid=67AF8090-FC23-3E8E-CD6F-9207EBD4436E HTTP/1.1" 200 63591
66.249.76.70 - - [11/Mar/2025:19:47:47 +0100] "GET /ticket2/opencms/en/venue/?venueid=4281EF24-819D-10DB-AFDA-8A385BCC22F4 HTTP/1.1" 200 63639
68.183.238.15 - - [11/Mar/2025:19:48:02 +0100] "GET /manager/html HTTP/1.1" 404 -
66.249.79.199 - - [11/Mar/2025:19:50:14 +0100] "GET /ticket2/opencms/en/venue/?venueid=279B18FD-4210-8852-93EB-A84B5C61044A HTTP/1.1" 200 63636
68.183.238.15 - - [11/Mar/2025:19:51:35 +0100] "GET /manager/html HTTP/1.1" 404 -
66.249.79.198 - - [11/Mar/2025:19:51:50 +0100] "GET /ticket2/opencms/en/venue/?venueid=EEE1683D-7711-CA74-6939-E0BA59258A12 HTTP/1.1" 200 63661
66.249.79.198 - - [11/Mar/2025:19:52:24 +0100] "GET /ticket2/opencms/en/venue/?venueid=25E57B40-ECCD-14A3-704C-5A0B3153DBF3 HTTP/1.1" 200 63630
66.249.79.198 - - [11/Mar/2025:19:52:25 +0100] "GET /ticket2/opencms/en/venue/?venueid=58271F11-7BB1-711A-F32D-E763F26DC1E9 HTTP/1.1" 200 63636
68.183.238.15 - - [11/Mar/2025:19:55:18 +0100] "GET /manager/html HTTP/1.1" 404 -
185.91.127.81 - - [11/Mar/2025:19:55:23 +0100] "CONNECT api.ip.pn:443 HTTP/1.1" 400 -
66.249.76.70 - - [11/Mar/2025:19:56:32 +0100] "GET /ticket2/opencms/en/venue/?venueid=E9425025-3A6C-E9E0-2AE1-FBD6D1B8F3B9 HTTP/1.1" 200 63622
66.249.79.197 - - [11/Mar/2025:19:56:48 +0100] "GET /ticket2/opencms/en/venue/?venueid=0C57D9A1-BFBB-6B50-BD26-F99F2EBC7C94 HTTP/1.1" 200 63712
66.249.79.198 - - [11/Mar/2025:19:57:36 +0100] "GET /ticket2/opencms/en/venue/?venueid=D1B15D6A-DFE3-C6C9-6105-566E2A2AD03F HTTP/1.1" 200 63686
66.249.79.197 - - [11/Mar/2025:19:57:37 +0100] "GET /ticket2/opencms/en/venue/?venueid=CC8EBEE0-20C4-450E-B0B6-DECB88FE890B HTTP/1.1" 200 63652
66.249.79.197 - - [11/Mar/2025:19:57:59 +0100] "GET /ticket2/opencms/en/venue/?venueid=219A19CA-D032-AF7E-C5AA-5DAE1D07CFCF HTTP/1.1" 200 63649
66.249.76.70 - - [11/Mar/2025:19:58:37 +0100] "GET /ticket2/opencms/en/venue/?venueid=5656BFDD-7249-1ADA-776A-F31C05AE5BA2 HTTP/1.1" 200 63690
68.183.238.15 - - [11/Mar/2025:19:59:04 +0100] "GET /manager/html HTTP/1.1" 404 -
66.249.79.197 - - [11/Mar/2025:20:00:43 +0100] "GET /ticket2/opencms/en/venue/?venueid=A4367703-073E-F76C-5F55-E3DF7EEAE484 HTTP/1.1" 200 63627
68.183.238.15 - - [11/Mar/2025:20:02:51 +0100] "GET /manager/html HTTP/1.1" 404 -
66.249.76.69 - - [11/Mar/2025:20:05:47 +0100] "GET /ticket2/opencms/en/venue/?venueid=EB773635-94F3-7E6F-AC1A-743B06E63C1C HTTP/1.1" 200 63654
68.183.238.15 - - [11/Mar/2025:20:06:43 +0100] "GET /manager/html HTTP/1.1" 404 -
66.249.79.199 - - [11/Mar/2025:20:10:09 +0100] "GET /ticket2/opencms/sv/sport/fotbollsbiljetter/ligue_1/bordeaux/ HTTP/1.1" 200 69791
66.249.79.197 - - [11/Mar/2025:20:10:13 +0100] "GET /ticket2/opencms/system/modules/com.gridnine.opencms.ticketbrokerage.site/resources/js/calendar-setup.js HTTP/1.1" 200 4923
66.249.79.197 - - [11/Mar/2025:20:10:13 +0100] "GET /ticket2/opencms/system/modules/com.gridnine.opencms.ticketbrokerage.site/resources/js/common-ajax.js HTTP/1.1" 200 20175
68.183.238.15 - - [11/Mar/2025:20:10:23 +0100] "GET /manager/html HTTP/1.1" 404 -
66.249.79.198 - - [11/Mar/2025:20:10:59 +0100] "GET /ticket2/opencms/en/venue/?venueid=1BBA4161-876F-505A-41A9-3DCAB11C11AD HTTP/1.1" 200 63616
66.249.79.198 - - [11/Mar/2025:20:12:58 +0100] "GET /ticket2/opencms/en/venue/?venueid=D7CC1908-9B64-88E2-CBC1-94080245C38F HTTP/1.1" 200 63612
68.183.238.15 - - [11/Mar/2025:20:14:25 +0100] "GET /manager/html HTTP/1.1" 404 -
66.249.79.198 - - [11/Mar/2025:20:14:26 +0100] "GET /ticket2/opencms/en/venue/?venueid=04EBBB82-240A-AF8F-DA1F-896AD50040B5 HTTP/1.1" 200 63613
157.55.39.204 - - [11/Mar/2025:20:15:06 +0100] "GET /ticket2/opencms/en/venue/?countryid=2FA5524A-D842-525C-9D6C-F790BA0272FC HTTP/1.1" 200 93013
66.249.76.69 - - [11/Mar/2025:20:15:34 +0100] "GET /ticket2/opencms/en/venue/?venueid=78FDA09C-41E1-3EB5-FA25-29EBD1B668CE HTTP/1.1" 200 63666
68.183.238.15 - - [11/Mar/2025:20:18:19 +0100] "GET /manager/html HTTP/1.1" 404 -
66.249.79.197 - - [11/Mar/2025:20:21:36 +0100] "GET /ticket2/opencms/en/venue/?venueid=BDC122B7-07E3-B2DA-27F2-6C9BA9CA15EB HTTP/1.1" 200 63708
68.183.238.15 - - [11/Mar/2025:20:22:04 +0100] "GET /manager/html HTTP/1.1" 404 -
66.240.236.116 - - [11/Mar/2025:20:25:36 +0100] "GET /ticket2/opencms/ HTTP/1.1" 302 -
170.187.151.79 - - [11/Mar/2025:20:25:38 +0100] "GET /ticket2/opencms/auth.html HTTP/1.1" 404 -
170.187.151.79 - - [11/Mar/2025:20:25:38 +0100] "GET /ticket2/opencms/ HTTP/1.1" 302 -
170.187.151.79 - - [11/Mar/2025:20:25:38 +0100] "GET /ticket2/opencms/sslvpnLogin.html HTTP/1.1" 404 -
170.187.151.79 - - [11/Mar/2025:20:25:38 +0100] "GET /ticket2/opencms/auth1.html HTTP/1.1" 404 -
170.187.151.79 - - [11/Mar/2025:20:25:38 +0100] "GET /ticket2/opencms/api/sonicos/tfa HTTP/1.1" 404 -
170.187.151.79 - - [11/Mar/2025:20:25:38 +0100] "GET /ticket2/opencms/api/sonicos/auth HTTP/1.1" 404 -
170.187.151.79 - - [11/Mar/2025:20:25:39 +0100] "GET /ticket2/opencms/en/ HTTP/1.1" 200 66763
68.183.238.15 - - [11/Mar/2025:20:25:57 +0100] "GET /manager/html HTTP/1.1" 404 -
66.249.79.198 - - [11/Mar/2025:20:26:31 +0100] "GET /ticket2/opencms/en/venue/?venueid=E8185E56-FFAF-A64F-92CD-A3B859A1CE98 HTTP/1.1" 200 63624
68.183.238.15 - - [11/Mar/2025:20:29:32 +0100] "GET /manager/html HTTP/1.1" 404 -
66.249.79.197 - - [11/Mar/2025:20:30:42 +0100] "GET /ticket2/opencms/en/venue/?venueid=A1666C8B-D5BA-A589-2015-C0D802A28414 HTTP/1.1" 200 63618
167.99.113.81 - - [11/Mar/2025:20:31:56 +0100] "GET /ticket2/opencms/ HTTP/1.1" 302 -
68.183.238.15 - - [11/Mar/2025:20:33:19 +0100] "GET /manager/html HTTP/1.1" 404 -
66.249.76.70 - - [11/Mar/2025:20:33:47 +0100] "GET /ticket2/opencms/en/venue/?venueid=B894268C-0147-908A-EB38-2DA2340DCC68 HTTP/1.1" 200 63710
68.183.238.15 - - [11/Mar/2025:20:36:56 +0100] "GET /manager/html HTTP/1.1" 404 -
66.249.76.70 - - [11/Mar/2025:20:39:55 +0100] "GET /ticket2/opencms/en/venue/?venueid=FE687578-641E-3F09-3462-AE6F5429E92A HTTP/1.1" 200 63624
66.249.76.70 - - [11/Mar/2025:20:39:58 +0100] "GET /ticket2/opencms/en/venue/?venueid=2BB1A567-8116-6277-46C8-9A4B7BC95101 HTTP/1.1" 200 63609
66.249.79.199 - - [11/Mar/2025:20:40:26 +0100] "GET /ticket2/opencms/en/venue/?venueid=5FD2FED0-DB89-FAFA-1927-AF1A95DA13A5 HTTP/1.1" 200 63615
68.183.238.15 - - [11/Mar/2025:20:40:42 +0100] "GET /manager/html HTTP/1.1" 404 -
109.236.61.95 - - [11/Mar/2025:20:43:17 +0100] "??%{ "Ret" : 100, "SessionID" : "0x0" }" 400 -
185.242.226.109 - - [11/Mar/2025:20:44:25 +0100] "GET /ticket2/opencms/ HTTP/1.1" 302 -
185.242.226.109 - - [11/Mar/2025:20:44:26 +0100] "GET /ticket2/opencms/en/ HTTP/1.1" 200 66763
68.183.238.15 - - [11/Mar/2025:20:44:38 +0100] "GET /manager/html HTTP/1.1" 404 -
66.249.79.198 - - [11/Mar/2025:20:47:24 +0100] "GET /ticket2/opencms/en/venue/?venueid=2A1F7458-E62C-56A4-0001-4FFC2E2DB7CB HTTP/1.1" 200 63598
78.108.177.50 - - [11/Mar/2025:20:47:28 +0100] "GET / HTTP/1.0" 404 -
68.183.238.15 - - [11/Mar/2025:20:48:24 +0100] "GET /manager/html HTTP/1.1" 404 -
104.248.174.240 - - [11/Mar/2025:20:49:05 +0100] "GET /ticket2/opencms/.env HTTP/1.1" 404 -
68.183.238.15 - - [11/Mar/2025:20:52:20 +0100] "GET /manager/html HTTP/1.1" 404 -
66.249.79.198 - - [11/Mar/2025:20:52:49 +0100] "GET /ticket2/opencms/en/venue/?venueid=E1C1AF0B-A1AF-29FD-C99C-5BA6293FC199 HTTP/1.1" 200 63625
68.183.238.15 - - [11/Mar/2025:20:56:10 +0100] "GET /manager/html HTTP/1.1" 404 -
66.249.79.199 - - [11/Mar/2025:20:58:32 +0100] "GET /ticket2/opencms/en/venue/?venueid=ABC7629B-B021-7AD9-E5DF-AEB2627ACD68 HTTP/1.1" 200 63633
68.183.238.15 - - [11/Mar/2025:21:00:01 +0100] "GET /manager/html HTTP/1.1" 404 -
66.249.79.198 - - [11/Mar/2025:21:00:42 +0100] "GET /ticket2/opencms/en/venue/?venueid=36573C6C-47C8-2165-EDCA-81C43CECFB43 HTTP/1.1" 200 63585
68.183.238.15 - - [11/Mar/2025:21:03:50 +0100] "GET /manager/html HTTP/1.1" 404 -
68.183.238.15 - - [11/Mar/2025:21:07:31 +0100] "GET /manager/html HTTP/1.1" 404 -
68.183.238.15 - - [11/Mar/2025:21:11:18 +0100] "GET /manager/html HTTP/1.1" 404 -
66.249.79.199 - - [11/Mar/2025:21:14:56 +0100] "GET /ticket2/opencms/en/venue/?venueid=B0F87075-ACFA-3C5F-D431-FC592DAB148B HTTP/1.1" 200 63639
68.183.238.15 - - [11/Mar/2025:21:15:01 +0100] "GET /manager/html HTTP/1.1" 404 -
68.183.238.15 - - [11/Mar/2025:21:18:48 +0100] "GET /manager/html HTTP/1.1" 404 -
114.119.139.246 - - [11/Mar/2025:21:21:08 +0100] "GET /ticket2/opencms/robots.txt HTTP/1.1" 200 773
68.183.238.15 - - [11/Mar/2025:21:22:33 +0100] "GET /manager/html HTTP/1.1" 404 -
66.249.79.197 - - [11/Mar/2025:21:25:33 +0100] "GET /ticket2/opencms/en/venue/?venueid=500BC477-83DB-4098-EE3E-1AC6E6FE1016 HTTP/1.1" 200 63600
66.249.79.197 - - [11/Mar/2025:21:25:44 +0100] "GET /ticket2/opencms/en/venue/?venueid=F8EE04D9-FF8B-E586-DEA9-50570FBD5731 HTTP/1.1" 200 63625
68.183.238.15 - - [11/Mar/2025:21:26:26 +0100] "GET /manager/html HTTP/1.1" 404 -
66.249.76.70 - - [11/Mar/2025:21:26:27 +0100] "GET /ticket2/opencms/en/venue/?venueid=206ACBCE-F23A-1697-D12B-15E9F015565F HTTP/1.1" 200 63661
66.249.79.199 - - [11/Mar/2025:21:27:32 +0100] "GET /ticket2/opencms/en/venue/?venueid=EC472EA6-DB5A-9847-3498-3E97CC377FD4 HTTP/1.1" 200 63627
66.249.76.70 - - [11/Mar/2025:21:28:47 +0100] "GET /ticket2/opencms/robots.txt HTTP/1.1" 200 773
66.249.79.199 - - [11/Mar/2025:21:28:48 +0100] "GET /ticket2/opencms/en/venue/?venueid=74E93720-C3FA-2F30-0F46-87134F9A6B90 HTTP/1.1" 200 63612
66.249.79.197 - - [11/Mar/2025:21:29:37 +0100] "GET /ticket2/opencms/en/venue/?venueid=70DCD869-5BA7-F3C6-AAAA-0FB61E169734 HTTP/1.1" 200 63600
68.183.238.15 - - [11/Mar/2025:21:30:13 +0100] "GET /manager/html HTTP/1.1" 404 -
68.183.238.15 - - [11/Mar/2025:21:34:08 +0100] "GET /manager/html HTTP/1.1" 404 -
66.249.79.197 - - [11/Mar/2025:21:37:24 +0100] "GET /ticket2/opencms/robots.txt HTTP/1.1" 200 773
66.249.79.199 - - [11/Mar/2025:21:37:25 +0100] "GET /ticket2/opencms/en/venue/?venueid=AEBDE4BB-8DCC-3391-E627-DEA59986D788 HTTP/1.1" 200 63654
66.249.79.198 - - [11/Mar/2025:21:37:28 +0100] "GET /ticket2/opencms/en/venue/?venueid=7BE3C2C4-D724-A14C-90CC-9D0A992F74AC HTTP/1.1" 200 63612
68.183.238.15 - - [11/Mar/2025:21:37:52 +0100] "GET /manager/html HTTP/1.1" 404 -
152.42.172.197 - - [11/Mar/2025:21:40:37 +0100] "GET /ticket2/opencms/ab2g HTTP/1.1" 404 -
152.42.172.197 - - [11/Mar/2025:21:40:38 +0100] "GET /ticket2/opencms/ab2h HTTP/1.1" 404 -
152.42.172.197 - - [11/Mar/2025:21:40:39 +0100] "GET /ticket2/opencms/alive.php HTTP/1.1" 404 -
152.42.172.197 - - [11/Mar/2025:21:40:45 +0100] "GET /ticket2/opencms/ HTTP/1.1" 302 -
152.42.172.197 - - [11/Mar/2025:21:40:47 +0100] "GET /ticket2/opencms/t4 HTTP/1.1" 404 -
152.42.172.197 - - [11/Mar/2025:21:40:48 +0100] "GET /ticket2/opencms/favicon.ico HTTP/1.1" 200 1406
152.42.172.197 - - [11/Mar/2025:21:40:49 +0100] "GET /ticket2/opencms/ HTTP/1.1" 302 -
152.42.172.197 - - [11/Mar/2025:21:40:51 +0100] "GET /ticket2/opencms/teorema505?t=1 HTTP/1.1" 404 -
68.183.238.15 - - [11/Mar/2025:21:41:38 +0100] "GET /manager/html HTTP/1.1" 404 -
66.249.79.199 - - [11/Mar/2025:21:43:36 +0100] "GET /ticket2/opencms/en/venue/?venueid=58B4DCF4-B9EB-0383-CA2D-EA5126921C04 HTTP/1.1" 200 63622
68.183.238.15 - - [11/Mar/2025:21:45:29 +0100] "GET /manager/html HTTP/1.1" 404 -
68.183.238.15 - - [11/Mar/2025:21:49:14 +0100] "GET /manager/html HTTP/1.1" 404 -
68.183.238.15 - - [11/Mar/2025:21:53:02 +0100] "GET /manager/html HTTP/1.1" 404 -
68.183.238.15 - - [11/Mar/2025:21:56:45 +0100] "GET /manager/html HTTP/1.1" 404 -
114.119.141.152 - - [11/Mar/2025:21:57:53 +0100] "GET /ticket2/opencms/robots.txt HTTP/1.1" 200 773
195.178.110.163 - - [11/Mar/2025:21:58:52 +0100] "GET /ticket2/opencms/ HTTP/1.1" 302 -
195.178.110.163 - - [11/Mar/2025:21:58:52 +0100] "GET /ticket2/opencms/build/.env HTTP/1.1" 404 -
195.178.110.163 - - [11/Mar/2025:21:58:53 +0100] "GET /ticket2/opencms/app/.git/config HTTP/1.1" 404 -
195.178.110.163 - - [11/Mar/2025:21:58:53 +0100] "GET /ticket2/opencms/.env.staging.local HTTP/1.1" 404 -
66.249.79.198 - - [11/Mar/2025:22:00:15 +0100] "GET /ticket2/opencms/en/venue/?venueid=2EFE9339-3EE6-E1A3-A76E-4A84BA1E2E4F HTTP/1.1" 200 63657
68.183.238.15 - - [11/Mar/2025:22:00:32 +0100] "GET /manager/html HTTP/1.1" 404 -
45.148.10.90 - - [11/Mar/2025:22:01:01 +0100] "GET /ticket2/opencms/ HTTP/1.1" 302 -
45.148.10.90 - - [11/Mar/2025:22:01:01 +0100] "GET /ticket2/opencms/ci/cd/.git/config HTTP/1.1" 404 -
45.148.10.90 - - [11/Mar/2025:22:01:03 +0100] "GET /ticket2/opencms/.git/config HTTP/1.1" 404 -
45.148.10.90 - - [11/Mar/2025:22:01:03 +0100] "GET /ticket2/opencms/modules/db/.git/config HTTP/1.1" 404 -
45.148.10.90 - - [11/Mar/2025:22:01:03 +0100] "GET /ticket2/opencms/public_html/.git/config HTTP/1.1" 404 -
45.148.10.90 - - [11/Mar/2025:22:01:04 +0100] "GET /ticket2/opencms/templates/.git/config HTTP/1.1" 404 -
45.148.10.90 - - [11/Mar/2025:22:01:04 +0100] "GET /ticket2/opencms/modules/utils/.git/config HTTP/1.1" 404 -
45.148.10.90 - - [11/Mar/2025:22:01:05 +0100] "GET /ticket2/opencms/backup/.env HTTP/1.1" 404 -
66.249.76.71 - - [11/Mar/2025:22:03:44 +0100] "GET /ticket2/opencms/en/venue/?countryid=2128D928-AF01-02A6-37BC-B4E1584F8291 HTTP/1.1" 200 93013
68.183.238.15 - - [11/Mar/2025:22:04:30 +0100] "GET /manager/html HTTP/1.1" 404 -
66.249.79.197 - - [11/Mar/2025:22:06:24 +0100] "GET /ticket2/opencms/en/venue/?venueid=167BF5C0-6635-8C74-B6D3-DD0AC3DE5519 HTTP/1.1" 200 63672
68.183.238.15 - - [11/Mar/2025:22:08:12 +0100] "GET /manager/html HTTP/1.1" 404 -
195.178.110.163 - - [11/Mar/2025:22:11:45 +0100] "??ae? ???,h???yv??Q?][??G?t ??:?R?G_?kP_???}&,