68.183.238.15 - - [10/Mar/2025:00:00:02 +0100] "GET /manager/html HTTP/1.1" 404 -
66.249.79.199 - - [10/Mar/2025:00:02:42 +0100] "GET /ticket2/opencms/sv/selling_tickets/ HTTP/1.1" 200 65394
68.183.238.15 - - [10/Mar/2025:00:03:33 +0100] "GET /manager/html HTTP/1.1" 404 -
68.183.238.15 - - [10/Mar/2025:00:07:02 +0100] "GET /manager/html HTTP/1.1" 404 -
66.249.76.69 - - [10/Mar/2025:00:07:41 +0100] "GET /ticket2/opencms/en/venue/?venueid=09E03E16-187C-4DF2-8E48-7E3967D626E7 HTTP/1.1" 200 63628
66.249.79.197 - - [10/Mar/2025:00:08:27 +0100] "GET /ticket2/opencms/en/venue/?venueid=0A150E76-62F4-C52C-086E-D4CAD50B046E HTTP/1.1" 200 63625
66.249.79.198 - - [10/Mar/2025:00:08:43 +0100] "GET /ticket2/opencms/en/venue/?venueid=8C459824-0791-C4B3-96A5-E2175298EB51 HTTP/1.1" 200 63613
66.249.79.198 - - [10/Mar/2025:00:09:35 +0100] "GET /ticket2/opencms/en/venue/?venueid=C0F938D7-4DFA-1781-F9B4-CE387BBF9E3B HTTP/1.1" 200 63678
68.183.238.15 - - [10/Mar/2025:00:10:24 +0100] "GET /manager/html HTTP/1.1" 404 -
66.249.79.199 - - [10/Mar/2025:00:10:43 +0100] "GET /ticket2/opencms/sv/buy/?comcatid=A17713B6-D984-201A-4143-ED4DB5ED5C2E&catid=A7674DEA-B39E-502C-2F76-760AE08947E9 HTTP/1.1" 200 75241
66.249.79.197 - - [10/Mar/2025:00:10:47 +0100] "GET /ticket2/opencms/en/venue/?venueid=BE099EDC-92F5-295D-5F82-387E8463882F HTTP/1.1" 200 63646
66.249.79.198 - - [10/Mar/2025:00:12:24 +0100] "GET /ticket2/opencms/en/venue/?venueid=8682E816-1238-F4DA-A108-AC8CA9D6A4AD HTTP/1.1" 200 63663
66.249.79.197 - - [10/Mar/2025:00:12:40 +0100] "GET /ticket2/opencms/en/venue/?venueid=3ED5EA9D-5706-84F2-16D2-FC98CC15FF4D HTTP/1.1" 200 63634
66.249.76.69 - - [10/Mar/2025:00:13:26 +0100] "GET /ticket2/opencms/en/venue/?venueid=5E03C312-201F-EA86-FC06-30C04764E9A3 HTTP/1.1" 200 63631
66.249.79.198 - - [10/Mar/2025:00:13:52 +0100] "GET /ticket2/opencms/en/venue/?venueid=CECD7212-C0C4-A2C4-7CE4-4BCC2D51A2B1 HTTP/1.1" 200 63679
68.183.238.15 - - [10/Mar/2025:00:14:07 +0100] "GET /manager/html HTTP/1.1" 404 -
66.249.79.198 - - [10/Mar/2025:00:15:31 +0100] "GET /ticket2/opencms/en/venue/?venueid=E68A45BC-0CBA-4CB6-8ECD-A427173821D5 HTTP/1.1" 200 63616
66.249.76.71 - - [10/Mar/2025:00:17:40 +0100] "GET /ticket2/opencms/en/venue/?venueid=A9729561-0F30-059F-16C0-B98F2DEFE27A HTTP/1.1" 200 63664
68.183.238.15 - - [10/Mar/2025:00:17:45 +0100] "GET /manager/html HTTP/1.1" 404 -
66.249.79.198 - - [10/Mar/2025:00:19:30 +0100] "GET /ticket2/opencms/en/venue/?venueid=9113985D-44E1-D6AA-8893-307E961DB223 HTTP/1.1" 200 63685
68.183.238.15 - - [10/Mar/2025:00:21:10 +0100] "GET /manager/html HTTP/1.1" 404 -
66.249.76.71 - - [10/Mar/2025:00:21:35 +0100] "GET /ticket2/opencms/en/venue/?venueid=176D3FFD-8008-78D4-93A3-4EAE24F36FFF HTTP/1.1" 200 63822
66.249.79.197 - - [10/Mar/2025:00:21:42 +0100] "GET /ticket2/opencms/en/affiliateprogram.html HTTP/1.1" 200 63934
66.249.76.69 - - [10/Mar/2025:00:21:46 +0100] "GET /ticket2/opencms/en/search.html?searchQuery=liverpool&submit= HTTP/1.1" 200 85794
66.249.76.70 - - [10/Mar/2025:00:23:43 +0100] "GET /ticket2/opencms/sv/buy/?comcatid=A17713B6-D984-201A-4143-ED4DB5ED5C2E&catid=A4D9EA9A-192D-0274-BF26-9C98D8B902AB HTTP/1.1" 200 75238
66.249.79.197 - - [10/Mar/2025:00:24:22 +0100] "GET /ticket2/opencms/en/search.html?searchQuery=chelsea&submit= HTTP/1.1" 200 87360
66.249.79.197 - - [10/Mar/2025:00:24:26 +0100] "GET /ticket2/opencms/sv/buy/?page=6&comcatid=97ECA65A-72DA-F9AF-9DBB-245D3CFED1BE&catid=2E79AED8-FF58-B4E8-AFB0-43E7CEBE7864 HTTP/1.1" 200 70190
66.249.79.197 - - [10/Mar/2025:00:24:32 +0100] "GET /ticket2/opencms/sv/buy/?page=6&comcatid=97ECA65A-72DA-F9AF-9DBB-245D3CFED1BE&catid=1656E964-1E02-9A38-D092-65384E60B6EA HTTP/1.1" 200 70190
68.183.238.15 - - [10/Mar/2025:00:24:39 +0100] "GET /manager/html HTTP/1.1" 404 -
66.249.79.197 - - [10/Mar/2025:00:25:42 +0100] "GET /ticket2/opencms/sv/buy/?page=6&comcatid=97ECA65A-72DA-F9AF-9DBB-245D3CFED1BE&catid=F7F89B9B-6697-7881-54AE-4C39276BF1B8 HTTP/1.1" 200 70194
66.249.79.198 - - [10/Mar/2025:00:26:31 +0100] "GET /ticket2/opencms/sv/buy/?page=6&comcatid=97ECA65A-72DA-F9AF-9DBB-245D3CFED1BE&catid=6CD184E8-C8D4-E1CC-33D0-6F47E3751240 HTTP/1.1" 200 70194
66.249.79.197 - - [10/Mar/2025:00:27:50 +0100] "GET /ticket2/opencms/sv/buy/?page=6&comcatid=97ECA65A-72DA-F9AF-9DBB-245D3CFED1BE&catid=757E2DFB-33DA-9B34-8402-9F06B19D8409 HTTP/1.1" 200 70198
68.183.238.15 - - [10/Mar/2025:00:28:17 +0100] "GET /manager/html HTTP/1.1" 404 -
194.156.102.137 - - [10/Mar/2025:00:30:08 +0100] "GET / HTTP/1.1" 404 -
68.183.238.15 - - [10/Mar/2025:00:31:50 +0100] "GET /manager/html HTTP/1.1" 404 -
66.249.76.71 - - [10/Mar/2025:00:35:13 +0100] "GET /ticket2/opencms/sv/buy/?page=6&comcatid=97ECA65A-72DA-F9AF-9DBB-245D3CFED1BE&catid=8732E72C-A028-EA8C-4D4D-DEB44E2A28A8 HTTP/1.1" 200 70192
68.183.238.15 - - [10/Mar/2025:00:35:14 +0100] "GET /manager/html HTTP/1.1" 404 -
66.249.79.199 - - [10/Mar/2025:00:37:24 +0100] "GET /ticket2/opencms/en/venue/?venueid=11960552-4FF4-96DB-42BD-D3A15E53C356 HTTP/1.1" 200 63645
68.183.238.15 - - [10/Mar/2025:00:38:55 +0100] "GET /manager/html HTTP/1.1" 404 -
66.249.79.197 - - [10/Mar/2025:00:39:44 +0100] "GET /ticket2/opencms/sv/buy/?comcatid=A17713B6-D984-201A-4143-ED4DB5ED5C2E&catid=739BFC5D-78FA-6834-D764-6CE64CA5F9EC HTTP/1.1" 200 75247
68.183.238.15 - - [10/Mar/2025:00:42:26 +0100] "GET /manager/html HTTP/1.1" 404 -
66.249.79.197 - - [10/Mar/2025:00:43:55 +0100] "GET /ticket2/opencms/en/buy/?page=10&eventid=7016CF1B-CC52-94F9-4136-362E6D3CC9D6&column= HTTP/1.1" 200 64966
68.183.238.15 - - [10/Mar/2025:00:45:50 +0100] "GET /manager/html HTTP/1.1" 404 -
66.249.79.198 - - [10/Mar/2025:00:48:25 +0100] "GET /ticket2/opencms/en/venue/?venueid=10FED53D-1B45-AB30-C853-C4BE292CA7FA HTTP/1.1" 200 63598
68.183.238.15 - - [10/Mar/2025:00:49:19 +0100] "GET /manager/html HTTP/1.1" 404 -
66.249.79.199 - - [10/Mar/2025:00:51:48 +0100] "GET /ticket2/opencms/en/venue/?venueid=24282DEB-2558-F658-4C50-90E4155081CA HTTP/1.1" 200 63619
66.249.79.199 - - [10/Mar/2025:00:52:35 +0100] "GET /ticket2/opencms/en/venue/?venueid=D469B02A-A348-1879-8637-C23BC06689E4 HTTP/1.1" 200 63658
68.183.238.15 - - [10/Mar/2025:00:52:48 +0100] "GET /manager/html HTTP/1.1" 404 -
68.183.238.15 - - [10/Mar/2025:00:56:16 +0100] "GET /manager/html HTTP/1.1" 404 -
66.249.79.198 - - [10/Mar/2025:00:56:53 +0100] "GET /ticket2/opencms/en/venue/?venueid=D4784E51-1C45-CBDB-BB13-DEF8FB831FB5 HTTP/1.1" 200 63600
154.81.156.7 - - [10/Mar/2025:00:57:09 +0100] "GET / HTTP/1.1" 404 -
66.249.79.199 - - [10/Mar/2025:00:57:44 +0100] "GET /ticket2/opencms/en/venue/?venueid=7AC70570-F2F1-BD18-D0E9-BC9514E6B8B3 HTTP/1.1" 200 63619
66.249.79.197 - - [10/Mar/2025:00:58:49 +0100] "GET /ticket2/opencms/en/venue/?venueid=03F062B9-ACA1-F236-0E66-5FB2E8B6786E HTTP/1.1" 200 63624
68.183.238.15 - - [10/Mar/2025:00:59:49 +0100] "GET /manager/html HTTP/1.1" 404 -
66.249.76.71 - - [10/Mar/2025:01:02:24 +0100] "GET /ticket2/opencms/en/venue/?venueid=BB7269F8-B61E-FA7E-A9DA-3606646F64C6 HTTP/1.1" 200 63583
66.249.79.198 - - [10/Mar/2025:01:02:36 +0100] "GET /ticket2/opencms/en/venue/?venueid=4127EEBD-FCE3-EDFF-3B26-3C946EF7942B HTTP/1.1" 200 63642
66.249.79.197 - - [10/Mar/2025:01:03:24 +0100] "GET /ticket2/opencms/en/venue/?venueid=E799C27E-3C6B-7355-BE99-13F16F21A4A5 HTTP/1.1" 200 63606
68.183.238.15 - - [10/Mar/2025:01:03:24 +0100] "GET /manager/html HTTP/1.1" 404 -
79.167.129.50 - - [10/Mar/2025:01:03:44 +0100] "GET / HTTP/1.1" 404 -
66.249.79.197 - - [10/Mar/2025:01:04:43 +0100] "GET /ticket2/opencms/en/venue/?venueid=689B24E3-EC07-27D9-31E9-D3BC81562DCF HTTP/1.1" 200 63610
66.249.76.70 - - [10/Mar/2025:01:04:47 +0100] "GET /ticket2/opencms/en/venue/?venueid=E0AACC64-AFF5-5004-2F13-64A84D0E8D40 HTTP/1.1" 200 63682
66.249.79.197 - - [10/Mar/2025:01:05:40 +0100] "GET /ticket2/opencms/en/venue/?venueid=40DC78A8-E12D-6808-C138-74AD7C1598C8 HTTP/1.1" 200 63726
68.183.238.15 - - [10/Mar/2025:01:06:50 +0100] "GET /manager/html HTTP/1.1" 404 -
66.249.79.197 - - [10/Mar/2025:01:08:42 +0100] "GET /ticket2/opencms/en/venue/?venueid=01D585F0-8906-9A4C-36CC-65BD1235CC9B HTTP/1.1" 200 63645
66.249.76.69 - - [10/Mar/2025:01:09:26 +0100] "GET /ticket2/opencms/en/venue/?venueid=F6924F27-E301-BC1C-E625-AF49CF33565E HTTP/1.1" 200 63645
66.249.79.197 - - [10/Mar/2025:01:09:57 +0100] "GET /ticket2/opencms/en/venue/?venueid=627689FB-7CBA-64B6-7657-6F6CD9393A37 HTTP/1.1" 200 63619
68.183.238.15 - - [10/Mar/2025:01:10:33 +0100] "GET /manager/html HTTP/1.1" 404 -
66.249.79.197 - - [10/Mar/2025:01:10:40 +0100] "GET /ticket2/opencms/en/venue/?venueid=83B8B6B9-A2B4-D4CB-2D8F-CE8D0CB4BEF2 HTTP/1.1" 200 63610
66.249.76.70 - - [10/Mar/2025:01:11:35 +0100] "GET /ticket2/opencms/en/venue/?venueid=D436D35C-B831-A55A-C197-F1CFCA7C670C HTTP/1.1" 200 63679
87.121.84.204 - - [10/Mar/2025:01:12:15 +0100] "GET /cgi-bin/luci/;stok=/locale HTTP/1.1" 404 -
66.249.79.197 - - [10/Mar/2025:01:12:40 +0100] "GET /ticket2/opencms/en/venue/?venueid=A8BF1563-78B5-8141-7CD3-5CAAEC11326C HTTP/1.1" 200 63652
66.249.79.197 - - [10/Mar/2025:01:13:34 +0100] "GET /ticket2/opencms/en/venue/?venueid=64779FD9-2136-580E-BBD9-F422639CB144 HTTP/1.1" 200 63589
207.46.13.155 - - [10/Mar/2025:01:13:55 +0100] "GET /ticket2/opencms/sitemap.xml HTTP/1.1" 200 37572
68.183.238.15 - - [10/Mar/2025:01:14:01 +0100] "GET /manager/html HTTP/1.1" 404 -
66.249.79.197 - - [10/Mar/2025:01:14:58 +0100] "GET /ticket2/opencms/en/venue/?venueid=BC2CC518-91EF-AA50-803C-4CF19EFA0DC6 HTTP/1.1" 200 63652
198.235.24.244 - - [10/Mar/2025:01:17:23 +0100] "GET / HTTP/1.0" 404 -
68.183.238.15 - - [10/Mar/2025:01:17:26 +0100] "GET /manager/html HTTP/1.1" 404 -
66.249.79.199 - - [10/Mar/2025:01:18:49 +0100] "GET /ticket2/opencms/en/venue/?venueid=17E7C622-E012-3663-44A8-95BA7DB84F40 HTTP/1.1" 200 63619
31.30.118.53 - - [10/Mar/2025:01:18:50 +0100] "GET / HTTP/1.0" 404 -
68.183.238.15 - - [10/Mar/2025:01:20:49 +0100] "GET /manager/html HTTP/1.1" 404 -
68.183.238.15 - - [10/Mar/2025:01:24:17 +0100] "GET /manager/html HTTP/1.1" 404 -
66.249.79.198 - - [10/Mar/2025:01:24:40 +0100] "GET /ticket2/opencms/venue/circuit-de-catalunya.jpg HTTP/1.1" 200 253632
68.183.238.15 - - [10/Mar/2025:01:27:55 +0100] "GET /manager/html HTTP/1.1" 404 -
66.249.76.71 - - [10/Mar/2025:01:28:27 +0100] "GET /ticket2/opencms/en/venue/?venueid=9F527521-42A0-A302-0BE9-10280D75A460 HTTP/1.1" 200 63660
66.249.79.198 - - [10/Mar/2025:01:29:42 +0100] "GET /ticket2/opencms/en/venue/?venueid=DAA6AE39-3D49-AA75-E977-846AD93A9CE8 HTTP/1.1" 200 63640
68.183.238.15 - - [10/Mar/2025:01:31:23 +0100] "GET /manager/html HTTP/1.1" 404 -
68.183.238.15 - - [10/Mar/2025:01:34:51 +0100] "GET /manager/html HTTP/1.1" 404 -
68.183.238.15 - - [10/Mar/2025:01:38:20 +0100] "GET /manager/html HTTP/1.1" 404 -
68.183.238.15 - - [10/Mar/2025:01:41:49 +0100] "GET /manager/html HTTP/1.1" 404 -
66.249.79.199 - - [10/Mar/2025:01:42:36 +0100] "GET /ticket2/opencms/en/venue/?venueid=B018F6AA-7433-F5A3-DE82-1992F037E01C HTTP/1.1" 200 63633
66.249.76.70 - - [10/Mar/2025:01:42:40 +0100] "GET /ticket2/opencms/en/venue/?venueid=31613234-3A5A-9089-C471-3CB6857351EF HTTP/1.1" 200 63690
66.249.79.198 - - [10/Mar/2025:01:43:58 +0100] "GET /ticket2/opencms/en/venue/?venueid=D472C220-B929-5B16-8479-1E0BD6C92DF6 HTTP/1.1" 200 63624
51.159.101.208 - - [10/Mar/2025:01:44:28 +0100] "HEAD / HTTP/1.1" 404 -
51.159.101.208 - - [10/Mar/2025:01:44:31 +0100] "?*I?#/?|?GkU.A????C?????5; ???? " 400 -
51.159.101.208 - - [10/Mar/2025:01:44:31 +0100] "GET / HTTP/1.1" 404 -
51.159.101.208 - - [10/Mar/2025:01:44:32 +0100] "???+G?????????D??h40?(,&?w^\?b": ????\??f_?????u???{??t'???]?$?,?0?+?/?????$?(?#?'??kg??  " 400 -
51.159.101.208 - - [10/Mar/2025:01:44:32 +0100] "GET /favicon.ico HTTP/1.1" 404 -
51.159.101.208 - - [10/Mar/2025:01:44:46 +0100] "GET /ads.txt HTTP/1.1" 404 -
51.159.101.208 - - [10/Mar/2025:01:44:47 +0100] "GET /app-ads.txt HTTP/1.1" 404 -
51.159.101.208 - - [10/Mar/2025:01:44:47 +0100] "GET /sellers.json HTTP/1.1" 404 -
68.183.238.15 - - [10/Mar/2025:01:45:15 +0100] "GET /manager/html HTTP/1.1" 404 -
68.183.238.15 - - [10/Mar/2025:01:48:48 +0100] "GET /manager/html HTTP/1.1" 404 -
66.249.76.69 - - [10/Mar/2025:01:51:30 +0100] "GET /ticket2/opencms/en/venue/?venueid=4640DAEA-8174-AC11-F7AA-B7BB125A39E8 HTTP/1.1" 200 63607
66.249.79.198 - - [10/Mar/2025:01:51:35 +0100] "GET /ticket2/opencms/en/venue/?venueid=74835483-DDAC-3DE1-0EB1-B44B58F2B260 HTTP/1.1" 200 63657
66.249.76.69 - - [10/Mar/2025:01:51:44 +0100] "GET /ticket2/opencms/en/venue/?venueid=161A08B3-6577-E39F-77EB-E23A8297DE1F HTTP/1.1" 200 63649
68.183.238.15 - - [10/Mar/2025:01:52:20 +0100] "GET /manager/html HTTP/1.1" 404 -
68.183.238.15 - - [10/Mar/2025:01:55:51 +0100] "GET /manager/html HTTP/1.1" 404 -
66.249.76.71 - - [10/Mar/2025:01:58:13 +0100] "GET /ticket2/opencms/en/venue/?venueid=FAA326B5-8F35-0D52-6643-3316F08C9C34 HTTP/1.1" 200 63619
68.183.238.15 - - [10/Mar/2025:01:59:25 +0100] "GET /manager/html HTTP/1.1" 404 -
78.153.140.203 - - [10/Mar/2025:02:00:36 +0100] "GET /ticket2/opencms/.env HTTP/1.1" 404 -
68.183.238.15 - - [10/Mar/2025:02:02:54 +0100] "GET /manager/html HTTP/1.1" 404 -
68.183.238.15 - - [10/Mar/2025:02:06:27 +0100] "GET /manager/html HTTP/1.1" 404 -
68.183.238.15 - - [10/Mar/2025:02:09:54 +0100] "GET /manager/html HTTP/1.1" 404 -
66.249.79.197 - - [10/Mar/2025:02:10:36 +0100] "GET /ticket2/opencms/en/venue/?venueid=FFAD140D-D3E3-13F5-E204-505E06314019 HTTP/1.1" 200 63609
66.249.76.69 - - [10/Mar/2025:02:10:49 +0100] "GET /ticket2/opencms/en/venue/?venueid=227CA6FE-2DA3-B1F8-C080-0BD749B9B40F HTTP/1.1" 200 63576
66.249.79.197 - - [10/Mar/2025:02:11:24 +0100] "GET /ticket2/opencms/en/venue/?venueid=785962EB-8414-D059-305F-74BBF3E070CF HTTP/1.1" 200 63624
66.249.79.199 - - [10/Mar/2025:02:12:35 +0100] "GET /ticket2/opencms/en/venue/?venueid=4DC8FB9D-B80E-E873-CA20-DF6B75642113 HTTP/1.1" 200 63631
66.249.79.197 - - [10/Mar/2025:02:12:48 +0100] "GET /ticket2/opencms/en/venue/?venueid=2AB803FF-5300-9F4B-98D0-D3CDAE3FB479 HTTP/1.1" 200 63654
68.183.238.15 - - [10/Mar/2025:02:13:33 +0100] "GET /manager/html HTTP/1.1" 404 -
66.249.79.197 - - [10/Mar/2025:02:14:37 +0100] "GET /ticket2/opencms/en/venue/?venueid=1CE151F4-2354-6307-B652-D020F81C0057 HTTP/1.1" 200 63604
66.249.79.198 - - [10/Mar/2025:02:14:41 +0100] "GET /ticket2/opencms/en/venue/?venueid=FF8D2B77-C235-F0A7-6D99-CAC26AC9D392 HTTP/1.1" 200 63657
66.249.79.198 - - [10/Mar/2025:02:15:27 +0100] "GET /ticket2/opencms/en/venue/?venueid=23DADC67-2F89-C2AE-F234-7909D8077B49 HTTP/1.1" 200 63642
66.249.79.198 - - [10/Mar/2025:02:15:31 +0100] "GET /ticket2/opencms/en/venue/?venueid=1F3E5521-C6E5-6407-58A3-9FC7891C9621 HTTP/1.1" 200 63631
66.249.79.197 - - [10/Mar/2025:02:16:23 +0100] "GET /ticket2/opencms/en/venue/?venueid=A75E3180-F5B5-619F-EC2B-362299C2CBCC HTTP/1.1" 200 63628
68.183.238.15 - - [10/Mar/2025:02:17:00 +0100] "GET /manager/html HTTP/1.1" 404 -
68.183.238.15 - - [10/Mar/2025:02:20:30 +0100] "GET /manager/html HTTP/1.1" 404 -
18.189.193.195 - - [10/Mar/2025:02:20:49 +0100] "GET /ticket2/opencms/ HTTP/1.1" 302 -
18.189.193.195 - - [10/Mar/2025:02:20:50 +0100] "GET /ticket2/opencms/en/ HTTP/1.1" 200 66763
207.46.13.36 - - [10/Mar/2025:02:21:51 +0100] "GET /ticket2/opencms/en/venue/?countryid=A758EE03-9751-87FA-5392-033D41724B17 HTTP/1.1" 200 93013
68.183.238.15 - - [10/Mar/2025:02:24:07 +0100] "GET /manager/html HTTP/1.1" 404 -
66.249.79.197 - - [10/Mar/2025:02:26:49 +0100] "GET /ticket2/opencms/en/venue/?venueid=14E449A0-9512-05BC-589E-29AD437C30EF HTTP/1.1" 200 63625
68.183.238.15 - - [10/Mar/2025:02:27:34 +0100] "GET /manager/html HTTP/1.1" 404 -
66.249.76.71 - - [10/Mar/2025:02:29:50 +0100] "GET /ticket2/opencms/en/venue/?venueid=D178ABDF-6A2C-BDD5-DC03-AE8E4C0C9952 HTTP/1.1" 200 63619
68.183.238.15 - - [10/Mar/2025:02:31:08 +0100] "GET /manager/html HTTP/1.1" 404 -
66.249.79.199 - - [10/Mar/2025:02:32:52 +0100] "GET /ticket2/opencms/en/venue/?venueid=E09AF89A-9020-53BC-50AF-C0382954AC29 HTTP/1.1" 200 63613
68.183.238.15 - - [10/Mar/2025:02:34:38 +0100] "GET /manager/html HTTP/1.1" 404 -
66.249.79.198 - - [10/Mar/2025:02:36:28 +0100] "GET /ticket2/opencms/en/venue/?venueid=44FEF35E-84F0-1C09-675A-B5A8DF72F159 HTTP/1.1" 200 63684
66.249.79.197 - - [10/Mar/2025:02:37:24 +0100] "GET /ticket2/opencms/en/venue/?venueid=9D0A83A1-29EE-F26F-266A-4F56FD3E0CB0 HTTP/1.1" 200 63645
66.249.79.197 - - [10/Mar/2025:02:37:51 +0100] "GET /ticket2/opencms/en/venue/?venueid=8F226E17-13FE-CC18-B0C6-2591DA99778F HTTP/1.1" 200 63630
68.183.238.15 - - [10/Mar/2025:02:38:10 +0100] "GET /manager/html HTTP/1.1" 404 -
66.249.79.198 - - [10/Mar/2025:02:39:32 +0100] "GET /ticket2/opencms/en/venue/?venueid=833EE714-5CC6-404C-2A30-322EF84052D6 HTTP/1.1" 200 63643
66.249.76.69 - - [10/Mar/2025:02:39:48 +0100] "GET /ticket2/opencms/en/venue/?venueid=2AFE6989-583A-A72A-83F2-90DEF8445DB9 HTTP/1.1" 200 63612
68.183.238.15 - - [10/Mar/2025:02:41:50 +0100] "GET /manager/html HTTP/1.1" 404 -
66.249.76.69 - - [10/Mar/2025:02:42:32 +0100] "GET /ticket2/opencms/en/venue/?venueid=6A1E7DDB-C31D-22B0-B981-1ED12482EA8B HTTP/1.1" 200 63594
66.249.79.198 - - [10/Mar/2025:02:42:37 +0100] "GET /ticket2/opencms/en/venue/?venueid=004352C5-E3C9-4789-9D05-F691F3C15650 HTTP/1.1" 200 63640
66.249.79.198 - - [10/Mar/2025:02:43:49 +0100] "GET /ticket2/opencms/en/venue/?venueid=F7C7B813-65CC-75A1-88FA-A5B025A08445 HTTP/1.1" 200 63624
68.183.238.15 - - [10/Mar/2025:02:45:16 +0100] "GET /manager/html HTTP/1.1" 404 -
66.249.79.197 - - [10/Mar/2025:02:46:13 +0100] "GET /ticket2/opencms/en/venue/?venueid=E2D4E9F9-CC54-5F87-2390-831138B18156 HTTP/1.1" 200 63675
66.249.76.71 - - [10/Mar/2025:02:47:23 +0100] "GET /ticket2/opencms/en/venue/?venueid=7C42DC86-0C04-6190-5F90-28A082BDF8C3 HTTP/1.1" 200 63609
91.144.206.148 - - [10/Mar/2025:02:48:09 +0100] "GET /ticket2/opencms/ HTTP/1.0" 500 -
66.249.79.197 - - [10/Mar/2025:02:48:14 +0100] "GET /ticket2/opencms/en/venue/?venueid=2F862179-0B10-FC34-DC0F-3A7D917FB335 HTTP/1.1" 200 63627
66.249.79.199 - - [10/Mar/2025:02:48:31 +0100] "GET /ticket2/opencms/en/venue/?venueid=80282372-5C99-DBF4-F014-FB112931F6DA HTTP/1.1" 200 63627
68.183.238.15 - - [10/Mar/2025:02:48:54 +0100] "GET /manager/html HTTP/1.1" 404 -
68.183.238.15 - - [10/Mar/2025:02:52:31 +0100] "GET /manager/html HTTP/1.1" 404 -
66.249.79.199 - - [10/Mar/2025:02:52:59 +0100] "GET /ticket2/opencms/en/venue/?venueid=7BE96A80-409A-37FB-9444-3580682D6340 HTTP/1.1" 200 63610
68.183.238.15 - - [10/Mar/2025:02:56:01 +0100] "GET /manager/html HTTP/1.1" 404 -
68.183.238.15 - - [10/Mar/2025:02:59:45 +0100] "GET /manager/html HTTP/1.1" 404 -
66.249.79.198 - - [10/Mar/2025:03:00:44 +0100] "GET /ticket2/opencms/en/venue/?venueid=83E0A857-EC5E-1D5A-B4A5-5210D07C98C1 HTTP/1.1" 200 63622
66.249.76.69 - - [10/Mar/2025:03:01:42 +0100] "GET /ticket2/opencms/en/venue/?venueid=7F775268-FDCE-3365-1815-747D9CD711D9 HTTP/1.1" 200 63624
66.249.79.197 - - [10/Mar/2025:03:02:52 +0100] "GET /ticket2/opencms/en/venue/?venueid=E1A95987-A971-1F0D-D591-61D0CF30E07F HTTP/1.1" 200 63639
66.249.79.197 - - [10/Mar/2025:03:02:58 +0100] "GET /ticket2/opencms/en/ HTTP/1.1" 200 66763
68.183.238.15 - - [10/Mar/2025:03:03:25 +0100] "GET /manager/html HTTP/1.1" 404 -
66.249.79.197 - - [10/Mar/2025:03:03:25 +0100] "GET /ticket2/opencms/en/venue/?venueid=3DCA1EBE-D9BE-DD1C-EB06-4E924D709E50 HTTP/1.1" 200 63621
66.249.79.197 - - [10/Mar/2025:03:03:43 +0100] "GET /ticket2/opencms/sv/sport/fotbollsbiljetter/bundesliga/schalke/ HTTP/1.1" 200 70162
66.249.79.197 - - [10/Mar/2025:03:03:47 +0100] "GET /ticket2/opencms/sv/buy/?page=6&comcatid=0A6B8208-FDA4-E929-9D72-5312FD481B76&catid=412DBCF4-025D-8ABC-7A40-D7C760E055FF HTTP/1.1" 200 68736
66.249.79.197 - - [10/Mar/2025:03:04:09 +0100] "GET /ticket2/opencms/sv/buy/?page=6&comcatid=0A6B8208-FDA4-E929-9D72-5312FD481B76&catid=53E7B32E-5CAA-6CE7-D6AA-FFC41D70EE01 HTTP/1.1" 200 68734
66.249.79.197 - - [10/Mar/2025:03:04:51 +0100] "GET /ticket2/opencms/sv/buy/?page=6&comcatid=0A6B8208-FDA4-E929-9D72-5312FD481B76&catid=FCA7FF95-260A-464B-B6FF-A820FCE7DFEF HTTP/1.1" 200 68734
66.249.79.199 - - [10/Mar/2025:03:06:14 +0100] "GET /ticket2/opencms/sv/buy/?page=6&comcatid=0A6B8208-FDA4-E929-9D72-5312FD481B76&catid=AD8E612F-0F0B-03C9-5236-E4F8B6523945 HTTP/1.1" 200 68734
68.183.238.15 - - [10/Mar/2025:03:07:04 +0100] "GET /manager/html HTTP/1.1" 404 -
66.249.79.198 - - [10/Mar/2025:03:07:43 +0100] "GET /ticket2/opencms/en/venue/?venueid=2DC55005-385F-5FAA-AA4C-CEED6E36F27B HTTP/1.1" 200 63681
66.249.79.199 - - [10/Mar/2025:03:09:26 +0100] "GET /ticket2/opencms/sv/sport/fotbollsbiljetter/bundesliga/ HTTP/1.1" 200 73520
66.249.79.198 - - [10/Mar/2025:03:09:48 +0100] "GET /ticket2/opencms/sv/sport/fotbollsbiljetter/bundesliga/stuttgart/ HTTP/1.1" 200 70190
68.183.238.15 - - [10/Mar/2025:03:10:35 +0100] "GET /manager/html HTTP/1.1" 404 -
66.249.79.199 - - [10/Mar/2025:03:10:37 +0100] "GET /ticket2/opencms/sv/buy/?page=1&edid=0122F2A3-A1B3-8248-9299-6A14904F0774 HTTP/1.1" 200 79362
68.183.238.15 - - [10/Mar/2025:03:14:08 +0100] "GET /manager/html HTTP/1.1" 404 -
66.249.79.198 - - [10/Mar/2025:03:15:53 +0100] "GET /ticket2/opencms/en/venue/?venueid=E5B48125-3172-6FE0-AE97-FD5E9EC5BAFA HTTP/1.1" 200 63628
66.249.79.197 - - [10/Mar/2025:03:16:35 +0100] "GET /ticket2/opencms/en/venue/?venueid=7F4399DF-09B0-51D6-E82A-35DDE26DDE35 HTTP/1.1" 200 63658
59.126.176.150 - - [10/Mar/2025:03:16:39 +0100] "GET / HTTP/1.0" 404 -
66.249.79.197 - - [10/Mar/2025:03:17:23 +0100] "GET /ticket2/opencms/en/venue/?venueid=6D8A0FE7-2FEF-4BDE-AC7E-1937EABDAEF4 HTTP/1.1" 200 63633
68.183.238.15 - - [10/Mar/2025:03:17:42 +0100] "GET /manager/html HTTP/1.1" 404 -
66.249.79.197 - - [10/Mar/2025:03:17:53 +0100] "GET /ticket2/opencms/en/venue/?venueid=C87849FF-CA68-D7C1-1366-B45A4ECBC004 HTTP/1.1" 200 63598
147.185.132.88 - - [10/Mar/2025:03:19:06 +0100] "GET / HTTP/1.1" 404 -
66.249.79.199 - - [10/Mar/2025:03:19:53 +0100] "GET /ticket2/opencms/en/venue/?venueid=EF3DDBD0-8AD7-39F7-94D9-5BDDBB2A78DA HTTP/1.1" 200 63613
66.249.79.198 - - [10/Mar/2025:03:21:13 +0100] "GET /ticket2/opencms/en/venue/?venueid=926D0C4B-2C69-EBC6-792F-B301AF32C1A0 HTTP/1.1" 200 63730
68.183.238.15 - - [10/Mar/2025:03:21:16 +0100] "GET /manager/html HTTP/1.1" 404 -
66.249.79.197 - - [10/Mar/2025:03:21:47 +0100] "GET /ticket2/opencms/en/buy/?page=10&eventid=2D54F0A4-B7E5-1986-E461-A23A05E27C76 HTTP/1.1" 200 64972
66.249.79.199 - - [10/Mar/2025:03:22:47 +0100] "GET /ticket2/opencms/en/venue/?venueid=2C05FD8F-0F8B-4EB0-A1C9-4F2046334E3E HTTP/1.1" 200 63619
66.249.79.199 - - [10/Mar/2025:03:24:53 +0100] "GET /ticket2/opencms/en/buy/?page=10&eventid=1BC07A67-46B5-C40A-CC02-8F1EFC1FAADB HTTP/1.1" 200 64970
68.183.238.15 - - [10/Mar/2025:03:24:58 +0100] "GET /manager/html HTTP/1.1" 404 -
66.249.79.197 - - [10/Mar/2025:03:27:24 +0100] "GET /ticket2/opencms/en/buy/?page=10&eventid=B1E27EAD-2DAB-B132-68A0-815602472CC3 HTTP/1.1" 200 64969
68.183.238.15 - - [10/Mar/2025:03:28:33 +0100] "GET /manager/html HTTP/1.1" 404 -
66.249.79.198 - - [10/Mar/2025:03:29:32 +0100] "GET /ticket2/opencms/en/buy/?page=10&eventid=634D2581-663A-DE19-7C72-20C596DE0600 HTTP/1.1" 200 64995
66.249.76.69 - - [10/Mar/2025:03:30:49 +0100] "GET /ticket2/opencms/en/buy/?page=10&eventid=4BFE0049-E26D-F28C-59BF-33D4A5B123CD HTTP/1.1" 200 64971
68.183.238.15 - - [10/Mar/2025:03:32:03 +0100] "GET /manager/html HTTP/1.1" 404 -
66.249.76.69 - - [10/Mar/2025:03:32:36 +0100] "GET /ticket2/opencms/en/venue/?venueid=ECFCC413-6F93-5879-2B81-325F8445CB65 HTTP/1.1" 200 63648
66.249.79.199 - - [10/Mar/2025:03:34:13 +0100] "GET /ticket2/opencms/en/buy/?page=10&eventid=080309A2-9AF6-914F-9FD3-1CF32BAE4613 HTTP/1.1" 200 64971
66.249.79.198 - - [10/Mar/2025:03:35:44 +0100] "GET /ticket2/opencms/en/buy/?page=10&eventid=F99ADA5B-9BAA-1CC2-3A84-51D5FE875575 HTTP/1.1" 200 64969
68.183.238.15 - - [10/Mar/2025:03:35:58 +0100] "GET /manager/html HTTP/1.1" 404 -
66.249.76.69 - - [10/Mar/2025:03:36:23 +0100] "GET /ticket2/opencms/en/buy/?page=10&eventid=BD2A2151-7866-2C7C-301B-A51FF3E4D9F5 HTTP/1.1" 200 64968
66.249.79.199 - - [10/Mar/2025:03:38:12 +0100] "GET /ticket2/opencms/en/venue/?venueid=99C7EEC7-7361-4062-BBA0-33757DC608E1 HTTP/1.1" 200 63604
68.183.238.15 - - [10/Mar/2025:03:39:28 +0100] "GET /manager/html HTTP/1.1" 404 -
66.249.79.199 - - [10/Mar/2025:03:39:58 +0100] "GET /ticket2/opencms/en/buy/?page=10&eventid=3A13A888-618B-2302-3F7A-4345B50004DA HTTP/1.1" 200 64971
66.249.79.199 - - [10/Mar/2025:03:40:47 +0100] "GET /ticket2/opencms/en/buy/?page=10&eventid=0301901D-CDB0-76E6-A443-30FEE7E893FB HTTP/1.1" 200 64969
68.183.238.15 - - [10/Mar/2025:03:43:07 +0100] "GET /manager/html HTTP/1.1" 404 -
66.249.79.198 - - [10/Mar/2025:03:43:14 +0100] "GET /ticket2/opencms/en/venue/?venueid=B6FFF904-2AA1-1BEB-9F7A-E1A69E4D2AA1 HTTP/1.1" 200 63624
157.55.39.50 - - [10/Mar/2025:03:45:02 +0100] "GET /ticket2/opencms/sv/konsertbiljetter/ HTTP/1.1" 200 66587
66.249.79.199 - - [10/Mar/2025:03:45:43 +0100] "GET /ticket2/opencms/sv/buy/?page=6&comcatid=97ECA65A-72DA-F9AF-9DBB-245D3CFED1BE&catid=078F99D4-0B9E-E323-5A07-D7B70F6E8874 HTTP/1.1" 200 70192
68.183.238.15 - - [10/Mar/2025:03:46:44 +0100] "GET /manager/html HTTP/1.1" 404 -
66.249.79.198 - - [10/Mar/2025:03:47:48 +0100] "GET /ticket2/opencms/en/buy/?page=10&eventid=B85BEE98-8727-2424-2597-5E99D818B644 HTTP/1.1" 200 64970
66.249.79.198 - - [10/Mar/2025:03:48:14 +0100] "GET /ticket2/opencms/en/venue/?venueid=94AAF185-B873-A170-54BE-95B64803F134 HTTP/1.1" 200 63624
66.249.79.197 - - [10/Mar/2025:03:48:27 +0100] "GET /ticket2/opencms/en/venue/?venueid=9EB8E447-E55D-1868-BABC-F174667BAE9B HTTP/1.1" 200 63730
154.81.156.7 - - [10/Mar/2025:03:49:25 +0100] "GET / HTTP/1.1" 404 -
66.249.79.199 - - [10/Mar/2025:03:49:41 +0100] "GET /ticket2/opencms/en/venue/?venueid=950EE001-B436-52E3-8102-457AB519569A HTTP/1.1" 200 63643
68.183.238.15 - - [10/Mar/2025:03:50:13 +0100] "GET /manager/html HTTP/1.1" 404 -
66.249.79.199 - - [10/Mar/2025:03:52:14 +0100] "GET /ticket2/opencms/en/venue/?venueid=F6919005-F697-F5C9-0CDE-A016772170CD HTTP/1.1" 200 63642
87.121.84.204 - - [10/Mar/2025:03:53:00 +0100] "GET /cgi-bin/luci/;stok=/locale HTTP/1.1" 404 -
66.249.79.198 - - [10/Mar/2025:03:53:47 +0100] "GET /ticket2/opencms/en/venue/?venueid=EEC9C18B-9209-5406-9714-41066401B581 HTTP/1.1" 200 63633
68.183.238.15 - - [10/Mar/2025:03:54:00 +0100] "GET /manager/html HTTP/1.1" 404 -
66.249.76.69 - - [10/Mar/2025:03:54:12 +0100] "GET /ticket2/opencms/en/buy/?page=10&eventid=D0A9601D-3651-9BBC-A356-BE476DAC1559 HTTP/1.1" 200 64972
66.249.79.197 - - [10/Mar/2025:03:54:40 +0100] "GET /ticket2/opencms/en/buy/?page=10&eventid=7016CF1B-CC52-94F9-4136-362E6D3CC9D6 HTTP/1.1" 200 64970
66.249.76.70 - - [10/Mar/2025:03:55:31 +0100] "GET /ticket2/opencms/sv/sport/fotbollsbiljetter/ HTTP/1.1" 200 70201
66.249.79.198 - - [10/Mar/2025:03:55:41 +0100] "GET /ticket2/opencms/en/venue/?venueid=F99FA4B1-E808-5056-52CC-0AD4662D7A43 HTTP/1.1" 200 63643
68.183.238.15 - - [10/Mar/2025:03:57:34 +0100] "GET /manager/html HTTP/1.1" 404 -
66.249.79.199 - - [10/Mar/2025:04:00:24 +0100] "GET /ticket2/opencms/sv/about/contact/ HTTP/1.1" 200 64501
68.183.238.15 - - [10/Mar/2025:04:01:09 +0100] "GET /manager/html HTTP/1.1" 404 -
66.249.76.71 - - [10/Mar/2025:04:01:49 +0100] "GET /ticket2/opencms/en/sport/football-tickets/ HTTP/1.1" 200 65660
66.249.79.198 - - [10/Mar/2025:04:01:59 +0100] "GET /ticket2/opencms/sv/buy/?page=6&comcatid=66708183-7480-3365-06BF-DBF60280AB45&catid=30D5812D-0858-4843-8F45-C38AE504153C HTTP/1.1" 200 66883
66.249.76.69 - - [10/Mar/2025:04:03:54 +0100] "GET /ticket2/opencms/en/venue/?venueid=15151A16-ED21-AEFF-1EA7-20D9BB091B8D HTTP/1.1" 200 63680
68.183.238.15 - - [10/Mar/2025:04:04:48 +0100] "GET /manager/html HTTP/1.1" 404 -
66.249.79.197 - - [10/Mar/2025:04:05:41 +0100] "GET /ticket2/opencms/sv/buy/?page=6&comcatid=97ECA65A-72DA-F9AF-9DBB-245D3CFED1BE&catid=F4D223A4-C027-46DC-3DE5-726A23E30A62 HTTP/1.1" 200 70189
68.183.238.15 - - [10/Mar/2025:04:08:21 +0100] "GET /manager/html HTTP/1.1" 404 -
66.249.79.199 - - [10/Mar/2025:04:09:50 +0100] "GET /ticket2/opencms/sv/buy/?page=6&comcatid=97ECA65A-72DA-F9AF-9DBB-245D3CFED1BE&catid=F7FF413B-5FDF-82CF-E5BB-CD4AB6027974 HTTP/1.1" 200 70189
66.249.79.197 - - [10/Mar/2025:04:10:35 +0100] "GET /ticket2/opencms/sv/buy/?page=6&comcatid=97ECA65A-72DA-F9AF-9DBB-245D3CFED1BE&catid=D414C6A5-7A03-3389-42A8-D7B7FE32BB37 HTTP/1.1" 200 70203
66.249.79.199 - - [10/Mar/2025:04:11:55 +0100] "GET /ticket2/opencms/en/venue/?venueid=AD7646E3-6B04-B7A0-6EC4-E012A5391A5E HTTP/1.1" 200 63637
68.183.238.15 - - [10/Mar/2025:04:12:07 +0100] "GET /manager/html HTTP/1.1" 404 -
66.249.79.197 - - [10/Mar/2025:04:12:23 +0100] "GET /ticket2/opencms/sv/buy/?page=6&comcatid=97ECA65A-72DA-F9AF-9DBB-245D3CFED1BE&catid=7D3BEF66-5D88-3916-5B89-0E7B139E0169 HTTP/1.1" 200 70195
66.249.79.199 - - [10/Mar/2025:04:15:13 +0100] "GET /ticket2/opencms/sv/sport/fotbollsbiljetter/premier_league/west_ham_united/ HTTP/1.1" 200 70667
68.183.238.15 - - [10/Mar/2025:04:15:41 +0100] "GET /manager/html HTTP/1.1" 404 -
209.38.239.143 - - [10/Mar/2025:04:16:49 +0100] "GET /ticket2/opencms/ HTTP/1.0" 500 -
209.38.239.143 - - [10/Mar/2025:04:16:49 +0100] "OPTIONS /ticket2/opencms/ HTTP/1.0" 200 -
209.38.239.143 - - [10/Mar/2025:04:16:49 +0100] "GET /ticket2/opencms/odinhttpcall1741576525 HTTP/1.1" 404 -
209.38.239.143 - - [10/Mar/2025:04:16:49 +0100] "POST /ticket2/opencms/sdk HTTP/1.1" 404 -
209.38.239.143 - - [10/Mar/2025:04:16:49 +0100] "GET /ticket2/opencms/HNAP1 HTTP/1.1" 404 -
209.38.239.143 - - [10/Mar/2025:04:16:49 +0100] "GET /ticket2/opencms/evox/about HTTP/1.1" 404 -
209.38.239.143 - - [10/Mar/2025:04:16:50 +0100] "GET /ticket2/opencms/ HTTP/1.0" 500 -
209.38.239.143 - - [10/Mar/2025:04:16:50 +0100] "GET /ticket2/opencms/ HTTP/1.1" 500 -
165.22.28.132 - - [10/Mar/2025:04:16:50 +0100] "POST /ticket2/opencms/ HTTP/1.1" 302 -
134.209.237.157 - - [10/Mar/2025:04:16:50 +0100] "GET /ticket2/opencms/ HTTP/1.1" 302 -
134.209.237.157 - - [10/Mar/2025:04:16:50 +0100] "GET /ticket2/opencms/en/ HTTP/1.1" 200 66763
165.22.28.132 - - [10/Mar/2025:04:16:50 +0100] "GET /ticket2/opencms/sv/declined/ HTTP/1.1" 200 64322
128.199.228.252 - - [10/Mar/2025:04:16:52 +0100] "GET /ticket2/opencms/favicon.ico HTTP/1.1" 200 1406
66.249.79.199 - - [10/Mar/2025:04:17:25 +0100] "GET /ticket2/opencms/en/venue/?venueid=56F8640D-CEF9-BD0F-A3D3-4304F6D7E8C7 HTTP/1.1" 200 63621
66.249.79.197 - - [10/Mar/2025:04:17:44 +0100] "GET /ticket2/opencms/en/venue/?venueid=D6DD72B9-DC7C-80AB-E2CD-63B7C55B012E HTTP/1.1" 200 63622
68.183.120.230 - - [10/Mar/2025:04:18:26 +0100] "CONNECT example.com:443 HTTP/1.1" 400 -
66.249.79.198 - - [10/Mar/2025:04:18:58 +0100] "GET /ticket2/opencms/en/venue/?venueid=4C06C577-F477-221D-FB2B-584531FBAF49 HTTP/1.1" 200 63619
68.183.238.15 - - [10/Mar/2025:04:19:26 +0100] "GET /manager/html HTTP/1.1" 404 -
66.249.79.198 - - [10/Mar/2025:04:21:36 +0100] "GET /ticket2/opencms/en/venue/?venueid=0A39CE99-4F26-18C0-6480-39447ABAF827 HTTP/1.1" 200 63613
66.249.79.197 - - [10/Mar/2025:04:22:23 +0100] "GET /ticket2/opencms/sv/sport/fotbollsbiljetter/premier_league/arsenal/ HTTP/1.1" 200 72874
66.249.79.197 - - [10/Mar/2025:04:22:31 +0100] "GET /ticket2/opencms/sv/sport/fotbollsbiljetter/premier_league/tottenham/ HTTP/1.1" 200 69962
68.183.238.15 - - [10/Mar/2025:04:23:02 +0100] "GET /manager/html HTTP/1.1" 404 -
68.183.238.15 - - [10/Mar/2025:04:26:39 +0100] "GET /manager/html HTTP/1.1" 404 -
66.249.79.199 - - [10/Mar/2025:04:27:35 +0100] "GET /ticket2/opencms/en/venue/?venueid=5571DB53-176D-786E-4CB3-C9311A480A31 HTTP/1.1" 200 63612
66.249.79.197 - - [10/Mar/2025:04:27:49 +0100] "GET /ticket2/opencms/en/venue/?venueid=8B510977-1E58-CA35-22CC-AAAB5ABA441D HTTP/1.1" 200 63685
66.249.79.199 - - [10/Mar/2025:04:28:39 +0100] "GET /ticket2/opencms/en/sport/football-tickets/premier_league/arsenal/ HTTP/1.1" 200 70980
68.183.238.15 - - [10/Mar/2025:04:30:21 +0100] "GET /manager/html HTTP/1.1" 404 -
66.249.79.199 - - [10/Mar/2025:04:30:43 +0100] "GET /ticket2/opencms/en/sport/football-tickets/premier_league/ HTTP/1.1" 200 76541
66.249.79.198 - - [10/Mar/2025:04:30:52 +0100] "GET /ticket2/opencms/en/venue/?venueid=30A3EFF3-07B1-64F9-5D01-D1B64748FDE3 HTTP/1.1" 200 63621
66.249.79.197 - - [10/Mar/2025:04:31:47 +0100] "GET /ticket2/opencms/en/venue/?venueid=99F8FC28-ADC0-8A59-A6AB-B3C3E1D36A77 HTTP/1.1" 200 63624
66.249.79.197 - - [10/Mar/2025:04:32:13 +0100] "GET /ticket2/opencms/en/venue/?venueid=6715D129-7F99-046D-7040-DEB649AA3A0C HTTP/1.1" 200 63643
66.249.79.198 - - [10/Mar/2025:04:32:47 +0100] "GET /ticket2/opencms/en/venue/?venueid=9BA72295-2DDF-9809-9F6B-30A7553066D1 HTTP/1.1" 200 63615
66.249.79.199 - - [10/Mar/2025:04:33:31 +0100] "GET /ticket2/opencms/en/venue/?venueid=3A1A4017-0912-DFB6-AB49-9C3A5263C695 HTTP/1.1" 200 63585
68.183.238.15 - - [10/Mar/2025:04:33:53 +0100] "GET /manager/html HTTP/1.1" 404 -
68.183.238.15 - - [10/Mar/2025:04:37:34 +0100] "GET /manager/html HTTP/1.1" 404 -
66.249.79.197 - - [10/Mar/2025:04:38:38 +0100] "GET /ticket2/opencms/en/venue/?venueid=14E353DB-1094-40F7-2A63-0006F00AC29F HTTP/1.1" 200 63639
68.183.238.15 - - [10/Mar/2025:04:41:12 +0100] "GET /manager/html HTTP/1.1" 404 -
68.183.238.15 - - [10/Mar/2025:04:44:47 +0100] "GET /manager/html HTTP/1.1" 404 -
157.55.39.15 - - [10/Mar/2025:04:46:43 +0100] "GET /ticket2/opencms/en/venue/?venueid=0C203D5B-81E0-DD4B-D85D-9F4614266613 HTTP/1.1" 200 63737
68.183.238.15 - - [10/Mar/2025:04:48:16 +0100] "GET /manager/html HTTP/1.1" 404 -
66.249.79.198 - - [10/Mar/2025:04:49:51 +0100] "GET /ticket2/opencms/en/venue/?venueid=84B0B9F0-1596-0D9B-686E-511407E2C0AA HTTP/1.1" 200 63642
66.249.77.225 - - [10/Mar/2025:04:50:23 +0100] "GET /ticket2/opencms/en/venue/?venueid=C33B9E58-5FA2-DEA1-9572-46CD70965B8C HTTP/1.1" 200 63621
206.168.34.192 - - [10/Mar/2025:04:51:13 +0100] "GET /ticket2/opencms/ HTTP/1.1" 302 -
68.183.238.15 - - [10/Mar/2025:04:51:53 +0100] "GET /manager/html HTTP/1.1" 404 -
206.168.34.192 - - [10/Mar/2025:04:52:17 +0100] "GET /ticket2/opencms/en/ HTTP/1.1" 200 66763
206.168.34.192 - - [10/Mar/2025:04:52:22 +0100] "GET /ticket2/opencms/favicon.ico HTTP/1.1" 200 1406
66.249.76.70 - - [10/Mar/2025:04:52:32 +0100] "GET /ticket2/opencms/en/venue/?venueid=9A3D2E7F-BC68-0BF9-8767-55D1E5B17ADE HTTP/1.1" 200 63706
66.249.79.197 - - [10/Mar/2025:04:52:35 +0100] "GET /ticket2/opencms/en/venue/?venueid=F3A5C9EC-4CEF-B563-FECD-1A9EEC18334F HTTP/1.1" 200 63631
66.249.76.70 - - [10/Mar/2025:04:53:57 +0100] "GET /ticket2/opencms/en/venue/?venueid=D84CD4C3-A05B-FEF5-C01D-0CB2BF594265 HTTP/1.1" 200 63628
66.249.79.198 - - [10/Mar/2025:04:54:00 +0100] "GET /ticket2/opencms/en/venue/?venueid=A3AB175F-12D9-02CE-12EF-9C97EB03B1A8 HTTP/1.1" 200 63672
68.183.238.15 - - [10/Mar/2025:04:55:22 +0100] "GET /manager/html HTTP/1.1" 404 -
66.249.76.70 - - [10/Mar/2025:04:58:42 +0100] "GET /ticket2/opencms/en/venue/?venueid=286341D2-7EEF-95B1-EEDE-7755BEF9E107 HTTP/1.1" 200 63734
68.183.238.15 - - [10/Mar/2025:04:58:55 +0100] "GET /manager/html HTTP/1.1" 404 -
195.178.110.163 - - [10/Mar/2025:05:00:59 +0100] "????Oo3:{-??? ?*sSl^a?uxA6????N?? ???NM~!q??\!c?my?i??J}A????xOI&?+?/?,?0????? ??" 400 -
195.178.110.163 - - [10/Mar/2025:05:00:59 +0100] "GET / HTTP/1.1" 404 -
195.178.110.163 - - [01/Jan/1970:00:59:59 +0100] "-" 400 -
195.178.110.163 - - [10/Mar/2025:05:00:59 +0100] "GET / HTTP/1.1" 404 -
195.178.110.163 - - [10/Mar/2025:05:01:02 +0100] "GET /data/.git/config HTTP/1.1" 404 -
66.249.79.197 - - [10/Mar/2025:05:01:36 +0100] "GET /ticket2/opencms/en/venue/?venueid=52FEA340-600C-C2A6-D05C-0B94F2E2DFB9 HTTP/1.1" 200 63615
68.183.238.15 - - [10/Mar/2025:05:02:28 +0100] "GET /manager/html HTTP/1.1" 404 -
167.94.146.51 - - [10/Mar/2025:05:04:13 +0100] "GET / HTTP/1.1" 404 -
167.94.146.51 - - [10/Mar/2025:05:04:23 +0100] "GET / HTTP/1.1" 404 -
167.94.146.51 - - [10/Mar/2025:05:04:23 +0100] "PRI * HTTP/2.0" 505 -
167.94.146.51 - - [10/Mar/2025:05:04:28 +0100] "GET /favicon.ico HTTP/1.1" 404 -
66.249.79.197 - - [10/Mar/2025:05:05:43 +0100] "GET /ticket2/opencms/en/venue/?venueid=BFAA7D00-C9A8-E5FE-E9DC-7972FAD436C1 HTTP/1.1" 200 63646
68.183.238.15 - - [10/Mar/2025:05:06:04 +0100] "GET /manager/html HTTP/1.1" 404 -
68.183.238.15 - - [10/Mar/2025:05:09:38 +0100] "GET /manager/html HTTP/1.1" 404 -
66.249.79.198 - - [10/Mar/2025:05:09:41 +0100] "GET /ticket2/opencms/en/venue/?venueid=CE9D8961-29AD-A9EB-5F2E-605FBF8DDA52 HTTP/1.1" 200 63637
66.249.76.69 - - [10/Mar/2025:05:10:37 +0100] "GET /ticket2/opencms/en/venue/?venueid=CB444C4A-4CCE-4670-714E-21D950F578CB HTTP/1.1" 200 63646
66.249.79.198 - - [10/Mar/2025:05:12:23 +0100] "GET /ticket2/opencms/en/venue/?venueid=F7B4C813-BC84-3E2A-D908-96D8A8EC8EC1 HTTP/1.1" 200 63663
66.249.79.197 - - [10/Mar/2025:05:12:52 +0100] "GET /ticket2/opencms/en/venue/?venueid=BB736B8D-452E-548C-9145-71E4BC7BD986 HTTP/1.1" 200 63619
68.183.238.15 - - [10/Mar/2025:05:13:16 +0100] "GET /manager/html HTTP/1.1" 404 -
68.183.238.15 - - [10/Mar/2025:05:16:51 +0100] "GET /manager/html HTTP/1.1" 404 -
66.249.79.199 - - [10/Mar/2025:05:19:56 +0100] "GET /ticket2/opencms/en/sport/football-tickets/serie_a/lazio/ HTTP/1.1" 200 65546
68.183.238.15 - - [10/Mar/2025:05:20:28 +0100] "GET /manager/html HTTP/1.1" 404 -
68.183.238.15 - - [10/Mar/2025:05:24:03 +0100] "GET /manager/html HTTP/1.1" 404 -
66.249.76.69 - - [10/Mar/2025:05:24:25 +0100] "GET /ticket2/opencms/en/venue/?venueid=9105DCA9-DA89-4D98-8EC3-D0773C34A12F HTTP/1.1" 200 63615
66.249.76.71 - - [10/Mar/2025:05:25:25 +0100] "GET /ticket2/opencms/en/venue/?venueid=3E052964-D5DB-7727-FFA4-1BA16C172E21 HTTP/1.1" 200 63604
68.183.238.15 - - [10/Mar/2025:05:27:34 +0100] "GET /manager/html HTTP/1.1" 404 -
66.249.79.199 - - [10/Mar/2025:05:27:45 +0100] "GET /ticket2/opencms/en/venue/?venueid=7C7F73F8-7DD5-5AD2-5D98-6873788781BA HTTP/1.1" 200 63675
66.249.79.199 - - [10/Mar/2025:05:29:50 +0100] "GET /ticket2/opencms/en/venue/?venueid=B13B57EE-97C9-4B30-06E7-6D52ED8D601C HTTP/1.1" 200 63610
68.183.238.15 - - [10/Mar/2025:05:31:09 +0100] "GET /manager/html HTTP/1.1" 404 -
193.200.78.33 - - [10/Mar/2025:05:32:06 +0100] "CONNECT google.com:443 HTTP/1.1" 400 -
66.249.79.197 - - [10/Mar/2025:05:33:14 +0100] "GET /ticket2/opencms/en/venue/?venueid=AA93324D-5E2C-E5D6-2E44-3DC2580D008C HTTP/1.1" 200 63636
66.249.79.199 - - [10/Mar/2025:05:34:49 +0100] "GET /ticket2/opencms/en/venue/?venueid=680E364F-C434-6295-07B6-C0DA445E75CC HTTP/1.1" 200 63692
68.183.238.15 - - [10/Mar/2025:05:34:53 +0100] "GET /manager/html HTTP/1.1" 404 -
66.249.79.199 - - [10/Mar/2025:05:36:32 +0100] "GET /ticket2/opencms/en/venue/?venueid=A301B0C2-F71E-4DB0-24CC-ECF0C1A755C2 HTTP/1.1" 200 63574
68.183.238.15 - - [10/Mar/2025:05:38:27 +0100] "GET /manager/html HTTP/1.1" 404 -
68.183.238.15 - - [10/Mar/2025:05:42:20 +0100] "GET /manager/html HTTP/1.1" 404 -
66.249.79.197 - - [10/Mar/2025:05:42:25 +0100] "GET /ticket2/opencms/en/venue/?venueid=20612A91-4DAD-D682-3443-BFA1071CDA0A HTTP/1.1" 200 63645
68.183.238.15 - - [10/Mar/2025:05:45:58 +0100] "GET /manager/html HTTP/1.1" 404 -
68.183.238.15 - - [10/Mar/2025:05:49:35 +0100] "GET /manager/html HTTP/1.1" 404 -
66.249.79.198 - - [10/Mar/2025:05:51:35 +0100] "GET /ticket2/opencms/en/venue/?venueid=774CE0C8-BD49-BECE-B867-F0D360E1A586 HTTP/1.1" 200 63606
87.121.84.204 - - [10/Mar/2025:05:52:07 +0100] "GET /ticket2/opencms/cgi-bin/luci/;stok=/locale HTTP/1.1" 404 -
66.249.76.69 - - [10/Mar/2025:05:52:34 +0100] "GET /ticket2/opencms/en/venue/?venueid=4EB732D1-1652-2B2A-5343-888F777F34B4 HTTP/1.1" 200 63633
66.249.79.197 - - [10/Mar/2025:05:52:50 +0100] "GET /ticket2/opencms/en/venue/?venueid=5E4247B1-038D-69C7-681E-59A3027FAB84 HTTP/1.1" 200 63651
68.183.238.15 - - [10/Mar/2025:05:53:21 +0100] "GET /manager/html HTTP/1.1" 404 -
66.249.79.197 - - [10/Mar/2025:05:53:23 +0100] "GET /ticket2/opencms/en/venue/?venueid=498C90F3-607E-EF53-F9E3-58E2CED85E08 HTTP/1.1" 200 63603
66.249.79.197 - - [10/Mar/2025:05:53:26 +0100] "GET /ticket2/opencms/en/venue/?venueid=43225DE7-2183-4D01-76EB-8CE89B54C5DC HTTP/1.1" 200 63589
68.183.238.15 - - [10/Mar/2025:05:57:01 +0100] "GET /manager/html HTTP/1.1" 404 -
68.183.238.15 - - [10/Mar/2025:06:00:58 +0100] "GET /manager/html HTTP/1.1" 404 -
87.236.176.13 - - [10/Mar/2025:06:01:14 +0100] "GET / HTTP/1.1" 404 -
185.91.127.81 - - [10/Mar/2025:06:03:42 +0100] "CONNECT api.ip.pn:443 HTTP/1.1" 400 -
68.183.238.15 - - [10/Mar/2025:06:04:44 +0100] "GET /manager/html HTTP/1.1" 404 -
68.183.238.15 - - [10/Mar/2025:06:08:19 +0100] "GET /manager/html HTTP/1.1" 404 -
66.249.79.199 - - [10/Mar/2025:06:08:33 +0100] "GET /ticket2/opencms/en/venue/?venueid=37C435E9-F183-6029-6984-FE323816144B HTTP/1.1" 200 63603
66.249.79.197 - - [10/Mar/2025:06:08:40 +0100] "GET /ticket2/opencms/en/venue/?venueid=4BC8A4F7-B275-C48F-5201-9432C06891B2 HTTP/1.1" 200 63645
66.249.79.197 - - [10/Mar/2025:06:08:48 +0100] "GET /ticket2/opencms/en/venue/?venueid=14B76136-894C-6221-F73D-2C8FAF5FB018 HTTP/1.1" 200 63616
87.121.84.204 - - [10/Mar/2025:06:10:09 +0100] "GET /cgi-bin/luci/;stok=/locale HTTP/1.1" 404 -
68.183.238.15 - - [10/Mar/2025:06:12:35 +0100] "GET /manager/html HTTP/1.1" 404 -
66.249.79.197 - - [10/Mar/2025:06:12:49 +0100] "GET /ticket2/opencms/en/venue/?venueid=7459A29D-3F4C-884C-C85C-9368023CDEDD HTTP/1.1" 200 63637
154.81.156.7 - - [10/Mar/2025:06:14:14 +0100] "GET / HTTP/1.1" 404 -
185.242.226.109 - - [10/Mar/2025:06:14:51 +0100] "GET /ticket2/opencms/ HTTP/1.1" 302 -
185.242.226.109 - - [10/Mar/2025:06:14:52 +0100] "GET /ticket2/opencms/en/ HTTP/1.1" 200 66763
68.183.238.15 - - [10/Mar/2025:06:16:14 +0100] "GET /manager/html HTTP/1.1" 404 -
68.183.238.15 - - [10/Mar/2025:06:19:56 +0100] "GET /manager/html HTTP/1.1" 404 -
66.249.76.70 - - [10/Mar/2025:06:21:31 +0100] "GET /ticket2/opencms/en/venue/?venueid=C458B6B1-F3BA-F452-1EA5-B4B6AF5E0413 HTTP/1.1" 200 63740
66.249.79.198 - - [10/Mar/2025:06:22:24 +0100] "GET /ticket2/opencms/en/venue/?venueid=AA97C43B-979C-E0CB-5A0F-B163CD407AA1 HTTP/1.1" 200 63649
68.183.238.15 - - [10/Mar/2025:06:23:45 +0100] "GET /manager/html HTTP/1.1" 404 -
10.158.0.206 - - [10/Mar/2025:06:27:23 +0100] "GET / HTTP/1.1" 404 -
68.183.238.15 - - [10/Mar/2025:06:27:26 +0100] "GET /manager/html HTTP/1.1" 404 -
66.249.79.197 - - [10/Mar/2025:06:29:13 +0100] "GET /ticket2/opencms/en/venue/?venueid=16CA27B2-E6FB-6299-A50A-93A7567AD2E3 HTTP/1.1" 200 63717
196.251.87.187 - - [10/Mar/2025:06:29:14 +0100] "GET /ticket2/opencms/.env HTTP/1.1" 404 -
66.249.79.197 - - [10/Mar/2025:06:30:42 +0100] "GET /ticket2/opencms/en/venue/?venueid=FFD58926-E43E-9E2E-9DB6-3170AF0A87CC HTTP/1.1" 200 63642
66.249.79.197 - - [10/Mar/2025:06:30:51 +0100] "GET /ticket2/opencms/en/venue/?venueid=D88B1A2D-D4CE-4096-CB58-413C35009F84 HTTP/1.1" 200 63645
68.183.238.15 - - [10/Mar/2025:06:31:12 +0100] "GET /manager/html HTTP/1.1" 404 -
66.249.76.71 - - [10/Mar/2025:06:32:35 +0100] "GET /ticket2/opencms/en/venue/?venueid=C9FA908E-844D-34B9-709F-9C6F649F6B00 HTTP/1.1" 200 63722
66.249.79.198 - - [10/Mar/2025:06:32:41 +0100] "GET /ticket2/opencms/en/venue/?venueid=70CF0C71-242F-3CB8-3E8B-757E40B6417C HTTP/1.1" 200 63693
66.249.76.69 - - [10/Mar/2025:06:32:50 +0100] "GET /ticket2/opencms/en/venue/?venueid=924F6A71-B6FB-26C5-04CA-1B49F86B9FF1 HTTP/1.1" 200 63660
66.249.79.198 - - [10/Mar/2025:06:34:41 +0100] "GET /ticket2/opencms/en/venue/?venueid=8E39DE37-BBFD-7354-2829-B45EF99FC5B8 HTTP/1.1" 200 63639
68.183.238.15 - - [10/Mar/2025:06:34:58 +0100] "GET /manager/html HTTP/1.1" 404 -
66.249.79.197 - - [10/Mar/2025:06:35:27 +0100] "GET /ticket2/opencms/en/venue/?venueid=145405E9-8D90-931A-2006-E498723CA09B HTTP/1.1" 200 63613
66.249.76.70 - - [10/Mar/2025:06:35:52 +0100] "GET /ticket2/opencms/en/venue/?venueid=499F974B-9C10-9479-63CC-4EE8F0CFE55B HTTP/1.1" 200 63631
66.249.79.197 - - [10/Mar/2025:06:36:23 +0100] "GET /ticket2/opencms/en/venue/?venueid=0A5827CF-E7EA-E40C-108E-9376F19C9B55 HTTP/1.1" 200 63603
66.249.79.198 - - [10/Mar/2025:06:36:52 +0100] "GET /ticket2/opencms/en/venue/?venueid=01A0ADB8-E909-7B52-7382-807C1E2FCC75 HTTP/1.1" 200 63609
162.216.150.221 - - [10/Mar/2025:06:38:29 +0100] "GET /ticket2/opencms/ HTTP/1.1" 302 -
162.216.150.221 - - [10/Mar/2025:06:38:30 +0100] "GET /ticket2/opencms/en/ HTTP/1.1" 200 66763
68.183.238.15 - - [10/Mar/2025:06:38:40 +0100] "GET /manager/html HTTP/1.1" 404 -
66.249.79.198 - - [10/Mar/2025:06:40:43 +0100] "GET /ticket2/opencms/en/venue/?venueid=4B59E4CA-1599-6119-1C68-7B9E529278FF HTTP/1.1" 200 63661
68.183.238.15 - - [10/Mar/2025:06:42:25 +0100] "GET /manager/html HTTP/1.1" 404 -
66.249.79.199 - - [10/Mar/2025:06:42:25 +0100] "GET /ticket2/opencms/en/venue/?venueid=B41F136F-8D7B-8310-10BB-B6A76B586CF9 HTTP/1.1" 200 63667
66.249.79.199 - - [10/Mar/2025:06:45:35 +0100] "GET /ticket2/opencms/en/venue/?venueid=4D10F6C7-6483-15E8-A9F8-BBF15C7E14A8 HTTP/1.1" 200 63633
68.183.238.15 - - [10/Mar/2025:06:46:05 +0100] "GET /manager/html HTTP/1.1" 404 -
66.249.79.199 - - [10/Mar/2025:06:46:32 +0100] "GET /ticket2/opencms/en/venue/?venueid=CC9A440E-B464-CC4E-06EE-F66092FB8CD7 HTTP/1.1" 200 63610
66.249.79.199 - - [10/Mar/2025:06:47:50 +0100] "GET /ticket2/opencms/en/venue/?venueid=DB39254B-3E28-48BE-15E1-03374B8325A4 HTTP/1.1" 200 63648
66.249.79.197 - - [10/Mar/2025:06:48:44 +0100] "GET /ticket2/opencms/en/venue/?venueid=D445411B-08FC-6F4E-CAC0-2B74ADA8AFFF HTTP/1.1" 200 63642
68.183.238.15 - - [10/Mar/2025:06:49:39 +0100] "GET /manager/html HTTP/1.1" 404 -
68.183.238.15 - - [10/Mar/2025:06:53:17 +0100] "GET /manager/html HTTP/1.1" 404 -
66.249.79.199 - - [10/Mar/2025:06:54:50 +0100] "GET /ticket2/opencms/en/venue/?venueid=853E22E8-AAA5-D638-4DB5-6F3AE80E94F8 HTTP/1.1" 200 63716
68.183.238.15 - - [10/Mar/2025:06:57:01 +0100] "GET /manager/html HTTP/1.1" 404 -
66.249.79.199 - - [10/Mar/2025:06:57:55 +0100] "GET /ticket2/opencms/en/venue/?venueid=F2980A6F-B64F-4B0C-6D38-4E1B59B5AA8D HTTP/1.1" 200 63651
66.249.79.198 - - [10/Mar/2025:06:58:51 +0100] "GET /ticket2/opencms/en/venue/?venueid=9B137520-72B4-1150-AC79-9BCA4FCF5EB1 HTTP/1.1" 200 63640
88.214.25.123 - - [10/Mar/2025:07:00:26 +0100] "/*?Cookie: mstshash=Administr " 400 -
68.183.238.15 - - [10/Mar/2025:07:00:32 +0100] "GET /manager/html HTTP/1.1" 404 -
192.241.185.241 - - [10/Mar/2025:07:02:07 +0100] "GET /ticket2/opencms/.env HTTP/1.1" 404 -
68.183.238.15 - - [10/Mar/2025:07:04:18 +0100] "GET /manager/html HTTP/1.1" 404 -
185.242.226.109 - - [10/Mar/2025:07:05:22 +0100] "GET /ticket2/opencms/favicon.ico HTTP/1.1" 200 1406
185.242.226.109 - - [10/Mar/2025:07:05:22 +0100] "GET /ticket2/opencms/ HTTP/1.1" 302 -
185.242.226.109 - - [10/Mar/2025:07:05:22 +0100] "GET /ticket2/opencms/en/ HTTP/1.1" 200 66763
68.183.238.15 - - [10/Mar/2025:07:08:02 +0100] "GET /manager/html HTTP/1.1" 404 -
68.183.238.15 - - [10/Mar/2025:07:12:00 +0100] "GET /manager/html HTTP/1.1" 404 -
68.183.238.15 - - [10/Mar/2025:07:15:42 +0100] "GET /manager/html HTTP/1.1" 404 -
66.249.76.71 - - [10/Mar/2025:07:17:26 +0100] "GET /ticket2/opencms/en/venue/?venueid=D744A0E6-974D-7D9B-E6CA-EB969D419414 HTTP/1.1" 200 63625
46.19.138.210 - - [10/Mar/2025:07:19:18 +0100] "GET /ticket2/opencms/.git/config HTTP/1.1" 404 -
185.224.128.17 - - [10/Mar/2025:07:19:35 +0100] "CONNECT example.com:80 HTTP/1.1" 400 -
68.183.238.15 - - [10/Mar/2025:07:19:37 +0100] "GET /manager/html HTTP/1.1" 404 -
66.249.79.197 - - [10/Mar/2025:07:19:41 +0100] "GET /ticket2/opencms/en/venue/?venueid=D9365E4D-49BE-CD44-E4C9-734764289212 HTTP/1.1" 200 63592
66.249.79.198 - - [10/Mar/2025:07:19:49 +0100] "GET /ticket2/opencms/en/venue/?venueid=86C22CE0-18B6-865E-E69F-CE6725E2874B HTTP/1.1" 200 63678
66.249.79.199 - - [10/Mar/2025:07:20:49 +0100] "GET /ticket2/opencms/en/venue/?venueid=77422572-4F48-F10C-1394-DA0E03E07BDC HTTP/1.1" 200 63634
66.249.79.197 - - [10/Mar/2025:07:20:54 +0100] "GET /ticket2/opencms/sv/buy/?page=6&comcatid=97ECA65A-72DA-F9AF-9DBB-245D3CFED1BE&catid=4C4DADF0-07CC-9B24-D2D9-940EF378BE99 HTTP/1.1" 200 70191
66.249.76.69 - - [10/Mar/2025:07:21:41 +0100] "GET /ticket2/opencms/en/venue/?venueid=6F3CA280-5893-C28B-8C76-4FA561BAFBF2 HTTP/1.1" 200 63600
68.183.238.15 - - [10/Mar/2025:07:23:27 +0100] "GET /manager/html HTTP/1.1" 404 -
68.183.238.15 - - [10/Mar/2025:07:27:16 +0100] "GET /manager/html HTTP/1.1" 404 -
66.249.79.197 - - [10/Mar/2025:07:27:36 +0100] "GET /ticket2/opencms/en/venue/?venueid=C1C3AD36-D0CD-15F9-9ECB-C1BCEE4FC056 HTTP/1.1" 200 63627
92.255.57.58 - - [10/Mar/2025:07:30:10 +0100] "GET /ticket2/opencms/?XDEBUG_SESSION_START=phpstorm HTTP/1.1" 302 -
92.255.57.58 - - [10/Mar/2025:07:30:12 +0100] "GET /ticket2/opencms/en/ HTTP/1.1" 200 66763
196.251.66.31 - - [10/Mar/2025:07:31:01 +0100] "POST /ticket2/opencms/portal HTTP/1.1" 404 -
68.183.238.15 - - [10/Mar/2025:07:31:07 +0100] "GET /manager/html HTTP/1.1" 404 -
66.249.79.199 - - [10/Mar/2025:07:32:15 +0100] "GET /ticket2/opencms/en/venue/?venueid=A7C35E41-A8DE-46DC-9A98-EA794BBC27B7 HTTP/1.1" 200 63601
68.183.238.15 - - [10/Mar/2025:07:34:48 +0100] "GET /manager/html HTTP/1.1" 404 -
66.249.79.199 - - [10/Mar/2025:07:37:24 +0100] "GET /ticket2/opencms/en/venue/?venueid=17D0DFA9-77AB-EBCA-484F-CEB853AA41A8 HTTP/1.1" 200 63666
66.249.79.198 - - [10/Mar/2025:07:37:40 +0100] "GET /ticket2/opencms/en/venue/?venueid=E18D9E3C-49FF-D0D7-7808-6EA122B326E7 HTTP/1.1" 200 63699
68.183.238.15 - - [10/Mar/2025:07:38:31 +0100] "GET /manager/html HTTP/1.1" 404 -
66.249.76.71 - - [10/Mar/2025:07:40:47 +0100] "GET /ticket2/opencms/en/venue/?venueid=58522292-9FB1-E2A9-71BC-483A012096C6 HTTP/1.1" 200 63645
66.249.76.70 - - [10/Mar/2025:07:41:49 +0100] "GET /ticket2/opencms/en/venue/?venueid=0E1AD7DC-F63F-ECC2-9070-B20E7ACF07FC HTTP/1.1" 200 63694
68.183.238.15 - - [10/Mar/2025:07:42:26 +0100] "GET /manager/html HTTP/1.1" 404 -
66.249.79.199 - - [10/Mar/2025:07:45:51 +0100] "GET /ticket2/opencms/en/venue/?venueid=A2143F04-641C-B311-284A-E01DFC7E06B3 HTTP/1.1" 200 63630
68.183.238.15 - - [10/Mar/2025:07:46:09 +0100] "GET /manager/html HTTP/1.1" 404 -
