66.249.79.199 - - [09/Mar/2025:17:08:35 +0100] "GET /ticket2/opencms/en/venue/?countryid=B33351B8-DB63-1834-566A-CB44E5291395 HTTP/1.1" 200 93013
66.249.76.70 - - [09/Mar/2025:17:09:58 +0100] "GET /ticket2/opencms/en/venue/?countryid=3F84C922-E52E-4F0E-1F8F-97D62941C628 HTTP/1.1" 200 93013
68.183.238.15 - - [09/Mar/2025:17:11:25 +0100] "GET /manager/html HTTP/1.1" 404 -
68.183.238.15 - - [09/Mar/2025:17:14:52 +0100] "GET /manager/html HTTP/1.1" 404 -
68.183.238.15 - - [09/Mar/2025:17:18:27 +0100] "GET /manager/html HTTP/1.1" 404 -
68.183.238.15 - - [09/Mar/2025:17:22:08 +0100] "GET /manager/html HTTP/1.1" 404 -
66.249.79.198 - - [09/Mar/2025:17:22:42 +0100] "GET /ticket2/opencms/en/venue/?venueid=B9A3249B-A407-83D8-700C-4E1EE9D257A8 HTTP/1.1" 200 63648
66.249.76.70 - - [09/Mar/2025:17:22:44 +0100] "GET /ticket2/opencms/en/venue/?venueid=DF37D396-FA06-F473-CD27-6AD0A828AD06 HTTP/1.1" 200 63636
66.249.79.198 - - [09/Mar/2025:17:24:54 +0100] "GET /ticket2/opencms/en/venue/?venueid=4264E775-2245-34EC-AB9C-8E5203A0BEEE HTTP/1.1" 200 63628
68.183.238.15 - - [09/Mar/2025:17:25:39 +0100] "GET /manager/html HTTP/1.1" 404 -
66.249.79.199 - - [09/Mar/2025:17:26:46 +0100] "GET /ticket2/opencms/en/venue/?countryid=52F4A5D1-57D1-3DCD-E1E5-1C5778B3C28E HTTP/1.1" 200 93013
68.183.238.15 - - [09/Mar/2025:17:29:08 +0100] "GET /manager/html HTTP/1.1" 404 -
66.249.76.70 - - [09/Mar/2025:17:29:24 +0100] "GET /ticket2/opencms/en/venue/?countryid=91AAC8CB-DC00-AD46-25B5-9E567AEBD805 HTTP/1.1" 200 93483
66.249.79.197 - - [09/Mar/2025:17:30:37 +0100] "GET /ticket2/opencms/en/venue/?countryid=8AB3059A-CDC7-3AC2-BF58-176BA47DA764 HTTP/1.1" 200 108442
66.249.79.199 - - [09/Mar/2025:17:31:58 +0100] "GET /ticket2/opencms/en/venue/?countryid=6941D863-6987-AFB6-0EB8-DD9A02005855 HTTP/1.1" 200 93013
68.183.238.15 - - [09/Mar/2025:17:32:35 +0100] "GET /manager/html HTTP/1.1" 404 -
66.249.79.197 - - [09/Mar/2025:17:33:44 +0100] "GET /ticket2/opencms/en/venue/?countryid=6D97DD41-58F8-E86C-8D49-519899AAF206 HTTP/1.1" 200 93013
51.138.184.110 - - [09/Mar/2025:17:35:57 +0100] "GET / HTTP/1.1" 404 -
68.183.238.15 - - [09/Mar/2025:17:36:11 +0100] "GET /manager/html HTTP/1.1" 404 -
66.249.79.198 - - [09/Mar/2025:17:37:52 +0100] "GET /ticket2/opencms/en/venue/?countryid=7B8EA247-B72D-57A1-F5B5-112514CAAC1F HTTP/1.1" 200 93013
68.183.238.15 - - [09/Mar/2025:17:39:52 +0100] "GET /manager/html HTTP/1.1" 404 -
68.183.238.15 - - [09/Mar/2025:17:43:21 +0100] "GET /manager/html HTTP/1.1" 404 -
68.183.238.15 - - [09/Mar/2025:17:47:03 +0100] "GET /manager/html HTTP/1.1" 404 -
66.249.79.199 - - [09/Mar/2025:17:47:14 +0100] "GET /ticket2/opencms/en/venue/?venueid=86DEA7DE-EC8B-6F7F-4E07-89780910ACCD HTTP/1.1" 200 63633
68.183.238.15 - - [09/Mar/2025:17:50:25 +0100] "GET /manager/html HTTP/1.1" 404 -
66.249.76.69 - - [09/Mar/2025:17:53:46 +0100] "GET /ticket2/opencms/en/venue/?countryid=EBEF9B75-B33B-BBAE-FE14-1F037092B34B HTTP/1.1" 200 102918
68.183.238.15 - - [09/Mar/2025:17:54:03 +0100] "GET /manager/html HTTP/1.1" 404 -
66.249.79.199 - - [09/Mar/2025:17:57:13 +0100] "GET /ticket2/opencms/en/venue/?venueid=5CD064CB-C924-A9AA-0D43-3118B7F7A349 HTTP/1.1" 200 63663
68.183.238.15 - - [09/Mar/2025:17:58:03 +0100] "GET /manager/html HTTP/1.1" 404 -
51.8.102.53 - - [09/Mar/2025:18:01:34 +0100] "GET /ticket2/opencms/robots.txt HTTP/1.1" 304 -
68.183.238.15 - - [09/Mar/2025:18:01:46 +0100] "GET /manager/html HTTP/1.1" 404 -
68.183.238.15 - - [09/Mar/2025:18:05:31 +0100] "GET /manager/html HTTP/1.1" 404 -
162.243.219.80 - - [09/Mar/2025:18:06:13 +0100] "GET /ticket2/opencms/.env HTTP/1.1" 404 -
66.249.79.198 - - [09/Mar/2025:18:08:47 +0100] "GET /ticket2/opencms/en/venue/?countryid=40378634-F839-FEF7-110F-40EAA530AB1D HTTP/1.1" 200 93013
68.183.238.15 - - [09/Mar/2025:18:09:08 +0100] "GET /manager/html HTTP/1.1" 404 -
66.249.79.197 - - [09/Mar/2025:18:09:27 +0100] "GET /ticket2/opencms/en/venue/?countryid=DBAF1CDD-BB02-B386-3F1A-E606C2F733BC HTTP/1.1" 200 94785
66.249.79.197 - - [09/Mar/2025:18:09:41 +0100] "GET /ticket2/opencms/en/venue/?countryid=666C887D-F998-338F-2ABE-16022B884D9D HTTP/1.1" 200 93013
66.249.76.69 - - [09/Mar/2025:18:09:49 +0100] "GET /ticket2/opencms/en/venue/?countryid=180EAAAB-918A-9F1E-ED78-EB81C803FB9F HTTP/1.1" 200 93013
66.249.76.69 - - [09/Mar/2025:18:10:13 +0100] "GET /ticket2/opencms/en/venue/?countryid=B2685E9F-F5FB-C584-F982-0FC8E094C1AC HTTP/1.1" 200 93013
68.183.238.15 - - [09/Mar/2025:18:12:52 +0100] "GET /manager/html HTTP/1.1" 404 -
66.249.79.4 - - [09/Mar/2025:18:13:37 +0100] "GET /ticket2/opencms/en/venue/?venueid=2F6DFDC1-F019-8112-F2A0-0983384F59FC HTTP/1.1" 200 63628
66.249.79.197 - - [09/Mar/2025:18:15:26 +0100] "GET /ticket2/opencms/en/ask-form.html HTTP/1.1" 200 3146
68.183.238.15 - - [09/Mar/2025:18:16:35 +0100] "GET /manager/html HTTP/1.1" 404 -
66.249.79.99 - - [09/Mar/2025:18:18:25 +0100] "GET /ticket2/opencms/en/venue/?countryid=7955C1DA-0203-9687-2994-14739AEE539F HTTP/1.1" 200 93013
68.183.238.15 - - [09/Mar/2025:18:20:12 +0100] "GET /manager/html HTTP/1.1" 404 -
66.249.79.199 - - [09/Mar/2025:18:22:39 +0100] "GET /ticket2/opencms/en/search.html?searchQuery=tottenham&submit= HTTP/1.1" 200 86415
195.178.110.163 - - [09/Mar/2025:18:23:07 +0100] "GET /ticket2/opencms/ HTTP/1.1" 302 -
66.249.79.4 - - [09/Mar/2025:18:23:25 +0100] "GET /ticket2/opencms/en/venue/?countryid=01A4931A-C165-4B79-C9B2-6B15C1A8EA57 HTTP/1.1" 200 121474
68.183.238.15 - - [09/Mar/2025:18:23:53 +0100] "GET /manager/html HTTP/1.1" 404 -
66.249.79.199 - - [09/Mar/2025:18:24:44 +0100] "GET /ticket2/opencms/en/venue/?countryid=C390DA46-FDFE-72E8-463E-D2A88C688BC4 HTTP/1.1" 200 93013
66.249.76.70 - - [09/Mar/2025:18:25:47 +0100] "GET /ticket2/opencms/sv/ HTTP/1.1" 200 68095
68.183.238.15 - - [09/Mar/2025:18:27:34 +0100] "GET /manager/html HTTP/1.1" 404 -
66.249.79.199 - - [09/Mar/2025:18:29:25 +0100] "GET /ticket2/opencms/en/venue/?countryid=D9E13DB9-8338-AA2E-D2F0-97CDF9CA1F76 HTTP/1.1" 200 93013
68.183.238.15 - - [09/Mar/2025:18:31:28 +0100] "GET /manager/html HTTP/1.1" 404 -
66.249.79.198 - - [09/Mar/2025:18:31:31 +0100] "GET /ticket2/opencms/sv/affiliateprogram.html HTTP/1.1" 200 65553
66.249.79.197 - - [09/Mar/2025:18:31:52 +0100] "GET /ticket2/opencms/en/venue/?countryid=FFFF1061-F0B1-C4E6-4E92-B35C1210D71D HTTP/1.1" 200 93013
66.249.79.197 - - [09/Mar/2025:18:32:23 +0100] "GET /ticket2/opencms/sv/buy/ HTTP/1.1" 200 65243
66.249.76.69 - - [09/Mar/2025:18:32:26 +0100] "GET /ticket2/opencms/sv/buy/?comcatid=810BB404-4103-77F2-A6C2-12D5E6C338E2&catid=95AE85B5-8979-BB11-643C-430ACC6D50F9 HTTP/1.1" 200 67039
66.249.79.197 - - [09/Mar/2025:18:32:41 +0100] "GET /ticket2/opencms/sv/buy/?comcatid=A17713B6-D984-201A-4143-ED4DB5ED5C2E&catid=3A7AEA37-903D-9533-4B33-21B0001FF1D1 HTTP/1.1" 200 75247
87.121.84.204 - - [09/Mar/2025:18:33:10 +0100] "GET /cgi-bin/luci/;stok=/locale HTTP/1.1" 404 -
66.249.79.197 - - [09/Mar/2025:18:33:40 +0100] "GET /ticket2/opencms/en/venue/?countryid=E6D1D9A5-7003-75BD-6D2C-CB60A7D92969 HTTP/1.1" 200 93013
66.249.79.198 - - [09/Mar/2025:18:33:57 +0100] "GET /ticket2/opencms/en/venue/?countryid=02784C54-6C5E-C56A-BCB8-106172A4270F HTTP/1.1" 200 93013
68.183.238.15 - - [09/Mar/2025:18:35:04 +0100] "GET /manager/html HTTP/1.1" 404 -
68.183.238.15 - - [09/Mar/2025:18:38:47 +0100] "GET /manager/html HTTP/1.1" 404 -
66.249.79.197 - - [09/Mar/2025:18:39:43 +0100] "GET /ticket2/opencms/en/venue/?countryid=6B694798-0B8F-37B1-435B-6B5A0DB8B5CB HTTP/1.1" 200 93013
66.249.76.69 - - [09/Mar/2025:18:39:49 +0100] "GET /ticket2/opencms/en/venue/?countryid=FF003B65-76E6-22ED-7100-B7664691B6BF HTTP/1.1" 200 93013
66.249.79.197 - - [09/Mar/2025:18:40:23 +0100] "GET /ticket2/opencms/sv/buy/?comcatid=A17713B6-D984-201A-4143-ED4DB5ED5C2E&catid=FF8D7FE7-4B09-7305-01C7-2D47F7913EB8 HTTP/1.1" 200 75243
66.249.79.197 - - [09/Mar/2025:18:40:25 +0100] "GET /ticket2/opencms/en/venue/?countryid=98E21F26-BA61-B037-B7B7-D6DBAF5824E4 HTTP/1.1" 200 104677
66.249.76.69 - - [09/Mar/2025:18:40:30 +0100] "GET /ticket2/opencms/en/venue/?countryid=87042EBC-41CD-88B3-A5A5-7C6AF4E19F07 HTTP/1.1" 200 93013
66.249.79.197 - - [09/Mar/2025:18:40:49 +0100] "GET /ticket2/opencms/sv/buy/?comcatid=A17713B6-D984-201A-4143-ED4DB5ED5C2E&catid=7ACC33AD-EE7E-AAA7-9050-0F4587759B87 HTTP/1.1" 200 75248
66.249.76.69 - - [09/Mar/2025:18:40:57 +0100] "GET /ticket2/opencms/sv/buy/?comcatid=A17713B6-D984-201A-4143-ED4DB5ED5C2E&catid=BDD8C04C-DD99-1C07-B5F3-F2AB98D157E8 HTTP/1.1" 200 75245
66.249.79.199 - - [09/Mar/2025:18:41:47 +0100] "GET /ticket2/opencms/sv/buy/?comcatid=A17713B6-D984-201A-4143-ED4DB5ED5C2E&catid=70B37487-FE30-D476-CAE7-E6AFEA3153F2 HTTP/1.1" 200 75239
68.183.238.15 - - [09/Mar/2025:18:42:29 +0100] "GET /manager/html HTTP/1.1" 404 -
52.167.144.171 - - [09/Mar/2025:18:42:50 +0100] "GET /ticket2/opencms/en/venue/?venueid=200540AD-0DBC-7808-2DE9-510FC2510D5E HTTP/1.1" 200 63576
68.183.238.15 - - [09/Mar/2025:18:46:04 +0100] "GET /manager/html HTTP/1.1" 404 -
66.249.79.197 - - [09/Mar/2025:18:48:40 +0100] "GET /ticket2/opencms/en/venue/?countryid=F4546A23-438C-B8AA-E6C1-C86A24730617 HTTP/1.1" 200 93013
20.83.53.40 - - [01/Jan/1970:00:59:59 +0100] "-" 400 -
68.183.238.15 - - [09/Mar/2025:18:49:38 +0100] "GET /manager/html HTTP/1.1" 404 -
66.249.76.71 - - [09/Mar/2025:18:50:13 +0100] "GET /ticket2/opencms/en/venue/?countryid=542AAA85-729E-385B-AA25-7388FBEAC6A1 HTTP/1.1" 200 93013
66.249.76.69 - - [09/Mar/2025:18:52:49 +0100] "GET /ticket2/opencms/sv/buy/?comcatid=A17713B6-D984-201A-4143-ED4DB5ED5C2E&catid=B0817F4C-4B6F-A68C-6229-209BB05F84D4 HTTP/1.1" 200 75237
68.183.238.15 - - [09/Mar/2025:18:53:08 +0100] "GET /manager/html HTTP/1.1" 404 -
66.249.79.198 - - [09/Mar/2025:18:53:31 +0100] "GET /ticket2/opencms/sv/buy/?comcatid=A17713B6-D984-201A-4143-ED4DB5ED5C2E&catid=E961462E-5AC2-64D6-5850-A310C9DEAA06 HTTP/1.1" 200 75250
66.249.76.69 - - [09/Mar/2025:18:55:50 +0100] "GET /ticket2/opencms/en/venue/?countryid=73397994-CBFD-79C6-593A-A865ED272E64 HTTP/1.1" 200 93013
66.249.76.70 - - [09/Mar/2025:18:56:36 +0100] "GET /ticket2/opencms/sv/buy/?comcatid=A17713B6-D984-201A-4143-ED4DB5ED5C2E&catid=7EF04817-972D-18B1-F941-DE800D088075 HTTP/1.1" 200 75252
66.249.79.198 - - [09/Mar/2025:18:56:51 +0100] "GET /ticket2/opencms/sv/buy/?comcatid=A17713B6-D984-201A-4143-ED4DB5ED5C2E&catid=D08E96E8-A514-9E09-4E22-63713911E0B8 HTTP/1.1" 200 75254
68.183.238.15 - - [09/Mar/2025:18:57:00 +0100] "GET /manager/html HTTP/1.1" 404 -
66.249.79.99 - - [09/Mar/2025:18:57:49 +0100] "GET /ticket2/opencms/en/venue/?countryid=DDBEC1A9-923C-6F8A-904B-EA3F8C6D99F4 HTTP/1.1" 200 93013
66.249.76.69 - - [09/Mar/2025:18:58:49 +0100] "GET /ticket2/opencms/sv/buy/?comcatid=A17713B6-D984-201A-4143-ED4DB5ED5C2E&catid=6BD6E0B0-84AF-3A0D-3851-C1357CE9B771 HTTP/1.1" 200 75248
66.249.79.197 - - [09/Mar/2025:18:59:26 +0100] "GET /ticket2/opencms/en/venue/?countryid=281637B5-EBD8-5B84-5601-31AFF5C65765 HTTP/1.1" 200 93013
66.249.76.69 - - [09/Mar/2025:18:59:27 +0100] "GET /ticket2/opencms/sv/buy/?comcatid=A17713B6-D984-201A-4143-ED4DB5ED5C2E&catid=42C82D82-D02A-8562-E55C-48ADB3771882 HTTP/1.1" 200 75263
66.249.79.198 - - [09/Mar/2025:18:59:42 +0100] "GET /ticket2/opencms/en/venue/?countryid=6A314B5B-08FE-5CDE-C85D-253064810CDA HTTP/1.1" 200 93013
68.183.238.15 - - [09/Mar/2025:19:00:47 +0100] "GET /manager/html HTTP/1.1" 404 -
66.249.79.197 - - [09/Mar/2025:19:00:50 +0100] "GET /ticket2/opencms/en/venue/?countryid=65D2945E-1431-C523-469E-55D7D9B9867C HTTP/1.1" 200 93013
66.249.79.199 - - [09/Mar/2025:19:00:52 +0100] "GET /ticket2/opencms/en/venue/?countryid=668D17D3-DDBF-7460-C2FB-E48A99F3BD87 HTTP/1.1" 200 93013
66.249.79.199 - - [09/Mar/2025:19:00:53 +0100] "GET /ticket2/opencms/en/venue/?countryid=EFE62657-ED88-7045-031D-E16EFB5F4910 HTTP/1.1" 200 93013
66.249.79.197 - - [09/Mar/2025:19:01:44 +0100] "GET /ticket2/opencms/sv/buy/?comcatid=A17713B6-D984-201A-4143-ED4DB5ED5C2E&catid=06324577-7173-BAB0-146D-E644C912F7C1 HTTP/1.1" 200 75247
66.249.79.198 - - [09/Mar/2025:19:01:46 +0100] "GET /ticket2/opencms/en/venue/?countryid=1D29B349-241A-DA25-C29E-C6C960274511 HTTP/1.1" 200 93013
66.249.79.198 - - [09/Mar/2025:19:02:52 +0100] "GET /ticket2/opencms/sv/buy/?comcatid=A17713B6-D984-201A-4143-ED4DB5ED5C2E&catid=7BADFFFB-57C5-5DBC-E7EB-B45075B3D8F9 HTTP/1.1" 200 75251
66.249.79.197 - - [09/Mar/2025:19:03:35 +0100] "GET /ticket2/opencms/en/venue/?countryid=A9198A40-C385-3F3F-F1E3-C36DF8CBA8BE HTTP/1.1" 200 93013
66.249.79.198 - - [09/Mar/2025:19:04:22 +0100] "GET /ticket2/opencms/en/venue/?countryid=ACBCEDDC-478F-6F5C-046F-A1A55C83F98D HTTP/1.1" 200 99186
68.183.238.15 - - [09/Mar/2025:19:04:36 +0100] "GET /manager/html HTTP/1.1" 404 -
154.81.156.7 - - [09/Mar/2025:19:06:00 +0100] "GET / HTTP/1.1" 404 -
66.249.79.197 - - [09/Mar/2025:19:06:14 +0100] "GET /ticket2/opencms/sv/buy/?comcatid=A17713B6-D984-201A-4143-ED4DB5ED5C2E&catid=D8B345C9-F7A5-E620-4B43-C34EB0D6885B HTTP/1.1" 200 75238
66.249.79.198 - - [09/Mar/2025:19:06:47 +0100] "GET /ticket2/opencms/sv/buy/?comcatid=A17713B6-D984-201A-4143-ED4DB5ED5C2E&catid=0A9E385E-33D9-328E-DC79-CA2C7009C829 HTTP/1.1" 200 75246
68.183.238.15 - - [09/Mar/2025:19:08:25 +0100] "GET /manager/html HTTP/1.1" 404 -
193.200.78.33 - - [09/Mar/2025:19:09:02 +0100] "CONNECT google.com:443 HTTP/1.1" 400 -
68.183.238.15 - - [09/Mar/2025:19:12:15 +0100] "GET /manager/html HTTP/1.1" 404 -
5.236.3.215 - - [09/Mar/2025:19:12:32 +0100] "GET / HTTP/1.1" 404 -
5.236.3.215 - - [09/Mar/2025:19:12:32 +0100] "GET / HTTP/1.1" 404 -
5.236.3.215 - - [09/Mar/2025:19:12:32 +0100] "GET / HTTP/1.1" 404 -
68.183.238.15 - - [09/Mar/2025:19:15:51 +0100] "GET /manager/html HTTP/1.1" 404 -
147.185.132.19 - - [09/Mar/2025:19:17:08 +0100] "?????????? ?u7????o?\???VM??C3? ?Ho?^??xG?X"??g66J?q?yh~???d&?+?/?,?0????? ??" 400 -
147.185.132.19 - - [01/Jan/1970:00:59:59 +0100] "-" 400 -
68.183.238.15 - - [09/Mar/2025:19:19:28 +0100] "GET /manager/html HTTP/1.1" 404 -
52.167.144.238 - - [09/Mar/2025:19:19:41 +0100] "GET /ticket2/opencms/en/venue/?countryid=87A625FD-F8B4-E412-121A-2F51AA59B0DD HTTP/1.1" 200 93013
20.65.194.38 - - [09/Mar/2025:19:22:27 +0100] "GET /manager/html HTTP/1.1" 404 -
68.183.238.15 - - [09/Mar/2025:19:23:03 +0100] "GET /manager/html HTTP/1.1" 404 -
68.183.238.15 - - [09/Mar/2025:19:26:44 +0100] "GET /manager/html HTTP/1.1" 404 -
68.183.238.15 - - [09/Mar/2025:19:30:12 +0100] "GET /manager/html HTTP/1.1" 404 -
68.183.238.15 - - [09/Mar/2025:19:33:59 +0100] "GET /manager/html HTTP/1.1" 404 -
66.249.79.199 - - [09/Mar/2025:19:35:43 +0100] "GET /ticket2/opencms/en/venue/?venueid=E2FEB47A-C42A-C36E-D3CC-3BB461FF276F HTTP/1.1" 200 63624
68.183.238.15 - - [09/Mar/2025:19:37:46 +0100] "GET /manager/html HTTP/1.1" 404 -
68.183.238.15 - - [09/Mar/2025:19:41:26 +0100] "GET /manager/html HTTP/1.1" 404 -
209.38.30.213 - - [09/Mar/2025:19:41:52 +0100] "GET / HTTP/1.1" 404 -
209.38.30.213 - - [09/Mar/2025:19:41:53 +0100] "GET /download/powershell/ HTTP/1.1" 404 -
209.38.30.213 - - [09/Mar/2025:19:41:54 +0100] "GET /get.php HTTP/1.1" 404 -
52.167.144.19 - - [09/Mar/2025:19:42:05 +0100] "GET /ticket2/opencms/en/venue/?venueid=36573C6C-47C8-2165-EDCA-81C43CECFB43 HTTP/1.1" 200 63585
68.183.238.15 - - [09/Mar/2025:19:45:06 +0100] "GET /manager/html HTTP/1.1" 404 -
176.99.110.240 - - [09/Mar/2025:19:47:54 +0100] "GET / HTTP/1.1" 404 -
68.183.238.15 - - [09/Mar/2025:19:48:41 +0100] "GET /manager/html HTTP/1.1" 404 -
68.183.238.15 - - [09/Mar/2025:19:52:17 +0100] "GET /manager/html HTTP/1.1" 404 -
68.183.238.15 - - [09/Mar/2025:19:55:54 +0100] "GET /manager/html HTTP/1.1" 404 -
68.183.238.15 - - [09/Mar/2025:19:59:31 +0100] "GET /manager/html HTTP/1.1" 404 -
68.183.238.15 - - [09/Mar/2025:20:03:16 +0100] "GET /manager/html HTTP/1.1" 404 -
68.183.238.15 - - [09/Mar/2025:20:06:47 +0100] "GET /manager/html HTTP/1.1" 404 -
68.183.238.15 - - [09/Mar/2025:20:10:32 +0100] "GET /manager/html HTTP/1.1" 404 -
68.183.238.15 - - [09/Mar/2025:20:14:09 +0100] "GET /manager/html HTTP/1.1" 404 -
68.183.238.15 - - [09/Mar/2025:20:17:52 +0100] "GET /manager/html HTTP/1.1" 404 -
68.183.238.15 - - [09/Mar/2025:20:21:24 +0100] "GET /manager/html HTTP/1.1" 404 -
68.183.238.15 - - [09/Mar/2025:20:25:11 +0100] "GET /manager/html HTTP/1.1" 404 -
68.183.238.15 - - [09/Mar/2025:20:28:43 +0100] "GET /manager/html HTTP/1.1" 404 -
68.183.238.15 - - [09/Mar/2025:20:32:21 +0100] "GET /manager/html HTTP/1.1" 404 -
68.183.238.15 - - [09/Mar/2025:20:36:00 +0100] "GET /manager/html HTTP/1.1" 404 -
68.183.238.15 - - [09/Mar/2025:20:39:39 +0100] "GET /manager/html HTTP/1.1" 404 -
45.66.247.244 - - [09/Mar/2025:20:41:50 +0100] "POST /ticket2/opencms/hello.world?%ADd+allow_url_include%3d1+%ADd+auto_prepend_file%3dphp://input HTTP/1.1" 404 -
68.183.238.15 - - [09/Mar/2025:20:43:16 +0100] "GET /manager/html HTTP/1.1" 404 -
68.183.238.15 - - [09/Mar/2025:20:46:57 +0100] "GET /manager/html HTTP/1.1" 404 -
68.183.238.15 - - [09/Mar/2025:20:50:29 +0100] "GET /manager/html HTTP/1.1" 404 -
68.183.238.15 - - [09/Mar/2025:20:54:13 +0100] "GET /manager/html HTTP/1.1" 404 -
68.183.238.15 - - [09/Mar/2025:20:57:52 +0100] "GET /manager/html HTTP/1.1" 404 -
45.135.194.28 - - [09/Mar/2025:21:00:08 +0100] "GET /manager/html HTTP/1.1" 404 -
68.183.238.15 - - [09/Mar/2025:21:01:23 +0100] "GET /manager/html HTTP/1.1" 404 -
68.183.238.15 - - [09/Mar/2025:21:05:01 +0100] "GET /manager/html HTTP/1.1" 404 -
68.183.238.15 - - [09/Mar/2025:21:08:27 +0100] "GET /manager/html HTTP/1.1" 404 -
68.183.238.15 - - [09/Mar/2025:21:11:51 +0100] "GET /manager/html HTTP/1.1" 404 -
68.183.238.15 - - [09/Mar/2025:21:15:16 +0100] "GET /manager/html HTTP/1.1" 404 -
87.121.84.204 - - [09/Mar/2025:21:16:11 +0100] "GET /cgi-bin/luci/;stok=/locale HTTP/1.1" 404 -
66.249.79.198 - - [09/Mar/2025:21:16:23 +0100] "GET /ticket2/opencms/robots.txt HTTP/1.1" 200 773
66.249.79.198 - - [09/Mar/2025:21:16:24 +0100] "GET /ticket2/opencms/en/venue/?countryid=893226B0-D69E-4766-831E-1D42E613AB75 HTTP/1.1" 200 93255
66.249.79.198 - - [09/Mar/2025:21:16:26 +0100] "GET /ticket2/opencms/en/venue/?countryid=38CC08E3-88E5-726B-7780-E55017C79604 HTTP/1.1" 200 93013
66.249.79.197 - - [09/Mar/2025:21:16:30 +0100] "GET /ticket2/opencms/en/venue/?countryid=C0984F56-34B3-2410-35BD-6A54606EFEFB HTTP/1.1" 200 93013
66.249.79.198 - - [09/Mar/2025:21:17:49 +0100] "GET /ticket2/opencms/en/venue/?countryid=C83BD7D3-147E-EEE7-3AB4-19E8D9E56196 HTTP/1.1" 200 93013
68.183.238.15 - - [09/Mar/2025:21:18:39 +0100] "GET /manager/html HTTP/1.1" 404 -
66.249.76.69 - - [09/Mar/2025:21:18:52 +0100] "GET /ticket2/opencms/en/venue/?countryid=E1B3F038-2C75-F5F0-10E7-1C4055EF4908 HTTP/1.1" 200 93013
66.249.79.197 - - [09/Mar/2025:21:20:36 +0100] "GET /ticket2/opencms/sv/buy/?comcatid=A17713B6-D984-201A-4143-ED4DB5ED5C2E&catid=4B941E1B-E4E2-C53E-C693-9FA91BBA9AD5 HTTP/1.1" 200 75250
68.183.238.15 - - [09/Mar/2025:21:22:04 +0100] "GET /manager/html HTTP/1.1" 404 -
66.249.76.71 - - [09/Mar/2025:21:22:34 +0100] "GET /ticket2/opencms/sv/buy/?comcatid=A17713B6-D984-201A-4143-ED4DB5ED5C2E&catid=2DE12DDA-A5FB-C1C6-CB20-FBF873FB032B HTTP/1.1" 200 75258
66.249.76.70 - - [09/Mar/2025:21:22:49 +0100] "GET /ticket2/opencms/en/venue/?countryid=87A0CCAA-3D1F-51AB-962B-6BBE856D2C40 HTTP/1.1" 200 93013
66.249.76.69 - - [09/Mar/2025:21:23:30 +0100] "GET /ticket2/opencms/en/venue/?countryid=39338EA9-6CB0-428E-D26D-7F5D8BBADF63 HTTP/1.1" 200 93013
66.249.79.197 - - [09/Mar/2025:21:23:49 +0100] "GET /ticket2/opencms/en/venue/?countryid=EFCDD4BE-2B2E-DD3B-EFFB-83BD42354573 HTTP/1.1" 200 103082
66.249.79.198 - - [09/Mar/2025:21:23:51 +0100] "GET /ticket2/opencms/sv/buy/?page=6&comcatid=A17713B6-D984-201A-4143-ED4DB5ED5C2E&catid=D8B345C9-F7A5-E620-4B43-C34EB0D6885B HTTP/1.1" 200 75645
66.249.79.199 - - [09/Mar/2025:21:24:43 +0100] "GET /ticket2/opencms/sv/buy/?page=6&comcatid=A17713B6-D984-201A-4143-ED4DB5ED5C2E HTTP/1.1" 200 77991
68.183.238.15 - - [09/Mar/2025:21:25:32 +0100] "GET /manager/html HTTP/1.1" 404 -
66.249.79.198 - - [09/Mar/2025:21:25:48 +0100] "GET /ticket2/opencms/sv/buy/?page=6&comcatid=A17713B6-D984-201A-4143-ED4DB5ED5C2E&catid=2DE12DDA-A5FB-C1C6-CB20-FBF873FB032B HTTP/1.1" 200 75665
66.249.76.71 - - [09/Mar/2025:21:25:51 +0100] "GET /ticket2/opencms/sv/buy/?page=6&comcatid=A17713B6-D984-201A-4143-ED4DB5ED5C2E&catid=88C381AD-5D76-A34D-AC15-A7129F8EF5BE HTTP/1.1" 200 75644
68.183.238.15 - - [09/Mar/2025:21:28:59 +0100] "GET /manager/html HTTP/1.1" 404 -
66.249.76.69 - - [09/Mar/2025:21:30:25 +0100] "GET /ticket2/opencms/sv/buy/?page=6&comcatid=A17713B6-D984-201A-4143-ED4DB5ED5C2E&catid=061607E6-22B7-6FFA-03FD-A4B8B13A943F HTTP/1.1" 200 75652
66.249.79.198 - - [09/Mar/2025:21:31:43 +0100] "GET /ticket2/opencms/sv/buy/?comcatid=A17713B6-D984-201A-4143-ED4DB5ED5C2E&catid=7CF2D645-F785-0CBB-1B7C-C4711617EAAD HTTP/1.1" 200 75257
46.19.138.210 - - [09/Mar/2025:21:32:03 +0100] "GET /ticket2/opencms/.env HTTP/1.1" 404 -
68.183.238.15 - - [09/Mar/2025:21:32:29 +0100] "GET /manager/html HTTP/1.1" 404 -
66.249.79.199 - - [09/Mar/2025:21:33:27 +0100] "GET /ticket2/opencms/sv/buy/?comcatid=A17713B6-D984-201A-4143-ED4DB5ED5C2E&catid=24AC1CA6-1C09-0BE5-C04A-9DCCDB15D5E9 HTTP/1.1" 200 75246
66.249.76.69 - - [09/Mar/2025:21:33:40 +0100] "GET /ticket2/opencms/sv/sell/ HTTP/1.1" 302 -
66.249.79.198 - - [09/Mar/2025:21:33:42 +0100] "GET /ticket2/opencms/sv/login/?url=/sv/sell/ HTTP/1.1" 200 67145
66.249.76.69 - - [09/Mar/2025:21:33:48 +0100] "GET /ticket2/opencms/sv/sport/fotbollsbiljetter/bundesliga/bayer-leverkusen/ HTTP/1.1" 200 70343
66.249.79.197 - - [09/Mar/2025:21:33:58 +0100] "GET /ticket2/opencms/sv/sport/fotbollsbiljetter/bundesliga/fc_nurnberg/ HTTP/1.1" 200 70255
68.183.238.15 - - [09/Mar/2025:21:36:00 +0100] "GET /manager/html HTTP/1.1" 404 -
66.249.79.197 - - [09/Mar/2025:21:37:23 +0100] "GET /ticket2/opencms/en/venue/?countryid=63BA787B-924D-97B6-EDC4-126C78A77B7D HTTP/1.1" 200 95888
66.249.79.197 - - [09/Mar/2025:21:37:31 +0100] "GET /ticket2/opencms/en/venue/?countryid=C3419397-8D1B-9427-953E-96370A3C8B07 HTTP/1.1" 200 93013
68.183.238.15 - - [09/Mar/2025:21:39:25 +0100] "GET /manager/html HTTP/1.1" 404 -
66.249.79.197 - - [09/Mar/2025:21:42:41 +0100] "GET /ticket2/opencms/en/venue/?countryid=7D25928D-FFE7-0BD0-CD2F-98EEEB4D8A53 HTTP/1.1" 200 93013
83.12.76.145 - - [09/Mar/2025:21:42:47 +0100] "GET / HTTP/1.1" 404 -
68.183.238.15 - - [09/Mar/2025:21:42:52 +0100] "GET /manager/html HTTP/1.1" 404 -
66.249.79.199 - - [09/Mar/2025:21:44:44 +0100] "GET /ticket2/opencms/sv/login/ HTTP/1.1" 200 67145
66.249.79.198 - - [09/Mar/2025:21:44:46 +0100] "GET /ticket2/opencms/sv/buy/?page=6&comcatid=A17713B6-D984-201A-4143-ED4DB5ED5C2E&catid=70B37487-FE30-D476-CAE7-E6AFEA3153F2 HTTP/1.1" 200 75646
154.81.156.7 - - [09/Mar/2025:21:45:14 +0100] "GET / HTTP/1.1" 404 -
68.183.238.15 - - [09/Mar/2025:21:46:17 +0100] "GET /manager/html HTTP/1.1" 404 -
66.249.76.71 - - [09/Mar/2025:21:49:40 +0100] "GET /ticket2/opencms/en/venue/?countryid=87A625FD-F8B4-E412-121A-2F51AA59B0DD HTTP/1.1" 200 93013
68.183.238.15 - - [09/Mar/2025:21:49:41 +0100] "GET /manager/html HTTP/1.1" 404 -
66.249.79.197 - - [09/Mar/2025:21:51:05 +0100] "GET /ticket2/opencms/en/venue/?countryid=BA1BF93B-47B3-318B-02DF-4D6F84D30854 HTTP/1.1" 200 93013
68.183.238.15 - - [09/Mar/2025:21:53:07 +0100] "GET /manager/html HTTP/1.1" 404 -
66.249.79.198 - - [09/Mar/2025:21:55:25 +0100] "GET /ticket2/opencms/en/venue/?countryid=E687CC57-02FA-AF76-268E-C1A53D569993 HTTP/1.1" 200 93013
66.249.76.70 - - [09/Mar/2025:21:55:48 +0100] "GET /ticket2/opencms/en/venue/?countryid=F444CA42-FE5C-C76F-1CFD-E45E1073B063 HTTP/1.1" 200 93013
66.249.79.197 - - [09/Mar/2025:21:55:50 +0100] "GET /ticket2/opencms/en/venue/?countryid=A6670E01-CE49-A608-C597-250C3D48D088 HTTP/1.1" 200 93013
68.183.238.15 - - [09/Mar/2025:21:56:35 +0100] "GET /manager/html HTTP/1.1" 404 -
66.249.79.198 - - [09/Mar/2025:21:57:53 +0100] "GET /ticket2/opencms/sv/buy/?page=6&comcatid=810BB404-4103-77F2-A6C2-12D5E6C338E2 HTTP/1.1" 200 66397
66.249.79.198 - - [09/Mar/2025:21:58:58 +0100] "GET /ticket2/opencms/sv/sport/fotbollsbiljetter/la_liga/barcelona/ HTTP/1.1" 200 69834
68.183.238.15 - - [09/Mar/2025:21:59:59 +0100] "GET /manager/html HTTP/1.1" 404 -
68.183.238.15 - - [09/Mar/2025:22:03:20 +0100] "GET /manager/html HTTP/1.1" 404 -
68.183.238.15 - - [09/Mar/2025:22:06:44 +0100] "GET /manager/html HTTP/1.1" 404 -
66.249.79.198 - - [09/Mar/2025:22:07:14 +0100] "GET /ticket2/opencms/en/venue/?countryid=C8ABE51D-DDC3-D19F-A0F7-AA8797A5EB51 HTTP/1.1" 200 93013
66.249.76.71 - - [09/Mar/2025:22:09:49 +0100] "GET /ticket2/opencms/sv/sport/fotbollsbiljetter/ligue_1/paris_saint_germain// HTTP/1.1" 200 70448
68.183.238.15 - - [09/Mar/2025:22:10:13 +0100] "GET /manager/html HTTP/1.1" 404 -
66.249.79.197 - - [09/Mar/2025:22:11:36 +0100] "GET /ticket2/opencms/en/venue/?countryid=B756B65C-E014-24B5-95EC-187A417913E3 HTTP/1.1" 200 93013
61.7.141.135 - - [09/Mar/2025:22:12:49 +0100] "GET / HTTP/1.1" 404 -
68.183.238.15 - - [09/Mar/2025:22:13:37 +0100] "GET /manager/html HTTP/1.1" 404 -
66.249.79.197 - - [09/Mar/2025:22:15:49 +0100] "GET /ticket2/opencms/en/venue/?countryid=3F9833FD-26F3-F144-E677-9F4203CED4E3 HTTP/1.1" 200 93013
66.249.79.198 - - [09/Mar/2025:22:15:57 +0100] "GET /ticket2/opencms/en/venue/?countryid=846E9CDC-CA28-ECDF-BD87-BAB8F25C08E3 HTTP/1.1" 200 93013
66.249.79.199 - - [09/Mar/2025:22:16:31 +0100] "GET /ticket2/opencms/en/venue/?countryid=41062D18-DA6E-3D10-CF2B-6CACED69017C HTTP/1.1" 200 93013
68.183.238.15 - - [09/Mar/2025:22:17:00 +0100] "GET /manager/html HTTP/1.1" 404 -
66.249.76.71 - - [09/Mar/2025:22:20:14 +0100] "GET /ticket2/opencms/en/venue/?countryid=E0555A68-26A1-67E7-1128-6849A8576005 HTTP/1.1" 200 93013
68.183.238.15 - - [09/Mar/2025:22:20:22 +0100] "GET /manager/html HTTP/1.1" 404 -
66.249.79.197 - - [09/Mar/2025:22:20:26 +0100] "GET /ticket2/opencms/en/venue/?countryid=9554F04E-60EE-4D4B-3CE3-7EC55ADC4B4E HTTP/1.1" 200 93013
66.249.79.197 - - [09/Mar/2025:22:21:47 +0100] "GET /ticket2/opencms/en/venue/?countryid=4B450FD2-0462-34B9-7186-638797EC0F09 HTTP/1.1" 200 93013
66.249.79.198 - - [09/Mar/2025:22:22:23 +0100] "GET /ticket2/opencms/en/venue/?countryid=8858D171-8914-8DFD-A2E4-50FE56A44627 HTTP/1.1" 200 93013
66.249.79.197 - - [09/Mar/2025:22:22:35 +0100] "GET /ticket2/opencms/sv/sport/fotbollsbiljetter/premier_league/liverpool/ HTTP/1.1" 200 70560
66.249.79.197 - - [09/Mar/2025:22:23:25 +0100] "GET /ticket2/opencms/sv/sport/fotbollsbiljetter/premier_league/manchester_united/ HTTP/1.1" 200 70374
66.249.76.69 - - [09/Mar/2025:22:23:47 +0100] "GET /ticket2/opencms/sv/sport/fotbollsbiljetter/la_liga/real_madrid/ HTTP/1.1" 200 70162
68.183.238.15 - - [09/Mar/2025:22:23:49 +0100] "GET /manager/html HTTP/1.1" 404 -
66.249.79.199 - - [09/Mar/2025:22:25:12 +0100] "GET /ticket2/opencms/sv/sport/fotbollsbiljetter/premier_league/chelsea/ HTTP/1.1" 200 70455
66.249.79.199 - - [09/Mar/2025:22:25:42 +0100] "GET /ticket2/opencms/en/sport/football-tickets/premier_league/everton/ HTTP/1.1" 200 66317
66.249.76.69 - - [09/Mar/2025:22:25:46 +0100] "GET /ticket2/opencms/en/sport/football-tickets/premier_league/manchester_city/ HTTP/1.1" 200 66191
66.249.79.197 - - [09/Mar/2025:22:26:10 +0100] "GET /ticket2/opencms/en/sport/football-tickets/premier_league/newcastle_united/ HTTP/1.1" 200 66301
66.249.79.197 - - [09/Mar/2025:22:26:19 +0100] "GET /ticket2/opencms/en/sport/football-tickets/premier_league/aston_villa/ HTTP/1.1" 200 65309
66.249.79.199 - - [09/Mar/2025:22:26:56 +0100] "GET /ticket2/opencms/en/sport/football-tickets/premier_league/west-ham/ HTTP/1.1" 404 -
68.183.238.15 - - [09/Mar/2025:22:27:13 +0100] "GET /manager/html HTTP/1.1" 404 -
66.249.79.198 - - [09/Mar/2025:22:27:49 +0100] "GET /ticket2/opencms/en/sport/football-tickets/premier_league/liverpool/ HTTP/1.1" 200 66512
68.183.238.15 - - [09/Mar/2025:22:30:43 +0100] "GET /manager/html HTTP/1.1" 404 -
66.249.76.71 - - [09/Mar/2025:22:32:43 +0100] "GET /ticket2/opencms/en/sport/football-tickets/la-liga/real_madrid/ HTTP/1.1" 200 64491
66.249.76.70 - - [09/Mar/2025:22:33:49 +0100] "GET /ticket2/opencms/en/about/press/ HTTP/1.1" 200 64283
66.249.76.70 - - [09/Mar/2025:22:33:53 +0100] "GET /ticket2/opencms/en/about/contact/ HTTP/1.1" 200 63259
68.183.238.15 - - [09/Mar/2025:22:34:14 +0100] "GET /manager/html HTTP/1.1" 404 -
66.249.79.198 - - [09/Mar/2025:22:34:26 +0100] "GET /ticket2/opencms/en/sport/football-tickets/la-liga/ HTTP/1.1" 200 76558
68.183.238.15 - - [09/Mar/2025:22:37:35 +0100] "GET /manager/html HTTP/1.1" 404 -
66.249.79.197 - - [09/Mar/2025:22:40:49 +0100] "GET /ticket2/opencms/en/venue/?countryid=2F10777F-9907-2201-7AD1-ACB3606C47A4 HTTP/1.1" 200 93013
66.249.79.198 - - [09/Mar/2025:22:40:53 +0100] "GET /ticket2/opencms/en/venue/?countryid=23D31018-1DE6-5792-AB05-50B75604BF40 HTTP/1.1" 200 93013
68.183.238.15 - - [09/Mar/2025:22:41:00 +0100] "GET /manager/html HTTP/1.1" 404 -
66.249.76.69 - - [09/Mar/2025:22:41:25 +0100] "GET /ticket2/opencms/en/venue/?countryid=925A6494-6F30-A898-105B-2B0AB62464E2 HTTP/1.1" 200 93013
66.249.76.71 - - [09/Mar/2025:22:42:49 +0100] "GET /ticket2/opencms/en/venue/?countryid=3074CB3F-D378-D1B1-5E17-3ED6547AC5E1 HTTP/1.1" 200 93013
66.249.79.198 - - [09/Mar/2025:22:43:27 +0100] "GET /ticket2/opencms/en/venue/?countryid=36C09A59-C496-27BE-0FFA-E2D18F46452F HTTP/1.1" 200 93013
66.249.76.70 - - [09/Mar/2025:22:43:36 +0100] "GET /ticket2/opencms/sv/sport/fotbollsbiljetter/la_liga/ HTTP/1.1" 200 78315
66.249.79.197 - - [09/Mar/2025:22:43:58 +0100] "GET /ticket2/opencms/sv/sport/fotbollsbiljetter/premier_league/ HTTP/1.1" 200 78731
68.183.238.15 - - [09/Mar/2025:22:44:32 +0100] "GET /manager/html HTTP/1.1" 404 -
66.249.79.198 - - [09/Mar/2025:22:47:26 +0100] "GET /ticket2/opencms/sv/sport/fotbollsbiljetter/english-championship/ HTTP/1.1" 200 66208
68.183.238.15 - - [09/Mar/2025:22:47:57 +0100] "GET /manager/html HTTP/1.1" 404 -
68.183.238.15 - - [09/Mar/2025:22:51:29 +0100] "GET /manager/html HTTP/1.1" 404 -
66.249.79.199 - - [09/Mar/2025:22:52:38 +0100] "GET /ticket2/opencms/sv/sport/fotbollsbiljetter/bundesliga/borussia-dortmund/ HTTP/1.1" 200 70147
66.249.76.70 - - [09/Mar/2025:22:53:31 +0100] "GET /ticket2/opencms/sv/sport/fotbollsbiljetter/bundesliga/hannover/ HTTP/1.1" 200 69796
68.183.238.15 - - [09/Mar/2025:22:55:12 +0100] "GET /manager/html HTTP/1.1" 404 -
66.249.76.70 - - [09/Mar/2025:22:55:26 +0100] "GET /ticket2/opencms/sv/sport/fotbollsbiljetter/bundesliga/werder-bremen/ HTTP/1.1" 200 70276
68.183.238.15 - - [09/Mar/2025:22:58:55 +0100] "GET /manager/html HTTP/1.1" 404 -
161.35.12.248 - - [09/Mar/2025:23:00:47 +0100] "GET /ticket2/opencms/.git/config HTTP/1.1" 404 -
66.249.79.198 - - [09/Mar/2025:23:01:36 +0100] "GET /ticket2/opencms/en/venue/?countryid=E51F1885-F514-FB3D-D1AC-60D5859EEBD8 HTTP/1.1" 200 93013
68.183.238.15 - - [09/Mar/2025:23:02:30 +0100] "GET /manager/html HTTP/1.1" 404 -
66.249.79.197 - - [09/Mar/2025:23:03:25 +0100] "GET /ticket2/opencms/en/venue/?countryid=86D8F5F1-1C66-F61F-D1EA-1BF1C36E41D6 HTTP/1.1" 200 93013
68.183.238.15 - - [09/Mar/2025:23:06:14 +0100] "GET /manager/html HTTP/1.1" 404 -
68.183.238.15 - - [09/Mar/2025:23:09:48 +0100] "GET /manager/html HTTP/1.1" 404 -
66.249.79.197 - - [09/Mar/2025:23:13:25 +0100] "GET /ticket2/opencms/en/venue/?countryid=13702050-2F05-4DBF-E863-0547221CB311 HTTP/1.1" 200 93013
68.183.238.15 - - [09/Mar/2025:23:13:32 +0100] "GET /manager/html HTTP/1.1" 404 -
68.183.238.15 - - [09/Mar/2025:23:17:17 +0100] "GET /manager/html HTTP/1.1" 404 -
66.249.79.198 - - [09/Mar/2025:23:18:50 +0100] "GET /ticket2/opencms/en/venue/?countryid=A95940B8-9D24-555E-8502-7702CF57B799 HTTP/1.1" 200 93013
66.249.79.199 - - [09/Mar/2025:23:20:35 +0100] "GET /ticket2/opencms/sv/buy/?page=6&comcatid=A17713B6-D984-201A-4143-ED4DB5ED5C2E&catid=D08E96E8-A514-9E09-4E22-63713911E0B8 HTTP/1.1" 200 75661
68.183.238.15 - - [09/Mar/2025:23:20:49 +0100] "GET /manager/html HTTP/1.1" 404 -
66.249.79.197 - - [09/Mar/2025:23:22:26 +0100] "GET /ticket2/opencms/sv/buy/?page=6&comcatid=A17713B6-D984-201A-4143-ED4DB5ED5C2E&catid=F2006A3D-5EE0-B40B-5749-60C15271538F HTTP/1.1" 200 75654
87.121.84.204 - - [09/Mar/2025:23:23:55 +0100] "GET /cgi-bin/luci/;stok=/locale HTTP/1.1" 404 -
68.183.238.15 - - [09/Mar/2025:23:24:33 +0100] "GET /manager/html HTTP/1.1" 404 -
66.249.79.197 - - [09/Mar/2025:23:26:40 +0100] "GET /ticket2/opencms/sv/buying_tickets/ HTTP/1.1" 200 66595
66.249.79.198 - - [09/Mar/2025:23:26:53 +0100] "GET /ticket2/opencms/sv/buy/?page=6&comcatid=A17713B6-D984-201A-4143-ED4DB5ED5C2E&catid=0A6C99D2-F5BD-7A18-9A5F-5668827042E0 HTTP/1.1" 200 78625
66.249.76.69 - - [09/Mar/2025:23:26:59 +0100] "GET /ticket2/opencms/sv/buy/?page=6&comcatid=A17713B6-D984-201A-4143-ED4DB5ED5C2E&catid=BE041FBE-C1A7-918C-EB61-99ED02D12F5B HTTP/1.1" 200 75653
68.183.238.15 - - [09/Mar/2025:23:28:18 +0100] "GET /manager/html HTTP/1.1" 404 -
66.249.79.199 - - [09/Mar/2025:23:28:26 +0100] "GET /ticket2/opencms/sv/buy/?page=6&comcatid=66708183-7480-3365-06BF-DBF60280AB45&catid=05A94519-01D1-C86F-9031-84936B0B9DAE HTTP/1.1" 200 66882
66.249.79.197 - - [09/Mar/2025:23:28:30 +0100] "GET /ticket2/opencms/sv/buy/?page=6&comcatid=97ECA65A-72DA-F9AF-9DBB-245D3CFED1BE&catid=E3105E1E-3982-291E-5523-1C1DF161E9B7 HTTP/1.1" 200 70192
66.249.79.198 - - [09/Mar/2025:23:30:48 +0100] "GET /ticket2/opencms/sv/buy/?page=6&comcatid=97ECA65A-72DA-F9AF-9DBB-245D3CFED1BE&catid=DA31441B-C568-3C77-D08C-698809032494 HTTP/1.1" 200 70190
68.183.238.15 - - [09/Mar/2025:23:31:56 +0100] "GET /manager/html HTTP/1.1" 404 -
68.183.238.15 - - [09/Mar/2025:23:35:34 +0100] "GET /manager/html HTTP/1.1" 404 -
114.35.52.171 - - [09/Mar/2025:23:36:37 +0100] "GET / HTTP/1.0" 404 -
68.183.238.15 - - [09/Mar/2025:23:39:08 +0100] "GET /manager/html HTTP/1.1" 404 -
68.183.238.15 - - [09/Mar/2025:23:42:48 +0100] "GET /manager/html HTTP/1.1" 404 -
167.99.186.74 - - [09/Mar/2025:23:45:57 +0100] "GET /ticket2/opencms/.env HTTP/1.1" 404 -
68.183.238.15 - - [09/Mar/2025:23:46:12 +0100] "GET /manager/html HTTP/1.1" 404 -
66.249.79.199 - - [09/Mar/2025:23:47:26 +0100] "GET /ticket2/opencms/en/venue/?venueid=66B80C8D-02F9-D9AE-4568-9AC2DE8502C2 HTTP/1.1" 200 63675
68.183.238.15 - - [09/Mar/2025:23:49:37 +0100] "GET /manager/html HTTP/1.1" 404 -
66.249.79.198 - - [09/Mar/2025:23:50:43 +0100] "GET /ticket2/opencms/en/venue/?venueid=50859568-726C-2D0D-904C-FF60FB4804EC HTTP/1.1" 200 63636
68.183.238.15 - - [09/Mar/2025:23:53:08 +0100] "GET /manager/html HTTP/1.1" 404 -
66.249.79.197 - - [09/Mar/2025:23:53:35 +0100] "GET /ticket2/opencms/en/venue/?venueid=C6684262-14F2-16A6-6E24-1E1928C60800 HTTP/1.1" 200 63645
66.249.79.197 - - [09/Mar/2025:23:53:41 +0100] "GET /ticket2/opencms/en/venue/?venueid=80B2E1FA-5C12-5CA8-5156-ED69E629CB1C HTTP/1.1" 200 63664
68.183.238.15 - - [09/Mar/2025:23:56:36 +0100] "GET /manager/html HTTP/1.1" 404 -
66.249.79.198 - - [09/Mar/2025:23:56:58 +0100] "GET /ticket2/opencms/sv/buy/?page=6&comcatid=97ECA65A-72DA-F9AF-9DBB-245D3CFED1BE&catid=9457695E-36ED-A63E-7A88-32963954E2C7 HTTP/1.1" 200 70197