66.249.66.160 - - [09/Mar/2025:00:02:50 +0100] "GET /ticket2/opencms/sv/partners/ HTTP/1.1" 200 -
68.183.238.15 - - [09/Mar/2025:00:03:22 +0100] "GET /manager/html HTTP/1.1" 404 -
68.183.238.15 - - [09/Mar/2025:00:06:50 +0100] "GET /manager/html HTTP/1.1" 404 -
87.121.84.204 - - [09/Mar/2025:00:06:56 +0100] "GET /ticket2/opencms/cgi-bin/luci/;stok=/locale HTTP/1.1" 404 -
13.89.124.211 - - [09/Mar/2025:00:07:25 +0100] "GET /ticket2/opencms/ HTTP/1.1" 302 -
68.183.238.15 - - [09/Mar/2025:00:10:14 +0100] "GET /manager/html HTTP/1.1" 404 -
66.249.66.161 - - [09/Mar/2025:00:10:23 +0100] "GET /ticket2/opencms/sv/sport/ HTTP/1.1" 200 67086
68.183.238.15 - - [09/Mar/2025:00:13:46 +0100] "GET /manager/html HTTP/1.1" 404 -
68.183.238.15 - - [09/Mar/2025:00:17:14 +0100] "GET /manager/html HTTP/1.1" 404 -
66.249.66.160 - - [09/Mar/2025:00:18:56 +0100] "GET /ticket2/opencms/sv/about/ HTTP/1.1" 200 66258
194.50.16.252 - - [09/Mar/2025:00:20:21 +0100] "GET /ticket2/opencms/.gitlab-ci.yml HTTP/1.1" 404 -
68.183.238.15 - - [09/Mar/2025:00:20:32 +0100] "GET /manager/html HTTP/1.1" 404 -
134.209.97.200 - - [09/Mar/2025:00:21:40 +0100] "GET / HTTP/1.1" 404 -
134.209.97.200 - - [09/Mar/2025:00:21:41 +0100] "GET /download/powershell/ HTTP/1.1" 404 -
134.209.97.200 - - [09/Mar/2025:00:21:41 +0100] "GET /get.php HTTP/1.1" 404 -
66.249.66.162 - - [09/Mar/2025:00:22:33 +0100] "GET /ticket2/opencms/en/sport/ HTTP/1.1" 200 62744
66.249.66.162 - - [09/Mar/2025:00:22:35 +0100] "GET /ticket2/opencms/sv/buy/?page=6&comcatid=0A6B8208-FDA4-E929-9D72-5312FD481B76&catid=1DB7F66B-473B-B427-F752-358FEEFE8EC0 HTTP/1.1" 200 68736
66.249.66.160 - - [09/Mar/2025:00:22:48 +0100] "GET /ticket2/opencms/en/venue/?venueid=F03C5E97-FFBF-7048-55FD-77B5E4C1E006 HTTP/1.1" 200 63709
104.155.20.93 - - [09/Mar/2025:00:22:50 +0100] "GET /ticket2/opencms/ HTTP/1.1" 302 -
68.183.238.15 - - [09/Mar/2025:00:23:53 +0100] "GET /manager/html HTTP/1.1" 404 -
66.249.66.160 - - [09/Mar/2025:00:26:58 +0100] "GET /ticket2/opencms/en/venue/?venueid=79ABCF29-8849-375A-51D4-EF1F6E582A69 HTTP/1.1" 200 63630
66.249.66.160 - - [09/Mar/2025:00:27:13 +0100] "GET /ticket2/opencms/en/venue/?venueid=780F530C-1E5B-A040-B582-92C140F93856 HTTP/1.1" 200 63655
66.249.66.162 - - [09/Mar/2025:00:27:25 +0100] "GET /ticket2/opencms/en/venue/?venueid=482A31C1-C33C-ABEE-E572-D6A56AE33E8F HTTP/1.1" 200 63609
68.183.238.15 - - [09/Mar/2025:00:27:28 +0100] "GET /manager/html HTTP/1.1" 404 -
68.183.238.15 - - [09/Mar/2025:00:30:52 +0100] "GET /manager/html HTTP/1.1" 404 -
66.249.66.160 - - [09/Mar/2025:00:32:44 +0100] "GET /ticket2/opencms/en/venue/?venueid=644AC771-2186-260E-75E7-7F6B39C5B86B HTTP/1.1" 200 63658
68.183.238.15 - - [09/Mar/2025:00:34:20 +0100] "GET /manager/html HTTP/1.1" 404 -
66.249.66.162 - - [09/Mar/2025:00:36:31 +0100] "GET /ticket2/opencms/en/venue/?venueid=13C8B5B5-CE5F-93AA-5310-F1AAB7C5EFB6 HTTP/1.1" 200 63657
66.249.66.160 - - [09/Mar/2025:00:37:35 +0100] "GET /ticket2/opencms/en/venue/?venueid=CBFE8A4E-C585-9190-3329-E41131A827AB HTTP/1.1" 200 63661
68.183.238.15 - - [09/Mar/2025:00:37:41 +0100] "GET /manager/html HTTP/1.1" 404 -
68.183.238.15 - - [09/Mar/2025:00:41:09 +0100] "GET /manager/html HTTP/1.1" 404 -
66.249.66.162 - - [09/Mar/2025:00:43:52 +0100] "GET /ticket2/opencms/en/venue/?venueid=AC375263-7A55-216C-3DC8-A3A22B8C867F HTTP/1.1" 200 63657
68.183.238.15 - - [09/Mar/2025:00:44:38 +0100] "GET /manager/html HTTP/1.1" 404 -
45.135.194.28 - - [09/Mar/2025:00:45:21 +0100] "GET /manager/html HTTP/1.1" 404 -
68.183.238.15 - - [09/Mar/2025:00:48:09 +0100] "GET /manager/html HTTP/1.1" 404 -
68.183.238.15 - - [09/Mar/2025:00:51:33 +0100] "GET /manager/html HTTP/1.1" 404 -
66.249.66.160 - - [09/Mar/2025:00:51:43 +0100] "GET /ticket2/opencms/en/venue/?venueid=B5F81AEB-3F90-FA50-5453-F474EEB5E0C1 HTTP/1.1" 200 63649
68.183.238.15 - - [09/Mar/2025:00:54:59 +0100] "GET /manager/html HTTP/1.1" 404 -
66.249.66.162 - - [09/Mar/2025:00:55:50 +0100] "GET /ticket2/opencms/en/venue/?venueid=BC1A9CCA-795F-F200-591F-A9E7F125D0C8 HTTP/1.1" 200 63616
68.183.238.15 - - [09/Mar/2025:00:58:25 +0100] "GET /manager/html HTTP/1.1" 404 -
68.183.238.15 - - [09/Mar/2025:01:02:08 +0100] "GET /manager/html HTTP/1.1" 404 -
68.183.238.15 - - [09/Mar/2025:01:05:41 +0100] "GET /manager/html HTTP/1.1" 404 -
66.249.66.161 - - [09/Mar/2025:01:08:35 +0100] "GET /ticket2/opencms/en/venue/?venueid=E6D4C5C5-380D-4772-E0D1-58201DC9D2A9 HTTP/1.1" 200 63631
68.183.238.15 - - [09/Mar/2025:01:09:05 +0100] "GET /manager/html HTTP/1.1" 404 -
68.183.238.15 - - [09/Mar/2025:01:12:37 +0100] "GET /manager/html HTTP/1.1" 404 -
66.249.66.162 - - [09/Mar/2025:01:12:37 +0100] "GET /ticket2/opencms/en/venue/?venueid=A8296605-D785-16FA-4CCB-AC7210C36F8D HTTP/1.1" 200 63630
87.121.84.204 - - [09/Mar/2025:01:13:34 +0100] "GET /cgi-bin/luci/;stok=/locale HTTP/1.1" 404 -
68.183.238.15 - - [09/Mar/2025:01:16:04 +0100] "GET /manager/html HTTP/1.1" 404 -
68.183.238.15 - - [09/Mar/2025:01:19:36 +0100] "GET /manager/html HTTP/1.1" 404 -
68.183.238.15 - - [09/Mar/2025:01:23:01 +0100] "GET /manager/html HTTP/1.1" 404 -
66.249.66.162 - - [09/Mar/2025:01:24:36 +0100] "GET /ticket2/opencms/en/venue/?venueid=2B8D0888-5DB2-65B4-1080-38E069157030 HTTP/1.1" 200 63631
68.183.238.15 - - [09/Mar/2025:01:26:24 +0100] "GET /manager/html HTTP/1.1" 404 -
68.183.238.15 - - [09/Mar/2025:01:29:51 +0100] "GET /manager/html HTTP/1.1" 404 -
68.183.238.15 - - [09/Mar/2025:01:33:19 +0100] "GET /manager/html HTTP/1.1" 404 -
170.64.221.89 - - [09/Mar/2025:01:36:02 +0100] "GET /ticket2/opencms/.git/config HTTP/1.1" 404 -
66.249.66.161 - - [09/Mar/2025:01:36:14 +0100] "GET /ticket2/opencms/en/venue/?venueid=03F51804-8CDE-802D-E000-0AE79CB6ED35 HTTP/1.1" 200 63607
68.183.238.15 - - [09/Mar/2025:01:36:57 +0100] "GET /manager/html HTTP/1.1" 404 -
198.235.24.50 - - [09/Mar/2025:01:37:15 +0100] "GET / HTTP/1.0" 404 -
170.64.221.89 - - [09/Mar/2025:01:39:53 +0100] "GET /ticket2/opencms/.git/config HTTP/1.1" 404 -
66.249.66.160 - - [09/Mar/2025:01:40:24 +0100] "GET /ticket2/opencms/en/venue/?venueid=988CFED4-6B4C-E666-FAD2-FF27363C6BC5 HTTP/1.1" 200 63654
68.183.238.15 - - [09/Mar/2025:01:40:26 +0100] "GET /manager/html HTTP/1.1" 404 -
66.249.66.160 - - [09/Mar/2025:01:42:43 +0100] "GET /ticket2/opencms/en/venue/?venueid=308D5B12-D557-DF8F-3129-5C03B03BE75B HTTP/1.1" 200 63640
66.249.66.160 - - [09/Mar/2025:01:43:12 +0100] "GET /ticket2/opencms/en/venue/?venueid=305DAD5C-FF35-7284-E470-947548E280ED HTTP/1.1" 200 63637
68.183.238.15 - - [09/Mar/2025:01:44:01 +0100] "GET /manager/html HTTP/1.1" 404 -
68.183.238.15 - - [09/Mar/2025:01:47:23 +0100] "GET /manager/html HTTP/1.1" 404 -
64.62.197.7 - - [09/Mar/2025:01:49:58 +0100] "GET /ticket2/opencms/ HTTP/1.1" 302 -
66.249.66.160 - - [09/Mar/2025:01:50:14 +0100] "GET /ticket2/opencms/en/venue/?venueid=D67BBEAA-85B5-D2EB-96E5-A5759AF56653 HTTP/1.1" 200 63625
66.249.66.160 - - [09/Mar/2025:01:50:49 +0100] "GET /ticket2/opencms/en/venue/?venueid=D609D4D6-C7F0-DA05-ADC1-92A771D52BE6 HTTP/1.1" 200 63721
66.249.66.162 - - [09/Mar/2025:01:50:50 +0100] "GET /ticket2/opencms/en/venue/?venueid=94C483B9-56F5-43F8-EB23-31CA57E16549 HTTP/1.1" 200 63621
68.183.238.15 - - [09/Mar/2025:01:50:50 +0100] "GET /manager/html HTTP/1.1" 404 -
66.249.66.160 - - [09/Mar/2025:01:51:49 +0100] "GET /ticket2/opencms/en/venue/?venueid=8A02FD62-AB7D-0F2A-98D0-1DF2D8566333 HTTP/1.1" 200 63651
66.249.66.161 - - [09/Mar/2025:01:52:46 +0100] "GET /ticket2/opencms/en/venue/?venueid=02C2C7C6-9BB6-F13B-26C3-941A9A3FEDB3 HTTP/1.1" 200 63669
127.0.0.1 - - [09/Mar/2025:01:53:00 +0100] "GET / HTTP/1.1" 400 -
3.145.21.45 - - [09/Mar/2025:01:54:14 +0100] "GET /ticket2/opencms/ HTTP/1.1" 302 -
3.145.21.45 - - [09/Mar/2025:01:54:14 +0100] "GET /ticket2/opencms/en/ HTTP/1.1" 200 66763
68.183.238.15 - - [09/Mar/2025:01:54:22 +0100] "GET /manager/html HTTP/1.1" 404 -
64.62.197.6 - - [09/Mar/2025:01:57:19 +0100] "GET /ticket2/opencms/favicon.ico HTTP/1.1" 200 1406
68.183.238.15 - - [09/Mar/2025:01:57:50 +0100] "GET /manager/html HTTP/1.1" 404 -
64.62.197.9 - - [09/Mar/2025:01:59:15 +0100] "GET /ticket2/opencms/ HTTP/1.1" 302 -
64.62.197.9 - - [09/Mar/2025:01:59:16 +0100] "GET /ticket2/opencms/en/ HTTP/1.1" 200 66763
66.249.66.162 - - [09/Mar/2025:02:00:13 +0100] "GET /ticket2/opencms/en/venue/?venueid=F92F457D-1B42-E209-CE55-7604B969AAC0 HTTP/1.1" 200 63639
195.178.110.163 - - [09/Mar/2025:02:00:32 +0100] "GET /ticket2/opencms/ HTTP/1.1" 302 -
68.183.238.15 - - [09/Mar/2025:02:01:17 +0100] "GET /manager/html HTTP/1.1" 404 -
66.249.66.161 - - [09/Mar/2025:02:02:46 +0100] "GET /ticket2/opencms/en/venue/?venueid=3DDFA073-4C38-5EE7-7723-B0FB0CD0E69B HTTP/1.1" 200 63637
66.249.66.160 - - [09/Mar/2025:02:02:54 +0100] "GET /ticket2/opencms/sv/buy/?page=6&comcatid=0A6B8208-FDA4-E929-9D72-5312FD481B76&catid=A05A53F7-423D-23BE-575E-EA7B67DE22D9 HTTP/1.1" 200 68734
51.8.102.200 - - [09/Mar/2025:02:03:47 +0100] "GET /ticket2/opencms/robots.txt HTTP/1.1" 304 -
68.183.238.15 - - [09/Mar/2025:02:04:51 +0100] "GET /manager/html HTTP/1.1" 404 -
64.62.197.5 - - [09/Mar/2025:02:05:07 +0100] "GET /ticket2/opencms/geoserver/web/ HTTP/1.1" 404 -
68.183.238.15 - - [09/Mar/2025:02:08:23 +0100] "GET /manager/html HTTP/1.1" 404 -
68.183.238.15 - - [09/Mar/2025:02:11:49 +0100] "GET /manager/html HTTP/1.1" 404 -
68.183.238.15 - - [09/Mar/2025:02:15:17 +0100] "GET /manager/html HTTP/1.1" 404 -
175.100.52.66 - - [09/Mar/2025:02:16:40 +0100] "GET / HTTP/1.1" 404 -
68.183.238.15 - - [09/Mar/2025:02:18:46 +0100] "GET /manager/html HTTP/1.1" 404 -
68.183.238.15 - - [09/Mar/2025:02:22:26 +0100] "GET /manager/html HTTP/1.1" 404 -
68.183.238.15 - - [09/Mar/2025:02:25:56 +0100] "GET /manager/html HTTP/1.1" 404 -
68.183.238.15 - - [09/Mar/2025:02:29:26 +0100] "GET /manager/html HTTP/1.1" 404 -
68.183.238.15 - - [09/Mar/2025:02:32:55 +0100] "GET /manager/html HTTP/1.1" 404 -
68.183.238.15 - - [09/Mar/2025:02:36:38 +0100] "GET /manager/html HTTP/1.1" 404 -
137.184.135.133 - - [09/Mar/2025:02:38:14 +0100] "-" 400 -
52.167.144.194 - - [09/Mar/2025:02:39:23 +0100] "GET /ticket2/opencms/en/venue/?venueid=BCC58979-A0BB-82A8-394D-152CD294A8FC HTTP/1.1" 200 63666
68.183.238.15 - - [09/Mar/2025:02:40:08 +0100] "GET /manager/html HTTP/1.1" 404 -
68.183.238.15 - - [09/Mar/2025:02:43:47 +0100] "GET /manager/html HTTP/1.1" 404 -
68.183.238.15 - - [09/Mar/2025:02:47:15 +0100] "GET /manager/html HTTP/1.1" 404 -
68.183.238.15 - - [09/Mar/2025:02:50:51 +0100] "GET /manager/html HTTP/1.1" 404 -
68.183.238.15 - - [09/Mar/2025:02:54:31 +0100] "GET /manager/html HTTP/1.1" 404 -
40.77.167.9 - - [09/Mar/2025:02:54:43 +0100] "GET /ticket2/opencms/admin/index.html HTTP/1.1" 401 -
68.183.238.15 - - [09/Mar/2025:02:58:03 +0100] "GET /manager/html HTTP/1.1" 404 -
172.171.246.10 - - [09/Mar/2025:02:58:42 +0100] "GET /hudson HTTP/1.1" 404 -
68.183.238.15 - - [09/Mar/2025:03:01:42 +0100] "GET /manager/html HTTP/1.1" 404 -
195.178.110.163 - - [09/Mar/2025:03:03:14 +0100] "GET /ticket2/opencms/ HTTP/1.1" 302 -
195.178.110.163 - - [09/Mar/2025:03:03:16 +0100] "GET /ticket2/opencms/.env.test HTTP/1.1" 404 -
195.178.110.163 - - [09/Mar/2025:03:03:17 +0100] "GET /ticket2/opencms/.env.uat HTTP/1.1" 404 -
195.178.110.163 - - [09/Mar/2025:03:03:17 +0100] "GET /ticket2/opencms/.env.production HTTP/1.1" 404 -
195.178.110.163 - - [09/Mar/2025:03:03:19 +0100] "GET /ticket2/opencms/public/.git/config HTTP/1.1" 404 -
195.178.110.163 - - [09/Mar/2025:03:03:19 +0100] "GET /ticket2/opencms/static../.git/config HTTP/1.1" 404 -
195.178.110.163 - - [09/Mar/2025:03:03:20 +0100] "GET /ticket2/opencms/api/.git/config HTTP/1.1" 404 -
195.178.110.163 - - [09/Mar/2025:03:03:21 +0100] "GET /ticket2/opencms/.env.production.local HTTP/1.1" 404 -
195.178.110.163 - - [09/Mar/2025:03:03:21 +0100] "GET /ticket2/opencms/settings/.env HTTP/1.1" 404 -
195.178.110.163 - - [09/Mar/2025:03:03:22 +0100] "GET /ticket2/opencms/dev/.git/config HTTP/1.1" 404 -
195.178.110.163 - - [09/Mar/2025:03:03:22 +0100] "GET /ticket2/opencms/.env.config HTTP/1.1" 404 -
68.183.238.15 - - [09/Mar/2025:03:05:23 +0100] "GET /manager/html HTTP/1.1" 404 -
68.183.238.15 - - [09/Mar/2025:03:09:10 +0100] "GET /manager/html HTTP/1.1" 404 -
68.183.238.15 - - [09/Mar/2025:03:13:01 +0100] "GET /manager/html HTTP/1.1" 404 -
68.183.238.15 - - [09/Mar/2025:03:16:35 +0100] "GET /manager/html HTTP/1.1" 404 -
68.183.238.15 - - [09/Mar/2025:03:20:15 +0100] "GET /manager/html HTTP/1.1" 404 -
151.239.238.66 - - [09/Mar/2025:03:23:48 +0100] "GET / HTTP/1.1" 404 -
68.183.238.15 - - [09/Mar/2025:03:24:03 +0100] "GET /manager/html HTTP/1.1" 404 -
220.134.57.61 - - [09/Mar/2025:03:24:35 +0100] "GET / HTTP/1.0" 404 -
68.183.238.15 - - [09/Mar/2025:03:27:43 +0100] "GET /manager/html HTTP/1.1" 404 -
68.183.238.15 - - [09/Mar/2025:03:31:19 +0100] "GET /manager/html HTTP/1.1" 404 -
68.183.238.15 - - [09/Mar/2025:03:34:49 +0100] "GET /manager/html HTTP/1.1" 404 -
87.121.84.204 - - [09/Mar/2025:03:35:11 +0100] "GET /cgi-bin/luci/;stok=/locale HTTP/1.1" 404 -
68.183.238.15 - - [09/Mar/2025:03:38:31 +0100] "GET /manager/html HTTP/1.1" 404 -
66.249.66.161 - - [09/Mar/2025:03:39:51 +0100] "GET /ticket2/opencms/en/venue/?venueid=647A017A-A337-874C-385C-B1E6DFFA2A10 HTTP/1.1" 200 63654
68.183.238.15 - - [09/Mar/2025:03:42:04 +0100] "GET /manager/html HTTP/1.1" 404 -
68.183.238.15 - - [09/Mar/2025:03:45:35 +0100] "GET /manager/html HTTP/1.1" 404 -
68.183.238.15 - - [09/Mar/2025:03:49:14 +0100] "GET /manager/html HTTP/1.1" 404 -
68.183.238.15 - - [09/Mar/2025:03:52:56 +0100] "GET /manager/html HTTP/1.1" 404 -
68.183.238.15 - - [09/Mar/2025:03:56:30 +0100] "GET /manager/html HTTP/1.1" 404 -
20.29.36.125 - - [09/Mar/2025:03:59:21 +0100] "GET /ticket2/opencms/autodiscover/autodiscover.json?@zdi/Powershell HTTP/1.1" 404 -
66.249.66.161 - - [09/Mar/2025:03:59:54 +0100] "GET /ticket2/opencms/en/venue/?venueid=D4F19FB0-0B28-632C-9086-124F525CC6BE HTTP/1.1" 200 63702
68.183.238.15 - - [09/Mar/2025:04:00:09 +0100] "GET /manager/html HTTP/1.1" 404 -
66.249.66.160 - - [09/Mar/2025:04:01:47 +0100] "GET /ticket2/opencms/en/venue/?venueid=BB5DCC3D-DF81-3AAD-D19F-0F0A28A6463A HTTP/1.1" 200 63604
66.249.66.161 - - [09/Mar/2025:04:03:35 +0100] "GET /ticket2/opencms/en/venue/?venueid=E472D4FD-D5DF-5700-717C-3F4C29267654 HTTP/1.1" 200 63648
68.183.238.15 - - [09/Mar/2025:04:03:51 +0100] "GET /manager/html HTTP/1.1" 404 -
68.183.238.15 - - [09/Mar/2025:04:07:34 +0100] "GET /manager/html HTTP/1.1" 404 -
68.183.238.15 - - [09/Mar/2025:04:11:11 +0100] "GET /manager/html HTTP/1.1" 404 -
68.183.238.15 - - [09/Mar/2025:04:14:45 +0100] "GET /manager/html HTTP/1.1" 404 -
68.183.238.15 - - [09/Mar/2025:04:18:36 +0100] "GET /manager/html HTTP/1.1" 404 -
66.249.66.161 - - [09/Mar/2025:04:18:39 +0100] "GET /ticket2/opencms/en/buy_safety/ HTTP/1.1" 200 64296
66.249.66.161 - - [09/Mar/2025:04:18:40 +0100] "GET /ticket2/opencms/en/venue/?venueid=725EAA96-3504-C885-60D8-51C3C379F292 HTTP/1.1" 200 63687
66.249.66.162 - - [09/Mar/2025:04:18:42 +0100] "GET /ticket2/opencms/en/venue/?venueid=9FD9B5FE-D2EF-11EF-6057-BEC9DC67548F HTTP/1.1" 200 63625
66.249.66.161 - - [09/Mar/2025:04:18:43 +0100] "GET /ticket2/opencms/en/venue/?venueid=E687CB5D-1F58-A3FC-2BFA-4F29DD5C8850 HTTP/1.1" 200 63607
66.249.66.160 - - [09/Mar/2025:04:18:44 +0100] "GET /ticket2/opencms/en/venue/?venueid=879967C0-57AE-A0D6-80DD-31C312C0E736 HTTP/1.1" 200 63618
66.249.66.160 - - [09/Mar/2025:04:18:46 +0100] "GET /ticket2/opencms/en/venue/?venueid=18267CD0-0660-EC77-6783-F80F8F5E2113 HTTP/1.1" 200 63634
66.249.66.160 - - [09/Mar/2025:04:18:46 +0100] "GET /ticket2/opencms/en/venue/?venueid=5DEA585A-08E2-B30D-154E-200E44426012 HTTP/1.1" 200 63646
66.249.66.160 - - [09/Mar/2025:04:18:48 +0100] "GET /ticket2/opencms/en/venue/?venueid=811C0359-3C33-A4FE-B62F-0F71E1D5271C HTTP/1.1" 200 63663
66.249.66.160 - - [09/Mar/2025:04:18:49 +0100] "GET /ticket2/opencms/en/venue/?venueid=CE35E84A-E17B-81F5-B9A1-6D3C836F25BA HTTP/1.1" 200 63640
66.249.66.160 - - [09/Mar/2025:04:18:50 +0100] "GET /ticket2/opencms/en/venue/?venueid=18CB81B4-8EA7-CAF4-AF24-168C4E2476BF HTTP/1.1" 200 63621
66.249.66.161 - - [09/Mar/2025:04:19:36 +0100] "GET /ticket2/opencms/en/venue/?venueid=353987F9-BE5F-F2A2-0D30-ACE5C9B1DA27 HTTP/1.1" 200 63622
66.249.66.160 - - [09/Mar/2025:04:19:48 +0100] "GET /ticket2/opencms/en/venue/?venueid=619A03DD-ACCD-FE57-5807-3D17BA5AEECB HTTP/1.1" 200 63694
68.183.238.15 - - [09/Mar/2025:04:22:10 +0100] "GET /manager/html HTTP/1.1" 404 -
68.183.238.15 - - [09/Mar/2025:04:25:55 +0100] "GET /manager/html HTTP/1.1" 404 -
154.81.156.7 - - [09/Mar/2025:04:27:11 +0100] "GET / HTTP/1.1" 404 -
68.183.238.15 - - [09/Mar/2025:04:29:25 +0100] "GET /manager/html HTTP/1.1" 404 -
68.183.238.15 - - [09/Mar/2025:04:32:55 +0100] "GET /manager/html HTTP/1.1" 404 -
198.235.24.126 - - [09/Mar/2025:04:34:10 +0100] "GET / HTTP/1.1" 404 -
89.248.168.227 - - [09/Mar/2025:04:36:36 +0100] "GET / HTTP/1.1" 404 -
89.248.168.227 - - [09/Mar/2025:04:36:36 +0100] "GET /ticket2/opencms/ HTTP/1.1" 302 -
89.248.168.227 - - [09/Mar/2025:04:36:36 +0100] "GET /ticket2/opencms/en/ HTTP/1.1" 200 66763
68.183.238.15 - - [09/Mar/2025:04:36:49 +0100] "GET /manager/html HTTP/1.1" 404 -
68.183.238.15 - - [09/Mar/2025:04:40:33 +0100] "GET /manager/html HTTP/1.1" 404 -
66.249.66.160 - - [09/Mar/2025:04:40:48 +0100] "GET /ticket2/opencms/en/venue/?venueid=2518510D-FB74-EF77-3887-A2E874444251 HTTP/1.1" 200 63640
68.183.238.15 - - [09/Mar/2025:04:44:06 +0100] "GET /manager/html HTTP/1.1" 404 -
66.249.66.161 - - [09/Mar/2025:04:47:24 +0100] "GET /ticket2/opencms/en/venue/?venueid=955ADC9C-78E1-F9EA-9BBA-CAE06CDA40D4 HTTP/1.1" 200 63627
66.249.66.160 - - [09/Mar/2025:04:47:34 +0100] "GET /ticket2/opencms/en/venue/?venueid=F70F08EA-0F3A-95EA-07F1-FD6D52373424 HTTP/1.1" 200 63618
68.183.238.15 - - [09/Mar/2025:04:48:12 +0100] "GET /manager/html HTTP/1.1" 404 -
66.249.66.162 - - [09/Mar/2025:04:48:48 +0100] "GET /ticket2/opencms/en/venue/?venueid=D198E605-58F6-945B-9B95-FBB903185288 HTTP/1.1" 200 63619
66.249.66.160 - - [09/Mar/2025:04:50:26 +0100] "GET /ticket2/opencms/en/venue/?venueid=08E4EC60-00C9-C497-9F21-DF811FAE4DEC HTTP/1.1" 200 63636
68.183.238.15 - - [09/Mar/2025:04:51:57 +0100] "GET /manager/html HTTP/1.1" 404 -
68.183.238.15 - - [09/Mar/2025:04:55:30 +0100] "GET /manager/html HTTP/1.1" 404 -
68.183.238.15 - - [09/Mar/2025:04:59:21 +0100] "GET /manager/html HTTP/1.1" 404 -
66.249.66.162 - - [09/Mar/2025:05:02:53 +0100] "GET /ticket2/opencms/en/venue/?venueid=157C41AC-9990-241E-A78B-828C374EF543 HTTP/1.1" 200 63745
68.183.238.15 - - [09/Mar/2025:05:03:12 +0100] "GET /manager/html HTTP/1.1" 404 -
66.249.66.162 - - [09/Mar/2025:05:04:13 +0100] "GET /ticket2/opencms/en/venue/?venueid=0DA9220F-5BB2-461D-5A38-C07E9D74A1A9 HTTP/1.1" 200 63615
66.249.66.161 - - [09/Mar/2025:05:05:40 +0100] "GET /ticket2/opencms/en/venue/?venueid=73970756-584C-5AD0-AF0B-3AFA065A2530 HTTP/1.1" 200 63616
66.249.66.161 - - [09/Mar/2025:05:06:23 +0100] "GET /ticket2/opencms/en/venue/?venueid=DABDC4D6-A186-DAE6-C644-5DB9CB011EEC HTTP/1.1" 200 63748
68.183.238.15 - - [09/Mar/2025:05:06:53 +0100] "GET /manager/html HTTP/1.1" 404 -
195.178.110.163 - - [09/Mar/2025:05:07:44 +0100] "GET /ticket2/opencms/ HTTP/1.1" 302 -
195.178.110.163 - - [09/Mar/2025:05:07:48 +0100] "GET /ticket2/opencms/server/.git/config HTTP/1.1" 404 -
195.178.110.163 - - [09/Mar/2025:05:07:48 +0100] "GET /ticket2/opencms/.env.secret HTTP/1.1" 404 -
195.178.110.163 - - [09/Mar/2025:05:07:49 +0100] "GET /ticket2/opencms/settings/.env HTTP/1.1" 404 -
195.178.110.163 - - [09/Mar/2025:05:07:49 +0100] "GET /ticket2/opencms/dev/.git/config HTTP/1.1" 404 -
195.178.110.163 - - [09/Mar/2025:05:07:50 +0100] "GET /ticket2/opencms/.env.config HTTP/1.1" 404 -
195.178.110.163 - - [09/Mar/2025:05:07:51 +0100] "GET /ticket2/opencms/.env.live HTTP/1.1" 404 -
195.178.110.163 - - [09/Mar/2025:05:07:51 +0100] "GET /ticket2/opencms/config/.env HTTP/1.1" 404 -
195.178.110.163 - - [09/Mar/2025:05:07:52 +0100] "GET /ticket2/opencms/.env.uat HTTP/1.1" 404 -
66.249.66.161 - - [09/Mar/2025:05:08:48 +0100] "GET /ticket2/opencms/en/venue/?venueid=A2C3B653-26FA-47C6-9144-32901C878EBE HTTP/1.1" 200 63631
66.249.66.162 - - [09/Mar/2025:05:10:23 +0100] "GET /ticket2/opencms/en/venue/?venueid=2B29C6EC-89D0-6E9C-BAE4-2D03D28807C6 HTTP/1.1" 200 63652
68.183.238.15 - - [09/Mar/2025:05:10:53 +0100] "GET /manager/html HTTP/1.1" 404 -
68.183.238.15 - - [09/Mar/2025:05:14:35 +0100] "GET /manager/html HTTP/1.1" 404 -
68.183.238.15 - - [09/Mar/2025:05:18:08 +0100] "GET /manager/html HTTP/1.1" 404 -
66.249.66.161 - - [09/Mar/2025:05:21:26 +0100] "GET /ticket2/opencms/en/newsletter/ HTTP/1.1" 200 67338
68.183.238.15 - - [09/Mar/2025:05:22:02 +0100] "GET /manager/html HTTP/1.1" 404 -
66.249.66.160 - - [09/Mar/2025:05:22:46 +0100] "GET /ticket2/opencms/sv/sport/fotbollsbiljetter/premier_league/birmingham/ HTTP/1.1" 200 70714
68.183.238.15 - - [09/Mar/2025:05:25:40 +0100] "GET /manager/html HTTP/1.1" 404 -
66.249.66.160 - - [09/Mar/2025:05:27:43 +0100] "GET /ticket2/opencms/en/venue/?venueid=1D0702B1-352E-5FBA-3475-D4A6D59D40D0 HTTP/1.1" 200 63645
66.249.66.160 - - [09/Mar/2025:05:27:52 +0100] "GET /ticket2/opencms/en/venue/?countryid=B54C3B27-273E-C131-E997-905F5C2CDDC3 HTTP/1.1" 200 93013
68.183.238.15 - - [09/Mar/2025:05:29:20 +0100] "GET /manager/html HTTP/1.1" 404 -
68.183.238.15 - - [09/Mar/2025:05:33:06 +0100] "GET /manager/html HTTP/1.1" 404 -
66.249.66.160 - - [09/Mar/2025:05:35:47 +0100] "GET /ticket2/opencms/en/venue/?countryid=93055F81-99D6-0EE6-3CC8-FB4301992434 HTTP/1.1" 200 93013
52.167.144.59 - - [09/Mar/2025:05:36:19 +0100] "GET /ticket2/opencms/robots.txt HTTP/1.1" 200 773
52.167.144.59 - - [09/Mar/2025:05:36:19 +0100] "GET /ticket2/opencms/robots.txt HTTP/1.1" 200 773
157.55.39.195 - - [09/Mar/2025:05:36:23 +0100] "GET /ticket2/opencms/sv/sport/fotbollsbiljetter/la_liga/ HTTP/1.1" 200 78315
68.183.238.15 - - [09/Mar/2025:05:36:52 +0100] "GET /manager/html HTTP/1.1" 404 -
170.64.221.89 - - [09/Mar/2025:05:39:09 +0100] "GET /ticket2/opencms/.git/config HTTP/1.1" 404 -
66.249.66.162 - - [09/Mar/2025:05:39:12 +0100] "GET /ticket2/opencms/en/venue/?countryid=E7631FE5-7061-8322-868B-F6085CDA8809 HTTP/1.1" 200 93013
170.64.221.89 - - [09/Mar/2025:05:39:16 +0100] "GET /ticket2/opencms/.git/config HTTP/1.1" 404 -
68.183.238.15 - - [09/Mar/2025:05:40:49 +0100] "GET /manager/html HTTP/1.1" 404 -
66.249.66.162 - - [09/Mar/2025:05:43:35 +0100] "GET /ticket2/opencms/en/venue/?countryid=ACAFFD14-DCE8-EFC6-6ECA-AF006BA900C4 HTTP/1.1" 200 93013
68.183.238.15 - - [09/Mar/2025:05:44:19 +0100] "GET /manager/html HTTP/1.1" 404 -
66.249.66.161 - - [09/Mar/2025:05:47:43 +0100] "GET /ticket2/opencms/en/venue/?countryid=E5A463DD-D0D6-2F66-230F-35633A8D9ED0 HTTP/1.1" 200 93013
68.183.238.15 - - [09/Mar/2025:05:48:04 +0100] "GET /manager/html HTTP/1.1" 404 -
66.249.66.160 - - [09/Mar/2025:05:49:12 +0100] "GET /ticket2/opencms/en/venue/?countryid=BCA33F4B-7509-BC45-DAD2-4CA6BF14FC82 HTTP/1.1" 200 94141
66.249.66.160 - - [09/Mar/2025:05:49:48 +0100] "GET /ticket2/opencms/en/venue/?countryid=2E49BBE4-C681-08D6-D216-0893A1269431 HTTP/1.1" 200 93013
68.183.238.15 - - [09/Mar/2025:05:51:53 +0100] "GET /manager/html HTTP/1.1" 404 -
159.65.152.5 - - [09/Mar/2025:05:53:10 +0100] "GET /ticket2/opencms/.env HTTP/1.1" 404 -
66.249.66.162 - - [09/Mar/2025:05:53:34 +0100] "GET /ticket2/opencms/en/venue/?countryid=44E342A3-ABB4-8C4C-D9AB-B83FB043D424 HTTP/1.1" 200 93013
66.249.66.162 - - [09/Mar/2025:05:54:42 +0100] "GET /ticket2/opencms/en/venue/?countryid=87FD5C2F-6CC8-7245-5B03-4D8F2D8C8375 HTTP/1.1" 200 93013
68.183.238.15 - - [09/Mar/2025:05:55:35 +0100] "GET /manager/html HTTP/1.1" 404 -
66.249.66.161 - - [09/Mar/2025:05:57:59 +0100] "GET /ticket2/opencms/en/venue/?countryid=65CBF22C-E953-E822-8DA0-6226C52D7D6A HTTP/1.1" 200 93013
87.121.84.204 - - [09/Mar/2025:05:59:05 +0100] "GET /cgi-bin/luci/;stok=/locale HTTP/1.1" 404 -
68.183.238.15 - - [09/Mar/2025:05:59:16 +0100] "GET /manager/html HTTP/1.1" 404 -
66.249.66.162 - - [09/Mar/2025:05:59:23 +0100] "GET /ticket2/opencms/en/venue/?countryid=9F976644-D811-1E5C-8CA5-C3CE6B3B71EB HTTP/1.1" 200 93013
66.249.66.162 - - [09/Mar/2025:05:59:47 +0100] "GET /ticket2/opencms/en/venue/?countryid=5F186EB9-FC66-3D17-58C4-6A160CA3B9D1 HTTP/1.1" 200 93013
68.183.238.15 - - [09/Mar/2025:06:03:16 +0100] "GET /manager/html HTTP/1.1" 404 -
66.249.66.161 - - [09/Mar/2025:06:03:35 +0100] "GET /ticket2/opencms/en/venue/?countryid=CEE00D6A-FB56-5500-E375-BA915009094D HTTP/1.1" 200 93013
66.249.66.161 - - [09/Mar/2025:06:05:51 +0100] "GET /ticket2/opencms/en/venue/?countryid=FEF54986-84B0-FEDA-0583-5080DFD917BA HTTP/1.1" 200 93013
66.249.66.161 - - [09/Mar/2025:06:05:52 +0100] "GET /ticket2/opencms/en/venue/?countryid=ACB5B4FC-B2E3-1024-DD30-02CD725AE8FE HTTP/1.1" 200 93013
68.183.238.15 - - [09/Mar/2025:06:07:04 +0100] "GET /manager/html HTTP/1.1" 404 -
66.249.66.161 - - [09/Mar/2025:06:09:40 +0100] "GET /ticket2/opencms/en/venue/?countryid=8E9B7573-DABA-9F65-28F4-901E70BA5D59 HTTP/1.1" 200 93013
104.131.8.116 - - [09/Mar/2025:06:10:14 +0100] "??xo?????W??T???0??eK7?&???Dy?? ?S??? ?cCL?y\ ?D?" 400 -
104.131.8.116 - - [09/Mar/2025:06:10:14 +0100] "??o?T?? ????u??>e?????n0??O_GlD? ?l|????qH&??\:" 400 -
104.131.8.116 - - [09/Mar/2025:06:10:15 +0100] "XTk??D6???T?U?gj??F?D]????3?O?A ???Ap&^K?=?F?fx?X?:3?H??2 ?2?F??????s?r?,?????$? " 400 -
104.131.8.116 - - [01/Jan/1970:00:59:59 +0100] "-" 400 -
104.131.8.116 - - [09/Mar/2025:06:10:15 +0100] "??n?2q?,][????i?w??x????1?n??? ?d?b'?$#5?Fy??z???????n?F??a??zz????'??/??(???0?s?`?r?a?,?v???w?????$? " 400 -
104.131.8.116 - - [01/Jan/1970:00:59:59 +0100] "-" 400 -
104.131.8.116 - - [09/Mar/2025:06:10:16 +0100] "???xcH??(???a?e????o ????G?zjY?? ?e?E?w?????bR???2??&=m?0q?3?U?3g?????9k?????E?????? ?#?????+?" 400 -
104.131.8.116 - - [09/Mar/2025:06:10:16 +0100] "???"]?1' ^????j1R?X???w??nht???? ?ZO?5??a??lK??)???Z?????d?g????A?????=5?????</" 400 -
104.131.8.116 - - [09/Mar/2025:06:10:16 +0100] "???~Io?Uj?%???2,? ?Y??nM?o?????! 0wv??+???"?????d? ?!? e?N??:?(?K??SG??5@?0????3?vf?JJ????'??/??(???0?s?`?r?a?,?v???w?????$?" 400 -
104.131.8.116 - - [01/Jan/1970:00:59:59 +0100] "-" 400 -
104.131.8.116 - - [09/Mar/2025:06:10:17 +0100] "??%??4??(e?5V{??Pgr?gTjt???G?~ )?-????%???????????E?r/??)L??{ " 400 -
66.249.66.161 - - [09/Mar/2025:06:10:49 +0100] "GET /ticket2/opencms/en/venue/?countryid=A41A8692-50A8-E04F-AB0B-A9766CB2286D HTTP/1.1" 200 93013
68.183.238.15 - - [09/Mar/2025:06:10:53 +0100] "GET /manager/html HTTP/1.1" 404 -
68.183.238.15 - - [09/Mar/2025:06:14:58 +0100] "GET /manager/html HTTP/1.1" 404 -
66.249.66.162 - - [09/Mar/2025:06:16:35 +0100] "GET /ticket2/opencms/en/login/ HTTP/1.1" 200 65723
68.183.238.15 - - [09/Mar/2025:06:18:38 +0100] "GET /manager/html HTTP/1.1" 404 -
68.183.238.15 - - [09/Mar/2025:06:22:17 +0100] "GET /manager/html HTTP/1.1" 404 -
68.183.238.15 - - [09/Mar/2025:06:26:12 +0100] "GET /manager/html HTTP/1.1" 404 -
66.249.66.161 - - [09/Mar/2025:06:27:47 +0100] "GET /ticket2/opencms/en/venue/?countryid=7EB583F0-D67D-8877-88CD-3F7B9DDEB361 HTTP/1.1" 200 93672
66.249.66.160 - - [09/Mar/2025:06:28:23 +0100] "GET /ticket2/opencms/en/venue/?countryid=89A5E86C-3AC3-3EDB-6F03-E6FC6A513BA2 HTTP/1.1" 200 93013
66.249.66.161 - - [09/Mar/2025:06:29:50 +0100] "GET /ticket2/opencms/sv/buy/?page=1&edid=D06E40AA-5917-7CC6-8395-10069BB33EB3 HTTP/1.1" 200 76948
68.183.238.15 - - [09/Mar/2025:06:30:07 +0100] "GET /manager/html HTTP/1.1" 404 -
66.249.66.161 - - [09/Mar/2025:06:30:57 +0100] "GET /ticket2/opencms/en/venue/?venueid=66E1E988-5937-F001-455A-788C6919D4BB HTTP/1.1" 200 63707
66.249.66.161 - - [09/Mar/2025:06:32:41 +0100] "GET /ticket2/opencms/sv/about/press/ HTTP/1.1" 200 66053
66.249.66.160 - - [09/Mar/2025:06:32:52 +0100] "GET /ticket2/opencms/sv/sport/fotbollsbiljetter/ HTTP/1.1" 200 70201
68.183.238.15 - - [09/Mar/2025:06:33:52 +0100] "GET /manager/html HTTP/1.1" 404 -
195.178.110.163 - - [09/Mar/2025:06:34:12 +0100] "??$S???j??U3???~]A???_ OP%?u-??2 d?????B??T`*??e????????U ???&?+?/?,?0????? ??" 400 -
195.178.110.163 - - [09/Mar/2025:06:34:12 +0100] "GET / HTTP/1.1" 404 -
195.178.110.163 - - [01/Jan/1970:00:59:59 +0100] "-" 400 -
195.178.110.163 - - [09/Mar/2025:06:34:12 +0100] "GET / HTTP/1.1" 404 -
195.178.110.163 - - [09/Mar/2025:06:34:14 +0100] "GET /.env_sample HTTP/1.1" 404 -
68.183.238.15 - - [09/Mar/2025:06:37:38 +0100] "GET /manager/html HTTP/1.1" 404 -
68.183.238.15 - - [09/Mar/2025:06:41:30 +0100] "GET /manager/html HTTP/1.1" 404 -
68.183.238.15 - - [09/Mar/2025:06:45:13 +0100] "GET /manager/html HTTP/1.1" 404 -
68.183.238.15 - - [09/Mar/2025:06:49:03 +0100] "GET /manager/html HTTP/1.1" 404 -
68.183.238.15 - - [09/Mar/2025:06:52:38 +0100] "GET /manager/html HTTP/1.1" 404 -
66.249.66.162 - - [09/Mar/2025:06:53:39 +0100] "GET /ticket2/opencms/sv/sport/tennis/monte_carlo_masters/ HTTP/1.1" 200 69603
68.183.238.15 - - [09/Mar/2025:06:56:18 +0100] "GET /manager/html HTTP/1.1" 404 -
92.255.57.58 - - [09/Mar/2025:06:58:19 +0100] "GET /ticket2/opencms/?XDEBUG_SESSION_START=phpstorm HTTP/1.1" 302 -
92.255.57.58 - - [09/Mar/2025:06:58:21 +0100] "GET /ticket2/opencms/en/ HTTP/1.1" 200 66763
68.183.238.15 - - [09/Mar/2025:07:00:14 +0100] "GET /manager/html HTTP/1.1" 404 -
66.249.66.160 - - [09/Mar/2025:07:01:35 +0100] "GET /ticket2/opencms/en/venue/?venueid=599873B1-3873-AE39-BC85-F2D3640C7F65 HTTP/1.1" 200 63610
66.249.66.161 - - [09/Mar/2025:07:01:47 +0100] "GET /ticket2/opencms/en/venue/?venueid=99EB5D09-9A33-95A7-F158-1EC6D2BA2BAD HTTP/1.1" 200 63667
66.249.66.160 - - [09/Mar/2025:07:01:56 +0100] "GET /ticket2/opencms/en/venue/?venueid=0CC87D32-3D29-5809-F3E9-5889619E3A38 HTTP/1.1" 200 63610
46.19.138.210 - - [09/Mar/2025:07:03:21 +0100] "GET /ticket2/opencms/.git/config HTTP/1.1" 404 -
68.183.238.15 - - [09/Mar/2025:07:04:13 +0100] "GET /manager/html HTTP/1.1" 404 -
68.183.238.15 - - [09/Mar/2025:07:07:49 +0100] "GET /manager/html HTTP/1.1" 404 -
66.249.66.161 - - [09/Mar/2025:07:09:35 +0100] "GET /ticket2/opencms/en/venue/?venueid=FD8E2085-4C66-B96B-FE96-170F5D626150 HTTP/1.1" 200 63633
66.249.66.160 - - [09/Mar/2025:07:10:40 +0100] "GET /ticket2/opencms/en/venue/?venueid=04A82A7F-3526-7853-AB0E-3B58A65053A2 HTTP/1.1" 200 63622
68.183.238.15 - - [09/Mar/2025:07:11:32 +0100] "GET /manager/html HTTP/1.1" 404 -
66.249.66.162 - - [09/Mar/2025:07:11:33 +0100] "GET /ticket2/opencms/sv/sport/fotbollsbiljetter/premier_league/ HTTP/1.1" 200 78731
66.249.66.160 - - [09/Mar/2025:07:11:38 +0100] "GET /ticket2/opencms/sv/sport/fotbollsbiljetter/eredivisie/ HTTP/1.1" 200 63993
66.249.66.162 - - [09/Mar/2025:07:12:43 +0100] "GET /ticket2/opencms/en/sport/football-tickets/serie_a/ HTTP/1.1" 200 77554
68.183.238.15 - - [09/Mar/2025:07:15:22 +0100] "GET /manager/html HTTP/1.1" 404 -
68.183.238.15 - - [09/Mar/2025:07:19:13 +0100] "GET /manager/html HTTP/1.1" 404 -
68.183.238.15 - - [09/Mar/2025:07:22:51 +0100] "GET /manager/html HTTP/1.1" 404 -
47.236.21.32 - - [09/Mar/2025:07:24:44 +0100] "GET / HTTP/1.0" 404 -
47.236.21.32 - - [09/Mar/2025:07:24:45 +0100] "GET / HTTP/1.1" 404 -
47.236.21.32 - - [09/Mar/2025:07:24:46 +0100] "GET /favicon.ico HTTP/1.1" 404 -
68.183.238.15 - - [09/Mar/2025:07:26:39 +0100] "GET /manager/html HTTP/1.1" 404 -
195.178.110.163 - - [09/Mar/2025:07:27:29 +0100] "GET /ticket2/opencms/ HTTP/1.1" 302 -
195.178.110.163 - - [09/Mar/2025:07:27:30 +0100] "GET /ticket2/opencms/.env.dev.local HTTP/1.1" 404 -
195.178.110.163 - - [09/Mar/2025:07:27:30 +0100] "GET /ticket2/opencms/.env.testing HTTP/1.1" 404 -
195.178.110.163 - - [09/Mar/2025:07:27:31 +0100] "GET /ticket2/opencms/backup/.git/config HTTP/1.1" 404 -
195.178.110.163 - - [09/Mar/2025:07:27:32 +0100] "GET /ticket2/opencms/.env.backup HTTP/1.1" 404 -
195.178.110.163 - - [09/Mar/2025:07:27:33 +0100] "GET /ticket2/opencms/.env HTTP/1.1" 404 -
195.178.110.163 - - [09/Mar/2025:07:27:33 +0100] "GET /ticket2/opencms/.env.uat HTTP/1.1" 404 -
195.178.110.163 - - [09/Mar/2025:07:27:34 +0100] "GET /ticket2/opencms/.git/config HTTP/1.1" 404 -
195.178.110.163 - - [09/Mar/2025:07:27:35 +0100] "GET /ticket2/opencms/.env.development.local HTTP/1.1" 404 -
195.178.110.163 - - [09/Mar/2025:07:27:35 +0100] "GET /ticket2/opencms/.env.staging.local HTTP/1.1" 404 -
195.178.110.163 - - [09/Mar/2025:07:27:36 +0100] "GET /ticket2/opencms/configuration/.env HTTP/1.1" 404 -
68.183.238.15 - - [09/Mar/2025:07:30:18 +0100] "GET /manager/html HTTP/1.1" 404 -
68.183.238.15 - - [09/Mar/2025:07:34:15 +0100] "GET /manager/html HTTP/1.1" 404 -
68.183.238.15 - - [09/Mar/2025:07:38:24 +0100] "GET /manager/html HTTP/1.1" 404 -
68.183.238.15 - - [09/Mar/2025:07:42:23 +0100] "GET /manager/html HTTP/1.1" 404 -
66.249.66.161 - - [09/Mar/2025:07:42:34 +0100] "GET /ticket2/opencms/en/venue/?venueid=4281EF24-819D-10DB-AFDA-8A385BCC22F4 HTTP/1.1" 200 63639
68.183.238.15 - - [09/Mar/2025:07:45:57 +0100] "GET /manager/html HTTP/1.1" 404 -
66.249.66.160 - - [09/Mar/2025:07:46:47 +0100] "GET /ticket2/opencms/en/venue/?venueid=CC8EBEE0-20C4-450E-B0B6-DECB88FE890B HTTP/1.1" 200 63652
170.64.221.89 - - [09/Mar/2025:07:47:48 +0100] "GET /ticket2/opencms/.git/config HTTP/1.1" 404 -
68.183.238.15 - - [09/Mar/2025:07:49:50 +0100] "GET /manager/html HTTP/1.1" 404 -
68.183.238.15 - - [09/Mar/2025:07:53:46 +0100] "GET /manager/html HTTP/1.1" 404 -
68.183.238.15 - - [09/Mar/2025:07:57:34 +0100] "GET /manager/html HTTP/1.1" 404 -
68.183.238.15 - - [09/Mar/2025:08:01:13 +0100] "GET /manager/html HTTP/1.1" 404 -
66.249.66.162 - - [09/Mar/2025:08:03:43 +0100] "GET /ticket2/opencms/sv/konsertbiljetter/ HTTP/1.1" 200 66587
66.249.66.160 - - [09/Mar/2025:08:04:46 +0100] "GET /ticket2/opencms/en/venue/?venueid=FE687578-641E-3F09-3462-AE6F5429E92A HTTP/1.1" 200 63624
66.249.66.161 - - [09/Mar/2025:08:04:47 +0100] "GET /ticket2/opencms/en/venue/?venueid=41578BAC-B3C6-A54C-C6C5-8BDAB9EF23A9 HTTP/1.1" 200 63630
66.249.66.160 - - [09/Mar/2025:08:04:49 +0100] "GET /ticket2/opencms/en/venue/?countryid=994C90A3-4106-B64A-E9EB-11D9EC699E18 HTTP/1.1" 200 93013
66.249.66.160 - - [09/Mar/2025:08:04:50 +0100] "GET /ticket2/opencms/en/venue/?venueid=2A287657-A170-E643-8D17-78F1DB6C8F4A HTTP/1.1" 200 63616
66.249.66.160 - - [09/Mar/2025:08:04:51 +0100] "GET /ticket2/opencms/en/venue/?venueid=D6ACC314-B92A-54C8-D6D6-0BCC0672FA5A HTTP/1.1" 200 63640
68.183.238.15 - - [09/Mar/2025:08:04:52 +0100] "GET /manager/html HTTP/1.1" 404 -
66.249.66.160 - - [09/Mar/2025:08:04:53 +0100] "GET /ticket2/opencms/sv/sport/fotbollsbiljetter/la_liga/atletico-madrid/ HTTP/1.1" 200 70156
66.249.66.161 - - [09/Mar/2025:08:04:53 +0100] "GET /ticket2/opencms/en/venue/?venueid=B894268C-0147-908A-EB38-2DA2340DCC68 HTTP/1.1" 200 63710
66.249.66.160 - - [09/Mar/2025:08:04:55 +0100] "GET /ticket2/opencms/en/venue/?venueid=AEBDE4BB-8DCC-3391-E627-DEA59986D788 HTTP/1.1" 200 63654
66.249.66.160 - - [09/Mar/2025:08:04:58 +0100] "GET /ticket2/opencms/en/venue/?venueid=B536E7DB-5D8F-611D-2C4D-9475050CC6F9 HTTP/1.1" 200 63609
92.255.57.58 - - [09/Mar/2025:08:05:29 +0100] "GET /ticket2/opencms/actuator/gateway/routes HTTP/1.1" 404 -
195.178.110.163 - - [09/Mar/2025:08:05:57 +0100] "GET /ticket2/opencms/ HTTP/1.1" 302 -
195.178.110.163 - - [09/Mar/2025:08:05:58 +0100] "GET /ticket2/opencms/.env.production HTTP/1.1" 404 -
195.178.110.163 - - [09/Mar/2025:08:05:59 +0100] "GET /ticket2/opencms/www/.git/config HTTP/1.1" 404 -
195.178.110.163 - - [09/Mar/2025:08:05:59 +0100] "GET /ticket2/opencms/.env.production.local HTTP/1.1" 404 -
195.178.110.163 - - [09/Mar/2025:08:06:00 +0100] "GET /ticket2/opencms/.env.staging.local HTTP/1.1" 404 -
195.178.110.163 - - [09/Mar/2025:08:06:00 +0100] "GET /ticket2/opencms/build/.env HTTP/1.1" 404 -
68.183.238.15 - - [09/Mar/2025:08:08:43 +0100] "GET /manager/html HTTP/1.1" 404 -
127.0.0.1 - - [09/Mar/2025:08:11:46 +0100] "GET / HTTP/1.1" 400 -
68.183.238.15 - - [09/Mar/2025:08:12:32 +0100] "GET /manager/html HTTP/1.1" 404 -
66.249.66.161 - - [09/Mar/2025:08:15:51 +0100] "GET /ticket2/opencms/en/search.html?searchQuery=psg&submit=/ HTTP/1.1" 200 84362
68.183.238.15 - - [09/Mar/2025:08:16:20 +0100] "GET /manager/html HTTP/1.1" 404 -
68.183.238.15 - - [09/Mar/2025:08:20:02 +0100] "GET /manager/html HTTP/1.1" 404 -
68.183.238.15 - - [09/Mar/2025:08:23:52 +0100] "GET /manager/html HTTP/1.1" 404 -
66.249.66.161 - - [09/Mar/2025:08:24:25 +0100] "GET /ticket2/opencms/en/ HTTP/1.1" 200 66763
170.64.221.89 - - [09/Mar/2025:08:26:40 +0100] "GET /ticket2/opencms/.git/config HTTP/1.1" 404 -
68.183.238.15 - - [09/Mar/2025:08:27:23 +0100] "GET /manager/html HTTP/1.1" 404 -
66.249.66.161 - - [09/Mar/2025:08:27:41 +0100] "GET /ticket2/opencms/sv/partners/fotbolldirekt/ HTTP/1.1" 200 64503
154.81.156.7 - - [09/Mar/2025:08:28:07 +0100] "GET / HTTP/1.1" 404 -
66.249.66.161 - - [09/Mar/2025:08:28:46 +0100] "GET /ticket2/opencms/en/buy/?page=10&eventid=0301901D-CDB0-76E6-A443-30FEE7E893FB&column= HTTP/1.1" 200 64965
66.249.66.161 - - [09/Mar/2025:08:28:51 +0100] "GET /ticket2/opencms/en/search.html?searchQuery=barcelona&submit= HTTP/1.1" 200 84990
66.249.66.160 - - [09/Mar/2025:08:30:48 +0100] "GET /ticket2/opencms/sv/buy/?page=6&comcatid=0A6B8208-FDA4-E929-9D72-5312FD481B76&catid=CB847559-7ECA-CC50-D7D2-064AF0C06FB1 HTTP/1.1" 200 68734
68.183.238.15 - - [09/Mar/2025:08:31:11 +0100] "GET /manager/html HTTP/1.1" 404 -
66.249.66.160 - - [09/Mar/2025:08:31:43 +0100] "GET /ticket2/opencms/en/buy/?page=10&eventid=684F42AD-E69E-B0FB-F34B-E9B5D5266D07 HTTP/1.1" 200 64971
66.249.66.161 - - [09/Mar/2025:08:34:49 +0100] "GET /ticket2/opencms/en/buy/?page=10&eventid=257C5D29-06D1-01D8-25B3-75BE37E8CF25 HTTP/1.1" 200 64973
68.183.238.15 - - [09/Mar/2025:08:34:53 +0100] "GET /manager/html HTTP/1.1" 404 -
66.249.66.160 - - [09/Mar/2025:08:37:26 +0100] "GET /ticket2/opencms/en/venue/?venueid=51B4DE67-01CA-0B71-9885-4DA0B8DB7CF4 HTTP/1.1" 200 63673
68.183.238.15 - - [09/Mar/2025:08:38:26 +0100] "GET /manager/html HTTP/1.1" 404 -
66.249.66.162 - - [09/Mar/2025:08:40:50 +0100] "GET /ticket2/opencms/en/venue/?venueid=CD2E8AAD-090E-40AF-0A43-ED1B150BDB6B HTTP/1.1" 200 63624
205.210.31.93 - - [09/Mar/2025:08:40:56 +0100] "??ka?e?MW7??%[:?~d??l???????? $$O???e??]-w????8 " 400 -
205.210.31.93 - - [09/Mar/2025:08:40:56 +0100] "???????5WJ??\???&Q????e??3N+??h???/?+?0?,???'?#?? ?(?$?? " 400 -
68.183.238.15 - - [09/Mar/2025:08:42:19 +0100] "GET /manager/html HTTP/1.1" 404 -
66.249.66.160 - - [09/Mar/2025:08:44:37 +0100] "GET /ticket2/opencms/en/buy/?page=10&eventid=4CD3BFC4-6826-2F08-586B-E7C2046942C2 HTTP/1.1" 200 64971
68.183.238.15 - - [09/Mar/2025:08:46:04 +0100] "GET /manager/html HTTP/1.1" 404 -
87.121.84.204 - - [09/Mar/2025:08:47:16 +0100] "GET /cgi-bin/luci/;stok=/locale HTTP/1.1" 404 -
45.79.120.183 - - [09/Mar/2025:08:47:45 +0100] "GET /ticket2/opencms/ HTTP/1.1" 302 -
68.183.238.15 - - [09/Mar/2025:08:49:31 +0100] "GET /manager/html HTTP/1.1" 404 -
66.249.66.160 - - [09/Mar/2025:08:49:40 +0100] "GET /ticket2/opencms/en/venue/?venueid=51FC812B-C1B1-D7F6-AA86-5EF0B49A7C89 HTTP/1.1" 200 63651
66.249.66.160 - - [09/Mar/2025:08:49:41 +0100] "GET /ticket2/opencms/en/venue/?venueid=A60FB51F-D5E6-BD90-6801-0B7458E63156 HTTP/1.1" 200 63609
66.249.66.160 - - [09/Mar/2025:08:49:42 +0100] "GET /ticket2/opencms/en/venue/?venueid=F547B08D-C839-63CC-DDB8-9139B0448DEC HTTP/1.1" 200 63616
66.249.66.160 - - [09/Mar/2025:08:49:43 +0100] "GET /ticket2/opencms/en/venue/?venueid=219A19CA-D032-AF7E-C5AA-5DAE1D07CFCF HTTP/1.1" 200 63649
66.249.66.160 - - [09/Mar/2025:08:49:44 +0100] "GET /ticket2/opencms/en/venue/?venueid=E1C1AF0B-A1AF-29FD-C99C-5BA6293FC199 HTTP/1.1" 200 63625
66.249.66.160 - - [09/Mar/2025:08:49:45 +0100] "GET /ticket2/opencms/en/venue/?venueid=7BE3C2C4-D724-A14C-90CC-9D0A992F74AC HTTP/1.1" 200 63612
66.249.66.160 - - [09/Mar/2025:08:49:47 +0100] "GET /ticket2/opencms/en/venue/?venueid=E02EE1DB-608C-3324-5F88-FAD2EC8C29F9 HTTP/1.1" 200 63646
66.249.66.160 - - [09/Mar/2025:08:49:49 +0100] "GET /ticket2/opencms/en/venue/?venueid=2670EAEE-B3EE-DCB5-D526-2AB4D4F780CA HTTP/1.1" 200 63694
66.249.66.160 - - [09/Mar/2025:08:49:50 +0100] "GET /ticket2/opencms/en/venue/?venueid=40ADA438-5D69-32FD-AA2D-421A8A0BD7EA HTTP/1.1" 200 63621
66.249.66.160 - - [09/Mar/2025:08:49:55 +0100] "GET /ticket2/opencms/en/venue/?venueid=EAA79C0D-ABC0-4CB3-40C0-8144A46B3F3A HTTP/1.1" 200 63696
66.249.66.160 - - [09/Mar/2025:08:49:56 +0100] "GET /ticket2/opencms/en/venue/?venueid=6F35A585-C7A7-198F-956D-F8F0D81EEC09 HTTP/1.1" 200 63729
68.183.238.15 - - [09/Mar/2025:08:53:21 +0100] "GET /manager/html HTTP/1.1" 404 -
66.249.66.161 - - [09/Mar/2025:08:54:35 +0100] "GET /ticket2/opencms/en/venue/?venueid=7A7B066D-6749-0EC8-5A95-BB4DEF5BC7FC HTTP/1.1" 200 63684
66.249.66.160 - - [09/Mar/2025:08:55:50 +0100] "GET /ticket2/opencms/en/venue/?venueid=C7AA5792-84B6-B218-74FE-1EF0121317B1 HTTP/1.1" 200 63622
68.183.238.15 - - [09/Mar/2025:08:57:01 +0100] "GET /manager/html HTTP/1.1" 404 -
66.249.66.160 - - [09/Mar/2025:09:00:43 +0100] "GET /ticket2/opencms/sv/buy/?page=6&comcatid=0A6B8208-FDA4-E929-9D72-5312FD481B76&catid=5ED34547-492C-90DA-709D-448345844685 HTTP/1.1" 200 68734
68.183.238.15 - - [09/Mar/2025:09:00:52 +0100] "GET /manager/html HTTP/1.1" 404 -
66.249.66.160 - - [09/Mar/2025:09:01:12 +0100] "GET /ticket2/opencms/en/buy/?comcatid=810BB404-4103-77F2-A6C2-12D5E6C338E2 HTTP/1.1" 200 65540
66.249.66.162 - - [09/Mar/2025:09:03:24 +0100] "GET /ticket2/opencms/en/buy/?comcatid=66708183-7480-3365-06BF-DBF60280AB45 HTTP/1.1" 200 65922
66.249.66.160 - - [09/Mar/2025:09:03:52 +0100] "GET /ticket2/opencms/sv/buy/?page=6&comcatid=97ECA65A-72DA-F9AF-9DBB-245D3CFED1BE&catid=2CCC191C-F37F-B9CA-D41C-1204E575B328 HTTP/1.1" 200 70194
68.183.238.15 - - [09/Mar/2025:09:04:28 +0100] "GET /manager/html HTTP/1.1" 404 -
66.249.66.162 - - [09/Mar/2025:09:04:40 +0100] "GET /ticket2/opencms/sv/buy/?page=6&comcatid=97ECA65A-72DA-F9AF-9DBB-245D3CFED1BE&catid=81B744E7-1FEE-E757-C0AB-C7AF73CDE252 HTTP/1.1" 200 70189
66.249.66.160 - - [09/Mar/2025:09:06:35 +0100] "GET /ticket2/opencms/sv/buy/?page=6&comcatid=97ECA65A-72DA-F9AF-9DBB-245D3CFED1BE&catid=55D1256D-BDD9-CBA3-47A3-0A252F702555 HTTP/1.1" 200 70196
66.249.66.161 - - [09/Mar/2025:09:07:50 +0100] "GET /ticket2/opencms/en/venue/?venueid=978DD78D-7B03-151B-F172-F1013F27C17D HTTP/1.1" 200 63604
68.183.238.15 - - [09/Mar/2025:09:08:15 +0100] "GET /manager/html HTTP/1.1" 404 -
66.249.66.160 - - [09/Mar/2025:09:11:58 +0100] "GET /ticket2/opencms/en/buy/?comcatid=97ECA65A-72DA-F9AF-9DBB-245D3CFED1BE HTTP/1.1" 200 68872
68.183.238.15 - - [09/Mar/2025:09:12:02 +0100] "GET /manager/html HTTP/1.1" 404 -
68.183.238.15 - - [09/Mar/2025:09:15:38 +0100] "GET /manager/html HTTP/1.1" 404 -
66.249.66.161 - - [09/Mar/2025:09:17:26 +0100] "GET /ticket2/opencms/en/venue/?venueid=279B18FD-4210-8852-93EB-A84B5C61044A HTTP/1.1" 200 63636
66.249.66.160 - - [09/Mar/2025:09:17:47 +0100] "GET /ticket2/opencms/en/venue/?venueid=549D1F21-57F6-6965-4AE0-C027D23DF3A5 HTTP/1.1" 200 63727
66.249.66.160 - - [09/Mar/2025:09:18:12 +0100] "GET /ticket2/opencms/en/venue/?venueid=A7F4FECE-4E17-B1DA-2900-3D2253A69294 HTTP/1.1" 200 63661
68.183.238.15 - - [09/Mar/2025:09:19:15 +0100] "GET /manager/html HTTP/1.1" 404 -
66.249.66.161 - - [09/Mar/2025:09:19:47 +0100] "GET /ticket2/opencms/en/buy/?comcatid=0A6B8208-FDA4-E929-9D72-5312FD481B76 HTTP/1.1" 200 67575
66.249.66.160 - - [09/Mar/2025:09:19:58 +0100] "GET /ticket2/opencms/en/buy/?comcatid=B41CCF2B-5558-7AEE-3602-09BBDE417D65 HTTP/1.1" 200 66093
66.249.66.162 - - [09/Mar/2025:09:20:26 +0100] "GET /ticket2/opencms/en/venue/?venueid=51311201-5880-D74E-C1B9-F9DC8FAA206E HTTP/1.1" 200 63613
66.249.66.160 - - [09/Mar/2025:09:20:43 +0100] "GET /ticket2/opencms/en/venue/?venueid=C5476B3C-0464-46FE-ABA4-218B7E7B42C3 HTTP/1.1" 200 63616
66.249.66.160 - - [09/Mar/2025:09:22:53 +0100] "GET /ticket2/opencms/en/venue/?venueid=2CC3C565-7AA7-01B3-4822-8F5EC3F5CADB HTTP/1.1" 200 63651
68.183.238.15 - - [09/Mar/2025:09:22:55 +0100] "GET /manager/html HTTP/1.1" 404 -
66.249.66.161 - - [09/Mar/2025:09:23:35 +0100] "GET /ticket2/opencms/en/venue/?venueid=31714C71-62AB-341F-02CF-2D7553D967CB HTTP/1.1" 200 63646
66.249.66.160 - - [09/Mar/2025:09:23:44 +0100] "GET /ticket2/opencms/en/venue/?venueid=E9425025-3A6C-E9E0-2AE1-FBD6D1B8F3B9 HTTP/1.1" 200 63622
66.249.66.160 - - [09/Mar/2025:09:23:47 +0100] "GET /ticket2/opencms/en/buy/?comcatid=A17713B6-D984-201A-4143-ED4DB5ED5C2E HTTP/1.1" 200 76792
66.249.66.160 - - [09/Mar/2025:09:24:22 +0100] "GET /ticket2/opencms/en/venue/?venueid=B949E0D0-6478-1385-BB77-53DBB861A93A HTTP/1.1" 200 63628
66.249.66.160 - - [09/Mar/2025:09:24:24 +0100] "GET /ticket2/opencms/en/venue/?venueid=B6945CB2-E0A0-4A08-48BD-0C2A2E2927C8 HTTP/1.1" 200 63582
66.249.66.160 - - [09/Mar/2025:09:24:39 +0100] "GET /ticket2/opencms/en/venue/?venueid=16E0C8F7-C946-BD85-3408-7035EE064BCF HTTP/1.1" 200 63695
66.249.66.162 - - [09/Mar/2025:09:25:50 +0100] "GET /ticket2/opencms/en/venue/?venueid=9E11657F-4DEC-23FB-7EA0-FBC7E33C2918 HTTP/1.1" 200 63609
66.249.66.161 - - [09/Mar/2025:09:25:51 +0100] "GET /ticket2/opencms/en/venue/?venueid=2ABA9B42-A594-1503-6871-6005D5872901 HTTP/1.1" 200 63636
68.183.238.15 - - [09/Mar/2025:09:26:49 +0100] "GET /manager/html HTTP/1.1" 404 -
66.249.66.160 - - [09/Mar/2025:09:27:39 +0100] "GET /ticket2/opencms/en/venue/?venueid=ABC7629B-B021-7AD9-E5DF-AEB2627ACD68 HTTP/1.1" 200 63633
66.249.66.161 - - [09/Mar/2025:09:27:53 +0100] "GET /ticket2/opencms/en/venue/?venueid=50DAC20F-40DE-CF88-E5C9-6C2C12662F21 HTTP/1.1" 200 63669
66.249.66.161 - - [09/Mar/2025:09:29:40 +0100] "GET /ticket2/opencms/en/venue/?venueid=D1B15D6A-DFE3-C6C9-6105-566E2A2AD03F HTTP/1.1" 200 63686
68.183.238.15 - - [09/Mar/2025:09:30:27 +0100] "GET /manager/html HTTP/1.1" 404 -
66.249.66.161 - - [09/Mar/2025:09:30:37 +0100] "GET /ticket2/opencms/en/venue/?venueid=86AE90BC-D8AF-A4B6-5DCE-73A3626C185F HTTP/1.1" 200 63669
66.249.66.160 - - [09/Mar/2025:09:32:23 +0100] "GET /ticket2/opencms/en/venue/?venueid=CD1E4382-C9AC-7735-F8A6-8B8BE4233203 HTTP/1.1" 200 63622
66.249.66.160 - - [09/Mar/2025:09:32:42 +0100] "GET /ticket2/opencms/en/venue/?venueid=C7742FBF-52AC-AE6B-D02B-68464EB70BEB HTTP/1.1" 200 63627
66.249.66.162 - - [09/Mar/2025:09:33:34 +0100] "GET /ticket2/opencms/en/venue/?venueid=B3BE141E-CF3F-F6A7-8B12-1986445931C5 HTTP/1.1" 200 63634
68.183.238.15 - - [09/Mar/2025:09:34:08 +0100] "GET /manager/html HTTP/1.1" 404 -
66.249.66.162 - - [09/Mar/2025:09:34:41 +0100] "GET /ticket2/opencms/en/venue/?venueid=8B6B2DCD-4A3D-A699-2105-31175C2D2D0A HTTP/1.1" 200 63648
66.249.66.161 - - [09/Mar/2025:09:35:12 +0100] "GET /ticket2/opencms/en/venue/?venueid=B5895B7A-5394-F998-65EB-0C4A85F1034A HTTP/1.1" 200 63640
66.249.66.160 - - [09/Mar/2025:09:37:13 +0100] "GET /ticket2/opencms/en/venue/?venueid=1BBA4161-876F-505A-41A9-3DCAB11C11AD HTTP/1.1" 200 63616
68.183.238.15 - - [09/Mar/2025:09:37:43 +0100] "GET /manager/html HTTP/1.1" 404 -
66.249.66.162 - - [09/Mar/2025:09:38:40 +0100] "GET /ticket2/opencms/en/venue/?venueid=3696F630-3175-B624-1F25-409A07AAD64C HTTP/1.1" 200 63642
66.249.66.160 - - [09/Mar/2025:09:40:03 +0100] "GET /ticket2/opencms/en/venue/?venueid=59CE914F-11B4-25CE-BEB9-4C636D2ADFF0 HTTP/1.1" 200 63624
66.249.66.160 - - [09/Mar/2025:09:40:05 +0100] "GET /ticket2/opencms/en/venue/?countryid=05A16A09-0467-80D8-0CB3-39181A7D930C HTTP/1.1" 200 93013
66.249.66.160 - - [09/Mar/2025:09:40:05 +0100] "GET /ticket2/opencms/en/venue/?venueid=F4FE8A93-D3AE-B0FC-0EBF-CDEF79158B44 HTTP/1.1" 200 63636
66.249.66.160 - - [09/Mar/2025:09:40:06 +0100] "GET /ticket2/opencms/en/venue/?venueid=ACC8A459-C50B-8227-22E5-527547E31271 HTTP/1.1" 200 63660
66.249.66.160 - - [09/Mar/2025:09:40:11 +0100] "GET /ticket2/opencms/en/venue/?venueid=17AD70CD-06E0-2606-B2B4-860C9CBEAC08 HTTP/1.1" 200 63698
66.249.66.160 - - [09/Mar/2025:09:40:12 +0100] "GET /ticket2/opencms/en/venue/?venueid=895DAA27-0D01-3F9A-C82D-1FA2A5BCB45B HTTP/1.1" 200 63616
66.249.66.160 - - [09/Mar/2025:09:40:13 +0100] "GET /ticket2/opencms/en/venue/?venueid=167BF5C0-6635-8C74-B6D3-DD0AC3DE5519 HTTP/1.1" 200 63672
66.249.66.160 - - [09/Mar/2025:09:40:14 +0100] "GET /ticket2/opencms/en/venue/?venueid=02879B20-696D-6457-CB7D-0E942DB3F5CA HTTP/1.1" 200 63615
66.249.66.160 - - [09/Mar/2025:09:40:15 +0100] "GET /ticket2/opencms/en/venue/?venueid=BD822697-3740-82B9-1A6D-F3495CC47DAB HTTP/1.1" 200 63601
66.249.66.160 - - [09/Mar/2025:09:40:17 +0100] "GET /ticket2/opencms/en/venue/?venueid=03CDE5C1-6C85-4333-AD6E-F14ADEB9C5AB HTTP/1.1" 200 63616
66.249.66.160 - - [09/Mar/2025:09:40:17 +0100] "GET /ticket2/opencms/en/venue/?venueid=E9B2F5F3-6701-DB0F-DD0D-6D02A497E772 HTTP/1.1" 200 63648
66.249.66.160 - - [09/Mar/2025:09:40:18 +0100] "GET /ticket2/opencms/en/venue/?venueid=A9B88B80-1A43-E772-7C63-4544ED8DA305 HTTP/1.1" 200 63690
66.249.66.160 - - [09/Mar/2025:09:40:23 +0100] "GET /ticket2/opencms/en/venue/?venueid=BB60E449-528D-3AE9-B113-A6ED9AB7DBD0 HTTP/1.1" 200 63646
66.249.66.161 - - [09/Mar/2025:09:40:49 +0100] "GET /ticket2/opencms/en/venue/?venueid=F8EFDBCE-B1FF-C34F-BAE0-79E90F8EC2C1 HTTP/1.1" 200 63669
68.183.238.15 - - [09/Mar/2025:09:41:40 +0100] "GET /manager/html HTTP/1.1" 404 -
66.249.66.160 - - [09/Mar/2025:09:42:48 +0100] "GET /ticket2/opencms/en/venue/?venueid=67AF8090-FC23-3E8E-CD6F-9207EBD4436E HTTP/1.1" 200 63591
66.249.66.160 - - [09/Mar/2025:09:43:51 +0100] "GET /ticket2/opencms/en/venue/?venueid=FBAFDD4B-DAD3-1027-F610-2E658B7C0EA4 HTTP/1.1" 200 63700
68.183.238.15 - - [09/Mar/2025:09:45:21 +0100] "GET /manager/html HTTP/1.1" 404 -
66.249.66.161 - - [09/Mar/2025:09:45:26 +0100] "GET /ticket2/opencms/en/venue/?venueid=EEE1683D-7711-CA74-6939-E0BA59258A12 HTTP/1.1" 200 63661
162.216.150.248 - - [09/Mar/2025:09:45:31 +0100] "GET /ticket2/opencms/ HTTP/1.1" 302 -
162.216.150.248 - - [09/Mar/2025:09:45:32 +0100] "GET /ticket2/opencms/en/ HTTP/1.1" 200 66763
66.249.66.161 - - [09/Mar/2025:09:45:35 +0100] "GET /ticket2/opencms/en/venue/?venueid=25E57B40-ECCD-14A3-704C-5A0B3153DBF3 HTTP/1.1" 200 63630
