66.249.66.160 - - [09/Mar/2025:09:48:44 +0100] "GET /ticket2/opencms/en/venue/?venueid=04EBBB82-240A-AF8F-DA1F-896AD50040B5 HTTP/1.1" 200 63613
66.249.66.160 - - [09/Mar/2025:09:48:50 +0100] "GET /ticket2/opencms/en/venue/?venueid=F07570AB-6180-6ECF-7A44-E3C64FEDE92E HTTP/1.1" 200 63671
68.183.238.15 - - [09/Mar/2025:09:49:00 +0100] "GET /manager/html HTTP/1.1" 404 -
66.249.66.160 - - [09/Mar/2025:09:49:23 +0100] "GET /ticket2/opencms/en/venue/?venueid=58271F11-7BB1-711A-F32D-E763F26DC1E9 HTTP/1.1" 200 63636
68.183.238.15 - - [09/Mar/2025:09:52:44 +0100] "GET /manager/html HTTP/1.1" 404 -
66.249.66.160 - - [09/Mar/2025:09:54:35 +0100] "GET /ticket2/opencms/en/venue/?venueid=234AF655-CBEF-566E-AA95-4ED8FB9CA8D3 HTTP/1.1" 200 63646
68.183.238.15 - - [09/Mar/2025:09:56:37 +0100] "GET /manager/html HTTP/1.1" 404 -
40.77.167.74 - - [09/Mar/2025:09:58:37 +0100] "GET /ticket2/opencms/en/venue/?countryid=DBAF1CDD-BB02-B386-3F1A-E606C2F733BC HTTP/1.1" 200 94785
68.183.238.15 - - [09/Mar/2025:10:00:05 +0100] "GET /manager/html HTTP/1.1" 404 -
68.183.238.15 - - [09/Mar/2025:10:03:41 +0100] "GET /manager/html HTTP/1.1" 404 -
66.249.66.162 - - [09/Mar/2025:10:06:49 +0100] "GET /ticket2/opencms/en/venue/?venueid=528266DB-B725-5242-215F-7BD3CE4ED9FF HTTP/1.1" 200 63630
68.183.238.15 - - [09/Mar/2025:10:07:20 +0100] "GET /manager/html HTTP/1.1" 404 -
68.183.238.15 - - [09/Mar/2025:10:11:14 +0100] "GET /manager/html HTTP/1.1" 404 -
66.249.66.162 - - [09/Mar/2025:10:12:53 +0100] "GET /ticket2/opencms/en/venue/?venueid=0C57D9A1-BFBB-6B50-BD26-F99F2EBC7C94 HTTP/1.1" 200 63712
162.142.125.216 - - [09/Mar/2025:10:14:06 +0100] "GET / HTTP/1.1" 404 -
162.142.125.216 - - [09/Mar/2025:10:14:17 +0100] "GET / HTTP/1.1" 404 -
162.142.125.216 - - [09/Mar/2025:10:14:20 +0100] "PRI * HTTP/2.0" 505 -
162.142.125.216 - - [09/Mar/2025:10:14:26 +0100] "GET /favicon.ico HTTP/1.1" 404 -
162.142.125.216 - - [01/Jan/1970:00:59:59 +0100] "-" 400 -
66.249.66.162 - - [09/Mar/2025:10:14:35 +0100] "GET /ticket2/opencms/en/venue/?venueid=3D925761-81E3-9DF6-D2BD-9A2237888F8A HTTP/1.1" 200 63618
68.183.238.15 - - [09/Mar/2025:10:14:47 +0100] "GET /manager/html HTTP/1.1" 404 -
66.249.66.161 - - [09/Mar/2025:10:14:52 +0100] "GET /ticket2/opencms/en/venue/?venueid=78FDA09C-41E1-3EB5-FA25-29EBD1B668CE HTTP/1.1" 200 63666
180.149.126.8 - - [09/Mar/2025:10:17:41 +0100] "GET / HTTP/1.1" 404 -
68.183.238.15 - - [09/Mar/2025:10:18:14 +0100] "GET /manager/html HTTP/1.1" 404 -
66.249.66.162 - - [09/Mar/2025:10:18:23 +0100] "GET /ticket2/opencms/en/venue/?venueid=EA804EE9-079E-9D15-9A71-C89C6269C331 HTTP/1.1" 200 63622
66.249.66.161 - - [09/Mar/2025:10:18:25 +0100] "GET /ticket2/opencms/en/venue/?venueid=BA7F5070-8E85-86F6-14CE-D436C8666BBE HTTP/1.1" 200 63640
66.249.66.160 - - [09/Mar/2025:10:18:36 +0100] "GET /ticket2/opencms/en/venue/?venueid=0B9975D1-A2ED-D828-2456-3EB94DF3E37F HTTP/1.1" 200 63660
66.249.66.160 - - [09/Mar/2025:10:19:22 +0100] "GET /ticket2/opencms/en/venue/?venueid=4940DD91-F1E0-5184-44D4-933CD337492E HTTP/1.1" 200 63721
66.249.66.162 - - [09/Mar/2025:10:19:31 +0100] "GET /ticket2/opencms/en/venue/?venueid=5656BFDD-7249-1ADA-776A-F31C05AE5BA2 HTTP/1.1" 200 63690
66.249.66.160 - - [09/Mar/2025:10:19:34 +0100] "GET /ticket2/opencms/en/venue/?venueid=D18D6787-79C9-168D-043E-699F3EFDABDE HTTP/1.1" 200 63616
66.249.66.160 - - [09/Mar/2025:10:19:57 +0100] "GET /ticket2/opencms/en/venue/?venueid=BDC122B7-07E3-B2DA-27F2-6C9BA9CA15EB HTTP/1.1" 200 63708
68.183.238.15 - - [09/Mar/2025:10:21:47 +0100] "GET /manager/html HTTP/1.1" 404 -
66.249.66.162 - - [09/Mar/2025:10:23:36 +0100] "GET /ticket2/opencms/en/venue/?venueid=C31E5819-00A1-AFA0-208F-0A3EF9D0F0D5 HTTP/1.1" 200 63604
66.249.66.161 - - [09/Mar/2025:10:23:52 +0100] "GET /ticket2/opencms/en/venue/?venueid=D7CC1908-9B64-88E2-CBC1-94080245C38F HTTP/1.1" 200 63612
66.249.66.160 - - [09/Mar/2025:10:24:50 +0100] "GET /ticket2/opencms/en/venue/?venueid=605DA297-0563-4D5B-80C8-29136936D7A1 HTTP/1.1" 200 63601
66.249.66.160 - - [09/Mar/2025:10:24:51 +0100] "GET /ticket2/opencms/en/venue/?venueid=332BD0A1-A96B-D704-DDE6-43C2DB68EECD HTTP/1.1" 200 63630
68.183.238.15 - - [09/Mar/2025:10:25:44 +0100] "GET /manager/html HTTP/1.1" 404 -
66.249.66.161 - - [09/Mar/2025:10:28:27 +0100] "GET /ticket2/opencms/en/venue/?venueid=555014B0-08D8-515D-B9A4-B900DC7639D7 HTTP/1.1" 200 63612
68.183.238.15 - - [09/Mar/2025:10:29:43 +0100] "GET /manager/html HTTP/1.1" 404 -
66.249.66.162 - - [09/Mar/2025:10:29:57 +0100] "GET /ticket2/opencms/en/venue/?venueid=3B0B3F5D-FFA8-DF13-4D74-A2C019267C7D HTTP/1.1" 200 63646
68.183.238.15 - - [09/Mar/2025:10:33:22 +0100] "GET /manager/html HTTP/1.1" 404 -
87.121.84.204 - - [09/Mar/2025:10:35:34 +0100] "GET /ticket2/opencms/cgi-bin/luci/;stok=/locale HTTP/1.1" 404 -
68.183.238.15 - - [09/Mar/2025:10:37:10 +0100] "GET /manager/html HTTP/1.1" 404 -
68.183.238.15 - - [09/Mar/2025:10:41:02 +0100] "GET /manager/html HTTP/1.1" 404 -
66.249.66.161 - - [09/Mar/2025:10:43:48 +0100] "GET /ticket2/opencms/en/venue/?venueid=254D08F2-7222-550E-8C53-A2FD4DEBCCE9 HTTP/1.1" 200 63636
66.249.66.160 - - [09/Mar/2025:10:44:23 +0100] "GET /ticket2/opencms/en/venue/?venueid=7017A2F5-FDAD-0EE7-3D35-B52980248ADD HTTP/1.1" 200 63672
66.249.66.160 - - [09/Mar/2025:10:44:30 +0100] "GET /ticket2/opencms/en/venue/?venueid=5FD2FED0-DB89-FAFA-1927-AF1A95DA13A5 HTTP/1.1" 200 63615
68.183.238.15 - - [09/Mar/2025:10:44:43 +0100] "GET /manager/html HTTP/1.1" 404 -
66.249.66.162 - - [09/Mar/2025:10:45:41 +0100] "GET /ticket2/opencms/en/venue/?venueid=BCC58979-A0BB-82A8-394D-152CD294A8FC HTTP/1.1" 200 63666
66.249.66.160 - - [09/Mar/2025:10:45:50 +0100] "GET /ticket2/opencms/en/venue/?venueid=E8185E56-FFAF-A64F-92CD-A3B859A1CE98 HTTP/1.1" 200 63624
68.183.238.15 - - [09/Mar/2025:10:48:23 +0100] "GET /manager/html HTTP/1.1" 404 -
68.183.238.15 - - [09/Mar/2025:10:52:10 +0100] "GET /manager/html HTTP/1.1" 404 -
66.249.66.160 - - [09/Mar/2025:10:53:40 +0100] "GET /ticket2/opencms/en/venue/?venueid=4B0D88EB-7E2A-A891-8EAD-E0241631A72F HTTP/1.1" 200 63618
66.249.66.162 - - [09/Mar/2025:10:54:43 +0100] "GET /ticket2/opencms/en/venue/?venueid=665605D3-62A4-ADC3-6DF2-C7BBE2C5024A HTTP/1.1" 200 63624
68.183.238.15 - - [09/Mar/2025:10:55:47 +0100] "GET /manager/html HTTP/1.1" 404 -
68.183.238.15 - - [09/Mar/2025:10:59:26 +0100] "GET /manager/html HTTP/1.1" 404 -
165.227.43.92 - - [09/Mar/2025:10:59:41 +0100] "GET /ticket2/opencms/.env HTTP/1.1" 404 -
66.249.66.162 - - [09/Mar/2025:11:01:48 +0100] "GET /ticket2/opencms/en/venue/?venueid=35F2C0FD-2AD5-32E8-D68C-01A0719CB745 HTTP/1.1" 200 63649
66.249.66.161 - - [09/Mar/2025:11:02:25 +0100] "GET /ticket2/opencms/en/venue/?venueid=2BB1A567-8116-6277-46C8-9A4B7BC95101 HTTP/1.1" 200 63609
68.183.238.15 - - [09/Mar/2025:11:03:18 +0100] "GET /manager/html HTTP/1.1" 404 -
66.249.66.160 - - [09/Mar/2025:11:03:49 +0100] "GET /ticket2/opencms/en/venue/?venueid=2A1F7458-E62C-56A4-0001-4FFC2E2DB7CB HTTP/1.1" 200 63598
66.249.66.161 - - [09/Mar/2025:11:04:25 +0100] "GET /ticket2/opencms/en/venue/?venueid=2F261BB4-3D07-7D1B-5751-5C32681D1DE3 HTTP/1.1" 200 63667
66.249.66.160 - - [09/Mar/2025:11:06:40 +0100] "GET /ticket2/opencms/en/venue/?venueid=4455CA08-4C9A-150A-70CE-D4B8FC02B91F HTTP/1.1" 200 63669
68.183.238.15 - - [09/Mar/2025:11:06:59 +0100] "GET /manager/html HTTP/1.1" 404 -
66.249.66.160 - - [09/Mar/2025:11:10:27 +0100] "GET /ticket2/opencms/en/venue/?venueid=3A1BEE3D-C4EA-6202-55FD-31669159D46C HTTP/1.1" 200 63643
68.183.238.15 - - [09/Mar/2025:11:10:36 +0100] "GET /manager/html HTTP/1.1" 404 -
87.121.84.204 - - [09/Mar/2025:11:10:56 +0100] "GET /cgi-bin/luci/;stok=/locale HTTP/1.1" 404 -
68.183.238.15 - - [09/Mar/2025:11:14:12 +0100] "GET /manager/html HTTP/1.1" 404 -
68.183.238.15 - - [09/Mar/2025:11:17:53 +0100] "GET /manager/html HTTP/1.1" 404 -
154.81.156.7 - - [09/Mar/2025:11:18:51 +0100] "GET / HTTP/1.1" 404 -
46.105.70.190 - - [09/Mar/2025:11:21:03 +0100] "GET / HTTP/1.1" 404 -
68.183.238.15 - - [09/Mar/2025:11:21:31 +0100] "GET /manager/html HTTP/1.1" 404 -
78.108.177.51 - - [09/Mar/2025:11:21:34 +0100] "GET / HTTP/1.0" 404 -
66.249.66.161 - - [09/Mar/2025:11:23:41 +0100] "GET /ticket2/opencms/en/venue/?venueid=96825B33-1E92-88A1-6D91-B347D9BE81FE HTTP/1.1" 200 63618
68.183.238.15 - - [09/Mar/2025:11:24:57 +0100] "GET /manager/html HTTP/1.1" 404 -
68.183.238.15 - - [09/Mar/2025:11:28:43 +0100] "GET /manager/html HTTP/1.1" 404 -
68.183.238.15 - - [09/Mar/2025:11:32:18 +0100] "GET /manager/html HTTP/1.1" 404 -
68.183.238.15 - - [09/Mar/2025:11:36:01 +0100] "GET /manager/html HTTP/1.1" 404 -
66.249.66.161 - - [09/Mar/2025:11:37:43 +0100] "GET /ticket2/opencms/en/venue/?venueid=5617B36E-C6BD-D620-FA1A-AD9A087FEA8E HTTP/1.1" 200 63729
68.183.238.15 - - [09/Mar/2025:11:39:37 +0100] "GET /manager/html HTTP/1.1" 404 -
68.183.238.15 - - [09/Mar/2025:11:43:22 +0100] "GET /manager/html HTTP/1.1" 404 -
68.183.238.15 - - [09/Mar/2025:11:46:57 +0100] "GET /manager/html HTTP/1.1" 404 -
68.183.238.15 - - [09/Mar/2025:11:50:43 +0100] "GET /manager/html HTTP/1.1" 404 -
68.183.238.15 - - [09/Mar/2025:11:54:17 +0100] "GET /manager/html HTTP/1.1" 404 -
68.183.238.15 - - [09/Mar/2025:11:57:47 +0100] "GET /manager/html HTTP/1.1" 404 -
68.183.238.15 - - [09/Mar/2025:12:01:36 +0100] "GET /manager/html HTTP/1.1" 404 -
68.183.238.15 - - [09/Mar/2025:12:05:13 +0100] "GET /manager/html HTTP/1.1" 404 -
68.183.238.15 - - [09/Mar/2025:12:08:48 +0100] "GET /manager/html HTTP/1.1" 404 -
66.249.66.162 - - [09/Mar/2025:12:08:50 +0100] "GET /ticket2/opencms/sv/buy/?page=6&comcatid=97ECA65A-72DA-F9AF-9DBB-245D3CFED1BE&catid=43171577-14C8-6B19-25D9-DF372BFFCBFA HTTP/1.1" 200 70193
68.183.238.15 - - [09/Mar/2025:12:12:30 +0100] "GET /manager/html HTTP/1.1" 404 -
68.183.238.15 - - [09/Mar/2025:12:16:02 +0100] "GET /manager/html HTTP/1.1" 404 -
68.183.238.15 - - [09/Mar/2025:12:19:40 +0100] "GET /manager/html HTTP/1.1" 404 -
68.183.238.15 - - [09/Mar/2025:12:23:17 +0100] "GET /manager/html HTTP/1.1" 404 -
66.249.66.161 - - [09/Mar/2025:12:24:44 +0100] "GET /ticket2/opencms/en/venue/?venueid=A55A1297-1394-1530-C387-A901DC4F2499 HTTP/1.1" 200 63609
68.183.238.15 - - [09/Mar/2025:12:26:53 +0100] "GET /manager/html HTTP/1.1" 404 -
66.249.66.160 - - [09/Mar/2025:12:26:55 +0100] "GET /ticket2/opencms/en/venue/?venueid=B0F87075-ACFA-3C5F-D431-FC592DAB148B HTTP/1.1" 200 63639
66.249.66.162 - - [09/Mar/2025:12:28:49 +0100] "GET /ticket2/opencms/en/venue/?venueid=AF7F2E28-677E-9782-2141-5DA64832B7AA HTTP/1.1" 200 63739
199.204.96.10 - - [09/Mar/2025:12:29:29 +0100] "GET /ip HTTP/1.1" 404 -
66.249.66.162 - - [09/Mar/2025:12:29:42 +0100] "GET /ticket2/opencms/en/venue/?countryid=F6743C3E-06B9-E773-142B-1B90866C1373 HTTP/1.1" 200 93013
68.183.238.15 - - [09/Mar/2025:12:30:25 +0100] "GET /manager/html HTTP/1.1" 404 -
80.82.77.202 - - [09/Mar/2025:12:31:29 +0100] "okRH?#?:N????/? T???y?h???="?? ??,??n?Y?bhl?(=':???o???????????(?" 400 -
66.249.66.161 - - [09/Mar/2025:12:31:43 +0100] "GET /ticket2/opencms/en/venue/?countryid=4F2F2232-9A95-D0E1-F5ED-FFF77C15BB0E HTTP/1.1" 200 107855
66.249.66.161 - - [09/Mar/2025:12:32:23 +0100] "GET /ticket2/opencms/en/venue/?venueid=A58FBBD0-E5F6-D023-AA37-9672F1C99514 HTTP/1.1" 200 63642
66.249.66.161 - - [09/Mar/2025:12:32:53 +0100] "GET /ticket2/opencms/en/venue/?venueid=C387AD1E-8341-4DE7-9049-670C5BDC9192 HTTP/1.1" 200 63687
170.64.135.80 - - [09/Mar/2025:12:33:07 +0100] "GET /ticket2/opencms/ab2g HTTP/1.1" 404 -
170.64.135.80 - - [09/Mar/2025:12:33:08 +0100] "GET /ticket2/opencms/ab2h HTTP/1.1" 404 -
170.64.135.80 - - [09/Mar/2025:12:33:09 +0100] "GET /ticket2/opencms/alive.php HTTP/1.1" 404 -
170.64.135.80 - - [09/Mar/2025:12:33:18 +0100] "GET /ticket2/opencms/ HTTP/1.1" 302 -
170.64.135.80 - - [09/Mar/2025:12:33:20 +0100] "GET /ticket2/opencms/t4 HTTP/1.1" 404 -
170.64.135.80 - - [09/Mar/2025:12:33:22 +0100] "GET /ticket2/opencms/favicon.ico HTTP/1.1" 200 1406
170.64.135.80 - - [09/Mar/2025:12:33:23 +0100] "GET /ticket2/opencms/ HTTP/1.1" 302 -
170.64.135.80 - - [09/Mar/2025:12:33:25 +0100] "GET /ticket2/opencms/teorema505?t=1 HTTP/1.1" 404 -
66.249.66.160 - - [09/Mar/2025:12:33:52 +0100] "GET /ticket2/opencms/en/venue/?venueid=380DF522-3660-2BDE-D588-34065D0E5215 HTTP/1.1" 200 63669
68.183.238.15 - - [09/Mar/2025:12:34:03 +0100] "GET /manager/html HTTP/1.1" 404 -
66.249.66.162 - - [09/Mar/2025:12:35:46 +0100] "GET /ticket2/opencms/en/venue/?venueid=0C72DEDD-89EE-57E0-A1B7-BB6C9045A328 HTTP/1.1" 200 63597
66.249.66.162 - - [09/Mar/2025:12:36:49 +0100] "GET /ticket2/opencms/en/venue/?venueid=63DFE8AB-8CE7-10BB-E6C2-33D548A14746 HTTP/1.1" 200 63621
68.183.238.15 - - [09/Mar/2025:12:37:47 +0100] "GET /manager/html HTTP/1.1" 404 -
66.249.66.162 - - [09/Mar/2025:12:38:23 +0100] "GET /ticket2/opencms/en/venue/?venueid=319027E4-2AEF-9DD6-6B96-F07AEFAF0D00 HTTP/1.1" 200 63648
66.249.66.160 - - [09/Mar/2025:12:38:35 +0100] "GET /ticket2/opencms/en/venue/?venueid=95CCD412-176D-D071-F94A-43E24D65C863 HTTP/1.1" 200 63634
68.183.238.15 - - [09/Mar/2025:12:41:17 +0100] "GET /manager/html HTTP/1.1" 404 -
66.249.66.160 - - [09/Mar/2025:12:41:27 +0100] "GET /ticket2/opencms/en/venue/?venueid=47CA5BA9-B4A4-50CF-13AF-7C49E99E252A HTTP/1.1" 200 63621
66.249.66.160 - - [09/Mar/2025:12:41:39 +0100] "GET /ticket2/opencms/en/venue/?venueid=F7721241-E76C-92B6-9AE8-D3417BDAEEF1 HTTP/1.1" 200 63769
66.249.66.162 - - [09/Mar/2025:12:42:26 +0100] "GET /ticket2/opencms/en/venue/?venueid=E3ABC6CE-4A60-827E-3753-FDF36F1A3D41 HTTP/1.1" 200 63615
66.249.66.160 - - [09/Mar/2025:12:42:43 +0100] "GET /ticket2/opencms/en/venue/?countryid=2128D928-AF01-02A6-37BC-B4E1584F8291 HTTP/1.1" 200 93013
66.249.66.160 - - [09/Mar/2025:12:42:49 +0100] "GET /ticket2/opencms/en/venue/?venueid=54DB6E7A-71B2-2EC1-0CC1-E45341E4F9EF HTTP/1.1" 200 63645
66.249.66.160 - - [09/Mar/2025:12:43:23 +0100] "GET /ticket2/opencms/en/venue/?venueid=66A22C85-2637-5B6C-2F7A-DE5700A1A711 HTTP/1.1" 200 63615
66.249.66.160 - - [09/Mar/2025:12:43:58 +0100] "GET /ticket2/opencms/en/venue/?venueid=D26EFF68-2001-3A5E-1E6D-2A7DCC895275 HTTP/1.1" 200 63610
66.249.66.161 - - [09/Mar/2025:12:44:12 +0100] "GET /ticket2/opencms/en/venue/?venueid=458A6284-D8D4-7921-D2F2-F8FD9B51F9EB HTTP/1.1" 200 63658
66.249.66.161 - - [09/Mar/2025:12:44:35 +0100] "GET /ticket2/opencms/en/venue/?venueid=E72B4D77-C56B-E2C9-EA79-7B286C1DB7CC HTTP/1.1" 200 63622
68.183.238.15 - - [09/Mar/2025:12:44:56 +0100] "GET /manager/html HTTP/1.1" 404 -
66.249.66.161 - - [09/Mar/2025:12:45:25 +0100] "GET /ticket2/opencms/en/venue/?venueid=F0E9F0F3-AE69-E180-6663-501508165B7A HTTP/1.1" 200 63651
66.249.66.160 - - [09/Mar/2025:12:45:26 +0100] "GET /ticket2/opencms/en/venue/?venueid=37FDBD7B-74BE-8950-65E3-B6CF46D7D303 HTTP/1.1" 200 63747
66.249.66.161 - - [09/Mar/2025:12:45:35 +0100] "GET /ticket2/opencms/en/venue/?venueid=84D3861B-4D20-42D1-DDF1-325CBB312A30 HTTP/1.1" 200 63600
66.249.66.161 - - [09/Mar/2025:12:47:30 +0100] "GET /ticket2/opencms/en/venue/?venueid=B8FCE929-249C-C67B-84CE-487EF2E25D2B HTTP/1.1" 200 63618
68.183.238.15 - - [09/Mar/2025:12:48:42 +0100] "GET /manager/html HTTP/1.1" 404 -
66.249.66.160 - - [09/Mar/2025:12:49:31 +0100] "GET /ticket2/opencms/en/venue/?venueid=FACE899F-59EF-482C-BA13-20EDA4B8894D HTTP/1.1" 200 63628
66.249.66.161 - - [09/Mar/2025:12:50:39 +0100] "GET /ticket2/opencms/en/venue/?venueid=EFAE3AB1-91B2-5DD3-E2E2-A440AD33BE5C HTTP/1.1" 200 63598
68.183.238.15 - - [09/Mar/2025:12:52:19 +0100] "GET /manager/html HTTP/1.1" 404 -
68.183.238.15 - - [09/Mar/2025:12:55:57 +0100] "GET /manager/html HTTP/1.1" 404 -
68.183.238.15 - - [09/Mar/2025:12:59:25 +0100] "GET /manager/html HTTP/1.1" 404 -
66.249.66.161 - - [09/Mar/2025:12:59:36 +0100] "GET /ticket2/opencms/en/venue/?venueid=1F00A8AC-73C6-30FB-6A89-C32972FA150C HTTP/1.1" 200 63613
66.249.66.160 - - [09/Mar/2025:13:02:41 +0100] "GET /ticket2/opencms/en/venue/?venueid=3A97A88C-6372-9F8E-F130-07FEF2F49EA5 HTTP/1.1" 200 63646
68.183.238.15 - - [09/Mar/2025:13:02:59 +0100] "GET /manager/html HTTP/1.1" 404 -
66.249.66.161 - - [09/Mar/2025:13:05:58 +0100] "GET /ticket2/opencms/en/venue/?venueid=91526645-E783-705C-B0EA-08AE718DF753 HTTP/1.1" 200 63597
68.183.238.15 - - [09/Mar/2025:13:06:37 +0100] "GET /manager/html HTTP/1.1" 404 -
66.249.66.161 - - [09/Mar/2025:13:09:37 +0100] "GET /ticket2/opencms/en/venue/?venueid=3E802A88-E379-6B54-CC97-5C7F82981C82 HTTP/1.1" 200 63610
66.249.66.160 - - [09/Mar/2025:13:09:42 +0100] "GET /ticket2/opencms/en/venue/?venueid=E0B5B71E-1525-E4B8-C2C9-E8B145968FBD HTTP/1.1" 200 63627
68.183.238.15 - - [09/Mar/2025:13:10:12 +0100] "GET /manager/html HTTP/1.1" 404 -
66.249.66.161 - - [09/Mar/2025:13:10:52 +0100] "GET /ticket2/opencms/en/venue/?venueid=CA2773F8-740F-6352-4AEF-6499F28E0684 HTTP/1.1" 200 63619
66.249.66.160 - - [09/Mar/2025:13:11:43 +0100] "GET /ticket2/opencms/sv/sport/fotbollsbiljetter/la_liga/real_madrid/ HTTP/1.1" 200 70162
66.249.66.161 - - [09/Mar/2025:13:12:50 +0100] "GET /ticket2/opencms/en/venue/?venueid=364B4CF5-A40E-22B8-2221-EA8BDED4766A HTTP/1.1" 200 63619
66.249.66.161 - - [09/Mar/2025:13:13:44 +0100] "GET /ticket2/opencms/en/venue/?venueid=1A07979F-26B7-9D0A-9C33-48FC940808FF HTTP/1.1" 200 63624
68.183.238.15 - - [09/Mar/2025:13:13:47 +0100] "GET /manager/html HTTP/1.1" 404 -
64.62.197.214 - - [09/Mar/2025:13:14:48 +0100] "GET / HTTP/1.1" 404 -
64.62.197.226 - - [09/Mar/2025:13:15:17 +0100] "GET /favicon.ico HTTP/1.1" 404 -
64.62.197.224 - - [09/Mar/2025:13:15:34 +0100] "GET /?format=json HTTP/1.1" 404 -
66.249.66.160 - - [09/Mar/2025:13:15:35 +0100] "GET /ticket2/opencms/en/venue/?venueid=7E91A67B-DE16-8816-1A54-A7D84A4D6671 HTTP/1.1" 200 63625
66.249.66.160 - - [09/Mar/2025:13:15:39 +0100] "GET /ticket2/opencms/en/venue/?venueid=298D27CF-C72A-A8BB-2811-F2F021053028 HTTP/1.1" 200 63607
64.62.197.222 - - [09/Mar/2025:13:15:46 +0100] "CONNECT www.shadowserver.org:443 HTTP/1.1" 400 -
66.249.66.160 - - [09/Mar/2025:13:15:46 +0100] "GET /ticket2/opencms/en/venue/?venueid=7E50D8FA-8534-B576-687A-11043ABCF62E HTTP/1.1" 200 63621
64.62.197.219 - - [09/Mar/2025:13:15:58 +0100] "GET /geoserver/web/ HTTP/1.1" 404 -
45.148.10.90 - - [09/Mar/2025:13:16:19 +0100] "GET /ticket2/opencms/ HTTP/1.1" 302 -
45.148.10.90 - - [09/Mar/2025:13:16:19 +0100] "GET /ticket2/opencms/dev/backup/.git/config HTTP/1.1" 404 -
45.148.10.90 - - [09/Mar/2025:13:16:20 +0100] "GET /ticket2/opencms/.env.stage HTTP/1.1" 404 -
45.148.10.90 - - [09/Mar/2025:13:16:20 +0100] "GET /ticket2/opencms/backup/.env HTTP/1.1" 404 -
45.148.10.90 - - [09/Mar/2025:13:16:20 +0100] "GET /ticket2/opencms/build/.git/config HTTP/1.1" 404 -
68.183.238.15 - - [09/Mar/2025:13:17:19 +0100] "GET /manager/html HTTP/1.1" 404 -
159.65.36.208 - - [09/Mar/2025:13:17:48 +0100] "GET / HTTP/1.1" 404 -
68.183.238.15 - - [09/Mar/2025:13:21:05 +0100] "GET /manager/html HTTP/1.1" 404 -
66.249.66.162 - - [09/Mar/2025:13:22:32 +0100] "GET /ticket2/opencms/en/venue/?venueid=8C3A154B-2F7E-FD19-F863-0D39CE53C467 HTTP/1.1" 200 63648
66.249.66.160 - - [09/Mar/2025:13:23:23 +0100] "GET /ticket2/opencms/en/venue/?venueid=3982A8DF-0386-82E3-C996-B71876E1637D HTTP/1.1" 200 63739
68.183.238.15 - - [09/Mar/2025:13:24:44 +0100] "GET /manager/html HTTP/1.1" 404 -
66.249.66.162 - - [09/Mar/2025:13:25:49 +0100] "GET /ticket2/opencms/en/venue/?venueid=500BC477-83DB-4098-EE3E-1AC6E6FE1016 HTTP/1.1" 200 63600
87.121.84.204 - - [09/Mar/2025:13:27:42 +0100] "GET /cgi-bin/luci/;stok=/locale HTTP/1.1" 404 -
68.183.238.15 - - [09/Mar/2025:13:28:16 +0100] "GET /manager/html HTTP/1.1" 404 -
66.249.66.160 - - [09/Mar/2025:13:28:52 +0100] "GET /ticket2/opencms/en/venue/?venueid=E3220E32-8510-74FA-4DA4-34193B5D3082 HTTP/1.1" 200 63633
66.249.66.161 - - [09/Mar/2025:13:29:31 +0100] "GET /ticket2/opencms/en/venue/?venueid=FD61FD0F-7893-095D-0FF7-17503C5C1517 HTTP/1.1" 200 63631
45.148.10.90 - - [09/Mar/2025:13:30:46 +0100] "??Am??????Y?C??X]??#??????h?? Wv??8???(????-???M???Rm????d&?+?/?,?0????? ??" 400 -
45.148.10.90 - - [09/Mar/2025:13:30:46 +0100] "GET / HTTP/1.1" 404 -
45.148.10.90 - - [01/Jan/1970:00:59:59 +0100] "-" 400 -
45.148.10.90 - - [09/Mar/2025:13:30:46 +0100] "GET / HTTP/1.1" 404 -
20.65.193.34 - - [09/Mar/2025:13:31:43 +0100] "GET /ticket2/opencms/version HTTP/1.1" 404 -
68.183.238.15 - - [09/Mar/2025:13:31:50 +0100] "GET /manager/html HTTP/1.1" 404 -
68.183.238.15 - - [09/Mar/2025:13:35:21 +0100] "GET /manager/html HTTP/1.1" 404 -
68.183.238.15 - - [09/Mar/2025:13:38:58 +0100] "GET /manager/html HTTP/1.1" 404 -
66.249.66.161 - - [09/Mar/2025:13:39:35 +0100] "GET /ticket2/opencms/en/venue/?venueid=F7774C51-8CD2-101E-19D7-20F0BF0B2FF2 HTTP/1.1" 200 63615
68.183.238.15 - - [09/Mar/2025:13:42:38 +0100] "GET /manager/html HTTP/1.1" 404 -
68.183.238.15 - - [09/Mar/2025:13:46:22 +0100] "GET /manager/html HTTP/1.1" 404 -
66.249.66.162 - - [09/Mar/2025:13:48:12 +0100] "GET /ticket2/opencms/en/venue/?venueid=206ACBCE-F23A-1697-D12B-15E9F015565F HTTP/1.1" 200 63661
66.249.66.161 - - [09/Mar/2025:13:48:40 +0100] "GET /ticket2/opencms/en/venue/?venueid=74E93720-C3FA-2F30-0F46-87134F9A6B90 HTTP/1.1" 200 63612
66.249.79.199 - - [09/Mar/2025:13:49:41 +0100] "GET /ticket2/opencms/en/venue/?venueid=E15FBAA2-C0CD-9858-4523-F6A4C3FE1D03 HTTP/1.1" 200 63675
66.249.66.160 - - [09/Mar/2025:13:49:52 +0100] "GET /ticket2/opencms/en/venue/?venueid=70DCD869-5BA7-F3C6-AAAA-0FB61E169734 HTTP/1.1" 200 63600
68.183.238.15 - - [09/Mar/2025:13:49:58 +0100] "GET /manager/html HTTP/1.1" 404 -
66.249.79.197 - - [09/Mar/2025:13:50:42 +0100] "GET /ticket2/opencms/en/venue/?venueid=607B4CDA-3D24-91FF-EFA3-BE6FF8649434 HTTP/1.1" 200 63652
66.249.79.198 - - [09/Mar/2025:13:52:44 +0100] "GET /ticket2/opencms/en/venue/?venueid=C193D8AF-9A65-C470-2EE4-1ED9D3240C58 HTTP/1.1" 200 63678
68.183.238.15 - - [09/Mar/2025:13:53:40 +0100] "GET /manager/html HTTP/1.1" 404 -
68.183.238.15 - - [09/Mar/2025:13:57:22 +0100] "GET /manager/html HTTP/1.1" 404 -
68.183.238.15 - - [09/Mar/2025:14:01:01 +0100] "GET /manager/html HTTP/1.1" 404 -
68.183.238.15 - - [09/Mar/2025:14:04:48 +0100] "GET /manager/html HTTP/1.1" 404 -
66.249.79.98 - - [09/Mar/2025:14:04:51 +0100] "GET /ticket2/opencms/sv/sport/fotbollsbiljetter/premier_league/bolton_wanderers/ HTTP/1.1" 200 70010
154.81.156.7 - - [09/Mar/2025:14:05:06 +0100] "GET / HTTP/1.1" 404 -
157.245.70.177 - - [09/Mar/2025:14:07:39 +0100] "GET /ticket2/opencms/ HTTP/1.1" 302 -
157.245.70.177 - - [09/Mar/2025:14:07:41 +0100] "GET /ticket2/opencms/en/ HTTP/1.1" 200 66763
157.245.70.177 - - [09/Mar/2025:14:07:41 +0100] "GET /ticket2/opencms/favicon.ico HTTP/1.1" 200 1406
66.249.79.197 - - [09/Mar/2025:14:07:44 +0100] "GET /ticket2/opencms/en/venue/?venueid=A18E6B9F-ABE7-577B-3CDD-CFF0ABF1460E HTTP/1.1" 200 63621
66.249.79.198 - - [09/Mar/2025:14:08:28 +0100] "GET /ticket2/opencms/en/venue/?venueid=1F10712B-209B-D24A-FBB0-CC1E73285961 HTTP/1.1" 200 63621
68.183.238.15 - - [09/Mar/2025:14:08:30 +0100] "GET /manager/html HTTP/1.1" 404 -
66.249.79.170 - - [09/Mar/2025:14:08:37 +0100] "GET /ticket2/opencms/en/venue/?venueid=98226D61-D1B4-45EA-9760-5E041D360824 HTTP/1.1" 200 63628
66.249.68.34 - - [09/Mar/2025:14:09:13 +0100] "GET /ticket2/opencms/en/venue/?venueid=39B3A61A-44BF-44D0-2A9A-4F22CB9C7DF2 HTTP/1.1" 200 63655
66.249.76.71 - - [09/Mar/2025:14:09:49 +0100] "GET /ticket2/opencms/en/venue/?venueid=9BA11813-1BA7-6819-B15A-123C5E3D834D HTTP/1.1" 200 63609
68.183.238.15 - - [09/Mar/2025:14:12:13 +0100] "GET /manager/html HTTP/1.1" 404 -
66.249.79.34 - - [09/Mar/2025:14:13:45 +0100] "GET /ticket2/opencms/en/venue/?venueid=43E46141-15E1-3762-0B24-518B95D780B0 HTTP/1.1" 200 63636
66.249.76.70 - - [09/Mar/2025:14:13:49 +0100] "GET /ticket2/opencms/en/venue/?venueid=39C43282-985C-5277-31A7-ADF50A8ACB3F HTTP/1.1" 200 63678
66.249.79.171 - - [09/Mar/2025:14:13:50 +0100] "GET /ticket2/opencms/en/venue/?venueid=36573C6C-47C8-2165-EDCA-81C43CECFB43 HTTP/1.1" 200 63585
66.249.79.36 - - [09/Mar/2025:14:14:40 +0100] "GET /ticket2/opencms/en/venue/?venueid=AA4E2B46-81B9-A5CF-D951-69DF10E4DB70 HTTP/1.1" 200 63615
66.249.79.35 - - [09/Mar/2025:14:15:31 +0100] "GET /ticket2/opencms/en/venue/?venueid=58B4DCF4-B9EB-0383-CA2D-EA5126921C04 HTTP/1.1" 200 63622
66.249.76.69 - - [09/Mar/2025:14:15:42 +0100] "GET /ticket2/opencms/en/venue/?venueid=EF31A462-4388-0119-B57C-552F86F22FFC HTTP/1.1" 200 63711
68.183.238.15 - - [09/Mar/2025:14:15:53 +0100] "GET /manager/html HTTP/1.1" 404 -
66.249.79.100 - - [09/Mar/2025:14:16:40 +0100] "GET /ticket2/opencms/en/venue/?venueid=CF91071C-3412-BA8E-033B-F6FD610B69D5 HTTP/1.1" 200 63649
66.249.79.36 - - [09/Mar/2025:14:18:40 +0100] "GET /ticket2/opencms/en/venue/?venueid=3CE0E128-5996-3CEF-9D6D-3E9490863BCD HTTP/1.1" 200 63643
66.249.76.70 - - [09/Mar/2025:14:18:47 +0100] "GET /ticket2/opencms/en/venue/?venueid=BD2383E2-D470-0DE4-1584-B3BAF90D1F5C HTTP/1.1" 200 63601
185.170.144.3 - - [09/Mar/2025:14:18:52 +0100] "/*?Cookie: mstshash=Administr " 400 -
68.183.238.15 - - [09/Mar/2025:14:19:45 +0100] "GET /manager/html HTTP/1.1" 404 -
66.249.68.3 - - [09/Mar/2025:14:20:31 +0100] "GET /ticket2/opencms/en/venue/?venueid=FBF908CA-E5E9-0B3B-ECCB-170450BBE3A3 HTTP/1.1" 200 63625
66.249.79.198 - - [09/Mar/2025:14:20:50 +0100] "GET /ticket2/opencms/en/venue/?venueid=EB773635-94F3-7E6F-AC1A-743B06E63C1C HTTP/1.1" 200 63654
34.34.146.182 - - [09/Mar/2025:14:22:41 +0100] "GET /ticket2/opencms/ HTTP/1.1" 302 -
66.249.79.3 - - [09/Mar/2025:14:23:28 +0100] "GET /ticket2/opencms/en/venue/?venueid=4C9467B2-6A62-2081-D8AE-397B47B3C12E HTTP/1.1" 200 63642
68.183.238.15 - - [09/Mar/2025:14:23:30 +0100] "GET /manager/html HTTP/1.1" 404 -
66.249.68.3 - - [09/Mar/2025:14:23:40 +0100] "GET /ticket2/opencms/en/venue/?venueid=22A38509-349B-CEBC-EA2F-719FED9069C4 HTTP/1.1" 200 63636
68.183.238.15 - - [09/Mar/2025:14:27:26 +0100] "GET /manager/html HTTP/1.1" 404 -
66.249.68.4 - - [09/Mar/2025:14:27:27 +0100] "GET /ticket2/opencms/en/venue/?venueid=D1E3CA2F-D440-9494-7505-2287047FEB0E HTTP/1.1" 200 63689
66.249.79.197 - - [09/Mar/2025:14:27:34 +0100] "GET /ticket2/opencms/en/venue/?venueid=7E3A2D74-DA88-871F-895E-1180E253F56F HTTP/1.1" 200 63624
66.249.76.69 - - [09/Mar/2025:14:27:42 +0100] "GET /ticket2/opencms/en/venue/?venueid=2EFE9339-3EE6-E1A3-A76E-4A84BA1E2E4F HTTP/1.1" 200 63657
66.249.68.5 - - [09/Mar/2025:14:28:27 +0100] "GET /ticket2/opencms/en/venue/?venueid=E2096692-E58C-A2FC-0C2A-16356E3525BF HTTP/1.1" 200 63612
66.249.79.99 - - [09/Mar/2025:14:29:40 +0100] "GET /ticket2/opencms/en/venue/?venueid=255EC0A2-CFF1-A438-835D-B03A710178CE HTTP/1.1" 200 63600
66.249.76.70 - - [09/Mar/2025:14:30:25 +0100] "GET /ticket2/opencms/en/venue/?venueid=203858E0-C44D-022D-2E8D-D6D130DE030F HTTP/1.1" 200 63672
68.183.238.15 - - [09/Mar/2025:14:31:03 +0100] "GET /manager/html HTTP/1.1" 404 -
66.249.79.98 - - [09/Mar/2025:14:31:13 +0100] "GET /ticket2/opencms/en/venue/?venueid=D8B88429-6D57-5D8C-1F51-7CCD8B6C0D54 HTTP/1.1" 200 63609
66.249.76.69 - - [09/Mar/2025:14:31:34 +0100] "GET /ticket2/opencms/en/venue/?venueid=BDC9D29C-8F6E-EC95-33C8-597D26A28E7C HTTP/1.1" 200 63628
66.249.79.35 - - [09/Mar/2025:14:34:35 +0100] "GET /ticket2/opencms/en/buy/?page=1&edid=54777665-C11F-0F11-581A-52B69510C3F1 HTTP/1.1" 200 79964
66.249.76.70 - - [09/Mar/2025:14:34:40 +0100] "GET /ticket2/opencms/en/venue/?venueid=D1E3D72D-8E07-9A29-868C-678E69048B2D HTTP/1.1" 200 63642
68.183.238.15 - - [09/Mar/2025:14:34:50 +0100] "GET /manager/html HTTP/1.1" 404 -
66.249.76.69 - - [09/Mar/2025:14:34:56 +0100] "GET /ticket2/opencms/sv/buying_tickets/ HTTP/1.1" 200 66595
66.249.76.70 - - [09/Mar/2025:14:37:23 +0100] "GET /ticket2/opencms/en/venue/?venueid=99C4482B-3D33-70EC-E3A5-3BCAD2D2C524 HTTP/1.1" 200 63606
66.249.79.34 - - [09/Mar/2025:14:37:28 +0100] "GET /ticket2/opencms/en/venue/?venueid=AE59E0F8-4B65-A12C-F3A1-6436CF8F3E4C HTTP/1.1" 200 63642
68.183.238.15 - - [09/Mar/2025:14:38:22 +0100] "GET /manager/html HTTP/1.1" 404 -
66.249.68.36 - - [09/Mar/2025:14:39:31 +0100] "GET /ticket2/opencms/en/venue/?venueid=D2C0F5B4-1573-341C-5259-5AC0A43EDC76 HTTP/1.1" 200 63588
66.249.76.70 - - [09/Mar/2025:14:40:35 +0100] "GET /ticket2/opencms/en/venue/?venueid=912F0069-B2C0-0AC0-F2EF-4265D10E9B2C HTTP/1.1" 200 63639
66.249.79.3 - - [09/Mar/2025:14:40:49 +0100] "GET /ticket2/opencms/en/venue/?venueid=A35B1156-C0A4-574B-42E0-C7D72E4651E0 HTTP/1.1" 200 63700
66.249.68.66 - - [09/Mar/2025:14:40:58 +0100] "GET /ticket2/opencms/en/venue/?venueid=7AC4544E-68B6-072F-C815-86F75E4EE456 HTTP/1.1" 200 63718
66.249.76.70 - - [09/Mar/2025:14:41:31 +0100] "GET /ticket2/opencms/en/venue/?venueid=7C4E533F-2F12-6B17-62E3-200FFD253387 HTTP/1.1" 200 63592
66.249.79.198 - - [09/Mar/2025:14:41:35 +0100] "GET /ticket2/opencms/en/venue/?venueid=8F5E4425-8141-7E8A-A807-2D9CCA042D40 HTTP/1.1" 200 63636
66.249.68.4 - - [09/Mar/2025:14:41:47 +0100] "GET /ticket2/opencms/en/venue/?venueid=F559DC88-543C-9BE7-D4C6-F477D1C58CD9 HTTP/1.1" 200 63607
68.183.238.15 - - [09/Mar/2025:14:42:03 +0100] "GET /manager/html HTTP/1.1" 404 -
66.249.76.70 - - [09/Mar/2025:14:43:35 +0100] "GET /ticket2/opencms/en/terms_of_service/ HTTP/1.1" 200 74565
66.249.76.69 - - [09/Mar/2025:14:43:49 +0100] "GET /ticket2/opencms/en/venue/?venueid=1E6F661B-8D12-844B-5F2D-01422A9038BD HTTP/1.1" 200 63657
66.249.79.5 - - [09/Mar/2025:14:45:25 +0100] "GET /ticket2/opencms/sv/buy/?comcatid=A17713B6-D984-201A-4143-ED4DB5ED5C2E&catid=0A6C99D2-F5BD-7A18-9A5F-5668827042E0 HTTP/1.1" 200 78293
66.249.68.68 - - [09/Mar/2025:14:45:27 +0100] "GET /ticket2/opencms/sv/buy/?comcatid=A17713B6-D984-201A-4143-ED4DB5ED5C2E&catid=573B7747-EE85-D769-C87D-F3F61FB64AA5 HTTP/1.1" 200 75249
66.249.76.70 - - [09/Mar/2025:14:45:35 +0100] "GET /ticket2/opencms/sv/buy/?comcatid=A17713B6-D984-201A-4143-ED4DB5ED5C2E&catid=88C381AD-5D76-A34D-AC15-A7129F8EF5BE HTTP/1.1" 200 75237
68.183.238.15 - - [09/Mar/2025:14:45:38 +0100] "GET /manager/html HTTP/1.1" 404 -
66.249.79.98 - - [09/Mar/2025:14:45:58 +0100] "GET /ticket2/opencms/en/venue/?venueid=04FE23B3-F967-A980-5AB7-9F3B7C91A15B HTTP/1.1" 200 63634
66.249.79.98 - - [09/Mar/2025:14:46:32 +0100] "GET /ticket2/opencms/en/venue/?venueid=B22AF206-F082-6CEB-AD92-C471A0D46E96 HTTP/1.1" 200 63625
68.183.238.15 - - [09/Mar/2025:14:49:27 +0100] "GET /manager/html HTTP/1.1" 404 -
66.249.79.3 - - [09/Mar/2025:14:49:50 +0100] "GET /ticket2/opencms/en/venue/?venueid=9C7E5E60-E5C4-2B9C-9F16-945F0107847B HTTP/1.1" 200 63749
66.249.79.3 - - [09/Mar/2025:14:50:12 +0100] "GET /ticket2/opencms/en/venue/?venueid=ABB5C55A-BFE4-73F4-5E75-29A7F89A5077 HTTP/1.1" 200 63633
68.183.238.15 - - [09/Mar/2025:14:53:02 +0100] "GET /manager/html HTTP/1.1" 404 -
66.249.79.198 - - [09/Mar/2025:14:53:14 +0100] "GET /ticket2/opencms/en/venue/?venueid=C67585DF-4559-FB0F-52E6-718D8EA0AFFA HTTP/1.1" 200 63612
66.249.76.70 - - [09/Mar/2025:14:56:24 +0100] "GET /ticket2/opencms/en/venue/?venueid=1D111B68-FF2E-F846-9D39-C347310597D3 HTTP/1.1" 200 63601
68.183.238.15 - - [09/Mar/2025:14:56:34 +0100] "GET /manager/html HTTP/1.1" 404 -
66.249.79.3 - - [09/Mar/2025:14:57:47 +0100] "GET /ticket2/opencms/en/venue/?venueid=E6FE59B7-6C05-A916-C36D-3FBE31FFEED3 HTTP/1.1" 200 63610
68.183.238.15 - - [09/Mar/2025:15:00:18 +0100] "GET /manager/html HTTP/1.1" 404 -
66.249.76.69 - - [09/Mar/2025:15:01:51 +0100] "GET /ticket2/opencms/en/venue/?venueid=CF199113-9939-2152-B2AE-8CCA2EF584FF HTTP/1.1" 200 63619
68.183.238.15 - - [09/Mar/2025:15:03:59 +0100] "GET /manager/html HTTP/1.1" 404 -
114.119.131.33 - - [09/Mar/2025:15:05:57 +0100] "GET /ticket2/opencms/robots.txt HTTP/1.1" 200 773
66.249.68.5 - - [09/Mar/2025:15:07:34 +0100] "GET /ticket2/opencms/sv/buy/?comcatid=A17713B6-D984-201A-4143-ED4DB5ED5C2E&catid=F03B8ADD-988E-AE6A-8DBA-AF502C691C60 HTTP/1.1" 200 75253
68.183.238.15 - - [09/Mar/2025:15:07:38 +0100] "GET /manager/html HTTP/1.1" 404 -
66.249.68.4 - - [09/Mar/2025:15:07:50 +0100] "GET /ticket2/opencms/sv/buy/?comcatid=A17713B6-D984-201A-4143-ED4DB5ED5C2E&catid=515A9A29-35A0-2DB8-262B-AEF122DB04F6 HTTP/1.1" 200 75243
66.249.76.69 - - [09/Mar/2025:15:08:12 +0100] "GET /ticket2/opencms/sv/buy/?comcatid=A17713B6-D984-201A-4143-ED4DB5ED5C2E&catid=AE3FE643-AE41-BAA6-237D-5206D1B044A1 HTTP/1.1" 200 75243
66.249.68.67 - - [09/Mar/2025:15:08:50 +0100] "GET /ticket2/opencms/en/venue/?venueid=A2DA50D6-BCAE-498A-9037-86B27666A07C HTTP/1.1" 200 63664
51.138.188.120 - - [09/Mar/2025:15:09:14 +0100] "GET /ticket2/opencms/ HTTP/1.1" 302 -
51.138.188.120 - - [09/Mar/2025:15:09:14 +0100] "GET /ticket2/opencms/en/ HTTP/1.1" 200 66763
68.183.238.15 - - [09/Mar/2025:15:11:12 +0100] "GET /manager/html HTTP/1.1" 404 -
66.249.68.34 - - [09/Mar/2025:15:13:14 +0100] "GET /ticket2/opencms/en/venue/?venueid=60EF2BCB-0E01-4983-A081-A6DB18A55985 HTTP/1.1" 200 63619
66.249.79.197 - - [09/Mar/2025:15:13:27 +0100] "GET /ticket2/opencms/en/venue/?venueid=DE70BF4F-D924-8DCC-B4D2-0F84CAE9B9DB HTTP/1.1" 200 63646
68.183.238.15 - - [09/Mar/2025:15:14:49 +0100] "GET /manager/html HTTP/1.1" 404 -
66.249.68.67 - - [09/Mar/2025:15:16:14 +0100] "GET /ticket2/opencms/en/venue/?venueid=009281B3-0BB1-41EA-5F8E-EC7FA73B69D0 HTTP/1.1" 200 63648
66.249.76.70 - - [09/Mar/2025:15:17:41 +0100] "GET /ticket2/opencms/en/venue/?countryid=F889867A-CECB-DD27-726E-95554BB6B831 HTTP/1.1" 200 93013
66.249.68.4 - - [09/Mar/2025:15:17:48 +0100] "GET /ticket2/opencms/en/venue/?countryid=2EB4A8F2-7936-B060-2C7F-BD402D9491FB HTTP/1.1" 200 93013
68.183.238.15 - - [09/Mar/2025:15:18:26 +0100] "GET /manager/html HTTP/1.1" 404 -
66.249.76.70 - - [09/Mar/2025:15:21:43 +0100] "GET /ticket2/opencms/sv/buy/?comcatid=A17713B6-D984-201A-4143-ED4DB5ED5C2E&catid=C871EAE3-C584-718A-9795-07CDEF43FA75 HTTP/1.1" 200 75240
66.249.76.69 - - [09/Mar/2025:15:21:52 +0100] "GET /ticket2/opencms/sv/buy/?comcatid=A17713B6-D984-201A-4143-ED4DB5ED5C2E&catid=061607E6-22B7-6FFA-03FD-A4B8B13A943F HTTP/1.1" 200 75245
68.183.238.15 - - [09/Mar/2025:15:22:09 +0100] "GET /manager/html HTTP/1.1" 404 -
66.249.76.70 - - [09/Mar/2025:15:22:39 +0100] "GET /ticket2/opencms/en/venue/?venueid=D10220DB-AAF6-E84A-D2D4-5A9FE554E837 HTTP/1.1" 200 63643
66.249.68.66 - - [09/Mar/2025:15:22:53 +0100] "GET /ticket2/opencms/en/venue/?venueid=FA1F63EA-EA54-4899-F30D-0FB3D87C3647 HTTP/1.1" 200 63676
66.249.79.170 - - [09/Mar/2025:15:23:37 +0100] "GET /ticket2/opencms/en/venue/?venueid=2D39E46D-1A00-918A-79A1-577BDF40C861 HTTP/1.1" 200 63625
66.249.68.35 - - [09/Mar/2025:15:23:57 +0100] "GET /ticket2/opencms/en/venue/?countryid=DB82417F-35E8-BF3C-287A-21ECAFBB9DD1 HTTP/1.1" 200 93013
66.249.68.34 - - [09/Mar/2025:15:24:37 +0100] "GET /ticket2/opencms/sv/buy/?comcatid=A17713B6-D984-201A-4143-ED4DB5ED5C2E&catid=BE041FBE-C1A7-918C-EB61-99ED02D12F5B HTTP/1.1" 200 75246
68.183.238.15 - - [09/Mar/2025:15:25:44 +0100] "GET /manager/html HTTP/1.1" 404 -
92.255.57.58 - - [09/Mar/2025:15:26:23 +0100] "GET /?XDEBUG_SESSION_START=phpstorm HTTP/1.1" 404 -
66.249.79.197 - - [09/Mar/2025:15:26:42 +0100] "GET /ticket2/opencms/en/venue/?venueid=A4367703-073E-F76C-5F55-E3DF7EEAE484 HTTP/1.1" 200 63627
66.249.79.198 - - [09/Mar/2025:15:27:32 +0100] "GET /ticket2/opencms/en/venue/?venueid=A1666C8B-D5BA-A589-2015-C0D802A28414 HTTP/1.1" 200 63618
66.249.79.99 - - [09/Mar/2025:15:27:44 +0100] "GET /ticket2/opencms/en/venue/?venueid=1D8D6A4F-9ED4-4698-838F-ADCA81DD135B HTTP/1.1" 200 63645
66.249.79.98 - - [09/Mar/2025:15:27:45 +0100] "GET /ticket2/opencms/en/venue/?countryid=298905FA-E037-07AD-4909-74C6371F3F35 HTTP/1.1" 200 93013
66.249.79.197 - - [09/Mar/2025:15:27:47 +0100] "GET /ticket2/opencms/en/venue/?countryid=E83385F7-FB78-F065-4683-FDC212CE9BC4 HTTP/1.1" 200 93013
114.119.146.215 - - [09/Mar/2025:15:28:48 +0100] "GET /ticket2/opencms/robots.txt HTTP/1.1" 200 773
44.220.188.221 - - [09/Mar/2025:15:28:49 +0100] "GET /ticket2/opencms/ HTTP/1.1" 302 -
44.220.188.221 - - [09/Mar/2025:15:28:49 +0100] "GET /ticket2/opencms/en/ HTTP/1.1" 200 66763
66.249.79.199 - - [09/Mar/2025:15:29:13 +0100] "GET /ticket2/opencms/sv/buy/?comcatid=A17713B6-D984-201A-4143-ED4DB5ED5C2E&catid=64756941-02D2-3538-2077-8C2508F4A3A8 HTTP/1.1" 200 75246
68.183.238.15 - - [09/Mar/2025:15:29:31 +0100] "GET /manager/html HTTP/1.1" 404 -
66.249.76.71 - - [09/Mar/2025:15:29:57 +0100] "GET /ticket2/opencms/sv/buy/?comcatid=A17713B6-D984-201A-4143-ED4DB5ED5C2E&catid=F2006A3D-5EE0-B40B-5749-60C15271538F HTTP/1.1" 200 75247
66.249.76.69 - - [09/Mar/2025:15:31:26 +0100] "GET /ticket2/opencms/en/venue/?countryid=62204D9B-992F-EFF6-482A-943BBD9879C3 HTTP/1.1" 200 93013
66.249.79.199 - - [09/Mar/2025:15:32:31 +0100] "GET /ticket2/opencms/sv/buy/?comcatid=A17713B6-D984-201A-4143-ED4DB5ED5C2E&catid=36394212-F82E-F845-399B-42BED55969CC HTTP/1.1" 200 75241
68.183.238.15 - - [09/Mar/2025:15:33:12 +0100] "GET /manager/html HTTP/1.1" 404 -
66.249.68.3 - - [09/Mar/2025:15:33:14 +0100] "GET /ticket2/opencms/sv/buy/?column= HTTP/1.1" 200 65243
66.249.76.70 - - [09/Mar/2025:15:34:27 +0100] "GET /ticket2/opencms/en/venue/?venueid=F8EE04D9-FF8B-E586-DEA9-50570FBD5731 HTTP/1.1" 200 63625
66.249.76.69 - - [09/Mar/2025:15:34:34 +0100] "GET /ticket2/opencms/en/venue/?venueid=8D3E338D-57EA-2754-337D-4094BF8B8E3F HTTP/1.1" 200 63639
66.249.76.69 - - [09/Mar/2025:15:35:26 +0100] "GET /ticket2/opencms/en/venue/?venueid=EC472EA6-DB5A-9847-3498-3E97CC377FD4 HTTP/1.1" 200 63627
66.249.79.198 - - [09/Mar/2025:15:35:47 +0100] "GET /ticket2/opencms/en/venue/?countryid=B05AF8CC-D1BF-73AB-E946-B6702610D2C6 HTTP/1.1" 200 93013
68.183.238.15 - - [09/Mar/2025:15:37:04 +0100] "GET /manager/html HTTP/1.1" 404 -
195.178.110.163 - - [09/Mar/2025:15:37:49 +0100] "GET /ticket2/opencms/ HTTP/1.1" 302 -
195.178.110.163 - - [09/Mar/2025:15:37:50 +0100] "GET /ticket2/opencms/configuration/.env HTTP/1.1" 404 -
195.178.110.163 - - [09/Mar/2025:15:37:50 +0100] "GET /ticket2/opencms/admin/.git/config HTTP/1.1" 404 -
195.178.110.163 - - [09/Mar/2025:15:37:50 +0100] "GET /ticket2/opencms/config/.git/config HTTP/1.1" 404 -
195.178.110.163 - - [09/Mar/2025:15:37:51 +0100] "GET /ticket2/opencms/config.json HTTP/1.1" 404 -
195.178.110.163 - - [09/Mar/2025:15:37:51 +0100] "GET /ticket2/opencms/.env.bak HTTP/1.1" 404 -
195.178.110.163 - - [09/Mar/2025:15:37:52 +0100] "GET /ticket2/opencms/.env.live HTTP/1.1" 404 -
66.249.79.199 - - [09/Mar/2025:15:38:19 +0100] "GET /ticket2/opencms/sv/buy/?page=1&edid=D06E40AA-5917-7CC6-8395-10069BB33EB3 HTTP/1.1" 200 76948
66.249.79.198 - - [09/Mar/2025:15:38:22 +0100] "GET /ticket2/opencms/system/modules/com.gridnine.opencms.ticketbrokerage.site/resources/css/ticketbrokerage.css HTTP/1.1" 200 39340
66.249.76.69 - - [09/Mar/2025:15:38:23 +0100] "GET /ticket2/opencms/system/modules/com.gridnine.opencms.ticketbrokerage.site/resources/js/functions.js HTTP/1.1" 200 1583
66.249.79.198 - - [09/Mar/2025:15:38:24 +0100] "GET /ticket2/opencms/system/modules/com.gridnine.opencms.ticketbrokerage.site/resources/js/jquery/jquery-ui.js HTTP/1.1" 200 228088
66.249.79.197 - - [09/Mar/2025:15:38:29 +0100] "GET /ticket2/opencms/sv/ask-form.html HTTP/1.1" 200 2918
66.249.76.69 - - [09/Mar/2025:15:38:35 +0100] "GET /ticket2/opencms/en/venue/?countryid=59446ECA-F11A-1164-7278-5F00083EF337 HTTP/1.1" 200 93013
66.249.79.197 - - [09/Mar/2025:15:40:24 +0100] "GET /ticket2/opencms/en/venue/?countryid=7EE0FE36-9C17-F539-5F8E-1F2CFF8A0D7B HTTP/1.1" 200 93013
66.249.79.198 - - [09/Mar/2025:15:40:26 +0100] "GET /ticket2/opencms/en/venue/?countryid=1D2AF5BD-A881-D22D-AE7C-E22D0AA83910 HTTP/1.1" 200 93013
66.249.76.70 - - [09/Mar/2025:15:40:49 +0100] "GET /ticket2/opencms/en/venue/?countryid=6994D0E6-4880-D162-87F9-DDDE5D63EE86 HTTP/1.1" 200 104896
68.183.238.15 - - [09/Mar/2025:15:40:51 +0100] "GET /manager/html HTTP/1.1" 404 -
66.249.79.197 - - [09/Mar/2025:15:41:12 +0100] "GET /ticket2/opencms/en/venue/?countryid=C7880A4A-050D-8AB8-4FEC-8062D983D070 HTTP/1.1" 200 93013
66.249.79.198 - - [09/Mar/2025:15:41:27 +0100] "GET /ticket2/opencms/en/venue/?countryid=EBCAD492-44DD-BA3B-65FF-004FBE418FEE HTTP/1.1" 200 93013
66.249.76.70 - - [09/Mar/2025:15:41:35 +0100] "GET /ticket2/opencms/en/venue/?countryid=A120839E-3691-C1CC-A7E6-AFA581C3B971 HTTP/1.1" 200 93013
66.249.76.71 - - [09/Mar/2025:15:42:39 +0100] "GET /ticket2/opencms/en/venue/?countryid=AD4C6C1F-4EA2-1827-F34A-F0A47DB58003 HTTP/1.1" 200 93013
66.249.79.198 - - [09/Mar/2025:15:42:46 +0100] "GET /ticket2/opencms/sv/buy/?comcatid=A17713B6-D984-201A-4143-ED4DB5ED5C2E&catid=6E0E0CA4-3F14-9697-92B9-3687047BE453 HTTP/1.1" 200 75248
66.249.79.198 - - [09/Mar/2025:15:42:47 +0100] "GET /ticket2/opencms/en/venue/?countryid=A2F220AE-4AF1-2377-6B91-A90A18E35FA2 HTTP/1.1" 200 93013
66.249.79.197 - - [09/Mar/2025:15:42:51 +0100] "GET /ticket2/opencms/sv/buy/?comcatid=A17713B6-D984-201A-4143-ED4DB5ED5C2E&catid=08F27F2A-1872-A39F-A97C-63093E77B18A HTTP/1.1" 200 75238
66.249.79.197 - - [09/Mar/2025:15:42:52 +0100] "GET /ticket2/opencms/sv/buy/?comcatid=A17713B6-D984-201A-4143-ED4DB5ED5C2E&catid=2FC3D548-EAF9-1354-0CD2-7D7619DA2334 HTTP/1.1" 200 75238
66.249.79.197 - - [09/Mar/2025:15:43:22 +0100] "GET /ticket2/opencms/sv/buy/?comcatid=A17713B6-D984-201A-4143-ED4DB5ED5C2E&catid=21C3854B-901E-11F9-7B7D-6838CC6AFAA4 HTTP/1.1" 200 75238
66.249.79.198 - - [09/Mar/2025:15:43:27 +0100] "GET /ticket2/opencms/sv/buy/?comcatid=A17713B6-D984-201A-4143-ED4DB5ED5C2E&catid=5A89E483-58AD-080E-F363-E16CE738916A HTTP/1.1" 200 75249
66.249.79.199 - - [09/Mar/2025:15:44:27 +0100] "GET /ticket2/opencms/en/venue/?countryid=55B682DB-9731-DD7B-33FA-C9B465971014 HTTP/1.1" 200 93013
68.183.238.15 - - [09/Mar/2025:15:44:32 +0100] "GET /manager/html HTTP/1.1" 404 -
185.243.5.46 - - [09/Mar/2025:15:47:39 +0100] "?S?-JN?=?1??G??&?????aOqjn?mB?M ?????Nh?H?????7w? " 400 -
92.255.57.58 - - [09/Mar/2025:15:47:48 +0100] "GET /actuator/gateway/routes HTTP/1.1" 404 -
68.183.238.15 - - [09/Mar/2025:15:48:12 +0100] "GET /manager/html HTTP/1.1" 404 -
68.183.238.15 - - [09/Mar/2025:15:51:50 +0100] "GET /manager/html HTTP/1.1" 404 -
68.183.238.15 - - [09/Mar/2025:15:55:32 +0100] "GET /manager/html HTTP/1.1" 404 -
66.249.79.199 - - [09/Mar/2025:15:55:47 +0100] "GET /ticket2/opencms/sv/buy/?comcatid=A17713B6-D984-201A-4143-ED4DB5ED5C2E&catid=C48671DB-5AEB-8CE2-928E-38417FFBE085 HTTP/1.1" 200 75243
66.249.79.170 - - [09/Mar/2025:15:56:23 +0100] "GET /ticket2/opencms/en/venue/?countryid=15679D6D-1531-2ADE-1A00-1D43A92EB55E HTTP/1.1" 200 93013
68.183.238.15 - - [09/Mar/2025:15:59:07 +0100] "GET /manager/html HTTP/1.1" 404 -
66.249.79.100 - - [09/Mar/2025:15:59:23 +0100] "GET /ticket2/opencms/sv/buy/?comcatid=A17713B6-D984-201A-4143-ED4DB5ED5C2E&catid=3B549160-8B9C-E872-44A9-20FEA86B30E8 HTTP/1.1" 200 75243
66.249.76.69 - - [09/Mar/2025:15:59:44 +0100] "GET /ticket2/opencms/sv/buy/?comcatid=A17713B6-D984-201A-4143-ED4DB5ED5C2E&catid=C0DF818C-DB21-6E2E-4056-DB751FFE0C41 HTTP/1.1" 200 75239
20.171.25.180 - - [09/Mar/2025:16:02:07 +0100] "GET / HTTP/1.1" 404 -
68.183.238.15 - - [09/Mar/2025:16:02:43 +0100] "GET /manager/html HTTP/1.1" 404 -
66.249.79.98 - - [09/Mar/2025:16:02:52 +0100] "GET /ticket2/opencms/en/venue/?countryid=3255DA3D-476B-211A-8F09-81C55CABEF03 HTTP/1.1" 200 93013
66.249.79.170 - - [09/Mar/2025:16:02:58 +0100] "GET /ticket2/opencms/en/venue/ HTTP/1.1" 200 332826
68.183.238.15 - - [09/Mar/2025:16:06:20 +0100] "GET /manager/html HTTP/1.1" 404 -
66.249.68.4 - - [09/Mar/2025:16:06:24 +0100] "GET /ticket2/opencms/en/venue/?countryid=C20C79E6-EE6B-26D5-6506-E0F6BF6B710A HTTP/1.1" 200 94418
66.249.79.198 - - [09/Mar/2025:16:08:53 +0100] "GET /ticket2/opencms/sv/buy/?page=6&comcatid=B41CCF2B-5558-7AEE-3602-09BBDE417D65 HTTP/1.1" 200 67014
68.183.238.15 - - [09/Mar/2025:16:10:04 +0100] "GET /manager/html HTTP/1.1" 404 -
66.249.76.69 - - [09/Mar/2025:16:11:26 +0100] "GET /ticket2/opencms/sv/buy/?page=6&comcatid=0A6B8208-FDA4-E929-9D72-5312FD481B76 HTTP/1.1" 200 68673
66.249.79.98 - - [09/Mar/2025:16:12:34 +0100] "GET /ticket2/opencms/sv/buy/?page=6&comcatid=A17713B6-D984-201A-4143-ED4DB5ED5C2E&catid=0A9E385E-33D9-328E-DC79-CA2C7009C829 HTTP/1.1" 200 75653
66.249.79.3 - - [09/Mar/2025:16:12:39 +0100] "GET /ticket2/opencms/sv/buy/?page=6&comcatid=A17713B6-D984-201A-4143-ED4DB5ED5C2E&catid=A3372871-3019-08B8-80CE-74B78F441ACA HTTP/1.1" 200 75649
66.249.68.66 - - [09/Mar/2025:16:13:23 +0100] "GET /ticket2/opencms/sv/buy/?page=6&comcatid=A17713B6-D984-201A-4143-ED4DB5ED5C2E&catid=42C82D82-D02A-8562-E55C-48ADB3771882 HTTP/1.1" 200 75670
66.249.68.34 - - [09/Mar/2025:16:13:27 +0100] "GET /ticket2/opencms/sv/buy/?page=6&comcatid=A17713B6-D984-201A-4143-ED4DB5ED5C2E&catid=C871EAE3-C584-718A-9795-07CDEF43FA75 HTTP/1.1" 200 75647
68.183.238.15 - - [09/Mar/2025:16:13:40 +0100] "GET /manager/html HTTP/1.1" 404 -
66.249.76.71 - - [09/Mar/2025:16:14:40 +0100] "GET /ticket2/opencms/sv/buy/?comcatid=A17713B6-D984-201A-4143-ED4DB5ED5C2E&catid=A3372871-3019-08B8-80CE-74B78F441ACA HTTP/1.1" 200 75242
87.121.84.204 - - [09/Mar/2025:16:15:22 +0100] "GET /cgi-bin/luci/;stok=/locale HTTP/1.1" 404 -
66.249.79.100 - - [09/Mar/2025:16:15:37 +0100] "GET /ticket2/opencms/sv/buy/?comcatid=A17713B6-D984-201A-4143-ED4DB5ED5C2E&catid=97608B80-50C4-18AE-7A82-0413C62E9243 HTTP/1.1" 200 75242
66.249.68.34 - - [09/Mar/2025:16:15:39 +0100] "GET /ticket2/opencms/sv/buy/?page=6&comcatid=97ECA65A-72DA-F9AF-9DBB-245D3CFED1BE HTTP/1.1" 200 70147
66.249.68.34 - - [09/Mar/2025:16:15:47 +0100] "GET /ticket2/opencms/sv/buy/?page=6&comcatid=A17713B6-D984-201A-4143-ED4DB5ED5C2E&catid=E961462E-5AC2-64D6-5850-A310C9DEAA06 HTTP/1.1" 200 75657
68.183.238.15 - - [09/Mar/2025:16:17:20 +0100] "GET /manager/html HTTP/1.1" 404 -
66.249.76.71 - - [09/Mar/2025:16:18:44 +0100] "GET /ticket2/opencms/en/buy/?page=10&eventid=2D54F0A4-B7E5-1986-E461-A23A05E27C76&column= HTTP/1.1" 200 64968
66.249.76.69 - - [09/Mar/2025:16:20:36 +0100] "GET /ticket2/opencms/sv/buy/?comcatid=A17713B6-D984-201A-4143-ED4DB5ED5C2E&catid=E92E6B1B-7CD1-74B1-312C-265A7D8125D0 HTTP/1.1" 200 75244
68.183.238.15 - - [09/Mar/2025:16:20:53 +0100] "GET /manager/html HTTP/1.1" 404 -
66.249.76.71 - - [09/Mar/2025:16:21:27 +0100] "GET /ticket2/opencms/sv/buy/?page=1&edid=19841486-6F3E-C113-B4BC-B89661DF253A HTTP/1.1" 200 83169
20.65.193.203 - - [09/Mar/2025:16:22:47 +0100] "GET /ticket2/opencms/owa/auth/logon.aspx HTTP/1.1" 404 -
66.249.79.197 - - [09/Mar/2025:16:23:40 +0100] "GET /ticket2/opencms/en/venue/?countryid=1A4DC6D7-7BCB-9C80-4A3B-99ABDC610C14 HTTP/1.1" 200 93236
66.249.79.198 - - [09/Mar/2025:16:23:47 +0100] "GET /ticket2/opencms/sv/buy/?page=6&comcatid=A17713B6-D984-201A-4143-ED4DB5ED5C2E&catid=7EF04817-972D-18B1-F941-DE800D088075 HTTP/1.1" 200 75659
68.183.238.15 - - [09/Mar/2025:16:24:32 +0100] "GET /manager/html HTTP/1.1" 404 -
66.249.79.199 - - [09/Mar/2025:16:26:45 +0100] "GET /ticket2/opencms/en/buy/?page=10&eventid=B85BEE98-8727-2424-2597-5E99D818B644&column= HTTP/1.1" 200 64966
66.249.76.69 - - [09/Mar/2025:16:27:40 +0100] "GET /ticket2/opencms/en/venue/?countryid=A4DD8A66-89A9-9256-5B01-F5C6EA7FFD86 HTTP/1.1" 200 93700
68.183.238.15 - - [09/Mar/2025:16:28:09 +0100] "GET /manager/html HTTP/1.1" 404 -
66.249.79.197 - - [09/Mar/2025:16:28:58 +0100] "GET /ticket2/opencms/en/venue/?countryid=733736B0-BB51-71CE-21FF-5220C9ACD245 HTTP/1.1" 200 93704
66.249.76.69 - - [09/Mar/2025:16:31:41 +0100] "GET /ticket2/opencms/sv/buy/?page=6&comcatid=A17713B6-D984-201A-4143-ED4DB5ED5C2E&catid=A7674DEA-B39E-502C-2F76-760AE08947E9 HTTP/1.1" 200 75648
68.183.238.15 - - [09/Mar/2025:16:31:45 +0100] "GET /manager/html HTTP/1.1" 404 -
66.249.79.198 - - [09/Mar/2025:16:31:48 +0100] "GET /ticket2/opencms/sv/buy/?page=6&comcatid=A17713B6-D984-201A-4143-ED4DB5ED5C2E&catid=F03B8ADD-988E-AE6A-8DBA-AF502C691C60 HTTP/1.1" 200 75660
66.249.79.197 - - [09/Mar/2025:16:32:25 +0100] "GET /ticket2/opencms/sv/buy_safety/ HTTP/1.1" 200 67293
66.249.68.67 - - [09/Mar/2025:16:33:26 +0100] "GET /ticket2/opencms/sv/standard/ HTTP/1.1" 200 78237
66.249.79.100 - - [09/Mar/2025:16:33:28 +0100] "GET /ticket2/opencms/sv/buy/?page=6&comcatid=A17713B6-D984-201A-4143-ED4DB5ED5C2E&catid=08F27F2A-1872-A39F-A97C-63093E77B18A HTTP/1.1" 200 75645
188.190.212.127 - - [09/Mar/2025:16:33:56 +0100] "GET / HTTP/1.1" 404 -
68.183.238.15 - - [09/Mar/2025:16:35:18 +0100] "GET /manager/html HTTP/1.1" 404 -
68.183.238.15 - - [09/Mar/2025:16:38:50 +0100] "GET /manager/html HTTP/1.1" 404 -
66.249.79.170 - - [09/Mar/2025:16:38:53 +0100] "GET /ticket2/opencms/sv/selling_tickets/ HTTP/1.1" 200 65394
68.183.238.15 - - [09/Mar/2025:16:42:30 +0100] "GET /manager/html HTTP/1.1" 404 -
66.249.79.199 - - [09/Mar/2025:16:45:42 +0100] "GET /ticket2/opencms/en/venue/?venueid=EBEEFBDF-BE46-CDA7-09F6-23C46162BE1D HTTP/1.1" 200 63627
68.183.238.15 - - [09/Mar/2025:16:46:09 +0100] "GET /manager/html HTTP/1.1" 404 -
68.183.238.15 - - [09/Mar/2025:16:49:49 +0100] "GET /manager/html HTTP/1.1" 404 -
66.249.76.71 - - [09/Mar/2025:16:52:49 +0100] "GET /ticket2/opencms/en/venue/?venueid=BE490FAA-3DB7-D4AF-97A1-3EB178A65501 HTTP/1.1" 200 63649
68.183.238.15 - - [09/Mar/2025:16:53:41 +0100] "GET /manager/html HTTP/1.1" 404 -
66.249.79.197 - - [09/Mar/2025:16:54:35 +0100] "GET /ticket2/opencms/en/venue/?countryid=40FD0827-8E8D-58A2-3FF2-3253A033E8A7 HTTP/1.1" 200 93013
66.249.76.70 - - [09/Mar/2025:16:54:41 +0100] "GET /ticket2/opencms/en/venue/?countryid=01A4931A-C165-4B79-C9B2-6B15C1A8EA59 HTTP/1.1" 200 95592
66.249.79.197 - - [09/Mar/2025:16:54:49 +0100] "GET /ticket2/opencms/en/venue/?countryid=86F93FF6-B3C2-4693-7679-0BD214A3D804 HTTP/1.1" 200 93013
66.249.79.197 - - [09/Mar/2025:16:55:26 +0100] "GET /ticket2/opencms/en/venue/?countryid=E317C19B-53AA-3539-EAD3-8DD7161AE012 HTTP/1.1" 200 93922
68.183.238.15 - - [09/Mar/2025:16:57:20 +0100] "GET /manager/html HTTP/1.1" 404 -
112.162.218.225 - - [09/Mar/2025:16:59:38 +0100] "GET / HTTP/1.0" 404 -
68.183.238.15 - - [09/Mar/2025:17:00:45 +0100] "GET /manager/html HTTP/1.1" 404 -
66.249.76.71 - - [09/Mar/2025:17:00:47 +0100] "GET /ticket2/opencms/en/venue/?venueid=95424B46-EE34-8F04-CEF2-7CD33319ABE8 HTTP/1.1" 200 63643
68.183.238.15 - - [09/Mar/2025:17:04:21 +0100] "GET /manager/html HTTP/1.1" 404 -
68.183.238.15 - - [09/Mar/2025:17:07:56 +0100] "GET /manager/html HTTP/1.1" 404 -
