167.94.138.43 - - [05/Mar/2025:00:00:05 +0100] "GET /ticket2/opencms/ HTTP/1.1" 500 -
167.94.138.43 - - [05/Mar/2025:00:00:16 +0100] "GET /ticket2/opencms/ HTTP/1.1" 302 -
66.249.76.69 - - [05/Mar/2025:00:00:23 +0100] "GET /ticket2/opencms/en/venue/?venueid=593AF726-0A01-6DBE-E6B0-2BCB42342E04 HTTP/1.1" 200 63636
167.94.138.43 - - [05/Mar/2025:00:00:54 +0100] "GET /ticket2/opencms/en/ HTTP/1.1" 200 66763
167.94.138.43 - - [05/Mar/2025:00:00:58 +0100] "GET /ticket2/opencms/favicon.ico HTTP/1.1" 200 1406
66.249.79.197 - - [05/Mar/2025:00:01:40 +0100] "GET /ticket2/opencms/sv/buy/?page=6&comcatid=0A6B8208-FDA4-E929-9D72-5312FD481B76&catid=1DB7F66B-473B-B427-F752-358FEEFE8EC0 HTTP/1.1" 200 68736
194.120.230.215 - - [05/Mar/2025:00:05:22 +0100] "GET /ticket2/opencms/cgi-bin/luci/;stok=/locale HTTP/1.1" 404 -
78.153.140.177 - - [05/Mar/2025:00:06:46 +0100] "GET /ticket2/opencms/.env HTTP/1.1" 404 -
78.153.140.177 - - [05/Mar/2025:00:06:47 +0100] "GET /ticket2/opencms/staging/.env HTTP/1.1" 404 -
78.153.140.177 - - [05/Mar/2025:00:06:48 +0100] "GET /ticket2/opencms/.env.save HTTP/1.1" 404 -
78.153.140.177 - - [05/Mar/2025:00:06:49 +0100] "GET /ticket2/opencms/stage/.env HTTP/1.1" 404 -
78.153.140.177 - - [05/Mar/2025:00:06:50 +0100] "GET /ticket2/opencms/credentials HTTP/1.1" 404 -
78.153.140.177 - - [05/Mar/2025:00:06:50 +0100] "GET /ticket2/opencms/.json HTTP/1.1" 404 -
78.153.140.177 - - [05/Mar/2025:00:06:52 +0100] "GET /ticket2/opencms/vendor/.env HTTP/1.1" 404 -
78.153.140.177 - - [05/Mar/2025:00:06:52 +0100] "GET /ticket2/opencms/crm/.env HTTP/1.1" 404 -
78.153.140.177 - - [05/Mar/2025:00:06:53 +0100] "GET /ticket2/opencms/API/.env HTTP/1.1" 404 -
78.153.140.177 - - [05/Mar/2025:00:06:53 +0100] "GET /ticket2/opencms/infos/ HTTP/1.1" 404 -
66.249.79.198 - - [05/Mar/2025:00:07:49 +0100] "GET /ticket2/opencms/sv/sport/fotbollsbiljetter/bundesliga/ HTTP/1.1" 200 73520
66.249.76.69 - - [05/Mar/2025:00:08:24 +0100] "GET /ticket2/opencms/en/buy/?page=10&eventid=BD2A2151-7866-2C7C-301B-A51FF3E4D9F5 HTTP/1.1" 200 64968
194.120.230.215 - - [05/Mar/2025:00:10:54 +0100] "GET /ticket2/opencms/cgi-bin/luci/;stok=/locale HTTP/1.1" 404 -
194.120.230.215 - - [05/Mar/2025:00:11:03 +0100] "GET /cgi-bin/luci/;stok=/locale HTTP/1.1" 404 -
66.249.79.197 - - [05/Mar/2025:00:13:50 +0100] "GET /ticket2/opencms/sv/sport/fotbollsbiljetter/ HTTP/1.1" 200 70201
66.249.79.198 - - [05/Mar/2025:00:15:22 +0100] "GET /ticket2/opencms/en/sport/football-tickets/ HTTP/1.1" 200 65660
66.249.79.197 - - [05/Mar/2025:00:15:45 +0100] "GET /ticket2/opencms/sv/buy/?page=6&comcatid=66708183-7480-3365-06BF-DBF60280AB45&catid=30D5812D-0858-4843-8F45-C38AE504153C HTTP/1.1" 200 66883
194.120.230.215 - - [05/Mar/2025:00:16:17 +0100] "GET /cgi-bin/luci/;stok=/locale HTTP/1.1" 404 -
66.249.76.69 - - [05/Mar/2025:00:18:50 +0100] "GET /ticket2/opencms/en/venue/?venueid=978DD78D-7B03-151B-F172-F1013F27C17D HTTP/1.1" 200 63604
66.249.76.70 - - [05/Mar/2025:00:23:48 +0100] "GET /ticket2/opencms/sv/buy/?page=6&comcatid=66708183-7480-3365-06BF-DBF60280AB45&catid=05A94519-01D1-C86F-9031-84936B0B9DAE HTTP/1.1" 200 66882
66.249.79.199 - - [05/Mar/2025:00:24:34 +0100] "GET /ticket2/opencms/sv/buy/?page=6&comcatid=97ECA65A-72DA-F9AF-9DBB-245D3CFED1BE&catid=DA31441B-C568-3C77-D08C-698809032494 HTTP/1.1" 200 70190
194.120.230.215 - - [05/Mar/2025:00:27:22 +0100] "GET /ticket2/opencms/cgi-bin/luci/;stok=/locale HTTP/1.1" 404 -
194.120.230.215 - - [05/Mar/2025:00:28:32 +0100] "GET /ticket2/opencms/cgi-bin/luci/;stok=/locale HTTP/1.1" 404 -
66.249.79.197 - - [05/Mar/2025:00:28:36 +0100] "GET /ticket2/opencms/sv/buy/?page=6&comcatid=97ECA65A-72DA-F9AF-9DBB-245D3CFED1BE&catid=9457695E-36ED-A63E-7A88-32963954E2C7 HTTP/1.1" 200 70197
66.249.79.199 - - [05/Mar/2025:00:29:31 +0100] "GET /ticket2/opencms/sv/buy/?page=6&comcatid=97ECA65A-72DA-F9AF-9DBB-245D3CFED1BE&catid=E3105E1E-3982-291E-5523-1C1DF161E9B7 HTTP/1.1" 200 70192
194.120.230.215 - - [05/Mar/2025:00:31:49 +0100] "GET /cgi-bin/luci/;stok=/locale HTTP/1.1" 404 -
66.249.76.70 - - [05/Mar/2025:00:32:11 +0100] "GET /ticket2/opencms/sv/sport/ HTTP/1.1" 200 67086
66.249.79.197 - - [05/Mar/2025:00:32:38 +0100] "GET /ticket2/opencms/sv/about/ HTTP/1.1" 200 66258
66.249.79.198 - - [05/Mar/2025:00:33:46 +0100] "GET /ticket2/opencms/en/sport/ HTTP/1.1" 200 62744
194.120.230.215 - - [05/Mar/2025:00:36:46 +0100] "GET /cgi-bin/luci/;stok=/locale HTTP/1.1" 404 -
194.120.230.215 - - [05/Mar/2025:00:44:41 +0100] "GET /ticket2/opencms/cgi-bin/luci/;stok=/locale HTTP/1.1" 404 -
194.120.230.215 - - [05/Mar/2025:00:48:13 +0100] "GET /ticket2/opencms/cgi-bin/luci/;stok=/locale HTTP/1.1" 404 -
194.120.230.215 - - [05/Mar/2025:00:51:09 +0100] "GET /cgi-bin/luci/;stok=/locale HTTP/1.1" 404 -
194.120.230.215 - - [05/Mar/2025:00:53:36 +0100] "GET /cgi-bin/luci/;stok=/locale HTTP/1.1" 404 -
66.249.76.69 - - [05/Mar/2025:00:56:47 +0100] "GET /ticket2/opencms/sv/buying_tickets/ HTTP/1.1" 200 66595
185.224.128.17 - - [05/Mar/2025:00:57:39 +0100] "CONNECT example.com:80 HTTP/1.1" 400 -
172.234.96.249 - - [05/Mar/2025:01:02:33 +0100] "GET /ticket2/opencms/ HTTP/1.1" 302 -
66.249.79.198 - - [05/Mar/2025:01:03:25 +0100] "GET /ticket2/opencms/en/venue/?venueid=9E6547A9-8704-3972-CB65-0FC9EBB9343F HTTP/1.1" 200 63651
46.19.143.58 - - [05/Mar/2025:01:04:06 +0100] "GET / HTTP/1.1" 404 -
194.120.230.215 - - [05/Mar/2025:01:05:11 +0100] "GET /ticket2/opencms/cgi-bin/luci/;stok=/locale HTTP/1.1" 404 -
194.120.230.215 - - [05/Mar/2025:01:07:55 +0100] "GET /cgi-bin/luci/;stok=/locale HTTP/1.1" 404 -
194.120.230.215 - - [05/Mar/2025:01:10:29 +0100] "GET /ticket2/opencms/cgi-bin/luci/;stok=/locale HTTP/1.1" 404 -
66.249.79.197 - - [05/Mar/2025:01:10:31 +0100] "GET /ticket2/opencms/en/venue/?venueid=3E1E6F0D-1058-2C69-20D9-8595783E8131 HTTP/1.1" 200 63628
66.249.79.198 - - [05/Mar/2025:01:11:22 +0100] "GET /ticket2/opencms/en/venue/?venueid=1130FEEB-47FB-DB3F-868A-1D5AA9060598 HTTP/1.1" 200 63627
194.120.230.215 - - [05/Mar/2025:01:15:14 +0100] "GET /cgi-bin/luci/;stok=/locale HTTP/1.1" 404 -
66.249.79.198 - - [05/Mar/2025:01:17:34 +0100] "GET /ticket2/opencms/en/venue/?venueid=7608D27A-AB31-0DEE-7A44-070EA75BF3B4 HTTP/1.1" 200 63580
66.249.79.197 - - [05/Mar/2025:01:17:46 +0100] "GET /ticket2/opencms/en/venue/?venueid=95424B46-EE34-8F04-CEF2-7CD33319ABE8 HTTP/1.1" 200 63643
51.8.102.200 - - [05/Mar/2025:01:19:08 +0100] "GET /ticket2/opencms/robots.txt HTTP/1.1" 304 -
66.249.79.198 - - [05/Mar/2025:01:21:35 +0100] "GET /ticket2/opencms/en/venue/?venueid=5CD064CB-C924-A9AA-0D43-3118B7F7A349 HTTP/1.1" 200 63663
66.249.79.199 - - [05/Mar/2025:01:22:50 +0100] "GET /ticket2/opencms/en/venue/?venueid=5949849E-0AEC-C63E-5500-600C02F1FC5F HTTP/1.1" 200 63582
194.120.230.215 - - [05/Mar/2025:01:23:17 +0100] "GET /ticket2/opencms/cgi-bin/luci/;stok=/locale HTTP/1.1" 404 -
195.178.110.54 - - [05/Mar/2025:01:23:46 +0100] "GET /cgi-bin/luci/;stok=/locale HTTP/1.1" 404 -
66.249.79.198 - - [05/Mar/2025:01:26:35 +0100] "GET /ticket2/opencms/en/venue/?venueid=46A76095-C8CC-46CE-5C46-97C8D40D2C4B HTTP/1.1" 200 63663
66.249.79.198 - - [05/Mar/2025:01:26:36 +0100] "GET /ticket2/opencms/en/venue/?venueid=BE490FAA-3DB7-D4AF-97A1-3EB178A65501 HTTP/1.1" 200 63649
194.120.230.215 - - [05/Mar/2025:01:27:49 +0100] "GET /ticket2/opencms/cgi-bin/luci/;stok=/locale HTTP/1.1" 404 -
66.249.79.197 - - [05/Mar/2025:01:28:26 +0100] "GET /ticket2/opencms/en/venue/?venueid=DF37D396-FA06-F473-CD27-6AD0A828AD06 HTTP/1.1" 200 63636
194.120.230.215 - - [05/Mar/2025:01:31:52 +0100] "GET /cgi-bin/luci/;stok=/locale HTTP/1.1" 404 -
194.120.230.215 - - [05/Mar/2025:01:33:57 +0100] "GET /cgi-bin/luci/;stok=/locale HTTP/1.1" 404 -
66.249.76.71 - - [05/Mar/2025:01:35:24 +0100] "GET /ticket2/opencms/en/venue/?venueid=EA1AFB8D-F7C7-5DC6-A760-CAB159647828 HTTP/1.1" 200 63616
66.249.79.198 - - [05/Mar/2025:01:36:12 +0100] "GET /ticket2/opencms/en/venue/?venueid=B3AD8D42-BAF1-2803-2183-F6705D1BC41E HTTP/1.1" 200 63642
66.249.76.70 - - [05/Mar/2025:01:36:34 +0100] "GET /ticket2/opencms/en/venue/?venueid=119E4BA1-98C5-E36E-192F-2176B379FB25 HTTP/1.1" 200 63610
74.82.47.23 - - [05/Mar/2025:01:37:38 +0100] "GET / HTTP/1.1" 404 -
66.249.79.197 - - [05/Mar/2025:01:38:26 +0100] "GET /ticket2/opencms/en/venue/?venueid=73970756-584C-5AD0-AF0B-3AFA065A2530 HTTP/1.1" 200 63616
74.82.47.15 - - [05/Mar/2025:01:38:33 +0100] "GET /favicon.ico HTTP/1.1" 404 -
74.82.47.15 - - [05/Mar/2025:01:39:02 +0100] "GET /?format=json HTTP/1.1" 404 -
74.82.47.27 - - [05/Mar/2025:01:39:25 +0100] "CONNECT www.shadowserver.org:443 HTTP/1.1" 400 -
74.82.47.35 - - [05/Mar/2025:01:40:02 +0100] "GET /geoserver/web/ HTTP/1.1" 404 -
66.249.76.69 - - [05/Mar/2025:01:41:30 +0100] "GET /ticket2/opencms/en/venue/?venueid=2D54B7AC-88C2-7CD2-9B48-9538BFBB860A HTTP/1.1" 200 63691
194.120.230.215 - - [05/Mar/2025:01:44:11 +0100] "GET /ticket2/opencms/cgi-bin/luci/;stok=/locale HTTP/1.1" 404 -
66.249.76.69 - - [05/Mar/2025:01:47:25 +0100] "GET /ticket2/opencms/en/search.html?searchQuery=psg&submit=/ HTTP/1.1" 200 84362
66.249.76.69 - - [05/Mar/2025:01:47:55 +0100] "GET /ticket2/opencms/en/ask-form.html HTTP/1.1" 200 3146
194.120.230.215 - - [05/Mar/2025:01:49:03 +0100] "GET /cgi-bin/luci/;stok=/locale HTTP/1.1" 404 -
66.249.79.197 - - [05/Mar/2025:01:49:45 +0100] "GET /ticket2/opencms/en/ HTTP/1.1" 200 66763
194.120.230.215 - - [05/Mar/2025:01:52:37 +0100] "GET /ticket2/opencms/cgi-bin/luci/;stok=/locale HTTP/1.1" 404 -
194.120.230.215 - - [05/Mar/2025:01:54:43 +0100] "GET /cgi-bin/luci/;stok=/locale HTTP/1.1" 404 -
66.249.79.198 - - [05/Mar/2025:01:56:29 +0100] "GET /ticket2/opencms/sv/ HTTP/1.1" 200 68095
66.249.79.198 - - [05/Mar/2025:01:57:26 +0100] "GET /ticket2/opencms/sv/buy/?page=6&comcatid=0A6B8208-FDA4-E929-9D72-5312FD481B76&catid=412DBCF4-025D-8ABC-7A40-D7C760E055FF HTTP/1.1" 200 68736
66.249.76.69 - - [05/Mar/2025:01:59:48 +0100] "GET /ticket2/opencms/sv/buy/?page=6&comcatid=0A6B8208-FDA4-E929-9D72-5312FD481B76&catid=53E7B32E-5CAA-6CE7-D6AA-FFC41D70EE01 HTTP/1.1" 200 68734
66.249.79.199 - - [05/Mar/2025:02:02:23 +0100] "GET /ticket2/opencms/en/search.html?searchQuery=barcelona&submit= HTTP/1.1" 200 84990
194.120.230.215 - - [05/Mar/2025:02:02:34 +0100] "GET /ticket2/opencms/cgi-bin/luci/;stok=/locale HTTP/1.1" 404 -
66.249.79.198 - - [05/Mar/2025:02:02:41 +0100] "GET /ticket2/opencms/en/buy/?page=10&eventid=7016CF1B-CC52-94F9-4136-362E6D3CC9D6 HTTP/1.1" 200 64970
194.120.230.215 - - [05/Mar/2025:02:07:12 +0100] "GET /cgi-bin/luci/;stok=/locale HTTP/1.1" 404 -
66.249.79.198 - - [05/Mar/2025:02:07:57 +0100] "GET /ticket2/opencms/sv/buy/?page=6&comcatid=97ECA65A-72DA-F9AF-9DBB-245D3CFED1BE&catid=F4D223A4-C027-46DC-3DE5-726A23E30A62 HTTP/1.1" 200 70189
66.249.79.199 - - [05/Mar/2025:02:08:26 +0100] "GET /ticket2/opencms/en/venue/?venueid=EBEEFBDF-BE46-CDA7-09F6-23C46162BE1D HTTP/1.1" 200 63627
34.242.51.78 - - [05/Mar/2025:02:09:28 +0100] "GET /ticket2/opencms/ HTTP/1.0" 302 -
198.235.24.110 - - [05/Mar/2025:02:09:41 +0100] "GET / HTTP/1.0" 404 -
194.120.230.215 - - [05/Mar/2025:02:10:58 +0100] "GET /ticket2/opencms/cgi-bin/luci/;stok=/locale HTTP/1.1" 404 -
194.120.230.215 - - [05/Mar/2025:02:12:24 +0100] "GET /cgi-bin/luci/;stok=/locale HTTP/1.1" 404 -
66.249.79.197 - - [05/Mar/2025:02:12:39 +0100] "GET /ticket2/opencms/en/venue/?venueid=81575406-737A-D887-8BD9-C8B79507FB55 HTTP/1.1" 200 63606
66.249.79.198 - - [05/Mar/2025:02:15:43 +0100] "GET /ticket2/opencms/sv/buy/?page=6&comcatid=0A6B8208-FDA4-E929-9D72-5312FD481B76&catid=AD8E612F-0F0B-03C9-5236-E4F8B6523945 HTTP/1.1" 200 68734
66.249.79.198 - - [05/Mar/2025:02:18:25 +0100] "GET /ticket2/opencms/sv/buy/?page=6&comcatid=0A6B8208-FDA4-E929-9D72-5312FD481B76&catid=CB847559-7ECA-CC50-D7D2-064AF0C06FB1 HTTP/1.1" 200 68734
45.156.128.130 - - [05/Mar/2025:02:19:19 +0100] "GET / HTTP/1.1" 404 -
66.249.79.199 - - [05/Mar/2025:02:23:25 +0100] "GET /ticket2/opencms/en/buy/?page=10&eventid=2D54F0A4-B7E5-1986-E461-A23A05E27C76 HTTP/1.1" 200 64972
194.120.230.215 - - [05/Mar/2025:02:24:21 +0100] "GET /ticket2/opencms/cgi-bin/luci/;stok=/locale HTTP/1.1" 404 -
194.120.230.215 - - [05/Mar/2025:02:26:28 +0100] "GET /ticket2/opencms/cgi-bin/luci/;stok=/locale HTTP/1.1" 404 -
194.120.230.215 - - [05/Mar/2025:02:28:41 +0100] "GET /cgi-bin/luci/;stok=/locale HTTP/1.1" 404 -
66.249.79.198 - - [05/Mar/2025:02:29:24 +0100] "GET /ticket2/opencms/en/buy/?page=10&eventid=1BC07A67-46B5-C40A-CC02-8F1EFC1FAADB HTTP/1.1" 200 64970
194.120.230.215 - - [05/Mar/2025:02:31:34 +0100] "GET /cgi-bin/luci/;stok=/locale HTTP/1.1" 404 -
35.202.9.133 - - [05/Mar/2025:02:38:11 +0100] "GET / HTTP/1.1" 404 -
66.249.79.197 - - [05/Mar/2025:02:38:23 +0100] "GET /ticket2/opencms/en/buy/?page=10&eventid=634D2581-663A-DE19-7C72-20C596DE0600 HTTP/1.1" 200 64995
66.249.79.199 - - [05/Mar/2025:02:38:25 +0100] "GET /ticket2/opencms/en/buy/?page=10&eventid=F99ADA5B-9BAA-1CC2-3A84-51D5FE875575 HTTP/1.1" 200 64969
194.120.230.215 - - [05/Mar/2025:02:39:42 +0100] "GET /ticket2/opencms/cgi-bin/luci/;stok=/locale HTTP/1.1" 404 -
66.249.79.199 - - [05/Mar/2025:02:40:22 +0100] "GET /ticket2/opencms/en/buy/?page=10&eventid=080309A2-9AF6-914F-9FD3-1CF32BAE4613 HTTP/1.1" 200 64971
66.249.79.198 - - [05/Mar/2025:02:40:48 +0100] "GET /ticket2/opencms/en/buy/?page=10&eventid=4CD3BFC4-6826-2F08-586B-E7C2046942C2 HTTP/1.1" 200 64971
66.249.79.199 - - [05/Mar/2025:02:40:50 +0100] "GET /ticket2/opencms/en/buy/?page=10&eventid=B85BEE98-8727-2424-2597-5E99D818B644 HTTP/1.1" 200 64970
45.156.128.130 - - [05/Mar/2025:02:44:31 +0100] "GET /ticket2/opencms/ HTTP/1.1" 302 -
45.156.128.130 - - [05/Mar/2025:02:44:31 +0100] "GET /ticket2/opencms/en/ HTTP/1.1" 200 66763
194.120.230.215 - - [05/Mar/2025:02:45:39 +0100] "GET /cgi-bin/luci/;stok=/locale HTTP/1.1" 404 -
66.249.79.198 - - [05/Mar/2025:02:45:57 +0100] "GET /ticket2/opencms/sv/about/contact/ HTTP/1.1" 200 64501
194.120.230.215 - - [05/Mar/2025:02:46:42 +0100] "GET /ticket2/opencms/cgi-bin/luci/;stok=/locale HTTP/1.1" 404 -
194.120.230.215 - - [05/Mar/2025:02:53:39 +0100] "GET /cgi-bin/luci/;stok=/locale HTTP/1.1" 404 -
66.249.79.197 - - [05/Mar/2025:02:56:13 +0100] "GET /ticket2/opencms/sv/buy/?page=6&comcatid=97ECA65A-72DA-F9AF-9DBB-245D3CFED1BE&catid=D414C6A5-7A03-3389-42A8-D7B7FE32BB37 HTTP/1.1" 200 70203
66.249.79.198 - - [05/Mar/2025:03:00:51 +0100] "GET /ticket2/opencms/sv/buy/?page=6&comcatid=97ECA65A-72DA-F9AF-9DBB-245D3CFED1BE&catid=2CCC191C-F37F-B9CA-D41C-1204E575B328 HTTP/1.1" 200 70194
66.249.79.198 - - [05/Mar/2025:03:01:11 +0100] "GET /ticket2/opencms/sv/buy/?page=6&comcatid=97ECA65A-72DA-F9AF-9DBB-245D3CFED1BE&catid=7D3BEF66-5D88-3916-5B89-0E7B139E0169 HTTP/1.1" 200 70195
66.249.79.197 - - [05/Mar/2025:03:01:45 +0100] "GET /ticket2/opencms/sv/buy/?page=6&comcatid=97ECA65A-72DA-F9AF-9DBB-245D3CFED1BE&catid=81B744E7-1FEE-E757-C0AB-C7AF73CDE252 HTTP/1.1" 200 70189
194.120.230.215 - - [05/Mar/2025:03:02:46 +0100] "GET /ticket2/opencms/cgi-bin/luci/;stok=/locale HTTP/1.1" 404 -
66.249.76.71 - - [05/Mar/2025:03:05:33 +0100] "GET /ticket2/opencms/sv/buy/?page=6&comcatid=97ECA65A-72DA-F9AF-9DBB-245D3CFED1BE&catid=55D1256D-BDD9-CBA3-47A3-0A252F702555 HTTP/1.1" 200 70196
66.249.76.69 - - [05/Mar/2025:03:05:43 +0100] "GET /ticket2/opencms/sv/buy/?page=6&comcatid=97ECA65A-72DA-F9AF-9DBB-245D3CFED1BE&catid=F7FF413B-5FDF-82CF-E5BB-CD4AB6027974 HTTP/1.1" 200 70189
194.120.230.215 - - [05/Mar/2025:03:07:08 +0100] "GET /ticket2/opencms/cgi-bin/luci/;stok=/locale HTTP/1.1" 404 -
194.120.230.215 - - [05/Mar/2025:03:08:05 +0100] "GET /cgi-bin/luci/;stok=/locale HTTP/1.1" 404 -
66.249.79.199 - - [05/Mar/2025:03:09:49 +0100] "GET /ticket2/opencms/en/venue/?venueid=2F862179-0B10-FC34-DC0F-3A7D917FB335 HTTP/1.1" 200 63627
194.120.230.215 - - [05/Mar/2025:03:09:52 +0100] "GET /cgi-bin/luci/;stok=/locale HTTP/1.1" 404 -
66.249.79.197 - - [05/Mar/2025:03:11:22 +0100] "GET /ticket2/opencms/en/venue/?venueid=A4FD97C9-3112-FD78-66F7-32D2DBBAA5F9 HTTP/1.1" 200 63684
66.249.79.197 - - [05/Mar/2025:03:11:30 +0100] "GET /ticket2/opencms/en/venue/?venueid=D7369F89-3C56-4AD6-BDF2-0EBEA5228F16 HTTP/1.1" 200 63658
66.249.79.197 - - [05/Mar/2025:03:13:34 +0100] "GET /ticket2/opencms/en/venue/?venueid=2AFE6989-583A-A72A-83F2-90DEF8445DB9 HTTP/1.1" 200 63612
66.249.79.198 - - [05/Mar/2025:03:16:25 +0100] "GET /ticket2/opencms/en/venue/?venueid=7DFFA88D-A72E-EF83-E1F4-D4C0A7C75BDB HTTP/1.1" 200 63627
66.249.76.70 - - [05/Mar/2025:03:16:30 +0100] "GET /ticket2/opencms/en/venue/?venueid=3060E255-FFB8-E1FC-2EE4-0AD33AC358BD HTTP/1.1" 200 63724
64.62.197.21 - - [05/Mar/2025:03:17:50 +0100] "GET /ticket2/opencms/ HTTP/1.1" 302 -
195.246.120.122 - - [05/Mar/2025:03:19:12 +0100] "GET / HTTP/1.0" 404 -
170.106.179.68 - - [05/Mar/2025:03:19:25 +0100] "GET /ticket2/opencms/ HTTP/1.1" 302 -
170.106.179.68 - - [05/Mar/2025:03:19:27 +0100] "GET /ticket2/opencms/en/ HTTP/1.1" 200 66763
194.120.230.215 - - [05/Mar/2025:03:20:44 +0100] "GET /ticket2/opencms/cgi-bin/luci/;stok=/locale HTTP/1.1" 404 -
194.120.230.215 - - [05/Mar/2025:03:25:13 +0100] "GET /ticket2/opencms/cgi-bin/luci/;stok=/locale HTTP/1.1" 404 -
194.120.230.215 - - [05/Mar/2025:03:25:31 +0100] "GET /cgi-bin/luci/;stok=/locale HTTP/1.1" 404 -
64.62.197.26 - - [05/Mar/2025:03:25:43 +0100] "GET /ticket2/opencms/favicon.ico HTTP/1.1" 200 1406
66.249.79.199 - - [05/Mar/2025:03:26:49 +0100] "GET /ticket2/opencms/en/venue/?venueid=7E82DC48-1248-0BA8-8AD1-989A2C48BEDA HTTP/1.1" 200 63642
66.249.79.199 - - [05/Mar/2025:03:27:43 +0100] "GET /ticket2/opencms/en/venue/?venueid=73F2F83F-35FC-D320-77FF-C349F98B1063 HTTP/1.1" 200 63639
66.249.79.198 - - [05/Mar/2025:03:27:52 +0100] "GET /ticket2/opencms/en/venue/?venueid=83EBCF96-D843-3E0D-987B-C586316FD2AC HTTP/1.1" 200 63755
64.62.197.25 - - [05/Mar/2025:03:27:55 +0100] "GET /ticket2/opencms/ HTTP/1.1" 302 -
64.62.197.25 - - [05/Mar/2025:03:27:55 +0100] "GET /ticket2/opencms/en/ HTTP/1.1" 200 66763
66.249.79.198 - - [05/Mar/2025:03:28:33 +0100] "GET /ticket2/opencms/en/venue/?venueid=05361057-EBBB-11B2-D22F-B07AF39AA1F0 HTTP/1.1" 200 63616
165.227.85.187 - - [05/Mar/2025:03:28:40 +0100] "GET / HTTP/1.1" 404 -
103.208.231.223 - - [05/Mar/2025:03:29:46 +0100] "GET /boaform/admin/formLogin?username=adminisp&psd=adminisp HTTP/1.0" 404 -
194.120.230.215 - - [05/Mar/2025:03:30:10 +0100] "GET /cgi-bin/luci/;stok=/locale HTTP/1.1" 404 -
66.249.79.197 - - [05/Mar/2025:03:30:43 +0100] "GET /ticket2/opencms/en/venue/?venueid=1BBA4161-876F-505A-41A9-3DCAB11C11AD HTTP/1.1" 200 63616
64.62.197.24 - - [05/Mar/2025:03:30:56 +0100] "GET /ticket2/opencms/geoserver/web/ HTTP/1.1" 404 -
194.120.230.215 - - [05/Mar/2025:03:38:54 +0100] "GET /ticket2/opencms/cgi-bin/luci/;stok=/locale HTTP/1.1" 404 -
66.249.79.198 - - [05/Mar/2025:03:41:43 +0100] "GET /ticket2/opencms/en/venue/?venueid=22D725DE-51C6-0A7B-C9AD-59BC777D6F28 HTTP/1.1" 200 63639
66.249.76.69 - - [05/Mar/2025:03:43:30 +0100] "GET /ticket2/opencms/en/venue/?venueid=01D585F0-8906-9A4C-36CC-65BD1235CC9B HTTP/1.1" 200 63645
66.249.79.199 - - [05/Mar/2025:03:45:42 +0100] "GET /ticket2/opencms/en/venue/?venueid=A55A1297-1394-1530-C387-A901DC4F2499 HTTP/1.1" 200 63609
194.120.230.215 - - [05/Mar/2025:03:46:52 +0100] "GET /ticket2/opencms/cgi-bin/luci/;stok=/locale HTTP/1.1" 404 -
194.120.230.215 - - [05/Mar/2025:03:47:57 +0100] "GET /cgi-bin/luci/;stok=/locale HTTP/1.1" 404 -
66.249.76.70 - - [05/Mar/2025:03:50:24 +0100] "GET /ticket2/opencms/en/venue/?venueid=A58FBBD0-E5F6-D023-AA37-9672F1C99514 HTTP/1.1" 200 63642
194.120.230.215 - - [05/Mar/2025:03:50:37 +0100] "GET /cgi-bin/luci/;stok=/locale HTTP/1.1" 404 -
66.249.79.197 - - [05/Mar/2025:03:51:49 +0100] "GET /ticket2/opencms/en/venue/?venueid=2B29C6EC-89D0-6E9C-BAE4-2D03D28807C6 HTTP/1.1" 200 63652
205.210.31.67 - - [05/Mar/2025:03:54:33 +0100] "GET /ticket2/opencms/ HTTP/1.1" 302 -
205.210.31.67 - - [05/Mar/2025:03:54:34 +0100] "GET /ticket2/opencms/en/ HTTP/1.1" 200 66763
66.249.79.199 - - [05/Mar/2025:04:00:27 +0100] "GET /ticket2/opencms/en/venue/?venueid=FD61FD0F-7893-095D-0FF7-17503C5C1517 HTTP/1.1" 200 63631
194.120.230.215 - - [05/Mar/2025:04:01:00 +0100] "GET /ticket2/opencms/cgi-bin/luci/;stok=/locale HTTP/1.1" 404 -
66.249.79.198 - - [05/Mar/2025:04:01:25 +0100] "GET /ticket2/opencms/en/venue/?venueid=39B3A61A-44BF-44D0-2A9A-4F22CB9C7DF2 HTTP/1.1" 200 63655
66.249.79.197 - - [05/Mar/2025:04:01:48 +0100] "GET /ticket2/opencms/en/venue/?venueid=549D1F21-57F6-6965-4AE0-C027D23DF3A5 HTTP/1.1" 200 63727
194.120.230.215 - - [05/Mar/2025:04:03:05 +0100] "GET /ticket2/opencms/cgi-bin/luci/;stok=/locale HTTP/1.1" 404 -
194.120.230.215 - - [05/Mar/2025:04:05:19 +0100] "GET /cgi-bin/luci/;stok=/locale HTTP/1.1" 404 -
66.249.79.199 - - [05/Mar/2025:04:05:23 +0100] "GET /ticket2/opencms/en/venue/?venueid=C5476B3C-0464-46FE-ABA4-218B7E7B42C3 HTTP/1.1" 200 63616
68.183.8.234 - - [05/Mar/2025:04:05:45 +0100] "GET / HTTP/1.1" 404 -
194.120.230.215 - - [05/Mar/2025:04:08:31 +0100] "GET /cgi-bin/luci/;stok=/locale HTTP/1.1" 404 -
92.255.57.58 - - [05/Mar/2025:04:11:15 +0100] "GET /ticket2/opencms/?XDEBUG_SESSION_START=phpstorm HTTP/1.1" 302 -
92.255.57.58 - - [05/Mar/2025:04:11:16 +0100] "GET /ticket2/opencms/en/ HTTP/1.1" 200 66763
66.249.76.71 - - [05/Mar/2025:04:13:23 +0100] "GET /ticket2/opencms/en/venue/?venueid=24282DEB-2558-F658-4C50-90E4155081CA HTTP/1.1" 200 63619
66.249.76.69 - - [05/Mar/2025:04:14:35 +0100] "GET /ticket2/opencms/en/venue/?venueid=DAA6AE39-3D49-AA75-E977-846AD93A9CE8 HTTP/1.1" 200 63640
66.249.79.199 - - [05/Mar/2025:04:16:34 +0100] "GET /ticket2/opencms/en/venue/?venueid=D472C220-B929-5B16-8479-1E0BD6C92DF6 HTTP/1.1" 200 63624
66.249.79.198 - - [05/Mar/2025:04:16:49 +0100] "GET /ticket2/opencms/en/venue/?venueid=4DC8FB9D-B80E-E873-CA20-DF6B75642113 HTTP/1.1" 200 63631
194.120.230.215 - - [05/Mar/2025:04:17:09 +0100] "GET /ticket2/opencms/cgi-bin/luci/;stok=/locale HTTP/1.1" 404 -
66.249.76.70 - - [05/Mar/2025:04:17:53 +0100] "GET /ticket2/opencms/en/venue/?venueid=AD7646E3-6B04-B7A0-6EC4-E012A5391A5E HTTP/1.1" 200 63637
66.249.79.198 - - [05/Mar/2025:04:17:54 +0100] "GET /ticket2/opencms/sv/buy/?page=6&comcatid=97ECA65A-72DA-F9AF-9DBB-245D3CFED1BE&catid=8B6802AF-1ADE-4BE1-A1F7-7671190CFB4F HTTP/1.1" 200 70196
66.249.76.69 - - [05/Mar/2025:04:18:25 +0100] "GET /ticket2/opencms/en/venue/?venueid=1CE151F4-2354-6307-B652-D020F81C0057 HTTP/1.1" 200 63604
66.249.79.197 - - [05/Mar/2025:04:18:51 +0100] "GET /ticket2/opencms/en/venue/?venueid=9E11657F-4DEC-23FB-7EA0-FBC7E33C2918 HTTP/1.1" 200 63609
40.77.167.47 - - [05/Mar/2025:04:21:39 +0100] "GET /ticket2/opencms/en/venue/?countryid=D2692076-DE03-44FD-327A-B8175A419AF6 HTTP/1.1" 200 93013
141.255.166.90 - - [05/Mar/2025:04:22:20 +0100] "GET /cgi-bin/luci/;stok=/locale HTTP/1.1" 404 -
194.120.230.215 - - [05/Mar/2025:04:22:28 +0100] "GET /cgi-bin/luci/;stok=/locale HTTP/1.1" 404 -
194.120.230.215 - - [05/Mar/2025:04:23:52 +0100] "GET /ticket2/opencms/cgi-bin/luci/;stok=/locale HTTP/1.1" 404 -
104.234.115.197 - - [05/Mar/2025:04:24:12 +0100] "GET / HTTP/1.0" 404 -
104.234.115.197 - - [05/Mar/2025:04:24:52 +0100] "GET / HTTP/1.1" 404 -
104.234.115.197 - - [05/Mar/2025:04:25:02 +0100] "GET /manage/account/login HTTP/1.1" 404 -
104.234.115.197 - - [05/Mar/2025:04:25:11 +0100] "GET /admin/index.html HTTP/1.1" 404 -
104.234.115.197 - - [05/Mar/2025:04:25:24 +0100] "GET /index.html HTTP/1.1" 404 -
104.234.115.197 - - [05/Mar/2025:04:25:33 +0100] "GET /+CSCOE+/logon.html HTTP/1.1" 404 -
104.234.115.197 - - [05/Mar/2025:04:25:42 +0100] "GET /cgi-bin/login.cgi HTTP/1.1" 404 -
104.234.115.197 - - [05/Mar/2025:04:25:50 +0100] "GET /login.htm HTTP/1.1" 404 -
104.234.115.197 - - [05/Mar/2025:04:26:03 +0100] "GET /login.html HTTP/1.1" 404 -
104.234.115.197 - - [05/Mar/2025:04:26:17 +0100] "GET /login.jsp HTTP/1.1" 404 -
104.234.115.197 - - [05/Mar/2025:04:26:27 +0100] "GET /login HTTP/1.1" 404 -
104.234.115.197 - - [05/Mar/2025:04:26:35 +0100] "GET /doc/index.html HTTP/1.1" 404 -
104.234.115.197 - - [05/Mar/2025:04:26:44 +0100] "GET /remote/login HTTP/1.1" 404 -
104.234.115.197 - - [05/Mar/2025:04:26:53 +0100] "GET //admin/login.asp HTTP/1.1" 404 -
104.234.115.197 - - [05/Mar/2025:04:27:01 +0100] "GET /web/ HTTP/1.1" 404 -
104.234.115.197 - - [05/Mar/2025:04:27:09 +0100] "GET //webpages/login.html HTTP/1.1" 404 -
66.249.79.198 - - [05/Mar/2025:04:27:22 +0100] "GET /ticket2/opencms/en/venue/?venueid=23DADC67-2F89-C2AE-F234-7909D8077B49 HTTP/1.1" 200 63642
66.249.79.199 - - [05/Mar/2025:04:27:30 +0100] "GET /ticket2/opencms/en/venue/?venueid=86AE90BC-D8AF-A4B6-5DCE-73A3626C185F HTTP/1.1" 200 63669
66.249.76.70 - - [05/Mar/2025:04:27:33 +0100] "GET /ticket2/opencms/en/venue/?venueid=FBAFDD4B-DAD3-1027-F610-2E658B7C0EA4 HTTP/1.1" 200 63700
66.249.79.197 - - [05/Mar/2025:04:27:42 +0100] "GET /ticket2/opencms/en/venue/?venueid=F07570AB-6180-6ECF-7A44-E3C64FEDE92E HTTP/1.1" 200 63671
66.249.79.197 - - [05/Mar/2025:04:27:48 +0100] "GET /ticket2/opencms/en/venue/?venueid=A75E3180-F5B5-619F-EC2B-362299C2CBCC HTTP/1.1" 200 63628
194.120.230.215 - - [05/Mar/2025:04:28:39 +0100] "GET /cgi-bin/luci/;stok=/locale HTTP/1.1" 404 -
194.120.230.215 - - [05/Mar/2025:04:36:09 +0100] "GET /ticket2/opencms/cgi-bin/luci/;stok=/locale HTTP/1.1" 404 -
66.249.79.199 - - [05/Mar/2025:04:37:12 +0100] "GET /ticket2/opencms/en/venue/?venueid=44FEF35E-84F0-1C09-675A-B5A8DF72F159 HTTP/1.1" 200 63684
66.249.79.197 - - [05/Mar/2025:04:37:23 +0100] "GET /ticket2/opencms/en/venue/?venueid=ECA1E61D-2477-4810-8BC2-649930C9F0AE HTTP/1.1" 200 63643
66.249.79.197 - - [05/Mar/2025:04:40:53 +0100] "GET /ticket2/opencms/en/venue/?venueid=8F226E17-13FE-CC18-B0C6-2591DA99778F HTTP/1.1" 200 63630
194.120.230.215 - - [05/Mar/2025:04:43:13 +0100] "GET /cgi-bin/luci/;stok=/locale HTTP/1.1" 404 -
66.249.76.69 - - [05/Mar/2025:04:43:57 +0100] "GET /ticket2/opencms/en/venue/?venueid=004352C5-E3C9-4789-9D05-F691F3C15650 HTTP/1.1" 200 63640
194.120.230.215 - - [05/Mar/2025:04:44:13 +0100] "GET /ticket2/opencms/cgi-bin/luci/;stok=/locale HTTP/1.1" 404 -
66.249.79.198 - - [05/Mar/2025:04:44:43 +0100] "GET /ticket2/opencms/en/venue/?venueid=F7C7B813-65CC-75A1-88FA-A5B025A08445 HTTP/1.1" 200 63624
165.232.105.128 - - [05/Mar/2025:04:44:49 +0100] "GET /ticket2/opencms/.env HTTP/1.1" 404 -
66.249.79.197 - - [05/Mar/2025:04:46:46 +0100] "GET /ticket2/opencms/en/venue/?venueid=E2D4E9F9-CC54-5F87-2390-831138B18156 HTTP/1.1" 200 63675
66.249.79.198 - - [05/Mar/2025:04:47:30 +0100] "GET /ticket2/opencms/en/venue/?venueid=4940DD91-F1E0-5184-44D4-933CD337492E HTTP/1.1" 200 63721
194.120.230.215 - - [05/Mar/2025:04:48:04 +0100] "GET /cgi-bin/luci/;stok=/locale HTTP/1.1" 404 -
66.249.76.71 - - [05/Mar/2025:04:50:46 +0100] "GET /ticket2/opencms/en/venue/?venueid=5A418B6B-801E-D3D5-FCE2-DE803F28D272 HTTP/1.1" 200 63612
43.131.36.84 - - [05/Mar/2025:04:53:17 +0100] "GET /ticket2/opencms/ HTTP/1.1" 302 -
43.131.36.84 - - [05/Mar/2025:04:53:19 +0100] "GET /ticket2/opencms/en/ HTTP/1.1" 200 66763
194.120.230.215 - - [05/Mar/2025:04:56:35 +0100] "GET /ticket2/opencms/cgi-bin/luci/;stok=/locale HTTP/1.1" 404 -
194.120.230.215 - - [05/Mar/2025:05:00:21 +0100] "GET /ticket2/opencms/cgi-bin/luci/;stok=/locale HTTP/1.1" 404 -
66.249.76.70 - - [05/Mar/2025:05:01:24 +0100] "GET /ticket2/opencms/en/venue/?venueid=46DC1BEE-587B-35C7-7302-335A03B6455F HTTP/1.1" 200 63615
194.120.230.215 - - [05/Mar/2025:05:02:08 +0100] "GET /cgi-bin/luci/;stok=/locale HTTP/1.1" 404 -
66.249.79.199 - - [05/Mar/2025:05:02:26 +0100] "GET /ticket2/opencms/en/venue/?venueid=E16419C0-E16D-8616-72CD-19175637FF0C HTTP/1.1" 200 63636
194.120.230.215 - - [05/Mar/2025:05:05:22 +0100] "GET /cgi-bin/luci/;stok=/locale HTTP/1.1" 404 -
66.249.79.199 - - [05/Mar/2025:05:08:35 +0100] "GET /ticket2/opencms/en/venue/?venueid=2F6DFDC1-F019-8112-F2A0-0983384F59FC HTTP/1.1" 200 63628
66.249.79.197 - - [05/Mar/2025:05:10:26 +0100] "GET /ticket2/opencms/en/venue/?venueid=849CB8D2-585E-A2B3-5FDB-72B7613BA7D9 HTTP/1.1" 200 63624
66.249.79.198 - - [05/Mar/2025:05:10:48 +0100] "GET /ticket2/opencms/en/venue/?venueid=9D84887A-3E38-5E6C-5F2C-BA93851DE9A4 HTTP/1.1" 200 63597
66.249.79.197 - - [05/Mar/2025:05:11:22 +0100] "GET /ticket2/opencms/en/venue/?venueid=6B6CD597-19E3-DE91-73C1-62D0A84F1A85 HTTP/1.1" 200 63616
66.249.79.199 - - [05/Mar/2025:05:11:39 +0100] "GET /ticket2/opencms/en/venue/?venueid=E52A829F-C2AE-A6F9-C68D-2247D565A11F HTTP/1.1" 200 63720
141.255.166.90 - - [05/Mar/2025:05:11:53 +0100] "GET /cgi-bin/luci/;stok=/locale HTTP/1.1" 404 -
194.120.230.215 - - [05/Mar/2025:05:12:59 +0100] "GET /ticket2/opencms/cgi-bin/luci/;stok=/locale HTTP/1.1" 404 -
66.249.79.199 - - [05/Mar/2025:05:16:40 +0100] "GET /ticket2/opencms/en/venue/?venueid=30E59E70-2AD5-DB3F-8F99-0F76DBFE059E HTTP/1.1" 200 63645
66.249.76.70 - - [05/Mar/2025:05:16:58 +0100] "GET /ticket2/opencms/en/venue/?venueid=86DEA7DE-EC8B-6F7F-4E07-89780910ACCD HTTP/1.1" 200 63633
102.215.57.199 - - [05/Mar/2025:05:17:08 +0100] "GET / HTTP/1.1" 404 -
194.120.230.215 - - [05/Mar/2025:05:18:24 +0100] "GET /ticket2/opencms/cgi-bin/luci/;stok=/locale HTTP/1.1" 404 -
194.120.230.215 - - [05/Mar/2025:05:20:43 +0100] "GET /cgi-bin/luci/;stok=/locale HTTP/1.1" 404 -
66.249.79.199 - - [05/Mar/2025:05:22:26 +0100] "GET /ticket2/opencms/en/venue/?venueid=EB77ABB2-7681-5353-78ED-A3ADEC5FE4B1 HTTP/1.1" 200 63636
194.120.230.215 - - [05/Mar/2025:05:23:20 +0100] "GET /cgi-bin/luci/;stok=/locale HTTP/1.1" 404 -
92.255.57.58 - - [05/Mar/2025:05:25:03 +0100] "GET /ticket2/opencms/actuator/gateway/routes HTTP/1.1" 404 -
66.249.79.199 - - [05/Mar/2025:05:25:46 +0100] "GET /ticket2/opencms/en/venue/?venueid=BC924132-7F96-0646-A878-2E37F8A82CF2 HTTP/1.1" 200 63612
66.249.79.197 - - [05/Mar/2025:05:27:22 +0100] "GET /ticket2/opencms/en/venue/?venueid=99F349EB-97D3-4327-F972-D173DD5F2DAA HTTP/1.1" 200 63573
66.249.79.199 - - [05/Mar/2025:05:27:40 +0100] "GET /ticket2/opencms/en/venue/?venueid=DABDC4D6-A186-DAE6-C644-5DB9CB011EEC HTTP/1.1" 200 63748
204.188.228.14 - - [05/Mar/2025:05:28:15 +0100] "GET /ticket2/opencms/ab2g HTTP/1.1" 404 -
204.188.228.14 - - [05/Mar/2025:05:28:15 +0100] "GET /ticket2/opencms/ab2h HTTP/1.1" 404 -
204.188.228.14 - - [05/Mar/2025:05:28:16 +0100] "GET /ticket2/opencms/alive.php HTTP/1.1" 404 -
204.188.228.14 - - [05/Mar/2025:05:28:19 +0100] "GET /ticket2/opencms/ HTTP/1.1" 302 -
204.188.228.14 - - [05/Mar/2025:05:28:20 +0100] "GET /ticket2/opencms/t4 HTTP/1.1" 404 -
204.188.228.14 - - [05/Mar/2025:05:28:21 +0100] "GET /ticket2/opencms/favicon.ico HTTP/1.1" 200 1406
204.188.228.14 - - [05/Mar/2025:05:28:22 +0100] "GET /ticket2/opencms/ HTTP/1.1" 302 -
204.188.228.14 - - [05/Mar/2025:05:28:22 +0100] "GET /ticket2/opencms/teorema505?t=1 HTTP/1.1" 404 -
194.120.230.215 - - [05/Mar/2025:05:31:31 +0100] "GET /ticket2/opencms/cgi-bin/luci/;stok=/locale HTTP/1.1" 404 -
66.249.79.199 - - [05/Mar/2025:05:35:42 +0100] "GET /ticket2/opencms/en/venue/?venueid=5A7F3216-3247-9899-48F9-7CCF4571FF29 HTTP/1.1" 200 63630
194.120.230.215 - - [05/Mar/2025:05:36:51 +0100] "GET /cgi-bin/luci/;stok=/locale HTTP/1.1" 404 -
194.120.230.215 - - [05/Mar/2025:05:37:21 +0100] "GET /ticket2/opencms/cgi-bin/luci/;stok=/locale HTTP/1.1" 404 -
66.249.79.199 - - [05/Mar/2025:05:37:34 +0100] "GET /ticket2/opencms/en/venue/?venueid=373A8158-EF4F-C52F-8418-B13477C2157B HTTP/1.1" 200 63703
66.249.76.71 - - [05/Mar/2025:05:42:33 +0100] "GET /ticket2/opencms/en/venue/?venueid=A0215E07-B078-8AA5-6DA4-5B2EADC61CED HTTP/1.1" 200 63687
66.249.79.197 - - [05/Mar/2025:05:43:48 +0100] "GET /ticket2/opencms/en/venue/?venueid=D18D6787-79C9-168D-043E-699F3EFDABDE HTTP/1.1" 200 63616
66.249.79.198 - - [05/Mar/2025:05:43:54 +0100] "GET /ticket2/opencms/en/venue/?venueid=E1FDA495-A4B3-5F1B-7AE5-E9A07438E5E1 HTTP/1.1" 200 63630
66.249.79.197 - - [05/Mar/2025:05:44:35 +0100] "GET /ticket2/opencms/en/venue/?venueid=38BF0C40-6823-C6D1-9FFB-8896B6F987BE HTTP/1.1" 200 63666
141.98.11.112 - - [05/Mar/2025:05:44:38 +0100] "/*?Cookie: mstshash=Administr " 400 -
194.120.230.215 - - [05/Mar/2025:05:45:28 +0100] "GET /cgi-bin/luci/;stok=/locale HTTP/1.1" 404 -
66.249.79.199 - - [05/Mar/2025:05:48:23 +0100] "GET /ticket2/opencms/en/venue/?venueid=B9A3249B-A407-83D8-700C-4E1EE9D257A8 HTTP/1.1" 200 63648
20.65.194.46 - - [05/Mar/2025:05:49:22 +0100] "GET / HTTP/1.1" 404 -
66.249.76.69 - - [05/Mar/2025:05:50:24 +0100] "GET /ticket2/opencms/en/venue/?venueid=F99CBBAF-7922-5F3D-94E5-84437A50F751 HTTP/1.1" 200 63598
66.249.76.70 - - [05/Mar/2025:05:51:11 +0100] "GET /ticket2/opencms/en/venue/?venueid=ADC2EAE7-F3B9-5998-1901-D9DA30ACB19A HTTP/1.1" 200 63600
66.249.79.197 - - [05/Mar/2025:05:51:46 +0100] "GET /ticket2/opencms/en/venue/?venueid=4264E775-2245-34EC-AB9C-8E5203A0BEEE HTTP/1.1" 200 63628
66.249.79.198 - - [05/Mar/2025:05:52:51 +0100] "GET /ticket2/opencms/sv/sport/fotbollsbiljetter/premier_league/birmingham/ HTTP/1.1" 200 70714
8.208.10.94 - - [05/Mar/2025:05:53:21 +0100] "GET /ticket2/opencms/dns-query?dns=pIwBAAABAAAAAAAAB2V4YW1wbGUDY29tAAABAAE HTTP/1.1" 404 -
8.208.10.94 - - [05/Mar/2025:05:53:21 +0100] "POST /ticket2/opencms/dns-query HTTP/1.1" 404 -
8.208.10.94 - - [05/Mar/2025:05:53:22 +0100] "GET /ticket2/opencms/dns-query?name=example.com&type=A HTTP/1.1" 404 -
8.208.10.94 - - [05/Mar/2025:05:53:22 +0100] "GET /ticket2/opencms/dns-query?dns=-b4BAAABAAAAAAAAB2V4YW1wbGUDY29tAAABAAE HTTP/1.1" 404 -
8.208.10.94 - - [05/Mar/2025:05:53:22 +0100] "POST /ticket2/opencms/dns-query HTTP/1.1" 404 -
8.208.10.94 - - [05/Mar/2025:05:53:22 +0100] "GET /ticket2/opencms/dns-query?name=example.com&type=A HTTP/1.1" 404 -
8.208.10.94 - - [05/Mar/2025:05:53:22 +0100] "GET /ticket2/opencms/query?dns=DCMBAAABAAAAAAAAB2V4YW1wbGUDY29tAAABAAE HTTP/1.1" 404 -
8.208.10.94 - - [05/Mar/2025:05:53:22 +0100] "POST /ticket2/opencms/query HTTP/1.1" 404 -
8.208.10.94 - - [05/Mar/2025:05:53:22 +0100] "GET /ticket2/opencms/query?name=example.com&type=A HTTP/1.1" 404 -
8.208.10.94 - - [05/Mar/2025:05:53:22 +0100] "GET /ticket2/opencms/query?dns=QCkBAAABAAAAAAAAB2V4YW1wbGUDY29tAAABAAE HTTP/1.1" 404 -
8.208.10.94 - - [05/Mar/2025:05:53:22 +0100] "POST /ticket2/opencms/query HTTP/1.1" 404 -
8.208.10.94 - - [05/Mar/2025:05:53:22 +0100] "GET /ticket2/opencms/query?name=example.com&type=A HTTP/1.1" 404 -
8.208.10.94 - - [05/Mar/2025:05:53:22 +0100] "GET /ticket2/opencms/resolve?dns=8HgBAAABAAAAAAAAB2V4YW1wbGUDY29tAAABAAE HTTP/1.1" 404 -
8.208.10.94 - - [05/Mar/2025:05:53:22 +0100] "POST /ticket2/opencms/resolve HTTP/1.1" 404 -
8.208.10.94 - - [05/Mar/2025:05:53:22 +0100] "GET /ticket2/opencms/resolve?name=example.com&type=A HTTP/1.1" 404 -
8.208.10.94 - - [05/Mar/2025:05:53:22 +0100] "GET /ticket2/opencms/resolve?dns=tsgBAAABAAAAAAAAB2V4YW1wbGUDY29tAAABAAE HTTP/1.1" 404 -
8.208.10.94 - - [05/Mar/2025:05:53:22 +0100] "POST /ticket2/opencms/resolve HTTP/1.1" 404 -
8.208.10.94 - - [05/Mar/2025:05:53:22 +0100] "GET /ticket2/opencms/resolve?name=example.com&type=A HTTP/1.1" 404 -
8.208.10.94 - - [05/Mar/2025:05:53:22 +0100] "GET /ticket2/opencms/?dns=5BABAAABAAAAAAAAB2V4YW1wbGUDY29tAAABAAE HTTP/1.1" 302 -
8.208.10.94 - - [05/Mar/2025:05:53:22 +0100] "POST /ticket2/opencms/ HTTP/1.1" 302 -
8.208.10.94 - - [05/Mar/2025:05:53:23 +0100] "GET /ticket2/opencms/?name=example.com&type=A HTTP/1.1" 302 -
8.208.10.94 - - [05/Mar/2025:05:53:23 +0100] "GET /ticket2/opencms/?dns=B1QBAAABAAAAAAAAB2V4YW1wbGUDY29tAAABAAE HTTP/1.1" 302 -
8.208.10.94 - - [05/Mar/2025:05:53:23 +0100] "POST /ticket2/opencms/ HTTP/1.1" 302 -
8.208.10.94 - - [05/Mar/2025:05:53:23 +0100] "GET /ticket2/opencms/?name=example.com&type=A HTTP/1.1" 302 -
66.249.79.197 - - [05/Mar/2025:05:53:30 +0100] "GET /ticket2/opencms/en/venue/?countryid=E5A463DD-D0D6-2F66-230F-35633A8D9ED0 HTTP/1.1" 200 93013
141.255.166.90 - - [05/Mar/2025:05:53:32 +0100] "GET /cgi-bin/luci/;stok=/locale HTTP/1.1" 404 -
207.90.244.11 - - [05/Mar/2025:05:54:03 +0100] "GET /ticket2/opencms/ HTTP/1.1" 302 -
207.90.244.11 - - [05/Mar/2025:05:54:05 +0100] "GET /ticket2/opencms/en/ HTTP/1.1" 200 66763
207.90.244.11 - - [05/Mar/2025:05:54:22 +0100] "GET /ticket2/opencms/robots.txt HTTP/1.1" 200 773
207.90.244.11 - - [05/Mar/2025:05:54:22 +0100] "GET /ticket2/opencms/sitemap.xml HTTP/1.1" 200 37572
207.90.244.11 - - [05/Mar/2025:05:54:23 +0100] "GET /ticket2/opencms/.well-known/security.txt HTTP/1.1" 404 -
207.90.244.11 - - [05/Mar/2025:05:54:25 +0100] "GET /ticket2/opencms/favicon.ico HTTP/1.1" 200 1406
194.120.230.215 - - [05/Mar/2025:05:55:09 +0100] "GET /ticket2/opencms/cgi-bin/luci/;stok=/locale HTTP/1.1" 404 -
194.120.230.215 - - [05/Mar/2025:06:00:26 +0100] "GET /cgi-bin/luci/;stok=/locale HTTP/1.1" 404 -
194.120.230.215 - - [05/Mar/2025:06:00:58 +0100] "GET /ticket2/opencms/cgi-bin/luci/;stok=/locale HTTP/1.1" 404 -
194.120.230.215 - - [05/Mar/2025:06:02:44 +0100] "GET /cgi-bin/luci/;stok=/locale HTTP/1.1" 404 -
66.249.79.198 - - [05/Mar/2025:06:02:46 +0100] "GET /ticket2/opencms/en/venue/?venueid=528266DB-B725-5242-215F-7BD3CE4ED9FF HTTP/1.1" 200 63630
66.249.79.198 - - [05/Mar/2025:06:03:21 +0100] "GET /ticket2/opencms/en/venue/?venueid=157C41AC-9990-241E-A78B-828C374EF543 HTTP/1.1" 200 63745
66.249.79.198 - - [05/Mar/2025:06:04:34 +0100] "GET /ticket2/opencms/en/venue/?venueid=7DFE5FAB-A7F9-D9CB-B181-D0F227E04C90 HTTP/1.1" 200 63618
66.249.79.199 - - [05/Mar/2025:06:05:25 +0100] "GET /ticket2/opencms/en/venue/?venueid=65ED2D8A-C56D-F2C5-27DA-120D16E2A9AE HTTP/1.1" 200 63724
66.249.76.69 - - [05/Mar/2025:06:05:33 +0100] "GET /ticket2/opencms/en/venue/?venueid=630E70AB-B3E3-ED18-A61B-E2859D17F940 HTTP/1.1" 200 63633
185.242.226.109 - - [05/Mar/2025:06:10:44 +0100] "GET /ticket2/opencms/ HTTP/1.1" 302 -
185.242.226.109 - - [05/Mar/2025:06:10:44 +0100] "GET /ticket2/opencms/en/ HTTP/1.1" 200 66763
66.249.79.198 - - [05/Mar/2025:06:12:57 +0100] "GET /ticket2/opencms/en/venue/?venueid=EA804EE9-079E-9D15-9A71-C89C6269C331 HTTP/1.1" 200 63622
194.120.230.215 - - [05/Mar/2025:06:13:29 +0100] "GET /ticket2/opencms/cgi-bin/luci/;stok=/locale HTTP/1.1" 404 -
66.249.76.69 - - [05/Mar/2025:06:13:34 +0100] "GET /ticket2/opencms/en/venue/?venueid=161A25A1-F416-8A38-C48B-CA3253B2326B HTTP/1.1" 200 63714
66.249.79.198 - - [05/Mar/2025:06:16:23 +0100] "GET /ticket2/opencms/en/venue/?venueid=7017A2F5-FDAD-0EE7-3D35-B52980248ADD HTTP/1.1" 200 63672
194.120.230.215 - - [05/Mar/2025:06:17:31 +0100] "GET /ticket2/opencms/cgi-bin/luci/;stok=/locale HTTP/1.1" 404 -
194.120.230.215 - - [05/Mar/2025:06:18:01 +0100] "GET /cgi-bin/luci/;stok=/locale HTTP/1.1" 404 -
66.249.79.197 - - [05/Mar/2025:06:18:32 +0100] "GET /ticket2/opencms/en/venue/?venueid=1C245787-B670-B45B-9FDB-63071D66AAAA HTTP/1.1" 200 63612
66.249.76.69 - - [05/Mar/2025:06:18:52 +0100] "GET /ticket2/opencms/en/venue/?venueid=D83A67D7-A141-9489-1425-0ABF7FD0961D HTTP/1.1" 200 63616
66.249.79.198 - - [05/Mar/2025:06:20:26 +0100] "GET /ticket2/opencms/en/venue/?venueid=2C09BEA1-5E2F-8434-031D-62BC13D49C80 HTTP/1.1" 200 63649
66.249.79.197 - - [05/Mar/2025:06:20:31 +0100] "GET /ticket2/opencms/en/venue/?venueid=3B0B3F5D-FFA8-DF13-4D74-A2C019267C7D HTTP/1.1" 200 63646
66.249.79.197 - - [05/Mar/2025:06:20:56 +0100] "GET /ticket2/opencms/en/venue/?venueid=A80A0A61-7C37-1A40-97CB-2266617DAAEF HTTP/1.1" 200 63604
66.249.76.69 - - [05/Mar/2025:06:23:12 +0100] "GET /ticket2/opencms/en/venue/?venueid=7E50D8FA-8534-B576-687A-11043ABCF62E HTTP/1.1" 200 63621
66.249.79.198 - - [05/Mar/2025:06:23:25 +0100] "GET /ticket2/opencms/en/venue/?venueid=0B9975D1-A2ED-D828-2456-3EB94DF3E37F HTTP/1.1" 200 63660
194.120.230.215 - - [05/Mar/2025:06:24:24 +0100] "GET /cgi-bin/luci/;stok=/locale HTTP/1.1" 404 -
66.249.79.198 - - [05/Mar/2025:06:24:34 +0100] "GET /ticket2/opencms/en/venue/?venueid=E377668B-464D-C748-144D-209F1470B0EF HTTP/1.1" 200 63648
66.249.76.69 - - [05/Mar/2025:06:25:23 +0100] "GET /ticket2/opencms/en/venue/?venueid=737F9F7B-5133-4683-A21D-F97D14F13C48 HTTP/1.1" 200 63635
205.210.31.37 - - [05/Mar/2025:06:26:03 +0100] "???K??X?c?S_h?h?CyI?)????3?N???! w????J??? ??H?N?=?aSu\?w>/?????AR??????????+?/?,?0? ??" 400 -
194.120.230.215 - - [05/Mar/2025:08:22:18 +0100] "GET /cgi-bin/luci/;stok=/locale HTTP/1.1" 404 -
66.249.79.198 - - [05/Mar/2025:08:27:34 +0100] "GET /ticket2/opencms/en/venue/?venueid=0DA9220F-5BB2-461D-5A38-C07E9D74A1A9 HTTP/1.1" 200 63615
66.249.79.198 - - [05/Mar/2025:08:27:39 +0100] "GET /ticket2/opencms/en/venue/?venueid=C517FF86-D6DC-504E-2694-757DC653B6AB HTTP/1.1" 200 63652
141.255.166.90 - - [05/Mar/2025:08:27:56 +0100] "GET /cgi-bin/luci/;stok=/locale HTTP/1.1" 404 -
66.249.79.199 - - [05/Mar/2025:08:29:43 +0100] "GET /ticket2/opencms/en/venue/?venueid=BCC58979-A0BB-82A8-394D-152CD294A8FC HTTP/1.1" 200 63666
66.249.76.77 - - [05/Mar/2025:08:30:42 +0100] "GET /ticket2/opencms/en/venue/?venueid=4E57517D-EB34-B5C4-C05B-4A4E6641D62F HTTP/1.1" 200 63630
194.120.230.215 - - [05/Mar/2025:08:31:57 +0100] "GET /ticket2/opencms/cgi-bin/luci/;stok=/locale HTTP/1.1" 404 -
66.249.76.67 - - [05/Mar/2025:08:32:46 +0100] "GET /ticket2/opencms/en/venue/?venueid=69923349-A528-C93F-2999-4DA35CF7FB58 HTTP/1.1" 200 63648
194.120.230.215 - - [05/Mar/2025:08:38:16 +0100] "GET /cgi-bin/luci/;stok=/locale HTTP/1.1" 404 -
194.120.230.215 - - [05/Mar/2025:08:40:34 +0100] "GET /ticket2/opencms/cgi-bin/luci/;stok=/locale HTTP/1.1" 404 -
66.249.79.198 - - [05/Mar/2025:08:41:54 +0100] "GET /ticket2/opencms/en/venue/?venueid=6C55D1E9-72F5-889C-F1F5-1AEF3FBCF763 HTTP/1.1" 200 63615
194.120.230.215 - - [05/Mar/2025:08:44:42 +0100] "GET /cgi-bin/luci/;stok=/locale HTTP/1.1" 404 -
194.120.230.215 - - [05/Mar/2025:08:53:25 +0100] "GET /ticket2/opencms/cgi-bin/luci/;stok=/locale HTTP/1.1" 404 -
66.249.76.69 - - [05/Mar/2025:08:55:25 +0100] "GET /ticket2/opencms/en/venue/?venueid=9DA8A4B3-4A97-FBB2-EFB7-185E7CEA4A49 HTTP/1.1" 200 63619
66.249.79.198 - - [05/Mar/2025:08:56:25 +0100] "GET /ticket2/opencms/en/venue/?venueid=50ADE794-FDC0-9A3D-A90D-B6243D82F793 HTTP/1.1" 200 63648
194.120.230.215 - - [05/Mar/2025:08:56:32 +0100] "GET /ticket2/opencms/cgi-bin/luci/;stok=/locale HTTP/1.1" 404 -
194.120.230.215 - - [05/Mar/2025:08:57:08 +0100] "GET /cgi-bin/luci/;stok=/locale HTTP/1.1" 404 -
66.249.79.197 - - [05/Mar/2025:08:57:13 +0100] "GET /ticket2/opencms/en/venue/?venueid=EF08F761-6D3A-2C5E-CAD2-0E2506BB1071 HTTP/1.1" 200 63699
141.255.166.90 - - [05/Mar/2025:08:59:14 +0100] "GET /ticket2/opencms/cgi-bin/luci/;stok=/locale HTTP/1.1" 404 -
66.249.79.197 - - [05/Mar/2025:08:59:40 +0100] "GET /ticket2/opencms/en/venue/?venueid=B781A402-D863-1F75-F682-75473A301298 HTTP/1.1" 200 63592
118.193.56.246 - - [05/Mar/2025:09:00:48 +0100] "GET /ticket2/opencms/ HTTP/1.1" 302 -
194.120.230.215 - - [05/Mar/2025:09:00:54 +0100] "GET /cgi-bin/luci/;stok=/locale HTTP/1.1" 404 -
101.36.108.133 - - [05/Mar/2025:09:01:38 +0100] "GET /ticket2/opencms/ HTTP/1.1" 302 -
101.36.108.133 - - [05/Mar/2025:09:01:39 +0100] "GET /ticket2/opencms/favicon.ico HTTP/1.1" 200 1406
101.36.108.133 - - [05/Mar/2025:09:01:41 +0100] "GET /ticket2/opencms/en/ HTTP/1.1" 200 66763
101.36.108.133 - - [05/Mar/2025:09:01:41 +0100] "GET /ticket2/opencms/en/ HTTP/1.1" 200 66763
101.36.108.133 - - [05/Mar/2025:09:01:45 +0100] "GET /ticket2/opencms/favicon.ico HTTP/1.1" 200 1406
101.36.108.133 - - [05/Mar/2025:09:01:46 +0100] "GET /ticket2/opencms/en/sitemap.xml HTTP/1.1" 200 37572
101.36.108.133 - - [05/Mar/2025:09:01:46 +0100] "GET /ticket2/opencms/en/robots.txt HTTP/1.1" 404 -
101.36.108.133 - - [05/Mar/2025:09:01:49 +0100] "GET /ticket2/opencms/en/ HTTP/1.1" 200 66763
101.36.108.133 - - [05/Mar/2025:09:01:51 +0100] "GET /ticket2/opencms/favicon.ico HTTP/1.1" 200 1406
101.36.108.133 - - [05/Mar/2025:09:01:52 +0100] "GET /ticket2/opencms/system/modules/com.gridnine.opencms.ticketbrokerage.site/resources/pics/logo-new.png HTTP/1.1" 200 13541
101.36.108.133 - - [05/Mar/2025:09:01:53 +0100] "GET /ticket2/opencms/system/modules/com.gridnine.opencms.ticketbrokerage.site/resources/js/standard.js HTTP/1.1" 200 3928
101.36.108.133 - - [05/Mar/2025:09:01:54 +0100] "GET /ticket2/opencms/system/modules/com.gridnine.opencms.ticketbrokerage.site/resources/js/functions.js HTTP/1.1" 200 1583
101.36.108.133 - - [05/Mar/2025:09:01:55 +0100] "GET /ticket2/opencms/system/modules/com.gridnine.opencms.ticketbrokerage.site/resources/js/calendar-en.js HTTP/1.1" 200 3338
101.36.108.133 - - [05/Mar/2025:09:01:56 +0100] "GET /ticket2/opencms/system/modules/com.gridnine.opencms.ticketbrokerage.site/resources/js/calendar-setup.js HTTP/1.1" 200 4923
101.36.108.133 - - [05/Mar/2025:09:01:58 +0100] "GET /ticket2/opencms/system/modules/com.gridnine.opencms.ticketbrokerage.site/resources/js/calendar.js HTTP/1.1" 200 49229
101.36.108.133 - - [05/Mar/2025:09:01:59 +0100] "GET /ticket2/opencms/en/robots.txt HTTP/1.1" 404 -
101.36.108.133 - - [05/Mar/2025:09:01:59 +0100] "GET /ticket2/opencms/en/sitemap.xml HTTP/1.1" 200 37572
101.36.108.133 - - [05/Mar/2025:09:02:01 +0100] "GET /ticket2/opencms/?id=%25{{{11}}*{{11}}} HTTP/1.1" 302 -
101.36.108.133 - - [05/Mar/2025:09:02:03 +0100] "GET /ticket2/opencms/en/ HTTP/1.1" 200 66763
101.36.108.133 - - [05/Mar/2025:09:02:05 +0100] "GET /ticket2/opencms/struts/webconsole.html HTTP/1.1" 404 -
101.36.108.133 - - [05/Mar/2025:09:02:06 +0100] "GET /ticket2/opencms/?actionErrors=1111 HTTP/1.1" 302 -
101.36.108.133 - - [05/Mar/2025:09:02:08 +0100] "GET /ticket2/opencms/en/ HTTP/1.1" 200 66763
101.36.108.133 - - [05/Mar/2025:09:02:09 +0100] "GET /ticket2/opencms/invoker/readonly HTTP/1.1" 404 -
66.249.79.198 - - [05/Mar/2025:09:03:51 +0100] "GET /ticket2/opencms/en/venue/?venueid=10215421-D49E-AFEB-54BC-61D044D84B88 HTTP/1.1" 200 63613
124.156.157.91 - - [05/Mar/2025:09:04:48 +0100] "GET /ticket2/opencms/ HTTP/1.1" 302 -
124.156.157.91 - - [05/Mar/2025:09:04:50 +0100] "GET /ticket2/opencms/en/ HTTP/1.1" 200 66763
167.94.145.110 - - [05/Mar/2025:09:06:00 +0100] "GET / HTTP/1.1" 404 -
167.94.145.110 - - [05/Mar/2025:09:06:09 +0100] "GET / HTTP/1.1" 404 -
167.94.145.110 - - [05/Mar/2025:09:06:10 +0100] "PRI * HTTP/2.0" 505 -
167.94.145.110 - - [05/Mar/2025:09:06:13 +0100] "GET /favicon.ico HTTP/1.1" 404 -
194.120.230.215 - - [05/Mar/2025:09:11:26 +0100] "GET /ticket2/opencms/cgi-bin/luci/;stok=/locale HTTP/1.1" 404 -
141.255.166.90 - - [05/Mar/2025:09:13:24 +0100] "GET /cgi-bin/luci/;stok=/locale HTTP/1.1" 404 -
194.120.230.215 - - [05/Mar/2025:09:15:14 +0100] "GET /cgi-bin/luci/;stok=/locale HTTP/1.1" 404 -
157.230.104.158 - - [05/Mar/2025:09:16:31 +0100] "GET / HTTP/1.1" 404 -
157.230.104.158 - - [05/Mar/2025:09:16:32 +0100] "GET /download/powershell/ HTTP/1.1" 404 -
157.230.104.158 - - [05/Mar/2025:09:16:32 +0100] "GET /get.php HTTP/1.1" 404 -
194.120.230.215 - - [05/Mar/2025:09:18:45 +0100] "GET /ticket2/opencms/cgi-bin/luci/;stok=/locale HTTP/1.1" 404 -
194.120.230.215 - - [05/Mar/2025:09:22:02 +0100] "GET /cgi-bin/luci/;stok=/locale HTTP/1.1" 404 -
66.249.79.197 - - [05/Mar/2025:09:22:37 +0100] "GET /ticket2/opencms/en/venue/?venueid=4C46742E-2489-4795-7D95-D294C3BDD24D HTTP/1.1" 200 63609
65.49.20.103 - - [01/Jan/1970:00:59:59 +0100] "-" 400 -
66.249.79.198 - - [05/Mar/2025:09:27:46 +0100] "GET /ticket2/opencms/en/venue/?venueid=EA20BC3C-5A99-C24A-7F8E-B17F2D2D6A56 HTTP/1.1" 200 63637
66.249.76.69 - - [05/Mar/2025:09:27:56 +0100] "GET /ticket2/opencms/en/venue/?venueid=01A0ADB8-E909-7B52-7382-807C1E2FCC75 HTTP/1.1" 200 63609
195.178.110.163 - - [05/Mar/2025:09:28:21 +0100] "GET /ticket2/opencms/ HTTP/1.1" 302 -
195.178.110.163 - - [05/Mar/2025:09:28:21 +0100] "GET /ticket2/opencms/.env.stage HTTP/1.1" 404 -
195.178.110.163 - - [05/Mar/2025:09:28:21 +0100] "GET /ticket2/opencms/api/.env HTTP/1.1" 404 -
66.249.79.199 - - [05/Mar/2025:09:28:39 +0100] "GET /ticket2/opencms/en/venue/?venueid=84B0B9F0-1596-0D9B-686E-511407E2C0AA HTTP/1.1" 200 63642
162.216.150.22 - - [05/Mar/2025:09:30:22 +0100] "GET /ticket2/opencms/ HTTP/1.1" 302 -
162.216.150.22 - - [05/Mar/2025:09:30:23 +0100] "GET /ticket2/opencms/en/ HTTP/1.1" 200 66763
194.120.230.215 - - [05/Mar/2025:09:31:27 +0100] "GET /ticket2/opencms/cgi-bin/luci/;stok=/locale HTTP/1.1" 404 -
66.249.76.69 - - [05/Mar/2025:09:32:46 +0100] "GET /ticket2/opencms/en/venue/?venueid=E0CC7055-3FC4-A5FC-6597-028072A69213 HTTP/1.1" 200 63649
194.120.230.215 - - [05/Mar/2025:09:35:20 +0100] "GET /ticket2/opencms/cgi-bin/luci/;stok=/locale HTTP/1.1" 404 -
66.249.76.69 - - [05/Mar/2025:09:35:22 +0100] "GET /ticket2/opencms/en/venue/?venueid=66B80C8D-02F9-D9AE-4568-9AC2DE8502C2 HTTP/1.1" 200 63675
66.249.79.197 - - [05/Mar/2025:09:35:34 +0100] "GET /ticket2/opencms/en/venue/?venueid=43E46141-15E1-3762-0B24-518B95D780B0 HTTP/1.1" 200 63636
66.249.79.199 - - [05/Mar/2025:09:36:34 +0100] "GET /ticket2/opencms/en/venue/?venueid=4C9467B2-6A62-2081-D8AE-397B47B3C12E HTTP/1.1" 200 63642
194.120.230.215 - - [05/Mar/2025:09:37:11 +0100] "GET /cgi-bin/luci/;stok=/locale HTTP/1.1" 404 -
66.249.79.199 - - [05/Mar/2025:09:37:42 +0100] "GET /ticket2/opencms/en/venue/?venueid=7E3A2D74-DA88-871F-895E-1180E253F56F HTTP/1.1" 200 63624
141.98.11.112 - - [05/Mar/2025:09:39:27 +0100] "/*?Cookie: mstshash=Administr " 400 -
194.120.230.215 - - [05/Mar/2025:09:40:21 +0100] "GET /cgi-bin/luci/;stok=/locale HTTP/1.1" 404 -
66.249.79.197 - - [05/Mar/2025:09:41:34 +0100] "GET /ticket2/opencms/en/venue/?venueid=D8B88429-6D57-5D8C-1F51-7CCD8B6C0D54 HTTP/1.1" 200 63609
66.249.79.199 - - [05/Mar/2025:09:42:43 +0100] "GET /ticket2/opencms/en/venue/?venueid=F559DC88-543C-9BE7-D4C6-F477D1C58CD9 HTTP/1.1" 200 63607
66.249.76.70 - - [05/Mar/2025:09:45:12 +0100] "GET /ticket2/opencms/en/venue/?venueid=1D111B68-FF2E-F846-9D39-C347310597D3 HTTP/1.1" 200 63601
66.249.76.71 - - [05/Mar/2025:09:46:25 +0100] "GET /ticket2/opencms/en/venue/?venueid=E6FE59B7-6C05-A916-C36D-3FBE31FFEED3 HTTP/1.1" 200 63610
66.249.79.198 - - [05/Mar/2025:09:46:56 +0100] "GET /ticket2/opencms/en/venue/?venueid=D9365E4D-49BE-CD44-E4C9-734764289212 HTTP/1.1" 200 63592
194.120.230.215 - - [05/Mar/2025:09:48:49 +0100] "GET /ticket2/opencms/cgi-bin/luci/;stok=/locale HTTP/1.1" 404 -
