91.106.193.236 - - [04/Mar/2025:06:23:28 +0100] "GET /asdadadas HTTP/1.1" 404 -
109.236.61.84 - - [04/Mar/2025:06:23:45 +0100] "??%{ "Ret" : 100, "SessionID" : "0x0" }" 400 -
66.249.76.70 - - [04/Mar/2025:06:24:25 +0100] "GET /ticket2/opencms/en/venue/?venueid=51B4DE67-01CA-0B71-9885-4DA0B8DB7CF4 HTTP/1.1" 200 63673
66.249.79.198 - - [04/Mar/2025:06:24:52 +0100] "GET /ticket2/opencms/en/venue/?countryid=7955C1DA-0203-9687-2994-14739AEE539F HTTP/1.1" 200 93013
66.249.76.69 - - [04/Mar/2025:06:25:11 +0100] "GET /ticket2/opencms/en/venue/?countryid=666C887D-F998-338F-2ABE-16022B884D9D HTTP/1.1" 200 93013
66.249.76.70 - - [04/Mar/2025:06:25:40 +0100] "GET /ticket2/opencms/en/venue/?countryid=180EAAAB-918A-9F1E-ED78-EB81C803FB9F HTTP/1.1" 200 93013
66.249.79.198 - - [04/Mar/2025:06:26:24 +0100] "GET /ticket2/opencms/en/venue/?countryid=C390DA46-FDFE-72E8-463E-D2A88C688BC4 HTTP/1.1" 200 93013
66.249.79.197 - - [04/Mar/2025:06:27:35 +0100] "GET /ticket2/opencms/sv/sell/ HTTP/1.1" 302 -
66.249.79.197 - - [04/Mar/2025:06:27:37 +0100] "GET /ticket2/opencms/sv/login/?url=/sv/sell/ HTTP/1.1" 200 67145
194.120.230.215 - - [04/Mar/2025:06:28:20 +0100] "GET /ticket2/opencms/cgi-bin/luci/;stok=/locale HTTP/1.1" 404 -
66.249.79.198 - - [04/Mar/2025:06:28:24 +0100] "GET /ticket2/opencms/sv/buy/?page=6&comcatid=A17713B6-D984-201A-4143-ED4DB5ED5C2E&catid=D8B345C9-F7A5-E620-4B43-C34EB0D6885B HTTP/1.1" 200 75645
66.249.79.198 - - [04/Mar/2025:06:30:49 +0100] "GET /ticket2/opencms/sv/buy/?page=6&comcatid=A17713B6-D984-201A-4143-ED4DB5ED5C2E&catid=0A6C99D2-F5BD-7A18-9A5F-5668827042E0 HTTP/1.1" 200 78625
66.249.79.197 - - [04/Mar/2025:06:31:11 +0100] "GET /ticket2/opencms/sv/buy/?page=6&comcatid=A17713B6-D984-201A-4143-ED4DB5ED5C2E&catid=BE041FBE-C1A7-918C-EB61-99ED02D12F5B HTTP/1.1" 200 75653
66.249.79.199 - - [04/Mar/2025:06:32:21 +0100] "GET /ticket2/opencms/en/venue/?countryid=36C09A59-C496-27BE-0FFA-E2D18F46452F HTTP/1.1" 200 93013
194.120.230.215 - - [04/Mar/2025:06:33:25 +0100] "GET /cgi-bin/luci/;stok=/locale HTTP/1.1" 404 -
194.120.230.215 - - [04/Mar/2025:06:34:00 +0100] "GET /ticket2/opencms/cgi-bin/luci/;stok=/locale HTTP/1.1" 404 -
206.168.34.196 - - [04/Mar/2025:06:36:21 +0100] "GET /ticket2/opencms/ HTTP/1.1" 302 -
66.249.79.199 - - [04/Mar/2025:06:37:26 +0100] "GET /ticket2/opencms/en/venue/?countryid=B33351B8-DB63-1834-566A-CB44E5291395 HTTP/1.1" 200 93013
206.168.34.196 - - [04/Mar/2025:06:37:50 +0100] "GET /ticket2/opencms/en/ HTTP/1.1" 200 66763
206.168.34.196 - - [04/Mar/2025:06:38:00 +0100] "GET /ticket2/opencms/favicon.ico HTTP/1.1" 200 1406
194.120.230.215 - - [04/Mar/2025:06:38:15 +0100] "GET /cgi-bin/luci/;stok=/locale HTTP/1.1" 404 -
141.255.166.90 - - [04/Mar/2025:06:42:53 +0100] "GET /cgi-bin/luci/;stok=/locale HTTP/1.1" 404 -
66.249.79.197 - - [04/Mar/2025:06:46:57 +0100] "GET /ticket2/opencms/en/venue/?countryid=3F84C922-E52E-4F0E-1F8F-97D62941C628 HTTP/1.1" 200 93013
66.249.79.199 - - [04/Mar/2025:06:47:24 +0100] "GET /ticket2/opencms/en/venue/?countryid=91AAC8CB-DC00-AD46-25B5-9E567AEBD805 HTTP/1.1" 200 93483
66.249.79.198 - - [04/Mar/2025:06:47:36 +0100] "GET /ticket2/opencms/en/venue/?countryid=8858D171-8914-8DFD-A2E4-50FE56A44627 HTTP/1.1" 200 93013
194.120.230.215 - - [04/Mar/2025:06:49:38 +0100] "GET /ticket2/opencms/cgi-bin/luci/;stok=/locale HTTP/1.1" 404 -
194.120.230.215 - - [04/Mar/2025:06:54:03 +0100] "GET /cgi-bin/luci/;stok=/locale HTTP/1.1" 404 -
66.249.79.198 - - [04/Mar/2025:06:54:35 +0100] "GET /ticket2/opencms/en/venue/?countryid=3074CB3F-D378-D1B1-5E17-3ED6547AC5E1 HTTP/1.1" 200 93013
194.120.230.215 - - [04/Mar/2025:06:54:41 +0100] "GET /ticket2/opencms/cgi-bin/luci/;stok=/locale HTTP/1.1" 404 -
66.249.79.198 - - [04/Mar/2025:06:54:43 +0100] "GET /ticket2/opencms/en/venue/?countryid=B2685E9F-F5FB-C584-F982-0FC8E094C1AC HTTP/1.1" 200 93013
66.249.79.199 - - [04/Mar/2025:06:56:48 +0100] "GET /ticket2/opencms/en/venue/?countryid=2F10777F-9907-2201-7AD1-ACB3606C47A4 HTTP/1.1" 200 93013
66.249.79.198 - - [04/Mar/2025:06:57:24 +0100] "GET /ticket2/opencms/en/venue/?countryid=925A6494-6F30-A898-105B-2B0AB62464E2 HTTP/1.1" 200 93013
66.249.76.70 - - [04/Mar/2025:06:57:30 +0100] "GET /ticket2/opencms/en/venue/?countryid=23D31018-1DE6-5792-AB05-50B75604BF40 HTTP/1.1" 200 93013
66.249.79.197 - - [04/Mar/2025:06:57:56 +0100] "GET /ticket2/opencms/en/venue/?countryid=A95940B8-9D24-555E-8502-7702CF57B799 HTTP/1.1" 200 93013
66.249.79.197 - - [04/Mar/2025:06:58:50 +0100] "GET /ticket2/opencms/en/venue/?countryid=86F93FF6-B3C2-4693-7679-0BD214A3D804 HTTP/1.1" 200 93013
194.120.230.215 - - [04/Mar/2025:07:00:49 +0100] "GET /cgi-bin/luci/;stok=/locale HTTP/1.1" 404 -
66.249.76.71 - - [04/Mar/2025:07:07:30 +0100] "GET /ticket2/opencms/en/venue/?countryid=6941D863-6987-AFB6-0EB8-DD9A02005855 HTTP/1.1" 200 93013
194.120.230.215 - - [04/Mar/2025:07:08:23 +0100] "GET /ticket2/opencms/cgi-bin/luci/;stok=/locale HTTP/1.1" 404 -
66.249.79.199 - - [04/Mar/2025:07:08:39 +0100] "GET /ticket2/opencms/en/venue/?countryid=EBEF9B75-B33B-BBAE-FE14-1F037092B34B HTTP/1.1" 200 102918
66.249.79.199 - - [04/Mar/2025:07:09:56 +0100] "GET /ticket2/opencms/en/venue/?countryid=01A4931A-C165-4B79-C9B2-6B15C1A8EA57 HTTP/1.1" 200 121474
66.249.79.199 - - [04/Mar/2025:07:11:24 +0100] "GET /ticket2/opencms/en/venue/?countryid=9554F04E-60EE-4D4B-3CE3-7EC55ADC4B4E HTTP/1.1" 200 93013
66.249.79.198 - - [04/Mar/2025:07:12:11 +0100] "GET /ticket2/opencms/en/venue/?countryid=4B450FD2-0462-34B9-7186-638797EC0F09 HTTP/1.1" 200 93013
194.120.230.215 - - [04/Mar/2025:07:15:20 +0100] "GET /ticket2/opencms/cgi-bin/luci/;stok=/locale HTTP/1.1" 404 -
66.249.79.198 - - [04/Mar/2025:07:16:34 +0100] "GET /ticket2/opencms/en/venue/?countryid=52F4A5D1-57D1-3DCD-E1E5-1C5778B3C28E HTTP/1.1" 200 93013
66.249.76.69 - - [04/Mar/2025:07:16:51 +0100] "GET /ticket2/opencms/en/venue/?countryid=13702050-2F05-4DBF-E863-0547221CB311 HTTP/1.1" 200 93013
194.120.230.215 - - [04/Mar/2025:07:17:42 +0100] "GET /cgi-bin/luci/;stok=/locale HTTP/1.1" 404 -
193.68.89.10 - - [04/Mar/2025:07:18:13 +0100] "GET / HTTP/1.1" 404 -
194.120.230.215 - - [04/Mar/2025:07:20:44 +0100] "GET /cgi-bin/luci/;stok=/locale HTTP/1.1" 404 -
59.126.231.180 - - [04/Mar/2025:07:25:34 +0100] "GET / HTTP/1.0" 404 -
66.249.76.69 - - [04/Mar/2025:07:28:57 +0100] "GET /ticket2/opencms/en/venue/?countryid=7B8EA247-B72D-57A1-F5B5-112514CAAC1F HTTP/1.1" 200 93013
66.249.76.71 - - [04/Mar/2025:07:31:46 +0100] "GET /ticket2/opencms/en/venue/?countryid=40378634-F839-FEF7-110F-40EAA530AB1D HTTP/1.1" 200 93013
194.120.230.215 - - [04/Mar/2025:07:32:01 +0100] "GET /ticket2/opencms/cgi-bin/luci/;stok=/locale HTTP/1.1" 404 -
66.249.79.197 - - [04/Mar/2025:07:33:23 +0100] "GET /ticket2/opencms/en/venue/?countryid=E317C19B-53AA-3539-EAD3-8DD7161AE012 HTTP/1.1" 200 93922
66.249.79.198 - - [04/Mar/2025:07:34:29 +0100] "GET /ticket2/opencms/sv/buy/?page=6&comcatid=810BB404-4103-77F2-A6C2-12D5E6C338E2 HTTP/1.1" 200 66397
194.120.230.215 - - [04/Mar/2025:07:34:57 +0100] "GET /ticket2/opencms/cgi-bin/luci/;stok=/locale HTTP/1.1" 404 -
141.255.166.90 - - [04/Mar/2025:07:36:21 +0100] "GET /cgi-bin/luci/;stok=/locale HTTP/1.1" 404 -
52.167.144.159 - - [04/Mar/2025:07:36:41 +0100] "GET /ticket2/opencms/en/venue/?countryid=87FD5C2F-6CC8-7245-5B03-4D8F2D8C8375 HTTP/1.1" 200 93013
66.249.79.198 - - [04/Mar/2025:07:37:35 +0100] "GET /ticket2/opencms/sv/buy/?page=6&comcatid=A17713B6-D984-201A-4143-ED4DB5ED5C2E&catid=70B37487-FE30-D476-CAE7-E6AFEA3153F2 HTTP/1.1" 200 75646
66.249.79.198 - - [04/Mar/2025:07:38:22 +0100] "GET /ticket2/opencms/sv/buy/?page=6&comcatid=A17713B6-D984-201A-4143-ED4DB5ED5C2E&catid=061607E6-22B7-6FFA-03FD-A4B8B13A943F HTTP/1.1" 200 75652
66.249.79.198 - - [04/Mar/2025:07:38:25 +0100] "GET /ticket2/opencms/en/venue/?countryid=02784C54-6C5E-C56A-BCB8-106172A4270F HTTP/1.1" 200 93013
194.120.230.215 - - [04/Mar/2025:07:38:48 +0100] "GET /cgi-bin/luci/;stok=/locale HTTP/1.1" 404 -
194.120.230.215 - - [04/Mar/2025:07:43:47 +0100] "GET /cgi-bin/luci/;stok=/locale HTTP/1.1" 404 -
66.249.79.199 - - [04/Mar/2025:07:46:46 +0100] "GET /ticket2/opencms/sv/buy/?page=6&comcatid=A17713B6-D984-201A-4143-ED4DB5ED5C2E&catid=2DE12DDA-A5FB-C1C6-CB20-FBF873FB032B HTTP/1.1" 200 75665
66.249.79.198 - - [04/Mar/2025:07:48:24 +0100] "GET /ticket2/opencms/sv/buy/?page=6&comcatid=A17713B6-D984-201A-4143-ED4DB5ED5C2E HTTP/1.1" 200 77991
66.249.79.198 - - [04/Mar/2025:07:48:34 +0100] "GET /ticket2/opencms/sv/buy/?page=6&comcatid=A17713B6-D984-201A-4143-ED4DB5ED5C2E&catid=D08E96E8-A514-9E09-4E22-63713911E0B8 HTTP/1.1" 200 75661
66.249.79.197 - - [04/Mar/2025:07:48:41 +0100] "GET /ticket2/opencms/en/venue/?venueid=E14E113B-0F23-4425-AB89-F1003AE64F34 HTTP/1.1" 200 63637
66.249.79.199 - - [04/Mar/2025:07:49:57 +0100] "GET /ticket2/opencms/sv/buy/?comcatid=A17713B6-D984-201A-4143-ED4DB5ED5C2E HTTP/1.1" 200 78235
64.227.191.194 - - [04/Mar/2025:07:50:30 +0100] "GET / HTTP/1.1" 404 -
66.249.79.198 - - [04/Mar/2025:07:50:46 +0100] "GET /ticket2/opencms/sv/buy/?comcatid=66708183-7480-3365-06BF-DBF60280AB45 HTTP/1.1" 200 67361
66.249.79.198 - - [04/Mar/2025:07:50:50 +0100] "GET /ticket2/opencms/sv/buy/?comcatid=810BB404-4103-77F2-A6C2-12D5E6C338E2 HTTP/1.1" 200 66980
66.249.79.197 - - [04/Mar/2025:07:51:48 +0100] "GET /ticket2/opencms/sv/buy/?comcatid=97ECA65A-72DA-F9AF-9DBB-245D3CFED1BE HTTP/1.1" 200 70312
66.249.79.197 - - [04/Mar/2025:07:52:26 +0100] "GET /ticket2/opencms/sv/buy/?comcatid=0A6B8208-FDA4-E929-9D72-5312FD481B76 HTTP/1.1" 200 69014
194.120.230.215 - - [04/Mar/2025:07:54:55 +0100] "GET /ticket2/opencms/cgi-bin/luci/;stok=/locale HTTP/1.1" 404 -
36.50.134.204 - - [04/Mar/2025:07:56:39 +0100] "CONNECT www.google.com:443 HTTP/1.1" 400 -
66.249.76.69 - - [04/Mar/2025:07:57:33 +0100] "GET /ticket2/opencms/en/sport/football-tickets/la-liga/real_madrid/ HTTP/1.1" 200 64491
66.249.79.198 - - [04/Mar/2025:07:57:49 +0100] "GET /ticket2/opencms/en/venue/?countryid=B20C8D7E-8670-29D2-39FF-631E784DF97A HTTP/1.1" 200 93013
194.120.230.215 - - [04/Mar/2025:07:58:26 +0100] "GET /ticket2/opencms/cgi-bin/luci/;stok=/locale HTTP/1.1" 404 -
8.219.6.155 - - [04/Mar/2025:07:59:04 +0100] "GET / HTTP/1.0" 404 -
8.219.6.155 - - [04/Mar/2025:07:59:05 +0100] "GET / HTTP/1.1" 404 -
8.219.6.155 - - [04/Mar/2025:07:59:05 +0100] "GET /favicon.ico HTTP/1.1" 404 -
194.120.230.215 - - [04/Mar/2025:07:59:38 +0100] "GET /cgi-bin/luci/;stok=/locale HTTP/1.1" 404 -
66.249.79.198 - - [04/Mar/2025:08:01:24 +0100] "GET /ticket2/opencms/en/buy/ HTTP/1.1" 200 63824
66.249.76.69 - - [04/Mar/2025:08:01:47 +0100] "GET /ticket2/opencms/en/faq/ HTTP/1.1" 200 66347
194.120.230.215 - - [04/Mar/2025:08:02:24 +0100] "GET /cgi-bin/luci/;stok=/locale HTTP/1.1" 404 -
66.249.79.199 - - [04/Mar/2025:08:06:24 +0100] "GET /ticket2/opencms/en/about/ HTTP/1.1" 200 63237
66.249.76.69 - - [04/Mar/2025:08:06:34 +0100] "GET /ticket2/opencms/en/buy/?page=10&eventid=4CD3BFC4-6826-2F08-586B-E7C2046942C2&column= HTTP/1.1" 200 64967
66.249.79.197 - - [04/Mar/2025:08:10:39 +0100] "GET /ticket2/opencms/en/buy/?page=10&eventid=B1E27EAD-2DAB-B132-68A0-815602472CC3&column= HTTP/1.1" 200 64965
66.249.79.198 - - [04/Mar/2025:08:10:41 +0100] "GET /ticket2/opencms/en/buy/?page=10&eventid=3A13A888-618B-2302-3F7A-4345B50004DA&column= HTTP/1.1" 200 64967
66.249.76.69 - - [04/Mar/2025:08:10:50 +0100] "GET /ticket2/opencms/en/buy/?page=10&eventid=4BFE0049-E26D-F28C-59BF-33D4A5B123CD&column= HTTP/1.1" 200 64967
194.120.230.215 - - [04/Mar/2025:08:13:42 +0100] "GET /ticket2/opencms/cgi-bin/luci/;stok=/locale HTTP/1.1" 404 -
66.249.76.70 - - [04/Mar/2025:08:16:11 +0100] "GET /ticket2/opencms/en/buy/?page=10&eventid=634D2581-663A-DE19-7C72-20C596DE0600&column= HTTP/1.1" 200 64991
185.242.226.25 - - [04/Mar/2025:08:17:07 +0100] "GET / HTTP/1.1" 404 -
194.120.230.215 - - [04/Mar/2025:08:18:15 +0100] "GET /cgi-bin/luci/;stok=/locale HTTP/1.1" 404 -
194.120.230.215 - - [04/Mar/2025:08:19:02 +0100] "GET /ticket2/opencms/cgi-bin/luci/;stok=/locale HTTP/1.1" 404 -
194.120.230.215 - - [04/Mar/2025:08:26:19 +0100] "GET /cgi-bin/luci/;stok=/locale HTTP/1.1" 404 -
141.255.166.90 - - [04/Mar/2025:08:26:31 +0100] "GET /cgi-bin/luci/;stok=/locale HTTP/1.1" 404 -
66.249.79.198 - - [04/Mar/2025:08:28:40 +0100] "GET /ticket2/opencms/en/buy/?page=10&eventid=1BC07A67-46B5-C40A-CC02-8F1EFC1FAADB&column= HTTP/1.1" 200 64966
66.249.79.199 - - [04/Mar/2025:08:32:24 +0100] "GET /ticket2/opencms/en/buy/?page=10&eventid=BD2A2151-7866-2C7C-301B-A51FF3E4D9F5&column= HTTP/1.1" 200 64964
194.120.230.215 - - [04/Mar/2025:08:33:19 +0100] "GET /ticket2/opencms/cgi-bin/luci/;stok=/locale HTTP/1.1" 404 -
160.187.246.177 - - [04/Mar/2025:08:34:13 +0100] "CONNECT google.com:443 HTTP/1.1" 400 -
66.249.79.199 - - [04/Mar/2025:08:34:40 +0100] "GET /ticket2/opencms/sv/buy/?page=6&comcatid=B41CCF2B-5558-7AEE-3602-09BBDE417D65&catid=BF886BAE-FC84-8CB3-A193-6DFA251F7985 HTTP/1.1" 200 67068
43.130.60.195 - - [04/Mar/2025:08:38:12 +0100] "GET /ticket2/opencms/ HTTP/1.1" 302 -
43.130.60.195 - - [04/Mar/2025:08:38:16 +0100] "GET /ticket2/opencms/en/ HTTP/1.1" 200 66763
194.120.230.215 - - [04/Mar/2025:08:40:31 +0100] "GET /cgi-bin/luci/;stok=/locale HTTP/1.1" 404 -
66.249.76.70 - - [04/Mar/2025:08:40:33 +0100] "GET /ticket2/opencms/sv/buy/?page=6&comcatid=B41CCF2B-5558-7AEE-3602-09BBDE417D65&catid=36DC4BE2-91A2-6146-2BE9-47B6F3C44EDB HTTP/1.1" 200 67060
35.203.211.20 - - [04/Mar/2025:08:41:22 +0100] "GET /ticket2/opencms/ HTTP/1.1" 302 -
35.203.211.20 - - [04/Mar/2025:08:41:22 +0100] "GET /ticket2/opencms/en/ HTTP/1.1" 200 66763
66.249.79.199 - - [04/Mar/2025:08:41:52 +0100] "GET /ticket2/opencms/sv/buy/?page=6&comcatid=B41CCF2B-5558-7AEE-3602-09BBDE417D65&catid=E03F2203-3943-A0F0-A47D-D9E7CDA79C6B HTTP/1.1" 200 67082
194.120.230.215 - - [04/Mar/2025:08:42:00 +0100] "GET /ticket2/opencms/cgi-bin/luci/;stok=/locale HTTP/1.1" 404 -
66.249.79.197 - - [04/Mar/2025:08:42:22 +0100] "GET /ticket2/opencms/sv/buy/?page=6&comcatid=B41CCF2B-5558-7AEE-3602-09BBDE417D65&catid=A34BCF61-E19C-5C5C-445E-06F3749E1EF4 HTTP/1.1" 200 67073
66.249.79.198 - - [04/Mar/2025:08:44:24 +0100] "GET /ticket2/opencms/sv/about/press/ HTTP/1.1" 200 66053
194.120.230.215 - - [04/Mar/2025:08:45:24 +0100] "GET /cgi-bin/luci/;stok=/locale HTTP/1.1" 404 -
66.249.79.199 - - [04/Mar/2025:08:46:25 +0100] "GET /ticket2/opencms/sv/buy/?page=6&comcatid=0A6B8208-FDA4-E929-9D72-5312FD481B76&catid=3A56B1C2-6FFB-C8D1-B229-B3914D5FF8DF HTTP/1.1" 200 68737
66.249.79.197 - - [04/Mar/2025:08:47:39 +0100] "GET /ticket2/opencms/sv/buy/?page=6&comcatid=0A6B8208-FDA4-E929-9D72-5312FD481B76&catid=8E4972FC-6E2C-77A4-BB9D-D67BD270A641 HTTP/1.1" 200 68725
66.249.79.199 - - [04/Mar/2025:08:47:42 +0100] "GET /ticket2/opencms/sv/buy/?page=6&comcatid=0A6B8208-FDA4-E929-9D72-5312FD481B76&catid=26594C33-56CE-F529-FAF3-61AB33F74A3B HTTP/1.1" 200 68732
66.249.79.197 - - [04/Mar/2025:08:48:39 +0100] "GET /ticket2/opencms/sv/buy/?page=6&comcatid=0A6B8208-FDA4-E929-9D72-5312FD481B76&catid=465306FD-802C-5175-10FF-40E426DD2769 HTTP/1.1" 200 68729
66.249.79.197 - - [04/Mar/2025:08:52:34 +0100] "GET /ticket2/opencms/en/buy/?page=10&eventid=6FF9EBE1-05EE-AA1E-A54F-A9D14CF13922 HTTP/1.1" 200 64972
66.249.79.197 - - [04/Mar/2025:08:54:30 +0100] "GET /ticket2/opencms/sv/buy/?page=6&comcatid=66708183-7480-3365-06BF-DBF60280AB45&catid=8C381435-A1E8-94AF-2C58-D133FCA44A31 HTTP/1.1" 200 66887
66.249.79.199 - - [04/Mar/2025:08:56:12 +0100] "GET /ticket2/opencms/en/venue/?venueid=076920E1-F452-B8E6-450C-A259979AD263 HTTP/1.1" 200 63607
66.249.76.71 - - [04/Mar/2025:08:56:25 +0100] "GET /ticket2/opencms/en/venue/?venueid=725EAA96-3504-C885-60D8-51C3C379F292 HTTP/1.1" 200 63687
194.120.230.215 - - [04/Mar/2025:08:56:57 +0100] "GET /ticket2/opencms/cgi-bin/luci/;stok=/locale HTTP/1.1" 404 -
66.249.79.198 - - [04/Mar/2025:08:57:39 +0100] "GET /ticket2/opencms/en/venue/?venueid=D865EDC3-A8C8-8107-EEAE-35A140CA5350 HTTP/1.1" 200 63642
66.249.76.69 - - [04/Mar/2025:08:58:47 +0100] "GET /ticket2/opencms/en/venue/?venueid=E687CB5D-1F58-A3FC-2BFA-4F29DD5C8850 HTTP/1.1" 200 63607
66.249.79.199 - - [04/Mar/2025:08:59:30 +0100] "GET /ticket2/opencms/en/venue/?venueid=4281EF24-819D-10DB-AFDA-8A385BCC22F4 HTTP/1.1" 200 63639
66.249.79.198 - - [04/Mar/2025:09:00:21 +0100] "GET /ticket2/opencms/en/venue/?venueid=18267CD0-0660-EC77-6783-F80F8F5E2113 HTTP/1.1" 200 63634
45.148.10.90 - - [04/Mar/2025:09:01:04 +0100] "GET /ticket2/opencms/ HTTP/1.1" 302 -
45.148.10.90 - - [04/Mar/2025:09:01:09 +0100] "GET /ticket2/opencms/prod/.git/config HTTP/1.1" 404 -
45.148.10.90 - - [04/Mar/2025:09:01:10 +0100] "GET /ticket2/opencms/build_tool/.git/config HTTP/1.1" 404 -
66.249.79.197 - - [04/Mar/2025:09:01:25 +0100] "GET /ticket2/opencms/en/venue/?venueid=279B18FD-4210-8852-93EB-A84B5C61044A HTTP/1.1" 200 63636
66.249.79.198 - - [04/Mar/2025:09:02:23 +0100] "GET /ticket2/opencms/en/venue/?venueid=9EFDE8EF-581C-D81F-842B-7194E2AD230B HTTP/1.1" 200 63649
194.120.230.215 - - [04/Mar/2025:09:03:10 +0100] "GET /cgi-bin/luci/;stok=/locale HTTP/1.1" 404 -
194.120.230.215 - - [04/Mar/2025:09:04:04 +0100] "GET /ticket2/opencms/cgi-bin/luci/;stok=/locale HTTP/1.1" 404 -
193.68.89.10 - - [04/Mar/2025:09:05:46 +0100] "GET / HTTP/1.1" 404 -
66.249.79.199 - - [04/Mar/2025:09:06:42 +0100] "GET /ticket2/opencms/en/venue/?venueid=15F8136B-CA21-08A9-E12F-B2DEA2740D74 HTTP/1.1" 200 63613
66.249.79.197 - - [04/Mar/2025:09:06:46 +0100] "GET /ticket2/opencms/en/venue/?venueid=5FD2FED0-DB89-FAFA-1927-AF1A95DA13A5 HTTP/1.1" 200 63615
66.249.76.69 - - [04/Mar/2025:09:07:47 +0100] "GET /ticket2/opencms/en/venue/?venueid=2A1F7458-E62C-56A4-0001-4FFC2E2DB7CB HTTP/1.1" 200 63598
66.249.79.199 - - [04/Mar/2025:09:09:34 +0100] "GET /ticket2/opencms/en/venue/?venueid=043FFF0B-AAEC-B60F-6995-11630828794B HTTP/1.1" 200 63610
194.120.230.215 - - [04/Mar/2025:09:09:36 +0100] "GET /cgi-bin/luci/;stok=/locale HTTP/1.1" 404 -
66.249.79.197 - - [04/Mar/2025:09:09:43 +0100] "GET /ticket2/opencms/en/venue/?venueid=FFAD140D-D3E3-13F5-E204-505E06314019 HTTP/1.1" 200 63609
66.249.76.69 - - [04/Mar/2025:09:10:22 +0100] "GET /ticket2/opencms/en/venue/?venueid=227CA6FE-2DA3-B1F8-C080-0BD749B9B40F HTTP/1.1" 200 63576
66.249.79.198 - - [04/Mar/2025:09:15:12 +0100] "GET /ticket2/opencms/en/venue/?venueid=80282372-5C99-DBF4-F014-FB112931F6DA HTTP/1.1" 200 63627
66.249.79.198 - - [04/Mar/2025:09:15:22 +0100] "GET /ticket2/opencms/en/venue/?venueid=7BE96A80-409A-37FB-9444-3580682D6340 HTTP/1.1" 200 63610
51.8.102.165 - - [04/Mar/2025:09:15:36 +0100] "GET /ticket2/opencms/robots.txt HTTP/1.1" 304 -
66.249.79.199 - - [04/Mar/2025:09:15:42 +0100] "GET /ticket2/opencms/en/venue/?venueid=6D8A0FE7-2FEF-4BDE-AC7E-1937EABDAEF4 HTTP/1.1" 200 63633
141.255.166.90 - - [04/Mar/2025:09:15:56 +0100] "GET /cgi-bin/luci/;stok=/locale HTTP/1.1" 404 -
172.86.76.190 - - [04/Mar/2025:09:16:14 +0100] "GET /ticket2/opencms/ HTTP/1.1" 302 -
172.86.76.190 - - [04/Mar/2025:09:16:17 +0100] "POST /ticket2/opencms/j_spring_security_check HTTP/1.1" 404 -
172.86.76.190 - - [04/Mar/2025:09:16:19 +0100] "GET /ticket2/opencms/ HTTP/1.1" 302 -
66.249.79.199 - - [04/Mar/2025:09:17:41 +0100] "GET /ticket2/opencms/en/venue/?venueid=950EE001-B436-52E3-8102-457AB519569A HTTP/1.1" 200 63643
66.249.79.199 - - [04/Mar/2025:09:19:41 +0100] "GET /ticket2/opencms/en/venue/?venueid=E15FBAA2-C0CD-9858-4523-F6A4C3FE1D03 HTTP/1.1" 200 63675
66.249.79.198 - - [04/Mar/2025:09:20:24 +0100] "GET /ticket2/opencms/en/venue/?venueid=5E4247B1-038D-69C7-681E-59A3027FAB84 HTTP/1.1" 200 63651
194.120.230.215 - - [04/Mar/2025:09:20:59 +0100] "GET /ticket2/opencms/cgi-bin/luci/;stok=/locale HTTP/1.1" 404 -
66.249.79.197 - - [04/Mar/2025:09:21:39 +0100] "GET /ticket2/opencms/en/venue/?venueid=43225DE7-2183-4D01-76EB-8CE89B54C5DC HTTP/1.1" 200 63589
194.120.230.215 - - [04/Mar/2025:09:22:02 +0100] "GET /ticket2/opencms/cgi-bin/luci/;stok=/locale HTTP/1.1" 404 -
66.249.76.70 - - [04/Mar/2025:09:22:24 +0100] "GET /ticket2/opencms/en/venue/?venueid=BCA44AE3-0AA2-97FD-825B-60825F01067E HTTP/1.1" 200 63669
194.120.230.215 - - [04/Mar/2025:09:25:00 +0100] "GET /cgi-bin/luci/;stok=/locale HTTP/1.1" 404 -
66.249.79.197 - - [04/Mar/2025:09:26:30 +0100] "GET /ticket2/opencms/en/venue/?venueid=37C435E9-F183-6029-6984-FE323816144B HTTP/1.1" 200 63603
194.120.230.215 - - [04/Mar/2025:09:27:19 +0100] "GET /cgi-bin/luci/;stok=/locale HTTP/1.1" 404 -
138.197.72.181 - - [04/Mar/2025:09:28:44 +0100] "GET /ticket2/opencms/ HTTP/1.1" 302 -
138.197.72.181 - - [04/Mar/2025:09:28:56 +0100] "GET /ticket2/opencms/en/ HTTP/1.1" 200 66763
138.197.72.181 - - [04/Mar/2025:09:28:57 +0100] "GET /ticket2/opencms/favicon.ico HTTP/1.1" 200 1406
66.249.79.198 - - [04/Mar/2025:09:33:26 +0100] "GET /ticket2/opencms/en/venue/?venueid=4BC8A4F7-B275-C48F-5201-9432C06891B2 HTTP/1.1" 200 63645
66.249.76.70 - - [04/Mar/2025:09:34:56 +0100] "GET /ticket2/opencms/en/venue/?venueid=2ABA9B42-A594-1503-6871-6005D5872901 HTTP/1.1" 200 63636
46.105.70.190 - - [04/Mar/2025:09:35:40 +0100] "GET / HTTP/1.1" 404 -
66.249.79.199 - - [04/Mar/2025:09:36:11 +0100] "GET /ticket2/opencms/en/venue/?venueid=F8EFDBCE-B1FF-C34F-BAE0-79E90F8EC2C1 HTTP/1.1" 200 63669
66.249.79.197 - - [04/Mar/2025:09:36:46 +0100] "GET /ticket2/opencms/en/venue/?venueid=B6FFF904-2AA1-1BEB-9F7A-E1A69E4D2AA1 HTTP/1.1" 200 63624
66.249.79.197 - - [04/Mar/2025:09:37:52 +0100] "GET /ticket2/opencms/en/venue/?venueid=81A44EEB-A7AF-B656-9823-252B9D5DFE29 HTTP/1.1" 200 63717
194.120.230.215 - - [04/Mar/2025:09:39:28 +0100] "GET /ticket2/opencms/cgi-bin/luci/;stok=/locale HTTP/1.1" 404 -
66.249.79.197 - - [04/Mar/2025:09:39:43 +0100] "GET /ticket2/opencms/en/venue/?venueid=BC2CC518-91EF-AA50-803C-4CF19EFA0DC6 HTTP/1.1" 200 63652
66.249.79.197 - - [04/Mar/2025:09:40:11 +0100] "GET /ticket2/opencms/en/venue/?venueid=458A6284-D8D4-7921-D2F2-F8FD9B51F9EB HTTP/1.1" 200 63658
66.249.76.69 - - [04/Mar/2025:09:40:34 +0100] "GET /ticket2/opencms/en/venue/?venueid=FACE899F-59EF-482C-BA13-20EDA4B8894D HTTP/1.1" 200 63628
66.249.76.71 - - [04/Mar/2025:09:41:39 +0100] "GET /ticket2/opencms/en/venue/?venueid=83B8B6B9-A2B4-D4CB-2D8F-CE8D0CB4BEF2 HTTP/1.1" 200 63610
66.249.79.198 - - [04/Mar/2025:09:43:11 +0100] "GET /ticket2/opencms/en/venue/?venueid=627689FB-7CBA-64B6-7657-6F6CD9393A37 HTTP/1.1" 200 63619
194.120.230.215 - - [04/Mar/2025:09:44:08 +0100] "GET /ticket2/opencms/cgi-bin/luci/;stok=/locale HTTP/1.1" 404 -
194.120.230.215 - - [04/Mar/2025:09:46:33 +0100] "GET /cgi-bin/luci/;stok=/locale HTTP/1.1" 404 -
66.249.79.197 - - [04/Mar/2025:09:47:43 +0100] "GET /ticket2/opencms/en/venue/?venueid=3C42100B-58B0-2CFB-51D8-262D48BD2A0E HTTP/1.1" 200 63612
194.120.230.215 - - [04/Mar/2025:09:49:34 +0100] "GET /cgi-bin/luci/;stok=/locale HTTP/1.1" 404 -
66.249.76.70 - - [04/Mar/2025:09:50:23 +0100] "GET /ticket2/opencms/en/venue/?venueid=9105DCA9-DA89-4D98-8EC3-D0773C34A12F HTTP/1.1" 200 63615
66.249.76.71 - - [04/Mar/2025:09:56:54 +0100] "GET /ticket2/opencms/en/venue/?venueid=4694F5B1-69FE-B60F-48EF-EC52575888CD HTTP/1.1" 200 63588
66.249.76.70 - - [04/Mar/2025:09:56:57 +0100] "GET /ticket2/opencms/en/venue/?venueid=DA22C9F4-20C4-6978-CFDD-A1728A4A23BC HTTP/1.1" 200 63734
66.249.79.197 - - [04/Mar/2025:09:58:22 +0100] "GET /ticket2/opencms/en/buy/?page=1&edid=19841486-6F3E-C113-B4BC-B89661DF253A HTTP/1.1" 200 81875
66.249.79.197 - - [04/Mar/2025:10:01:34 +0100] "GET /ticket2/opencms/en/buy/?page=1&edid=54777665-C11F-0F11-581A-52B69510C3F1 HTTP/1.1" 200 79964
194.120.230.215 - - [04/Mar/2025:10:01:57 +0100] "GET /ticket2/opencms/cgi-bin/luci/;stok=/locale HTTP/1.1" 404 -
52.167.144.156 - - [04/Mar/2025:10:03:04 +0100] "GET /ticket2/opencms/sv/sport/fotbollsbiljetter/ligue_1/paris_saint_germain/ HTTP/1.1" 200 70448
66.249.79.198 - - [04/Mar/2025:10:04:49 +0100] "GET /ticket2/opencms/en/venue/?venueid=02AFC272-1907-E3AB-F16C-DCE72603B25E HTTP/1.1" 200 63664
194.120.230.215 - - [04/Mar/2025:10:05:08 +0100] "GET /ticket2/opencms/cgi-bin/luci/;stok=/locale HTTP/1.1" 404 -
66.249.79.197 - - [04/Mar/2025:10:05:11 +0100] "GET /ticket2/opencms/en/venue/?venueid=1B420ACB-199A-5424-E698-08BE6CB8B69A HTTP/1.1" 200 63603
194.120.230.215 - - [04/Mar/2025:10:05:40 +0100] "GET /cgi-bin/luci/;stok=/locale HTTP/1.1" 404 -
66.249.79.198 - - [04/Mar/2025:10:05:43 +0100] "GET /ticket2/opencms/en/venue/?venueid=F95CCA03-8412-EF00-BE73-83772A0CB743 HTTP/1.1" 200 63600
139.59.60.34 - - [04/Mar/2025:10:07:10 +0100] "GET /ticket2/opencms/.env HTTP/1.1" 404 -
194.120.230.215 - - [04/Mar/2025:10:09:56 +0100] "GET /cgi-bin/luci/;stok=/locale HTTP/1.1" 404 -
141.255.166.90 - - [04/Mar/2025:10:11:01 +0100] "GET /cgi-bin/luci/;stok=/locale HTTP/1.1" 404 -
66.249.79.198 - - [04/Mar/2025:10:13:41 +0100] "GET /ticket2/opencms/en/venue/?venueid=2CC647F7-59C6-AB1D-2A61-6BBFF2FA93FE HTTP/1.1" 200 63621
206.168.34.42 - - [04/Mar/2025:10:14:23 +0100] "GET / HTTP/1.1" 404 -
206.168.34.42 - - [04/Mar/2025:10:14:32 +0100] "GET / HTTP/1.1" 404 -
206.168.34.42 - - [04/Mar/2025:10:14:32 +0100] "PRI * HTTP/2.0" 505 -
206.168.34.42 - - [04/Mar/2025:10:14:36 +0100] "GET /favicon.ico HTTP/1.1" 404 -
206.168.34.42 - - [04/Mar/2025:10:14:36 +0100] "?????+????S?F?"}?4??D?AoL? " 400 -
196.251.72.73 - - [04/Mar/2025:10:17:17 +0100] "GET /ticket2/opencms/.git/refs/tags/ HTTP/1.1" 404 -
80.64.30.10 - - [04/Mar/2025:10:18:00 +0100] "GET /ticket2/opencms/ HTTP/1.1" 302 -
80.64.30.10 - - [04/Mar/2025:10:18:01 +0100] "GET /ticket2/opencms/cgi-bin/welcome HTTP/1.1" 404 -
66.249.76.70 - - [04/Mar/2025:10:19:10 +0100] "GET /ticket2/opencms/sv/sport/fotbollsbiljetter/serie_a/ HTTP/1.1" 200 77816
66.249.79.199 - - [04/Mar/2025:10:20:56 +0100] "GET /ticket2/opencms/sv/sport/fotbollsbiljetter/la_liga/ HTTP/1.1" 200 78315
194.120.230.215 - - [04/Mar/2025:10:21:05 +0100] "GET /ticket2/opencms/cgi-bin/luci/;stok=/locale HTTP/1.1" 404 -
194.120.230.215 - - [04/Mar/2025:10:25:46 +0100] "GET /ticket2/opencms/cgi-bin/luci/;stok=/locale HTTP/1.1" 404 -
194.120.230.215 - - [04/Mar/2025:10:26:06 +0100] "GET /cgi-bin/luci/;stok=/locale HTTP/1.1" 404 -
66.249.79.197 - - [04/Mar/2025:10:26:35 +0100] "GET /ticket2/opencms/en/venue/?venueid=AE1704AB-E9B5-32D5-9A74-56BDCC5D4A10 HTTP/1.1" 200 63646
66.249.79.197 - - [04/Mar/2025:10:27:49 +0100] "GET /ticket2/opencms/en/venue/?venueid=57C4265D-1F48-7073-0A99-FC101DE89128 HTTP/1.1" 200 63633
66.249.76.70 - - [04/Mar/2025:10:28:46 +0100] "GET /ticket2/opencms/en/venue/?venueid=E8185E56-FFAF-A64F-92CD-A3B859A1CE98 HTTP/1.1" 200 63624
194.120.230.215 - - [04/Mar/2025:10:32:01 +0100] "GET /cgi-bin/luci/;stok=/locale HTTP/1.1" 404 -
66.249.79.197 - - [04/Mar/2025:10:33:13 +0100] "GET /ticket2/opencms/en/venue/?venueid=8B6B2DCD-4A3D-A699-2105-31175C2D2D0A HTTP/1.1" 200 63648
80.64.30.10 - - [04/Mar/2025:10:35:13 +0100] "?????F??Pk?b?Jl?~&?}XqY}?4??` ?X???B%??#???[?Q?P???{3+>?\v?&?+?/?,?0????? ??" 400 -
80.64.30.10 - - [04/Mar/2025:10:35:14 +0100] "?????F?F??WG????^?????8????? x????P? ???D18?????+?h" 400 -
80.64.30.10 - - [04/Mar/2025:10:35:16 +0100] "??|?\}????_ d?WL&UA?F?????-?J?? ??H??g???????Yj?x???????&?+?/?,?0????? ??" 400 -
80.64.30.10 - - [04/Mar/2025:10:35:16 +0100] "?????pD?^??N?O?????k"?????}???^ wl?w????9?'??3GP????{?ezK?U?&?+?/?,?0????? ??" 400 -
66.249.76.70 - - [04/Mar/2025:10:37:58 +0100] "GET /ticket2/opencms/en/venue/?venueid=C9FA908E-844D-34B9-709F-9C6F649F6B00 HTTP/1.1" 200 63722
198.235.24.168 - - [04/Mar/2025:10:39:35 +0100] "??3|???x?HTj?bw4V???Q4? y?l??c ??;??4j 1?+? ??X?t????o??&?+?/?,?0????? ??" 400 -
198.235.24.168 - - [01/Jan/1970:00:59:59 +0100] "-" 400 -
66.249.79.198 - - [04/Mar/2025:10:41:39 +0100] "GET /ticket2/opencms/en/venue/?venueid=B5895B7A-5394-F998-65EB-0C4A85F1034A HTTP/1.1" 200 63640
194.120.230.215 - - [04/Mar/2025:10:43:25 +0100] "GET /ticket2/opencms/cgi-bin/luci/;stok=/locale HTTP/1.1" 404 -
193.68.89.10 - - [04/Mar/2025:10:47:33 +0100] "GET / HTTP/1.1" 404 -
194.120.230.215 - - [04/Mar/2025:10:50:11 +0100] "GET /ticket2/opencms/cgi-bin/luci/;stok=/locale HTTP/1.1" 404 -
194.120.230.215 - - [04/Mar/2025:10:50:34 +0100] "GET /cgi-bin/luci/;stok=/locale HTTP/1.1" 404 -
66.249.79.197 - - [04/Mar/2025:10:51:57 +0100] "GET /ticket2/opencms/en/venue/?venueid=A2143F04-641C-B311-284A-E01DFC7E06B3 HTTP/1.1" 200 63630
66.249.79.198 - - [04/Mar/2025:10:52:48 +0100] "GET /ticket2/opencms/en/venue/?venueid=70CF0C71-242F-3CB8-3E8B-757E40B6417C HTTP/1.1" 200 63693
66.249.79.198 - - [04/Mar/2025:10:52:58 +0100] "GET /ticket2/opencms/en/venue/?venueid=8E39DE37-BBFD-7354-2829-B45EF99FC5B8 HTTP/1.1" 200 63639
66.249.79.199 - - [04/Mar/2025:10:53:34 +0100] "GET /ticket2/opencms/en/venue/?venueid=5571DB53-176D-786E-4CB3-C9311A480A31 HTTP/1.1" 200 63612
66.249.79.198 - - [04/Mar/2025:10:53:40 +0100] "GET /ticket2/opencms/en/venue/?venueid=52388965-2AC8-8249-1E85-2C16DFEC77E8 HTTP/1.1" 200 63603
66.249.76.69 - - [04/Mar/2025:10:53:50 +0100] "GET /ticket2/opencms/en/venue/?venueid=EEE1683D-7711-CA74-6939-E0BA59258A12 HTTP/1.1" 200 63661
194.120.230.215 - - [04/Mar/2025:10:54:42 +0100] "GET /cgi-bin/luci/;stok=/locale HTTP/1.1" 404 -
40.77.167.22 - - [04/Mar/2025:10:55:46 +0100] "GET /ticket2/opencms/en/venue/?countryid=5F186EB9-FC66-3D17-58C4-6A160CA3B9D1 HTTP/1.1" 200 93013
66.249.76.69 - - [04/Mar/2025:10:56:22 +0100] "GET /ticket2/opencms/en/venue/?venueid=17D0DFA9-77AB-EBCA-484F-CEB853AA41A8 HTTP/1.1" 200 63666
66.249.79.199 - - [04/Mar/2025:10:56:49 +0100] "GET /ticket2/opencms/en/venue/?venueid=0C57D9A1-BFBB-6B50-BD26-F99F2EBC7C94 HTTP/1.1" 200 63712
141.255.166.90 - - [04/Mar/2025:11:01:10 +0100] "GET /cgi-bin/luci/;stok=/locale HTTP/1.1" 404 -
66.249.79.199 - - [04/Mar/2025:11:02:23 +0100] "GET /ticket2/opencms/sv/buy/?page=1&edid=0122F2A3-A1B3-8248-9299-6A14904F0774 HTTP/1.1" 200 79362
66.249.79.198 - - [04/Mar/2025:11:02:24 +0100] "GET /ticket2/opencms/en/buy/?page=10&eventid=4BFE0049-E26D-F28C-59BF-33D4A5B123CD HTTP/1.1" 200 64971
194.120.230.215 - - [04/Mar/2025:11:05:28 +0100] "GET /ticket2/opencms/cgi-bin/luci/;stok=/locale HTTP/1.1" 404 -
66.249.79.197 - - [04/Mar/2025:11:05:45 +0100] "GET /ticket2/opencms/en/buy/?page=10&eventid=3A13A888-618B-2302-3F7A-4345B50004DA HTTP/1.1" 200 64971
66.249.76.70 - - [04/Mar/2025:11:07:33 +0100] "GET /ticket2/opencms/en/buy/?page=10&eventid=0301901D-CDB0-76E6-A443-30FEE7E893FB HTTP/1.1" 200 64969
66.249.76.70 - - [04/Mar/2025:11:07:39 +0100] "GET /ticket2/opencms/en/buy/?page=10&eventid=684F42AD-E69E-B0FB-F34B-E9B5D5266D07 HTTP/1.1" 200 64971
66.249.76.70 - - [04/Mar/2025:11:10:22 +0100] "GET /ticket2/opencms/en/buy/?page=10&eventid=D0A9601D-3651-9BBC-A356-BE476DAC1559 HTTP/1.1" 200 64972
66.249.76.71 - - [04/Mar/2025:11:10:48 +0100] "GET /ticket2/opencms/en/buy/?page=10&eventid=257C5D29-06D1-01D8-25B3-75BE37E8CF25 HTTP/1.1" 200 64973
66.249.79.197 - - [04/Mar/2025:11:11:22 +0100] "GET /ticket2/opencms/en/buy/?page=10&eventid=B1E27EAD-2DAB-B132-68A0-815602472CC3 HTTP/1.1" 200 64969
194.120.230.215 - - [04/Mar/2025:11:12:34 +0100] "GET /cgi-bin/luci/;stok=/locale HTTP/1.1" 404 -
194.120.230.215 - - [04/Mar/2025:11:12:40 +0100] "GET /ticket2/opencms/cgi-bin/luci/;stok=/locale HTTP/1.1" 404 -
204.188.228.229 - - [04/Mar/2025:11:14:00 +0100] "GET /ticket2/opencms/ab2g HTTP/1.1" 404 -
204.188.228.229 - - [04/Mar/2025:11:14:01 +0100] "GET /ticket2/opencms/ab2h HTTP/1.1" 404 -
204.188.228.229 - - [04/Mar/2025:11:14:02 +0100] "GET /ticket2/opencms/alive.php HTTP/1.1" 404 -
204.188.228.229 - - [04/Mar/2025:11:14:05 +0100] "GET /ticket2/opencms/ HTTP/1.1" 302 -
204.188.228.229 - - [04/Mar/2025:11:14:06 +0100] "GET /ticket2/opencms/t4 HTTP/1.1" 404 -
204.188.228.229 - - [04/Mar/2025:11:14:07 +0100] "GET /ticket2/opencms/favicon.ico HTTP/1.1" 200 1406
204.188.228.229 - - [04/Mar/2025:11:14:08 +0100] "GET /ticket2/opencms/ HTTP/1.1" 302 -
204.188.228.229 - - [04/Mar/2025:11:14:08 +0100] "GET /ticket2/opencms/teorema505?t=1 HTTP/1.1" 404 -
194.120.230.215 - - [04/Mar/2025:11:16:47 +0100] "GET /cgi-bin/luci/;stok=/locale HTTP/1.1" 404 -
66.249.79.198 - - [04/Mar/2025:11:17:23 +0100] "GET /ticket2/opencms/en/venue/?venueid=E649B15F-1340-1561-C110-0CA0784E39A8 HTTP/1.1" 200 63694
66.249.79.197 - - [04/Mar/2025:11:18:21 +0100] "GET /ticket2/opencms/en/venue/?venueid=8A3E15E6-9EA2-1FB9-3117-432C267C960A HTTP/1.1" 200 63621
196.251.86.78 - - [04/Mar/2025:11:22:35 +0100] "GET /ticket2/opencms/.env HTTP/1.1" 404 -
194.120.230.215 - - [04/Mar/2025:11:24:47 +0100] "GET /ticket2/opencms/cgi-bin/luci/;stok=/locale HTTP/1.1" 404 -
66.249.79.199 - - [04/Mar/2025:11:26:49 +0100] "GET /ticket2/opencms/en/venue/?venueid=9D0A83A1-29EE-F26F-266A-4F56FD3E0CB0 HTTP/1.1" 200 63645
66.249.79.197 - - [04/Mar/2025:11:27:25 +0100] "GET /ticket2/opencms/en/venue/?venueid=A3BB5C5F-AE9B-C3F6-5C60-F2B46B94318E HTTP/1.1" 200 63642
66.249.76.71 - - [04/Mar/2025:11:32:29 +0100] "GET /ticket2/opencms/en/venue/?venueid=88F7BD42-D802-9204-CAB7-CFC868488AC2 HTTP/1.1" 200 63597
194.120.230.215 - - [04/Mar/2025:11:32:30 +0100] "GET /cgi-bin/luci/;stok=/locale HTTP/1.1" 404 -
194.120.230.215 - - [04/Mar/2025:11:34:10 +0100] "GET /ticket2/opencms/cgi-bin/luci/;stok=/locale HTTP/1.1" 404 -
194.120.230.215 - - [04/Mar/2025:11:38:39 +0100] "GET /cgi-bin/luci/;stok=/locale HTTP/1.1" 404 -
141.255.166.90 - - [04/Mar/2025:11:42:43 +0100] "GET /cgi-bin/luci/;stok=/locale HTTP/1.1" 404 -
66.249.76.70 - - [04/Mar/2025:11:43:47 +0100] "GET /ticket2/opencms/en/venue/?venueid=D1B15D6A-DFE3-C6C9-6105-566E2A2AD03F HTTP/1.1" 200 63686
66.249.79.197 - - [04/Mar/2025:11:45:52 +0100] "GET /ticket2/opencms/en/venue/?venueid=5BFF5C52-97D6-EA32-5A1D-6326FDEEAF02 HTTP/1.1" 200 63681
66.249.79.198 - - [04/Mar/2025:11:45:56 +0100] "GET /ticket2/opencms/en/venue/?venueid=E4DC7978-B97C-4D0F-D03F-77B54FE2F91C HTTP/1.1" 200 63636
66.249.79.199 - - [04/Mar/2025:11:46:34 +0100] "GET /ticket2/opencms/en/venue/?venueid=B9CBF21D-9B28-7AD2-F7DC-55BCA317CA29 HTTP/1.1" 200 63618
66.249.79.198 - - [04/Mar/2025:11:46:42 +0100] "GET /ticket2/opencms/en/venue/?venueid=ABC0464F-8805-FF17-3379-7EF70B4189E3 HTTP/1.1" 200 63625
66.249.79.197 - - [04/Mar/2025:11:46:49 +0100] "GET /ticket2/opencms/en/venue/?venueid=E09AF89A-9020-53BC-50AF-C0382954AC29 HTTP/1.1" 200 63613
66.249.76.70 - - [04/Mar/2025:11:47:34 +0100] "GET /ticket2/opencms/en/venue/?venueid=BBFDFA62-30E5-0CF7-5C31-22BFF847E1A4 HTTP/1.1" 200 65101
194.120.230.215 - - [04/Mar/2025:11:48:39 +0100] "GET /ticket2/opencms/cgi-bin/luci/;stok=/locale HTTP/1.1" 404 -
47.91.91.123 - - [04/Mar/2025:11:49:17 +0100] "GET /ticket2/opencms/ HTTP/1.1" 302 -
194.120.230.215 - - [04/Mar/2025:11:52:24 +0100] "GET /cgi-bin/luci/;stok=/locale HTTP/1.1" 404 -
66.249.76.71 - - [04/Mar/2025:11:54:12 +0100] "GET /ticket2/opencms/en/venue/?venueid=084C5FFD-59D7-DA1B-5EFC-5854672C42AB HTTP/1.1" 200 63639
92.255.57.58 - - [04/Mar/2025:11:54:22 +0100] "GET /?XDEBUG_SESSION_START=phpstorm HTTP/1.1" 404 -
194.120.230.215 - - [04/Mar/2025:11:55:30 +0100] "GET /ticket2/opencms/cgi-bin/luci/;stok=/locale HTTP/1.1" 404 -
66.249.79.198 - - [04/Mar/2025:11:56:33 +0100] "GET /ticket2/opencms/en/venue/?venueid=04EBBB82-240A-AF8F-DA1F-896AD50040B5 HTTP/1.1" 200 63613
66.249.79.198 - - [04/Mar/2025:11:56:34 +0100] "GET /ticket2/opencms/en/venue/?venueid=59A74FAD-E57E-D9BE-F92A-FE2D529CC098 HTTP/1.1" 200 63598
194.120.230.215 - - [04/Mar/2025:11:56:59 +0100] "GET /cgi-bin/luci/;stok=/locale HTTP/1.1" 404 -
66.249.79.199 - - [04/Mar/2025:11:57:31 +0100] "GET /ticket2/opencms/en/venue/?venueid=75885D15-264E-60FB-5DAC-D1D386082DD7 HTTP/1.1" 200 63631
92.241.77.214 - - [04/Mar/2025:12:01:37 +0100] "GET / HTTP/1.1" 404 -
66.249.76.70 - - [04/Mar/2025:12:07:48 +0100] "GET /ticket2/opencms/en/terms_of_service/ HTTP/1.1" 200 74565
194.120.230.215 - - [04/Mar/2025:12:08:29 +0100] "GET /ticket2/opencms/cgi-bin/luci/;stok=/locale HTTP/1.1" 404 -
66.249.79.197 - - [04/Mar/2025:12:08:45 +0100] "GET /ticket2/opencms/en/venue/?venueid=00240B1E-8538-03A9-D9EC-46848A34DA12 HTTP/1.1" 200 63649
66.249.79.198 - - [04/Mar/2025:12:15:34 +0100] "GET /ticket2/opencms/en/venue/?venueid=78753FB6-3A87-49B0-BB46-30CC2526D91F HTTP/1.1" 200 63604
141.255.166.90 - - [04/Mar/2025:12:16:13 +0100] "GET /ticket2/opencms/cgi-bin/luci/;stok=/locale HTTP/1.1" 404 -
194.120.230.215 - - [04/Mar/2025:12:16:24 +0100] "GET /cgi-bin/luci/;stok=/locale HTTP/1.1" 404 -
92.255.57.58 - - [04/Mar/2025:12:16:31 +0100] "GET /actuator/gateway/routes HTTP/1.1" 404 -
194.120.230.215 - - [04/Mar/2025:12:16:48 +0100] "GET /ticket2/opencms/cgi-bin/luci/;stok=/locale HTTP/1.1" 404 -
20.65.194.104 - - [04/Mar/2025:12:17:23 +0100] "GET /ticket2/opencms/ HTTP/1.1" 302 -
194.120.230.215 - - [04/Mar/2025:12:20:10 +0100] "GET /cgi-bin/luci/;stok=/locale HTTP/1.1" 404 -
141.255.166.90 - - [04/Mar/2025:12:30:02 +0100] "GET /cgi-bin/luci/;stok=/locale HTTP/1.1" 404 -
66.249.76.69 - - [04/Mar/2025:12:30:46 +0100] "GET /ticket2/opencms/en/venue/?venueid=BDC122B7-07E3-B2DA-27F2-6C9BA9CA15EB HTTP/1.1" 200 63708
194.120.230.215 - - [04/Mar/2025:12:30:48 +0100] "GET /ticket2/opencms/cgi-bin/luci/;stok=/locale HTTP/1.1" 404 -
66.249.76.70 - - [04/Mar/2025:12:32:21 +0100] "GET /ticket2/opencms/en/venue/?venueid=214162D4-F755-2444-761E-1B8A12025521 HTTP/1.1" 200 63612
66.249.79.199 - - [04/Mar/2025:12:32:34 +0100] "GET /ticket2/opencms/en/venue/?venueid=FF995A14-40EA-8EEB-6CB2-5F20B0A58DD9 HTTP/1.1" 200 63639
66.249.79.197 - - [04/Mar/2025:12:37:52 +0100] "GET /ticket2/opencms/en/venue/?venueid=480A6B99-5B8C-629A-4599-8DBE2732DD37 HTTP/1.1" 200 63601
66.249.79.198 - - [04/Mar/2025:12:37:57 +0100] "GET /ticket2/opencms/en/venue/?venueid=E3220E32-8510-74FA-4DA4-34193B5D3082 HTTP/1.1" 200 63633
194.120.230.215 - - [04/Mar/2025:12:38:33 +0100] "GET /ticket2/opencms/cgi-bin/luci/;stok=/locale HTTP/1.1" 404 -
194.120.230.215 - - [04/Mar/2025:12:39:24 +0100] "GET /cgi-bin/luci/;stok=/locale HTTP/1.1" 404 -
80.64.30.10 - - [04/Mar/2025:12:39:31 +0100] "GET /ticket2/opencms/ HTTP/1.1" 302 -
66.249.79.198 - - [04/Mar/2025:12:39:38 +0100] "GET /ticket2/opencms/en/venue/?venueid=3846EEC6-D71E-F10C-9733-AF9AE6463F86 HTTP/1.1" 200 63622
66.249.79.199 - - [04/Mar/2025:12:39:40 +0100] "GET /ticket2/opencms/en/venue/?venueid=583C4468-89E5-F28A-113C-507599FE1057 HTTP/1.1" 200 63604
193.68.89.10 - - [04/Mar/2025:12:39:45 +0100] "GET / HTTP/1.1" 404 -
194.120.230.215 - - [04/Mar/2025:12:42:57 +0100] "GET /cgi-bin/luci/;stok=/locale HTTP/1.1" 404 -
80.64.30.10 - - [04/Mar/2025:12:49:26 +0100] "??????$?R??J01? j?;?\!?CX?eU? ???#?Rh ????=?;[???R?297?"??&?+?/?,?0????? ??" 400 -
80.64.30.10 - - [04/Mar/2025:12:49:27 +0100] "??????b??jn??)o@?f4? ? _?J??" 400 -
194.120.230.215 - - [04/Mar/2025:12:50:59 +0100] "GET /ticket2/opencms/cgi-bin/luci/;stok=/locale HTTP/1.1" 404 -
66.249.79.199 - - [04/Mar/2025:12:53:23 +0100] "GET /ticket2/opencms/en/venue/?venueid=931B960B-87A9-7EDC-AD2E-1CCD2CDDC26D HTTP/1.1" 200 63646
66.249.79.197 - - [04/Mar/2025:12:53:57 +0100] "GET /ticket2/opencms/en/venue/?venueid=1A1BE7E1-DC28-3F19-CF75-C1A0736726D5 HTTP/1.1" 200 63615
194.120.230.215 - - [04/Mar/2025:12:56:18 +0100] "GET /ticket2/opencms/cgi-bin/luci/;stok=/locale HTTP/1.1" 404 -
194.120.230.215 - - [04/Mar/2025:12:57:45 +0100] "GET /cgi-bin/luci/;stok=/locale HTTP/1.1" 404 -
66.249.79.197 - - [04/Mar/2025:12:59:34 +0100] "GET /ticket2/opencms/en/venue/?venueid=B446B3A3-6DA6-0920-1D9A-07DEBB91E873 HTTP/1.1" 200 63654
194.120.230.215 - - [04/Mar/2025:13:02:37 +0100] "GET /cgi-bin/luci/;stok=/locale HTTP/1.1" 404 -
66.249.79.198 - - [04/Mar/2025:13:06:34 +0100] "GET /ticket2/opencms/en/venue/?venueid=79787CD2-7865-34D1-58A9-E39B34651991 HTTP/1.1" 200 63625
66.249.79.197 - - [04/Mar/2025:13:10:22 +0100] "GET /ticket2/opencms/en/venue/?venueid=B5425E3E-A83E-2358-1060-BB53AC7EEFC3 HTTP/1.1" 200 63658
66.249.79.198 - - [04/Mar/2025:13:11:12 +0100] "GET /ticket2/opencms/en/venue/?venueid=254D08F2-7222-550E-8C53-A2FD4DEBCCE9 HTTP/1.1" 200 63636
66.249.79.199 - - [04/Mar/2025:13:13:42 +0100] "GET /ticket2/opencms/en/venue/?venueid=6A1E7DDB-C31D-22B0-B981-1ED12482EA8B HTTP/1.1" 200 63594
194.120.230.215 - - [04/Mar/2025:13:15:05 +0100] "GET /ticket2/opencms/cgi-bin/luci/;stok=/locale HTTP/1.1" 404 -
66.249.79.198 - - [04/Mar/2025:13:15:13 +0100] "GET /ticket2/opencms/en/venue/?venueid=D436D35C-B831-A55A-C197-F1CFCA7C670C HTTP/1.1" 200 63679
66.249.79.197 - - [04/Mar/2025:13:15:35 +0100] "GET /ticket2/opencms/en/venue/?venueid=F948084C-F7DA-FF17-09AE-6FAF87CBA934 HTTP/1.1" 200 63648
194.120.230.215 - - [04/Mar/2025:13:18:33 +0100] "GET /ticket2/opencms/cgi-bin/luci/;stok=/locale HTTP/1.1" 404 -
194.120.230.215 - - [04/Mar/2025:13:19:09 +0100] "GET /cgi-bin/luci/;stok=/locale HTTP/1.1" 404 -
66.249.79.197 - - [04/Mar/2025:13:20:34 +0100] "GET /ticket2/opencms/en/venue/?venueid=4B0D88EB-7E2A-A891-8EAD-E0241631A72F HTTP/1.1" 200 63618
66.249.79.198 - - [04/Mar/2025:13:21:34 +0100] "GET /ticket2/opencms/en/venue/?venueid=433584BA-B375-64FC-9A6E-936720923E1A HTTP/1.1" 200 63639
141.255.166.90 - - [04/Mar/2025:13:23:46 +0100] "GET /cgi-bin/luci/;stok=/locale HTTP/1.1" 404 -
194.120.230.215 - - [04/Mar/2025:13:26:44 +0100] "GET /cgi-bin/luci/;stok=/locale HTTP/1.1" 404 -
66.249.76.70 - - [04/Mar/2025:13:26:46 +0100] "GET /ticket2/opencms/en/venue/?venueid=380DF522-3660-2BDE-D588-34065D0E5215 HTTP/1.1" 200 63669
66.249.79.197 - - [04/Mar/2025:13:28:39 +0100] "GET /ticket2/opencms/en/venue/?venueid=1DF2853B-5766-9FAA-D7E4-AF2520BE73B0 HTTP/1.1" 200 63591
66.249.76.71 - - [04/Mar/2025:13:28:40 +0100] "GET /ticket2/opencms/en/venue/?venueid=35F2C0FD-2AD5-32E8-D68C-01A0719CB745 HTTP/1.1" 200 63649
66.249.79.199 - - [04/Mar/2025:13:29:56 +0100] "GET /ticket2/opencms/en/venue/?venueid=91526645-E783-705C-B0EA-08AE718DF753 HTTP/1.1" 200 63597
66.249.79.199 - - [04/Mar/2025:13:30:43 +0100] "GET /ticket2/opencms/en/venue/?venueid=2BB1A567-8116-6277-46C8-9A4B7BC95101 HTTP/1.1" 200 63609
66.249.76.69 - - [04/Mar/2025:13:30:48 +0100] "GET /ticket2/opencms/en/venue/?venueid=4F62933B-9DDF-0985-7B84-96B1AE723370 HTTP/1.1" 200 63657
66.249.79.197 - - [04/Mar/2025:13:31:34 +0100] "GET /ticket2/opencms/en/venue/?venueid=E9425025-3A6C-E9E0-2AE1-FBD6D1B8F3B9 HTTP/1.1" 200 63622
66.249.79.197 - - [04/Mar/2025:13:34:12 +0100] "GET /ticket2/opencms/en/venue/?venueid=84D7889A-E11A-AB47-B40A-66082298581A HTTP/1.1" 200 63610
194.120.230.215 - - [04/Mar/2025:13:36:25 +0100] "GET /ticket2/opencms/cgi-bin/luci/;stok=/locale HTTP/1.1" 404 -
66.249.79.197 - - [04/Mar/2025:13:38:49 +0100] "GET /ticket2/opencms/en/venue/?venueid=64779FD9-2136-580E-BBD9-F422639CB144 HTTP/1.1" 200 63589
194.120.230.215 - - [04/Mar/2025:13:41:18 +0100] "GET /ticket2/opencms/cgi-bin/luci/;stok=/locale HTTP/1.1" 404 -
194.120.230.215 - - [04/Mar/2025:13:41:57 +0100] "GET /cgi-bin/luci/;stok=/locale HTTP/1.1" 404 -
185.242.226.109 - - [04/Mar/2025:13:43:11 +0100] "GET /ticket2/opencms/ HTTP/1.1" 302 -
185.242.226.109 - - [04/Mar/2025:13:43:11 +0100] "GET /ticket2/opencms/en/ HTTP/1.1" 200 66763
66.249.76.70 - - [04/Mar/2025:13:44:35 +0100] "GET /ticket2/opencms/en/venue/?venueid=14E449A0-9512-05BC-589E-29AD437C30EF HTTP/1.1" 200 63625
66.249.76.69 - - [04/Mar/2025:13:44:47 +0100] "GET /ticket2/opencms/en/venue/?venueid=ECEC05FE-7D59-CD00-2E1B-1B40B02BB84F HTTP/1.1" 200 63621
66.249.79.197 - - [04/Mar/2025:13:44:51 +0100] "GET /ticket2/opencms/en/venue/?venueid=17E7C622-E012-3663-44A8-95BA7DB84F40 HTTP/1.1" 200 63619
66.249.79.197 - - [04/Mar/2025:13:44:57 +0100] "GET /ticket2/opencms/en/venue/?venueid=4455CA08-4C9A-150A-70CE-D4B8FC02B91F HTTP/1.1" 200 63669
194.120.230.215 - - [04/Mar/2025:13:46:12 +0100] "GET /cgi-bin/luci/;stok=/locale HTTP/1.1" 404 -
66.249.79.199 - - [04/Mar/2025:13:51:23 +0100] "GET /ticket2/opencms/en/venue/?venueid=3A1BEE3D-C4EA-6202-55FD-31669159D46C HTTP/1.1" 200 63643
195.178.110.54 - - [04/Mar/2025:13:55:15 +0100] "GET /ticket2/opencms/cgi-bin/luci/;stok=/locale HTTP/1.1" 404 -
143.198.37.172 - - [04/Mar/2025:13:55:39 +0100] "GET / HTTP/1.1" 404 -
143.198.37.172 - - [04/Mar/2025:13:55:40 +0100] "GET /download/powershell/ HTTP/1.1" 404 -
143.198.37.172 - - [04/Mar/2025:13:55:40 +0100] "GET /get.php HTTP/1.1" 404 -
66.249.79.197 - - [04/Mar/2025:13:55:57 +0100] "GET /ticket2/opencms/en/venue/?venueid=9F527521-42A0-A302-0BE9-10280D75A460 HTTP/1.1" 200 63660
66.249.79.198 - - [04/Mar/2025:13:56:49 +0100] "GET /ticket2/opencms/en/venue/?venueid=CF4F6857-3656-68CA-213F-13DFDEA6A33E HTTP/1.1" 200 63624
194.120.230.215 - - [04/Mar/2025:13:56:50 +0100] "GET /ticket2/opencms/cgi-bin/luci/;stok=/locale HTTP/1.1" 404 -
66.249.79.197 - - [04/Mar/2025:13:58:45 +0100] "GET /ticket2/opencms/en/venue/?venueid=86F0DC08-5FD1-E5A8-C05C-1DCBCBDEB57F HTTP/1.1" 200 63670
66.249.76.70 - - [04/Mar/2025:13:58:48 +0100] "GET /ticket2/opencms/en/venue/?venueid=0F4E0BCC-3EEC-C6F5-61BA-D1A20321E8C9 HTTP/1.1" 200 63630
66.249.79.198 - - [04/Mar/2025:13:59:49 +0100] "GET /ticket2/opencms/en/venue/?venueid=31613234-3A5A-9089-C471-3CB6857351EF HTTP/1.1" 200 63690
66.249.76.70 - - [04/Mar/2025:14:00:51 +0100] "GET /ticket2/opencms/en/venue/?venueid=37536D78-51ED-E1B7-F2B0-3074119C5B6B HTTP/1.1" 200 63658
194.120.230.215 - - [04/Mar/2025:14:03:34 +0100] "GET /cgi-bin/luci/;stok=/locale HTTP/1.1" 404 -
194.120.230.215 - - [04/Mar/2025:14:03:35 +0100] "GET /ticket2/opencms/cgi-bin/luci/;stok=/locale HTTP/1.1" 404 -
66.249.76.71 - - [04/Mar/2025:14:05:13 +0100] "GET /ticket2/opencms/en/venue/?venueid=291A0B91-B6D9-7F32-E0D0-5F6B1EDBF000 HTTP/1.1" 200 63695
194.120.230.215 - - [04/Mar/2025:14:06:32 +0100] "GET /cgi-bin/luci/;stok=/locale HTTP/1.1" 404 -
141.255.166.90 - - [04/Mar/2025:14:16:50 +0100] "GET /cgi-bin/luci/;stok=/locale HTTP/1.1" 404 -
66.249.76.69 - - [04/Mar/2025:14:19:40 +0100] "GET /ticket2/opencms/en/venue/?venueid=4640DAEA-8174-AC11-F7AA-B7BB125A39E8 HTTP/1.1" 200 63607
194.120.230.215 - - [04/Mar/2025:14:20:02 +0100] "GET /ticket2/opencms/cgi-bin/luci/;stok=/locale HTTP/1.1" 404 -
66.249.76.70 - - [04/Mar/2025:14:20:46 +0100] "GET /ticket2/opencms/en/venue/?venueid=2AB803FF-5300-9F4B-98D0-D3CDAE3FB479 HTTP/1.1" 200 63654
193.68.89.10 - - [04/Mar/2025:14:21:31 +0100] "GET / HTTP/1.1" 404 -
66.249.79.197 - - [04/Mar/2025:14:22:22 +0100] "GET /ticket2/opencms/en/venue/?venueid=B949E0D0-6478-1385-BB77-53DBB861A93A HTTP/1.1" 200 63628
194.120.230.215 - - [04/Mar/2025:14:23:04 +0100] "GET /ticket2/opencms/cgi-bin/luci/;stok=/locale HTTP/1.1" 404 -
194.120.230.215 - - [04/Mar/2025:14:24:38 +0100] "GET /cgi-bin/luci/;stok=/locale HTTP/1.1" 404 -
66.249.76.71 - - [04/Mar/2025:14:24:47 +0100] "GET /ticket2/opencms/en/venue/?venueid=FF8D2B77-C235-F0A7-6D99-CAC26AC9D392 HTTP/1.1" 200 63657
66.249.79.197 - - [04/Mar/2025:14:25:12 +0100] "GET /ticket2/opencms/en/venue/?venueid=18588407-AEA5-199B-F5F1-2A140DC5DCA8 HTTP/1.1" 200 63606
194.120.230.215 - - [04/Mar/2025:14:28:48 +0100] "GET /cgi-bin/luci/;stok=/locale HTTP/1.1" 404 -
157.55.39.202 - - [04/Mar/2025:14:32:57 +0100] "GET /ticket2/opencms/en/venue/?countryid=C3419397-8D1B-9427-953E-96370A3C8B07 HTTP/1.1" 200 93013
66.249.76.71 - - [04/Mar/2025:14:37:34 +0100] "GET /ticket2/opencms/en/venue/?venueid=B3BE141E-CF3F-F6A7-8B12-1986445931C5 HTTP/1.1" 200 63634
78.153.140.179 - - [04/Mar/2025:14:38:01 +0100] "GET /ticket2/opencms/.env HTTP/1.1" 404 -
78.153.140.179 - - [04/Mar/2025:14:38:07 +0100] "GET /ticket2/opencms/Dev/.env HTTP/1.1" 404 -
78.153.140.179 - - [04/Mar/2025:14:38:23 +0100] "GET /ticket2/opencms/secrets.env HTTP/1.1" 404 -
66.249.79.199 - - [04/Mar/2025:14:38:42 +0100] "GET /ticket2/opencms/en/venue/?venueid=3696F630-3175-B624-1F25-409A07AAD64C HTTP/1.1" 200 63642
78.153.140.179 - - [04/Mar/2025:14:38:46 +0100] "GET /ticket2/test/.env HTTP/1.1" 404 -
78.153.140.179 - - [04/Mar/2025:14:39:03 +0100] "GET /ticket2/opencms/blogs/.env HTTP/1.1" 404 -
78.153.140.179 - - [04/Mar/2025:14:39:22 +0100] "GET /ticket2/opencms/client/.env HTTP/1.1" 404 -
78.153.140.179 - - [04/Mar/2025:14:39:25 +0100] "GET /ticket2/opencms/templates/.env HTTP/1.1" 404 -
78.153.140.179 - - [04/Mar/2025:14:39:30 +0100] "GET /ticket2/opencms/saas/.env HTTP/1.1" 404 -
78.153.140.179 - - [04/Mar/2025:14:39:41 +0100] "GET /ticket2/opencms/content/.env HTTP/1.1" 404 -
194.120.230.215 - - [04/Mar/2025:14:39:44 +0100] "GET /ticket2/opencms/cgi-bin/luci/;stok=/locale HTTP/1.1" 404 -
78.153.140.179 - - [04/Mar/2025:14:39:58 +0100] "GET /ticket2/opencms/old/.env HTTP/1.1" 404 -
78.153.140.179 - - [04/Mar/2025:14:40:06 +0100] "GET /ticket2/opencms/.gitlab-ci/.env HTTP/1.1" 404 -
78.153.140.179 - - [04/Mar/2025:14:40:16 +0100] "GET /ticket2/opencms/docker/.env HTTP/1.1" 404 -
78.153.140.179 - - [04/Mar/2025:14:40:24 +0100] "GET /ticket2/opencms/etc/.env HTTP/1.1" 404 -
78.153.140.179 - - [04/Mar/2025:14:40:30 +0100] "GET /ticket2/opencms/alpha/.env HTTP/1.1" 404 -
78.153.140.179 - - [04/Mar/2025:14:40:40 +0100] "GET /ticket2/opencms/basic-network/.env HTTP/1.1" 404 -
78.153.140.179 - - [04/Mar/2025:14:40:51 +0100] "GET /ticket2/opencms/configurations/.env HTTP/1.1" 404 -
78.153.140.179 - - [04/Mar/2025:14:40:54 +0100] "GET /ticket2/opencms/core/database/.env HTTP/1.1" 404 -
78.153.140.179 - - [04/Mar/2025:14:40:59 +0100] "GET /ticket2/opencms/cpresources/.env HTTP/1.1" 404 -
78.153.140.179 - - [04/Mar/2025:14:41:09 +0100] "GET /ticket2/opencms/env_variables.env HTTP/1.1" 404 -
78.153.140.179 - - [04/Mar/2025:14:41:20 +0100] "GET /ticket2/opencms/extension/.env HTTP/1.1" 404 -
78.153.140.179 - - [04/Mar/2025:14:41:25 +0100] "GET /ticket2/opencms/functions/.env HTTP/1.1" 404 -
78.153.140.179 - - [04/Mar/2025:14:41:31 +0100] "GET /ticket2/opencms/javascript/.env HTTP/1.1" 404 -
78.153.140.179 - - [04/Mar/2025:14:41:40 +0100] "GET /ticket2/opencms/laravel/public/.env HTTP/1.1" 404 -
78.153.140.179 - - [04/Mar/2025:14:41:42 +0100] "GET /ticket2/opencms/newsite/.env HTTP/1.1" 404 -
78.153.140.179 - - [04/Mar/2025:14:41:47 +0100] "GET /ticket2/opencms/node_modules/.env HTTP/1.1" 404 -
78.153.140.179 - - [04/Mar/2025:14:41:49 +0100] "GET /ticket2/opencms/owncloud/.env HTTP/1.1" 404 -
78.153.140.179 - - [04/Mar/2025:14:42:04 +0100] "GET /ticket2/opencms/packages/web/.env HTTP/1.1" 404 -
