66.249.76.71 - - [02/Mar/2025:10:26:38 +0100] "GET /ticket2/opencms/en/venue/?venueid=08E4EC60-00C9-C497-9F21-DF811FAE4DEC HTTP/1.1" 200 63636
45.144.212.139 - - [02/Mar/2025:10:27:13 +0100] "GET /ticket2/opencms/.git/index HTTP/1.1" 404 -
203.55.131.3 - - [02/Mar/2025:10:28:05 +0100] "GET /ticket2/opencms/ HTTP/1.1" 302 -
66.249.79.197 - - [02/Mar/2025:10:30:25 +0100] "GET /ticket2/opencms/en/venue/?venueid=D67BBEAA-85B5-D2EB-96E5-A5759AF56653 HTTP/1.1" 200 63625
66.249.79.199 - - [02/Mar/2025:10:33:24 +0100] "GET /ticket2/opencms/en/venue/?venueid=F70F08EA-0F3A-95EA-07F1-FD6D52373424 HTTP/1.1" 200 63618
66.249.79.197 - - [02/Mar/2025:10:35:26 +0100] "GET /ticket2/opencms/en/venue/?venueid=B5F81AEB-3F90-FA50-5453-F474EEB5E0C1 HTTP/1.1" 200 63649
66.249.79.198 - - [02/Mar/2025:10:37:24 +0100] "GET /ticket2/opencms/en/venue/?venueid=599873B1-3873-AE39-BC85-F2D3640C7F65 HTTP/1.1" 200 63610
92.255.57.58 - - [02/Mar/2025:10:42:42 +0100] "GET /actuator/gateway/routes HTTP/1.1" 404 -
66.249.76.70 - - [02/Mar/2025:10:47:33 +0100] "GET /ticket2/opencms/en/venue/?venueid=AC375263-7A55-216C-3DC8-A3A22B8C867F HTTP/1.1" 200 63657
66.249.79.197 - - [02/Mar/2025:10:51:24 +0100] "GET /ticket2/opencms/en/venue/?venueid=920488DA-5A31-2C02-38B5-7EC9E48B6D06 HTTP/1.1" 200 63624
66.249.76.70 - - [02/Mar/2025:10:59:46 +0100] "GET /ticket2/opencms/en/venue/?venueid=3DDFA073-4C38-5EE7-7723-B0FB0CD0E69B HTTP/1.1" 200 63637
146.190.242.215 - - [02/Mar/2025:11:00:05 +0100] "GET / HTTP/1.1" 404 -
146.190.242.215 - - [02/Mar/2025:11:00:05 +0100] "GET /download/powershell/ HTTP/1.1" 404 -
146.190.242.215 - - [02/Mar/2025:11:00:06 +0100] "GET /get.php HTTP/1.1" 404 -
66.249.79.197 - - [02/Mar/2025:11:00:39 +0100] "GET /ticket2/opencms/sv/sport/fotbollsbiljetter/premier_league/ HTTP/1.1" 200 78731
66.249.79.197 - - [02/Mar/2025:11:01:56 +0100] "GET /ticket2/opencms/sv/sport/fotbollsbiljetter/eredivisie/ HTTP/1.1" 200 63993
66.249.79.199 - - [02/Mar/2025:11:05:21 +0100] "GET /ticket2/opencms/en/sport/football-tickets/serie_a/ HTTP/1.1" 200 77554
198.235.24.240 - - [02/Mar/2025:11:06:04 +0100] "???B?cy?`??wdz?zG0H?#?????? ???W??????C?[???????x???I??&?+?/?,?0????? ??" 400 -
198.235.24.240 - - [02/Mar/2025:11:06:04 +0100] "?????????K?d$??????R?0j?`?h???/?+?0?,???'?#?? ?(?$?? " 400 -
66.249.79.198 - - [02/Mar/2025:11:08:33 +0100] "GET /ticket2/opencms/en/sport/football-tickets/la-liga/ HTTP/1.1" 200 76558
66.249.79.197 - - [02/Mar/2025:11:09:41 +0100] "GET /ticket2/opencms/sv/partners/fotbolldirekt/ HTTP/1.1" 200 64503
141.255.166.90 - - [02/Mar/2025:11:11:06 +0100] "GET /cgi-bin/luci/;stok=/locale HTTP/1.1" 404 -
193.68.89.10 - - [02/Mar/2025:11:15:34 +0100] "GET / HTTP/1.1" 404 -
66.249.79.198 - - [02/Mar/2025:11:15:53 +0100] "GET /ticket2/opencms/sv/buy/?page=6&comcatid=97ECA65A-72DA-F9AF-9DBB-245D3CFED1BE&catid=4C4DADF0-07CC-9B24-D2D9-940EF378BE99 HTTP/1.1" 200 70191
66.249.79.198 - - [02/Mar/2025:11:18:38 +0100] "GET /ticket2/opencms/sv/buy/?page=6&comcatid=810BB404-4103-77F2-A6C2-12D5E6C338E2&catid=95AE85B5-8979-BB11-643C-430ACC6D50F9 HTTP/1.1" 200 66456
66.249.79.198 - - [02/Mar/2025:11:18:51 +0100] "GET /ticket2/opencms/en/venue/?countryid=D9C90621-DB02-1B5C-863E-8CD5BDDB79A3 HTTP/1.1" 200 93472
66.249.79.198 - - [02/Mar/2025:11:20:39 +0100] "GET /ticket2/opencms/en/venue/?column= HTTP/1.1" 500 -
66.249.79.197 - - [02/Mar/2025:11:20:47 +0100] "GET /ticket2/opencms/en/venue/?countryid=ADE48E06-C02A-081C-C0CF-A96D2EE2FC7A HTTP/1.1" 200 93013
66.249.76.69 - - [02/Mar/2025:11:22:11 +0100] "GET /ticket2/opencms/en/venue/?countryid=7A0460DD-50B2-C9A6-7233-3106FD73A000 HTTP/1.1" 200 93013
66.249.76.71 - - [02/Mar/2025:11:22:25 +0100] "GET /ticket2/opencms/en/venue/?countryid=469E8114-EEB1-DED6-F49A-3A2498C21B30 HTTP/1.1" 200 93013
66.249.79.197 - - [02/Mar/2025:11:24:33 +0100] "GET /ticket2/opencms/en/venue/?countryid=656DB01E-8560-3560-F23F-27BC90E7C03C HTTP/1.1" 200 93013
66.249.79.198 - - [02/Mar/2025:11:24:50 +0100] "GET /ticket2/opencms/en/venue/?countryid=46D1BD56-50EF-279E-34BE-11A1EF985421 HTTP/1.1" 200 93013
66.249.79.198 - - [02/Mar/2025:11:25:24 +0100] "GET /ticket2/opencms/en/venue/?countryid=99B8CCCF-76CE-5509-EB6E-95AE6D1E4C98 HTTP/1.1" 200 93013
66.249.76.69 - - [02/Mar/2025:11:25:26 +0100] "GET /ticket2/opencms/en/venue/?countryid=00A745F5-9727-5A5E-55DB-C7A480FFD3CE HTTP/1.1" 200 93013
66.249.76.70 - - [02/Mar/2025:11:26:33 +0100] "GET /ticket2/opencms/en/standard/ HTTP/1.1" 200 76856
66.249.76.70 - - [02/Mar/2025:11:27:45 +0100] "GET /ticket2/opencms/en/venue/?countryid=D9C90621-DB02-1B5C-863E-8CD5BDDB79A4 HTTP/1.1" 200 93013
66.249.79.197 - - [02/Mar/2025:11:32:50 +0100] "GET /ticket2/opencms/en/venue/?countryid=C02FA7EF-C506-8CCA-9C06-722A0E6233D0 HTTP/1.1" 200 93013
66.249.79.197 - - [02/Mar/2025:11:39:33 +0100] "GET /ticket2/opencms/en/venue/?countryid=577F4BE1-D660-BA06-FD83-D505059D70AB HTTP/1.1" 200 93013
66.249.76.70 - - [02/Mar/2025:11:40:11 +0100] "GET /ticket2/opencms/en/venue/?countryid=6A07F71C-E21A-1DB2-608E-7A1B9B76A929 HTTP/1.1" 200 93013
45.148.10.35 - - [02/Mar/2025:11:40:17 +0100] "GET /ticket2/opencms/ HTTP/1.1" 302 -
45.148.10.35 - - [02/Mar/2025:11:40:17 +0100] "GET /ticket2/opencms/media../.git/config HTTP/1.1" 404 -
45.148.10.35 - - [02/Mar/2025:11:40:17 +0100] "GET /ticket2/opencms/modules/utils/.git/config HTTP/1.1" 404 -
45.148.10.35 - - [02/Mar/2025:11:40:17 +0100] "GET /ticket2/opencms/project/.git/config HTTP/1.1" 404 -
45.148.10.35 - - [02/Mar/2025:11:40:17 +0100] "GET /ticket2/opencms/tools/.git/config HTTP/1.1" 404 -
45.148.10.35 - - [02/Mar/2025:11:40:17 +0100] "GET /ticket2/opencms/data/private/.git/config HTTP/1.1" 404 -
45.148.10.35 - - [02/Mar/2025:11:40:18 +0100] "GET /ticket2/opencms/user_backend/.git/config HTTP/1.1" 404 -
66.249.76.69 - - [02/Mar/2025:11:40:22 +0100] "GET /ticket2/opencms/en/venue/?countryid=FE820485-92B2-CBF2-B829-80FB72DDC46F HTTP/1.1" 200 93013
46.19.143.26 - - [02/Mar/2025:11:40:28 +0100] "GET / HTTP/1.1" 404 -
66.249.76.71 - - [02/Mar/2025:11:41:22 +0100] "GET /ticket2/opencms/en/venue/?countryid=DBF1B903-D9ED-502A-C58E-CF837DE83CCB HTTP/1.1" 200 93013
66.249.76.71 - - [02/Mar/2025:11:46:34 +0100] "GET /ticket2/opencms/en/venue/?countryid=FECEDBB4-CBB7-37BC-56A2-3BCE3EF7E1E8 HTTP/1.1" 200 95572
66.249.76.70 - - [02/Mar/2025:11:47:25 +0100] "GET /ticket2/opencms/en/venue/?countryid=6DB0834B-E25F-449A-5515-025982E4CF10 HTTP/1.1" 200 93013
66.249.79.197 - - [02/Mar/2025:11:47:39 +0100] "GET /ticket2/opencms/en/venue/?countryid=0A131296-8532-77F1-DA6B-5BEC9CE9B834 HTTP/1.1" 200 93013
66.249.79.198 - - [02/Mar/2025:11:50:48 +0100] "GET /ticket2/opencms/en/venue/?countryid=397EE7D1-C7FC-902D-F9A7-02173E5367FD HTTP/1.1" 200 93013
66.249.79.199 - - [02/Mar/2025:11:51:23 +0100] "GET /ticket2/opencms/en/venue/?countryid=E7736334-EC5F-4E42-8871-FF5303C85500 HTTP/1.1" 200 93713
66.249.76.69 - - [02/Mar/2025:11:51:30 +0100] "GET /ticket2/opencms/en/venue/?countryid=7181F1B1-BB62-9D43-5EFA-B07E8505C9FD HTTP/1.1" 200 93013
66.249.76.69 - - [02/Mar/2025:11:51:34 +0100] "GET /ticket2/opencms/en/venue/?countryid=D89C1642-F4D3-8098-A250-FAF55037EC33 HTTP/1.1" 200 93013
138.197.24.249 - - [02/Mar/2025:11:58:07 +0100] "GET /aaa9 HTTP/1.1" 404 -
138.197.24.249 - - [02/Mar/2025:11:58:20 +0100] "GET /aab8 HTTP/1.1" 404 -
138.197.24.249 - - [02/Mar/2025:11:58:41 +0100] "GET / HTTP/1.1" 404 -
66.249.79.199 - - [02/Mar/2025:12:01:40 +0100] "GET /ticket2/opencms/en/venue/?countryid=4F919533-4A01-8CFD-B333-C95FA433589C HTTP/1.1" 200 93013
141.255.166.90 - - [02/Mar/2025:12:01:40 +0100] "GET /cgi-bin/luci/;stok=/locale HTTP/1.1" 404 -
66.249.79.198 - - [02/Mar/2025:12:02:39 +0100] "GET /ticket2/opencms/en/venue/?countryid=AE789D77-DA16-B130-0CBE-FA563F4A0E8A HTTP/1.1" 200 93013
46.105.70.190 - - [02/Mar/2025:12:04:47 +0100] "GET / HTTP/1.1" 404 -
66.249.79.199 - - [02/Mar/2025:12:08:43 +0100] "GET /ticket2/opencms/en/venue/?countryid=D12DC4A4-98E1-D0B7-783E-AE51CC52E5AE HTTP/1.1" 200 93013
66.249.79.198 - - [02/Mar/2025:12:08:49 +0100] "GET /ticket2/opencms/en/venue/?countryid=52C47DB4-FAB4-2851-C1B4-C8688282983C HTTP/1.1" 200 93013
66.249.76.69 - - [02/Mar/2025:12:09:11 +0100] "GET /ticket2/opencms/en/venue/?countryid=9E2F78CF-6136-5571-6F34-DBB927119F5E HTTP/1.1" 200 93013
66.249.76.69 - - [02/Mar/2025:12:09:21 +0100] "GET /ticket2/opencms/en/venue/?countryid=BFE57D5D-96E9-5760-3742-A1CEB6924397 HTTP/1.1" 200 93013
66.249.76.69 - - [02/Mar/2025:12:09:22 +0100] "GET /ticket2/opencms/sv/buy/?page=6&comcatid=A17713B6-D984-201A-4143-ED4DB5ED5C2E&catid=FF8D7FE7-4B09-7305-01C7-2D47F7913EB8 HTTP/1.1" 200 75650
195.246.120.122 - - [02/Mar/2025:12:10:36 +0100] "GET / HTTP/1.0" 404 -
43.157.180.116 - - [02/Mar/2025:12:15:07 +0100] "GET /ticket2/opencms/ HTTP/1.1" 302 -
43.157.180.116 - - [02/Mar/2025:12:15:10 +0100] "GET /ticket2/opencms/en/ HTTP/1.1" 200 66763
66.249.79.197 - - [02/Mar/2025:12:15:11 +0100] "GET /ticket2/opencms/sv/buy/?page=6&comcatid=A17713B6-D984-201A-4143-ED4DB5ED5C2E&catid=C0DF818C-DB21-6E2E-4056-DB751FFE0C41 HTTP/1.1" 200 75646
66.249.79.199 - - [02/Mar/2025:12:20:33 +0100] "GET /ticket2/opencms/sv/buy/?page=6&comcatid=A17713B6-D984-201A-4143-ED4DB5ED5C2E&catid=4B941E1B-E4E2-C53E-C693-9FA91BBA9AD5 HTTP/1.1" 200 75657
66.249.79.197 - - [02/Mar/2025:12:21:11 +0100] "GET /ticket2/opencms/sv/buy/?page=6&comcatid=A17713B6-D984-201A-4143-ED4DB5ED5C2E&catid=573B7747-EE85-D769-C87D-F3F61FB64AA5 HTTP/1.1" 200 75656
66.249.79.199 - - [02/Mar/2025:12:21:32 +0100] "GET /ticket2/opencms/sv/buy/?page=6&comcatid=A17713B6-D984-201A-4143-ED4DB5ED5C2E&catid=21C3854B-901E-11F9-7B7D-6838CC6AFAA4 HTTP/1.1" 200 75645
66.249.79.199 - - [02/Mar/2025:12:22:29 +0100] "GET /ticket2/opencms/sv/faq/ HTTP/1.1" 200 69071
66.249.79.198 - - [02/Mar/2025:12:24:11 +0100] "GET /ticket2/opencms/sv/buy/?page=6&comcatid=A17713B6-D984-201A-4143-ED4DB5ED5C2E&catid=6BD6E0B0-84AF-3A0D-3851-C1357CE9B771 HTTP/1.1" 200 75655
66.249.79.198 - - [02/Mar/2025:12:24:45 +0100] "GET /ticket2/opencms/sv/buy/?page=6&comcatid=A17713B6-D984-201A-4143-ED4DB5ED5C2E&catid=3A7AEA37-903D-9533-4B33-21B0001FF1D1 HTTP/1.1" 200 75654
66.249.79.199 - - [02/Mar/2025:12:25:37 +0100] "GET /ticket2/opencms/sv/konsertbiljetter/coldplay/ HTTP/1.1" 200 69513
66.249.79.197 - - [02/Mar/2025:12:26:57 +0100] "GET /ticket2/opencms/sv/buy/?page=6&comcatid=A17713B6-D984-201A-4143-ED4DB5ED5C2E&catid=36394212-F82E-F845-399B-42BED55969CC HTTP/1.1" 200 75648
66.249.79.197 - - [02/Mar/2025:12:27:33 +0100] "GET /ticket2/opencms/sv/buy/?page=6&comcatid=A17713B6-D984-201A-4143-ED4DB5ED5C2E&catid=7CF2D645-F785-0CBB-1B7C-C4711617EAAD HTTP/1.1" 200 75664
66.249.76.71 - - [02/Mar/2025:12:28:23 +0100] "GET /ticket2/opencms/en/venue/?countryid=3E153AD4-B966-FBA9-55D2-B5BF8B4DBAEE HTTP/1.1" 200 93013
66.249.76.70 - - [02/Mar/2025:12:28:35 +0100] "GET /ticket2/opencms/en/venue/?countryid=9DB285C0-D137-5036-05BF-ABB4B196F392 HTTP/1.1" 200 93690
66.249.79.197 - - [02/Mar/2025:12:28:39 +0100] "GET /ticket2/opencms/en/venue/?countryid=A3B02FE6-E314-D205-EF34-B3751539C7A7 HTTP/1.1" 200 93013
66.249.79.198 - - [02/Mar/2025:12:31:57 +0100] "GET /ticket2/opencms/en/venue/?countryid=56FE8DB8-0A46-00E3-175D-347FD72BDA70 HTTP/1.1" 200 93703
66.249.79.198 - - [02/Mar/2025:12:35:51 +0100] "GET /ticket2/opencms/en/venue/?countryid=160EC1E3-9CD9-D675-7FCF-474C7815EC7B HTTP/1.1" 200 104115
66.249.79.197 - - [02/Mar/2025:12:36:25 +0100] "GET /ticket2/opencms/sv/buy/?page=6&comcatid=A17713B6-D984-201A-4143-ED4DB5ED5C2E&catid=E92E6B1B-7CD1-74B1-312C-265A7D8125D0 HTTP/1.1" 200 75651
66.249.79.198 - - [02/Mar/2025:12:36:35 +0100] "GET /ticket2/opencms/sv/buy/?page=6&comcatid=A17713B6-D984-201A-4143-ED4DB5ED5C2E&catid=739BFC5D-78FA-6834-D764-6CE64CA5F9EC HTTP/1.1" 200 75654
185.242.226.109 - - [02/Mar/2025:12:39:37 +0100] "GET /ticket2/opencms/favicon.ico HTTP/1.1" 200 1406
185.242.226.109 - - [02/Mar/2025:12:39:37 +0100] "GET /ticket2/opencms/ HTTP/1.1" 302 -
185.242.226.109 - - [02/Mar/2025:12:39:37 +0100] "GET /ticket2/opencms/en/ HTTP/1.1" 200 66763
195.178.110.54 - - [02/Mar/2025:12:50:07 +0100] "GET /cgi-bin/luci/;stok=/locale HTTP/1.1" 404 -
4.236.190.248 - - [02/Mar/2025:12:50:55 +0100] "GET /manager/html HTTP/1.1" 404 -
141.255.166.90 - - [02/Mar/2025:12:52:35 +0100] "GET /cgi-bin/luci/;stok=/locale HTTP/1.1" 404 -
164.52.0.92 - - [02/Mar/2025:13:00:49 +0100] "GET /ticket2/opencms/ HTTP/1.1" 302 -
164.52.0.92 - - [02/Mar/2025:13:00:52 +0100] "GET /ticket2/opencms/ HTTP/1.1" 500 -
66.249.79.197 - - [02/Mar/2025:13:03:33 +0100] "GET /ticket2/opencms/sv/buy/?page=6&comcatid=A17713B6-D984-201A-4143-ED4DB5ED5C2E&catid=739BFC5D-78FA-6834-D764-6CE64CA5F9EC HTTP/1.1" 200 75654
193.68.89.10 - - [02/Mar/2025:13:03:38 +0100] "GET / HTTP/1.1" 404 -
66.249.79.197 - - [02/Mar/2025:13:04:49 +0100] "GET /ticket2/opencms/sv/buy/?page=6&comcatid=97ECA65A-72DA-F9AF-9DBB-245D3CFED1BE&catid=43171577-14C8-6B19-25D9-DF372BFFCBFA HTTP/1.1" 200 70193
66.249.79.198 - - [02/Mar/2025:13:06:23 +0100] "GET /ticket2/opencms/en/venue/?venueid=305DAD5C-FF35-7284-E470-947548E280ED HTTP/1.1" 200 63637
45.148.10.90 - - [01/Jan/1970:00:59:59 +0100] "-" 400 -
45.148.10.90 - - [02/Mar/2025:13:06:38 +0100] "GET / HTTP/1.1" 404 -
45.148.10.90 - - [01/Jan/1970:00:59:59 +0100] "-" 400 -
45.148.10.90 - - [02/Mar/2025:13:06:38 +0100] "GET / HTTP/1.1" 404 -
45.148.10.90 - - [02/Mar/2025:13:06:46 +0100] "GET /core/.git/config HTTP/1.1" 404 -
66.249.79.197 - - [02/Mar/2025:13:08:57 +0100] "GET /ticket2/opencms/en/venue/?venueid=D609D4D6-C7F0-DA05-ADC1-92A771D52BE6 HTTP/1.1" 200 63721
66.249.79.199 - - [02/Mar/2025:13:12:35 +0100] "GET /ticket2/opencms/en/venue/?venueid=99EB5D09-9A33-95A7-F158-1EC6D2BA2BAD HTTP/1.1" 200 63667
66.249.76.70 - - [02/Mar/2025:13:12:51 +0100] "GET /ticket2/opencms/en/venue/?venueid=0CC87D32-3D29-5809-F3E9-5889619E3A38 HTTP/1.1" 200 63610
66.249.76.71 - - [02/Mar/2025:13:17:12 +0100] "GET /ticket2/opencms/en/venue/?venueid=FD8E2085-4C66-B96B-FE96-170F5D626150 HTTP/1.1" 200 63633
66.249.79.197 - - [02/Mar/2025:13:17:46 +0100] "GET /ticket2/opencms/en/venue/?venueid=04A82A7F-3526-7853-AB0E-3B58A65053A2 HTTP/1.1" 200 63622
78.108.177.52 - - [02/Mar/2025:13:18:19 +0100] "GET / HTTP/1.0" 404 -
66.249.79.197 - - [02/Mar/2025:13:19:41 +0100] "GET /ticket2/opencms/en/venue/?venueid=03F51804-8CDE-802D-E000-0AE79CB6ED35 HTTP/1.1" 200 63607
66.249.79.199 - - [02/Mar/2025:13:19:42 +0100] "GET /ticket2/opencms/en/venue/?countryid=4F2F2232-9A95-D0E1-F5ED-FFF77C15BB0E HTTP/1.1" 200 107855
66.249.79.198 - - [02/Mar/2025:13:23:49 +0100] "GET /ticket2/opencms/en/venue/?venueid=308D5B12-D557-DF8F-3129-5C03B03BE75B HTTP/1.1" 200 63640
66.249.79.197 - - [02/Mar/2025:13:25:22 +0100] "GET /ticket2/opencms/en/venue/?venueid=2B8D0888-5DB2-65B4-1080-38E069157030 HTTP/1.1" 200 63631
66.249.79.198 - - [02/Mar/2025:13:27:12 +0100] "GET /ticket2/opencms/en/venue/?venueid=02C2C7C6-9BB6-F13B-26C3-941A9A3FEDB3 HTTP/1.1" 200 63669
66.249.79.197 - - [02/Mar/2025:13:27:57 +0100] "GET /ticket2/opencms/en/venue/?venueid=F92F457D-1B42-E209-CE55-7604B969AAC0 HTTP/1.1" 200 63639
66.249.79.198 - - [02/Mar/2025:13:28:10 +0100] "GET /ticket2/opencms/en/venue/?venueid=BC1A9CCA-795F-F200-591F-A9E7F125D0C8 HTTP/1.1" 200 63616
66.249.79.198 - - [02/Mar/2025:13:32:52 +0100] "GET /ticket2/opencms/en/venue/?venueid=988CFED4-6B4C-E666-FAD2-FF27363C6BC5 HTTP/1.1" 200 63654
66.249.79.197 - - [02/Mar/2025:13:33:21 +0100] "GET /ticket2/opencms/en/venue/?venueid=D4F19FB0-0B28-632C-9086-124F525CC6BE HTTP/1.1" 200 63702
66.249.79.199 - - [02/Mar/2025:13:37:24 +0100] "GET /ticket2/opencms/en/venue/?venueid=F03C5E97-FFBF-7048-55FD-77B5E4C1E006 HTTP/1.1" 200 63709
66.249.79.198 - - [02/Mar/2025:13:38:51 +0100] "GET /ticket2/opencms/en/venue/?venueid=79ABCF29-8849-375A-51D4-EF1F6E582A69 HTTP/1.1" 200 63630
141.255.166.90 - - [02/Mar/2025:13:40:04 +0100] "GET /cgi-bin/luci/;stok=/locale HTTP/1.1" 404 -
204.188.228.32 - - [02/Mar/2025:13:48:56 +0100] "GET /ticket2/opencms/ab2g HTTP/1.1" 404 -
204.188.228.32 - - [02/Mar/2025:13:48:56 +0100] "GET /ticket2/opencms/ab2h HTTP/1.1" 404 -
204.188.228.32 - - [02/Mar/2025:13:48:57 +0100] "GET /ticket2/opencms/alive.php HTTP/1.1" 404 -
204.188.228.32 - - [02/Mar/2025:13:49:00 +0100] "GET /ticket2/opencms/ HTTP/1.1" 302 -
204.188.228.32 - - [02/Mar/2025:13:49:01 +0100] "GET /ticket2/opencms/t4 HTTP/1.1" 404 -
204.188.228.32 - - [02/Mar/2025:13:49:02 +0100] "GET /ticket2/opencms/favicon.ico HTTP/1.1" 200 1406
204.188.228.32 - - [02/Mar/2025:13:49:03 +0100] "GET /ticket2/opencms/ HTTP/1.1" 302 -
204.188.228.32 - - [02/Mar/2025:13:49:03 +0100] "GET /ticket2/opencms/teorema505?t=1 HTTP/1.1" 404 -
66.249.79.198 - - [02/Mar/2025:13:53:11 +0100] "GET /ticket2/opencms/en/venue/?venueid=780F530C-1E5B-A040-B582-92C140F93856 HTTP/1.1" 200 63655
66.249.79.197 - - [02/Mar/2025:13:55:56 +0100] "GET /ticket2/opencms/en/venue/?venueid=644AC771-2186-260E-75E7-7F6B39C5B86B HTTP/1.1" 200 63658
66.249.79.199 - - [02/Mar/2025:13:56:40 +0100] "GET /ticket2/opencms/en/venue/?venueid=482A31C1-C33C-ABEE-E572-D6A56AE33E8F HTTP/1.1" 200 63609
66.249.79.199 - - [02/Mar/2025:13:57:42 +0100] "GET /ticket2/opencms/en/venue/?venueid=13C8B5B5-CE5F-93AA-5310-F1AAB7C5EFB6 HTTP/1.1" 200 63657
66.249.76.69 - - [02/Mar/2025:14:01:45 +0100] "GET /ticket2/opencms/en/venue/?venueid=94AAF185-B873-A170-54BE-95B64803F134 HTTP/1.1" 200 63624
66.249.76.70 - - [02/Mar/2025:14:02:12 +0100] "GET /ticket2/opencms/en/venue/?venueid=D6DD72B9-DC7C-80AB-E2CD-63B7C55B012E HTTP/1.1" 200 63622
66.249.76.69 - - [02/Mar/2025:14:04:34 +0100] "GET /ticket2/opencms/en/venue/?venueid=3A1A4017-0912-DFB6-AB49-9C3A5263C695 HTTP/1.1" 200 63585
220.134.152.45 - - [02/Mar/2025:14:06:27 +0100] "GET / HTTP/1.0" 404 -
46.19.143.26 - - [02/Mar/2025:14:08:11 +0100] "GET / HTTP/1.1" 404 -
66.249.79.197 - - [02/Mar/2025:14:12:21 +0100] "GET /ticket2/opencms/en/venue/?venueid=6715D129-7F99-046D-7040-DEB649AA3A0C HTTP/1.1" 200 63643
196.251.72.73 - - [02/Mar/2025:14:13:35 +0100] "GET /ticket2/opencms/.git/index HTTP/1.1" 404 -
66.249.74.7 - - [02/Mar/2025:14:15:42 +0100] "GET /ticket2/opencms/en/venue/?venueid=A8BF1563-78B5-8141-7CD3-5CAAEC11326C HTTP/1.1" 200 63652
70.39.75.142 - - [02/Mar/2025:14:20:25 +0100] "GET /ticket2/opencms/.env HTTP/1.1" 404 -
66.249.74.6 - - [02/Mar/2025:14:21:36 +0100] "GET /ticket2/opencms/en/venue/?venueid=30A3EFF3-07B1-64F9-5D01-D1B64748FDE3 HTTP/1.1" 200 63621
66.249.74.6 - - [02/Mar/2025:14:22:11 +0100] "GET /ticket2/opencms/en/venue/?venueid=D27631CC-9A79-6271-DD99-90FDCD0CA570 HTTP/1.1" 200 63618
66.249.74.8 - - [02/Mar/2025:14:24:52 +0100] "GET /ticket2/opencms/en/venue/?venueid=498C90F3-607E-EF53-F9E3-58E2CED85E08 HTTP/1.1" 200 63603
167.94.146.60 - - [02/Mar/2025:14:29:05 +0100] "GET /ticket2/opencms/ HTTP/1.1" 500 -
167.94.146.60 - - [02/Mar/2025:14:29:08 +0100] "GET /ticket2/opencms/ HTTP/1.1" 302 -
167.94.146.60 - - [02/Mar/2025:14:29:19 +0100] "GET /ticket2/opencms/en/ HTTP/1.1" 200 66763
167.94.146.60 - - [02/Mar/2025:14:29:19 +0100] "GET /ticket2/opencms/favicon.ico HTTP/1.1" 200 1406
141.255.166.90 - - [02/Mar/2025:14:29:31 +0100] "GET /cgi-bin/luci/;stok=/locale HTTP/1.1" 404 -
194.0.234.153 - - [02/Mar/2025:14:34:37 +0100] "GET /ticket2/opencms/ HTTP/1.1" 302 -
194.0.234.153 - - [02/Mar/2025:14:34:38 +0100] "GET /ticket2/opencms/en/ HTTP/1.1" 200 66763
66.249.74.8 - - [02/Mar/2025:14:36:11 +0100] "GET /ticket2/opencms/en/venue/?venueid=99F8FC28-ADC0-8A59-A6AB-B3C3E1D36A77 HTTP/1.1" 200 63624
66.249.74.7 - - [02/Mar/2025:14:36:24 +0100] "GET /ticket2/opencms/en/venue/?venueid=DD1C51CF-8829-9FCD-25F4-AC82F4E66D67 HTTP/1.1" 200 63613
66.249.74.6 - - [02/Mar/2025:14:36:34 +0100] "GET /ticket2/opencms/en/venue/?venueid=9285D1CB-1730-2C66-6A41-4ED501D8B1BF HTTP/1.1" 200 63642
66.249.74.8 - - [02/Mar/2025:14:39:12 +0100] "GET /ticket2/opencms/en/venue/?venueid=15151A16-ED21-AEFF-1EA7-20D9BB091B8D HTTP/1.1" 200 63680
20.65.195.124 - - [02/Mar/2025:14:41:30 +0100] "GET / HTTP/1.1" 404 -
66.249.74.6 - - [02/Mar/2025:14:42:25 +0100] "GET /ticket2/opencms/en/venue/?venueid=39C43282-985C-5277-31A7-ADF50A8ACB3F HTTP/1.1" 200 63678
66.249.74.7 - - [02/Mar/2025:14:42:33 +0100] "GET /ticket2/opencms/en/venue/?venueid=9BA72295-2DDF-9809-9F6B-30A7553066D1 HTTP/1.1" 200 63615
66.249.74.7 - - [02/Mar/2025:14:43:41 +0100] "GET /ticket2/opencms/en/venue/?venueid=47CA5BA9-B4A4-50CF-13AF-7C49E99E252A HTTP/1.1" 200 63621
66.249.74.6 - - [02/Mar/2025:14:43:57 +0100] "GET /ticket2/opencms/en/venue/?venueid=14E353DB-1094-40F7-2A63-0006F00AC29F HTTP/1.1" 200 63639
66.249.74.7 - - [02/Mar/2025:14:44:34 +0100] "GET /ticket2/opencms/en/venue/?venueid=C33B9E58-5FA2-DEA1-9572-46CD70965B8C HTTP/1.1" 200 63621
66.249.74.6 - - [02/Mar/2025:14:45:24 +0100] "GET /ticket2/opencms/en/venue/?venueid=CBFE8A4E-C585-9190-3329-E41131A827AB HTTP/1.1" 200 63661
66.249.74.7 - - [02/Mar/2025:14:45:25 +0100] "GET /ticket2/opencms/en/venue/?venueid=66A22C85-2637-5B6C-2F7A-DE5700A1A711 HTTP/1.1" 200 63615
66.249.74.6 - - [02/Mar/2025:14:46:11 +0100] "GET /ticket2/opencms/en/venue/?venueid=9A3D2E7F-BC68-0BF9-8767-55D1E5B17ADE HTTP/1.1" 200 63706
66.249.74.6 - - [02/Mar/2025:14:47:34 +0100] "GET /ticket2/opencms/en/venue/?venueid=CE9D8961-29AD-A9EB-5F2E-605FBF8DDA52 HTTP/1.1" 200 63637
66.249.74.7 - - [02/Mar/2025:14:47:39 +0100] "GET /ticket2/opencms/en/venue/?venueid=1F00A8AC-73C6-30FB-6A89-C32972FA150C HTTP/1.1" 200 63613
66.249.74.6 - - [02/Mar/2025:14:47:40 +0100] "GET /ticket2/opencms/en/venue/?venueid=D178ABDF-6A2C-BDD5-DC03-AE8E4C0C9952 HTTP/1.1" 200 63619
66.249.74.6 - - [02/Mar/2025:14:48:21 +0100] "GET /ticket2/opencms/en/venue/?venueid=70DCD869-5BA7-F3C6-AAAA-0FB61E169734 HTTP/1.1" 200 63600
66.249.74.7 - - [02/Mar/2025:14:49:41 +0100] "GET /ticket2/opencms/en/venue/?countryid=F6743C3E-06B9-E773-142B-1B90866C1373 HTTP/1.1" 200 93013
66.249.74.6 - - [02/Mar/2025:14:50:30 +0100] "GET /ticket2/opencms/en/venue/?venueid=74E93720-C3FA-2F30-0F46-87134F9A6B90 HTTP/1.1" 200 63612
66.249.74.6 - - [02/Mar/2025:14:52:24 +0100] "GET /ticket2/opencms/en/venue/?venueid=CA2773F8-740F-6352-4AEF-6499F28E0684 HTTP/1.1" 200 63619
66.249.74.7 - - [02/Mar/2025:14:52:33 +0100] "GET /ticket2/opencms/en/venue/?venueid=04C13710-E20C-CCA6-6CCF-F0FA34795246 HTTP/1.1" 200 63652
66.249.74.6 - - [02/Mar/2025:14:52:45 +0100] "GET /ticket2/opencms/en/venue/?venueid=364B4CF5-A40E-22B8-2221-EA8BDED4766A HTTP/1.1" 200 63619
193.68.89.10 - - [02/Mar/2025:14:54:23 +0100] "GET / HTTP/1.1" 404 -
178.32.72.209 - - [02/Mar/2025:14:54:24 +0100] "GET /ticket2/opencms/ HTTP/1.1" 302 -
66.249.74.8 - - [02/Mar/2025:14:55:31 +0100] "GET /ticket2/opencms/en/venue/?venueid=785962EB-8414-D059-305F-74BBF3E070CF HTTP/1.1" 200 63624
66.249.74.7 - - [02/Mar/2025:14:56:11 +0100] "GET /ticket2/opencms/en/venue/?venueid=51311201-5880-D74E-C1B9-F9DC8FAA206E HTTP/1.1" 200 63613
66.249.74.6 - - [02/Mar/2025:14:58:11 +0100] "GET /ticket2/opencms/en/venue/?venueid=206ACBCE-F23A-1697-D12B-15E9F015565F HTTP/1.1" 200 63661
66.249.74.7 - - [02/Mar/2025:15:00:41 +0100] "GET /ticket2/opencms/en/venue/?venueid=AA93324D-5E2C-E5D6-2E44-3DC2580D008C HTTP/1.1" 200 63636
66.249.74.6 - - [02/Mar/2025:15:01:12 +0100] "GET /ticket2/opencms/en/venue/?venueid=A301B0C2-F71E-4DB0-24CC-ECF0C1A755C2 HTTP/1.1" 200 63574
66.249.74.8 - - [02/Mar/2025:15:01:24 +0100] "GET /ticket2/opencms/en/venue/?venueid=20612A91-4DAD-D682-3443-BFA1071CDA0A HTTP/1.1" 200 63645
66.249.74.7 - - [02/Mar/2025:15:01:25 +0100] "GET /ticket2/opencms/en/venue/?venueid=774CE0C8-BD49-BECE-B867-F0D360E1A586 HTTP/1.1" 200 63606
66.249.74.7 - - [02/Mar/2025:15:01:35 +0100] "GET /ticket2/opencms/en/venue/?venueid=2CC3C565-7AA7-01B3-4822-8F5EC3F5CADB HTTP/1.1" 200 63651
178.32.72.216 - - [02/Mar/2025:15:01:39 +0100] "GET /ticket2/opencms/favicon.ico HTTP/1.1" 200 1406
66.249.74.7 - - [02/Mar/2025:15:02:33 +0100] "GET /ticket2/opencms/en/venue/?venueid=4EB732D1-1652-2B2A-5343-888F777F34B4 HTTP/1.1" 200 63633
66.249.74.7 - - [02/Mar/2025:15:02:45 +0100] "GET /ticket2/opencms/en/venue/?venueid=31714C71-62AB-341F-02CF-2D7553D967CB HTTP/1.1" 200 63646
178.32.72.221 - - [02/Mar/2025:15:08:00 +0100] "GET /ticket2/opencms/en/ HTTP/1.1" 200 66763
66.249.74.8 - - [02/Mar/2025:15:10:30 +0100] "GET /ticket2/opencms/en/venue/?venueid=14B76136-894C-6221-F73D-2C8FAF5FB018 HTTP/1.1" 200 63616
66.249.74.7 - - [02/Mar/2025:15:10:39 +0100] "GET /ticket2/opencms/en/venue/?venueid=680E364F-C434-6295-07B6-C0DA445E75CC HTTP/1.1" 200 63692
51.81.144.46 - - [02/Mar/2025:15:11:00 +0100] "GET /ticket2/opencms/ HTTP/1.1" 302 -
66.249.74.6 - - [02/Mar/2025:15:11:46 +0100] "GET /ticket2/opencms/en/venue/?venueid=50DAC20F-40DE-CF88-E5C9-6C2C12662F21 HTTP/1.1" 200 63669
91.196.152.50 - - [02/Mar/2025:15:15:00 +0100] "GET /ticket2/opencms/favicon.ico HTTP/1.1" 200 1406
51.81.181.175 - - [02/Mar/2025:15:17:30 +0100] "GET /ticket2/opencms/favicon.ico HTTP/1.1" 200 1406
104.194.133.253 - - [02/Mar/2025:15:18:18 +0100] "GET /ticket2/opencms/ HTTP/1.1" 302 -
68.183.238.15 - - [02/Mar/2025:15:18:50 +0100] "GET /manager/html HTTP/1.1" 404 -
68.183.238.15 - - [02/Mar/2025:15:21:32 +0100] "GET /manager/html HTTP/1.1" 404 -
141.255.166.90 - - [02/Mar/2025:15:22:07 +0100] "GET /cgi-bin/luci/;stok=/locale HTTP/1.1" 404 -
66.249.74.6 - - [02/Mar/2025:15:23:12 +0100] "GET /ticket2/opencms/en/venue/?venueid=C458B6B1-F3BA-F452-1EA5-B4B6AF5E0413 HTTP/1.1" 200 63740
147.135.85.134 - - [02/Mar/2025:15:23:31 +0100] "GET /ticket2/opencms/en/ HTTP/1.1" 200 66763
68.183.238.15 - - [02/Mar/2025:15:24:11 +0100] "GET /manager/html HTTP/1.1" 404 -
66.249.74.8 - - [02/Mar/2025:15:26:36 +0100] "GET /ticket2/opencms/en/venue/?venueid=AA97C43B-979C-E0CB-5A0F-B163CD407AA1 HTTP/1.1" 200 63649
66.249.74.7 - - [02/Mar/2025:15:26:39 +0100] "GET /ticket2/opencms/en/venue/?venueid=16CA27B2-E6FB-6299-A50A-93A7567AD2E3 HTTP/1.1" 200 63717
68.183.238.15 - - [02/Mar/2025:15:26:52 +0100] "GET /manager/html HTTP/1.1" 404 -
68.183.238.15 - - [02/Mar/2025:15:29:34 +0100] "GET /manager/html HTTP/1.1" 404 -
135.148.63.221 - - [02/Mar/2025:15:30:32 +0100] "GET /ticket2/opencms/en/ HTTP/1.1" 200 66763
66.249.74.6 - - [02/Mar/2025:15:30:36 +0100] "GET /ticket2/opencms/en/venue/?venueid=CD1E4382-C9AC-7735-F8A6-8B8BE4233203 HTTP/1.1" 200 63622
51.81.181.162 - - [02/Mar/2025:15:30:54 +0100] "GET /ticket2/opencms/favicon.ico HTTP/1.1" 200 1406
66.249.74.6 - - [02/Mar/2025:15:31:50 +0100] "GET /ticket2/opencms/en/venue/?venueid=D84BB896-7CA1-237F-E1E2-1FC8BB6303AD HTTP/1.1" 200 63624
68.183.238.15 - - [02/Mar/2025:15:32:14 +0100] "GET /manager/html HTTP/1.1" 404 -
46.19.143.26 - - [02/Mar/2025:15:32:31 +0100] "GET / HTTP/1.1" 404 -
66.249.74.6 - - [02/Mar/2025:15:32:34 +0100] "GET /ticket2/opencms/en/venue/?venueid=C7742FBF-52AC-AE6B-D02B-68464EB70BEB HTTP/1.1" 200 63627
68.183.238.15 - - [02/Mar/2025:15:34:55 +0100] "GET /manager/html HTTP/1.1" 404 -
66.249.74.6 - - [02/Mar/2025:15:36:57 +0100] "GET /ticket2/opencms/en/venue/?venueid=500BC477-83DB-4098-EE3E-1AC6E6FE1016 HTTP/1.1" 200 63600
68.183.238.15 - - [02/Mar/2025:15:37:37 +0100] "GET /manager/html HTTP/1.1" 404 -
66.249.74.8 - - [02/Mar/2025:15:37:48 +0100] "GET /ticket2/opencms/en/venue/?venueid=FFD58926-E43E-9E2E-9DB6-3170AF0A87CC HTTP/1.1" 200 63642
15.204.37.22 - - [02/Mar/2025:15:38:00 +0100] "GET /ticket2/opencms/favicon.ico HTTP/1.1" 200 1406
68.183.238.15 - - [02/Mar/2025:15:40:18 +0100] "GET /manager/html HTTP/1.1" 404 -
66.249.74.8 - - [02/Mar/2025:15:40:22 +0100] "GET /ticket2/opencms/en/venue/?venueid=145405E9-8D90-931A-2006-E498723CA09B HTTP/1.1" 200 63613
68.183.238.15 - - [02/Mar/2025:15:43:02 +0100] "GET /manager/html HTTP/1.1" 404 -
66.249.74.7 - - [02/Mar/2025:15:43:22 +0100] "GET /ticket2/opencms/en/venue/?venueid=D84CD4C3-A05B-FEF5-C01D-0CB2BF594265 HTTP/1.1" 200 63628
66.249.74.7 - - [02/Mar/2025:15:43:23 +0100] "GET /ticket2/opencms/en/venue/?venueid=91672A3F-D5FF-A436-E120-7AA50E9CF3E6 HTTP/1.1" 200 63679
68.183.238.15 - - [02/Mar/2025:15:45:39 +0100] "GET /manager/html HTTP/1.1" 404 -
66.249.74.6 - - [02/Mar/2025:15:47:41 +0100] "GET /ticket2/opencms/en/venue/?venueid=2EC33FB3-338D-7213-6735-DB0B661D4D01 HTTP/1.1" 200 63625
66.249.74.7 - - [02/Mar/2025:15:47:48 +0100] "GET /ticket2/opencms/en/venue/?venueid=8F69F39C-B5DA-1E67-5E28-A694F58730E7 HTTP/1.1" 200 63631
66.249.74.6 - - [02/Mar/2025:15:48:22 +0100] "GET /ticket2/opencms/en/venue/?venueid=499F974B-9C10-9479-63CC-4EE8F0CFE55B HTTP/1.1" 200 63631
68.183.238.15 - - [02/Mar/2025:15:48:24 +0100] "GET /manager/html HTTP/1.1" 404 -
66.249.74.8 - - [02/Mar/2025:15:49:32 +0100] "GET /ticket2/opencms/en/venue/?venueid=EF46960E-40F0-93E3-4C59-3165FC2C860D HTTP/1.1" 200 63630
68.183.238.15 - - [02/Mar/2025:15:51:01 +0100] "GET /manager/html HTTP/1.1" 404 -
66.249.74.8 - - [02/Mar/2025:15:51:38 +0100] "GET /ticket2/opencms/en/venue/?venueid=78FDA09C-41E1-3EB5-FA25-29EBD1B668CE HTTP/1.1" 200 63666
66.249.74.7 - - [02/Mar/2025:15:51:56 +0100] "GET /ticket2/opencms/en/venue/?venueid=67AF8090-FC23-3E8E-CD6F-9207EBD4436E HTTP/1.1" 200 63591
66.249.74.6 - - [02/Mar/2025:15:52:33 +0100] "GET /ticket2/opencms/en/venue/?venueid=0A5827CF-E7EA-E40C-108E-9376F19C9B55 HTTP/1.1" 200 63603
66.249.74.7 - - [02/Mar/2025:15:52:45 +0100] "GET /ticket2/opencms/en/venue/?venueid=C1C3AD36-D0CD-15F9-9ECB-C1BCEE4FC056 HTTP/1.1" 200 63627
68.183.238.15 - - [02/Mar/2025:15:53:43 +0100] "GET /manager/html HTTP/1.1" 404 -
68.183.238.15 - - [02/Mar/2025:15:56:23 +0100] "GET /manager/html HTTP/1.1" 404 -
66.249.74.8 - - [02/Mar/2025:15:57:12 +0100] "GET /ticket2/opencms/en/venue/?venueid=56F8640D-CEF9-BD0F-A3D3-4304F6D7E8C7 HTTP/1.1" 200 63621
66.249.74.6 - - [02/Mar/2025:16:00:50 +0100] "GET /ticket2/opencms/en/login/ HTTP/1.1" 200 65723
66.249.74.6 - - [02/Mar/2025:16:01:12 +0100] "GET /ticket2/opencms/en/venue/?venueid=58522292-9FB1-E2A9-71BC-483A012096C6 HTTP/1.1" 200 63645
3.21.230.1 - - [02/Mar/2025:16:01:39 +0100] "GET /ticket2/opencms/ HTTP/1.1" 302 -
3.21.230.1 - - [02/Mar/2025:16:01:40 +0100] "GET /ticket2/opencms/en/ HTTP/1.1" 200 66763
66.249.74.8 - - [02/Mar/2025:16:01:51 +0100] "GET /ticket2/opencms/en/venue/?venueid=0E1AD7DC-F63F-ECC2-9070-B20E7ACF07FC HTTP/1.1" 200 63694
66.249.74.6 - - [02/Mar/2025:16:01:57 +0100] "GET /ticket2/opencms/en/venue/?venueid=25E57B40-ECCD-14A3-704C-5A0B3153DBF3 HTTP/1.1" 200 63630
66.249.74.8 - - [02/Mar/2025:16:03:11 +0100] "GET /ticket2/opencms/en/venue/?venueid=B5F8506A-F94F-2596-19B1-8EAC93A69524 HTTP/1.1" 200 63600
66.249.74.8 - - [02/Mar/2025:16:05:48 +0100] "GET /ticket2/opencms/en/venue/?venueid=E10FCD58-11C5-3654-BCB2-8337AC23E995 HTTP/1.1" 200 63606
66.249.74.7 - - [02/Mar/2025:16:05:57 +0100] "GET /ticket2/opencms/en/venue/?venueid=58271F11-7BB1-711A-F32D-E763F26DC1E9 HTTP/1.1" 200 63636
66.249.74.6 - - [02/Mar/2025:16:06:12 +0100] "GET /ticket2/opencms/en/venue/?venueid=234AF655-CBEF-566E-AA95-4ED8FB9CA8D3 HTTP/1.1" 200 63646
66.249.74.8 - - [02/Mar/2025:16:06:36 +0100] "GET /ticket2/opencms/en/venue/?venueid=5F67BA22-DBBD-331F-861A-48DEE262DDA1 HTTP/1.1" 200 63649
66.249.74.6 - - [02/Mar/2025:16:07:12 +0100] "GET /ticket2/opencms/en/venue/?venueid=D6B932F5-AC31-3BF8-6049-E431104053F1 HTTP/1.1" 200 63658
66.249.74.7 - - [02/Mar/2025:16:07:23 +0100] "GET /ticket2/opencms/en/venue/?venueid=926D0C4B-2C69-EBC6-792F-B301AF32C1A0 HTTP/1.1" 200 63730
66.249.74.6 - - [02/Mar/2025:16:07:36 +0100] "GET /ticket2/opencms/en/venue/?venueid=7D0F0DC6-7ECD-E2A4-C5CD-DFF5AEF26B1F HTTP/1.1" 200 63785
66.249.74.7 - - [02/Mar/2025:16:12:24 +0100] "GET /ticket2/opencms/en/venue/?venueid=4D10F6C7-6483-15E8-A9F8-BBF15C7E14A8 HTTP/1.1" 200 63633
66.249.74.8 - - [02/Mar/2025:16:13:40 +0100] "GET /ticket2/opencms/en/venue/?venueid=CC9A440E-B464-CC4E-06EE-F66092FB8CD7 HTTP/1.1" 200 63610
141.255.166.90 - - [02/Mar/2025:16:14:13 +0100] "GET /cgi-bin/luci/;stok=/locale HTTP/1.1" 404 -
66.249.74.6 - - [02/Mar/2025:16:15:34 +0100] "GET /ticket2/opencms/en/venue/?venueid=F6919005-F697-F5C9-0CDE-A016772170CD HTTP/1.1" 200 63642
66.249.74.6 - - [02/Mar/2025:16:15:40 +0100] "GET /ticket2/opencms/en/venue/?venueid=E18D9E3C-49FF-D0D7-7808-6EA122B326E7 HTTP/1.1" 200 63699
66.249.74.7 - - [02/Mar/2025:16:15:41 +0100] "GET /ticket2/opencms/sv/buy/?page=6&comcatid=0A6B8208-FDA4-E929-9D72-5312FD481B76&catid=5ED34547-492C-90DA-709D-448345844685 HTTP/1.1" 200 68734
66.249.74.7 - - [02/Mar/2025:16:16:51 +0100] "GET /ticket2/opencms/sv/buy/?page=6&comcatid=0A6B8208-FDA4-E929-9D72-5312FD481B76&catid=FCA7FF95-260A-464B-B6FF-A820FCE7DFEF HTTP/1.1" 200 68734
193.68.89.10 - - [02/Mar/2025:16:34:05 +0100] "GET / HTTP/1.1" 404 -
66.249.74.7 - - [02/Mar/2025:16:49:42 +0100] "GET /ticket2/opencms/sv/buy/?page=6&comcatid=97ECA65A-72DA-F9AF-9DBB-245D3CFED1BE&catid=078F99D4-0B9E-E323-5A07-D7B70F6E8874 HTTP/1.1" 200 70192
195.178.110.54 - - [02/Mar/2025:16:57:52 +0100] "GET /ticket2/opencms/cgi-bin/luci/;stok=/locale HTTP/1.1" 404 -
185.224.0.160 - - [02/Mar/2025:17:10:08 +0100] "GET /script HTTP/1.1" 404 -
141.255.166.90 - - [02/Mar/2025:17:26:54 +0100] "GET /cgi-bin/luci/;stok=/locale HTTP/1.1" 404 -
51.138.188.120 - - [02/Mar/2025:17:27:48 +0100] "GET /ticket2/opencms/ HTTP/1.1" 302 -
51.138.188.120 - - [02/Mar/2025:17:27:49 +0100] "GET /ticket2/opencms/en/ HTTP/1.1" 200 66763
46.19.143.26 - - [02/Mar/2025:17:41:01 +0100] "GET / HTTP/1.1" 404 -
172.172.245.117 - - [02/Mar/2025:17:45:22 +0100] "GET /ticket2/opencms/autodiscover/autodiscover.json?@zdi/Powershell HTTP/1.1" 404 -
109.236.61.95 - - [02/Mar/2025:17:45:44 +0100] "??%{ "Ret" : 100, "SessionID" : "0x0" }" 400 -
40.77.167.184 - - [02/Mar/2025:17:47:09 +0100] "GET /ticket2/opencms/robots.txt HTTP/1.1" 200 773
40.77.167.184 - - [02/Mar/2025:17:47:09 +0100] "GET /ticket2/opencms/robots.txt HTTP/1.1" 200 773
207.46.13.157 - - [02/Mar/2025:17:47:23 +0100] "GET /ticket2/opencms/en/venue/?countryid=FF003B65-76E6-22ED-7100-B7664691B6BF HTTP/1.1" 200 93013
20.65.193.95 - - [02/Mar/2025:18:15:48 +0100] "GET /hudson HTTP/1.1" 404 -
66.249.74.7 - - [02/Mar/2025:18:16:23 +0100] "GET /ticket2/opencms/sv/buy/?page=6&comcatid=0A6B8208-FDA4-E929-9D72-5312FD481B76&catid=412DBCF4-025D-8ABC-7A40-D7C760E055FF HTTP/1.1" 200 68736
66.249.74.6 - - [02/Mar/2025:18:16:41 +0100] "GET /ticket2/opencms/sv/buy/?page=6&comcatid=0A6B8208-FDA4-E929-9D72-5312FD481B76&catid=53E7B32E-5CAA-6CE7-D6AA-FFC41D70EE01 HTTP/1.1" 200 68734
141.255.166.90 - - [02/Mar/2025:18:20:22 +0100] "GET /cgi-bin/luci/;stok=/locale HTTP/1.1" 404 -
193.68.89.10 - - [02/Mar/2025:18:22:19 +0100] "GET / HTTP/1.1" 404 -
66.249.74.7 - - [02/Mar/2025:18:22:22 +0100] "GET /ticket2/opencms/sv/buy/?page=6&comcatid=0A6B8208-FDA4-E929-9D72-5312FD481B76&catid=AD8E612F-0F0B-03C9-5236-E4F8B6523945 HTTP/1.1" 200 68734
66.249.74.6 - - [02/Mar/2025:18:23:48 +0100] "GET /ticket2/opencms/sv/buy/?page=6&comcatid=0A6B8208-FDA4-E929-9D72-5312FD481B76&catid=CB847559-7ECA-CC50-D7D2-064AF0C06FB1 HTTP/1.1" 200 68734
66.249.74.8 - - [02/Mar/2025:18:26:41 +0100] "GET /ticket2/opencms/sv/buy/?page=6&comcatid=0A6B8208-FDA4-E929-9D72-5312FD481B76&catid=1DB7F66B-473B-B427-F752-358FEEFE8EC0 HTTP/1.1" 200 68736
66.249.74.7 - - [02/Mar/2025:18:28:20 +0100] "GET /ticket2/opencms/sv/sport/fotbollsbiljetter/bundesliga/ HTTP/1.1" 200 73520
66.249.74.7 - - [02/Mar/2025:18:29:48 +0100] "GET /ticket2/opencms/en/buy/?page=10&eventid=B85BEE98-8727-2424-2597-5E99D818B644 HTTP/1.1" 200 64970
45.144.212.139 - - [02/Mar/2025:18:31:20 +0100] "GET /ticket2/opencms/.git/HEAD HTTP/1.1" 404 -
66.249.74.7 - - [02/Mar/2025:18:32:12 +0100] "GET /ticket2/opencms/en/buy/?page=10&eventid=7016CF1B-CC52-94F9-4136-362E6D3CC9D6 HTTP/1.1" 200 64970
66.249.74.6 - - [02/Mar/2025:18:32:41 +0100] "GET /ticket2/opencms/en/venue/?venueid=31BBAF6D-4071-7BB6-60A3-8F76D4F1958F HTTP/1.1" 200 63642
66.249.74.8 - - [02/Mar/2025:18:35:11 +0100] "GET /ticket2/opencms/en/buy/?page=10&eventid=2D54F0A4-B7E5-1986-E461-A23A05E27C76 HTTP/1.1" 200 64972
66.249.74.6 - - [02/Mar/2025:18:35:21 +0100] "GET /ticket2/opencms/en/buy/?page=10&eventid=1BC07A67-46B5-C40A-CC02-8F1EFC1FAADB HTTP/1.1" 200 64970
66.249.74.6 - - [02/Mar/2025:18:35:24 +0100] "GET /ticket2/opencms/en/buy/?page=10&eventid=634D2581-663A-DE19-7C72-20C596DE0600 HTTP/1.1" 200 64995
195.178.110.54 - - [02/Mar/2025:18:37:24 +0100] "GET /cgi-bin/luci/;stok=/locale HTTP/1.1" 404 -
66.249.74.8 - - [02/Mar/2025:18:44:11 +0100] "GET /ticket2/opencms/en/buy/?page=10&eventid=F99ADA5B-9BAA-1CC2-3A84-51D5FE875575 HTTP/1.1" 200 64969
66.249.74.7 - - [02/Mar/2025:18:47:56 +0100] "GET /ticket2/opencms/en/buy/?page=10&eventid=BD2A2151-7866-2C7C-301B-A51FF3E4D9F5 HTTP/1.1" 200 64968
66.249.74.8 - - [02/Mar/2025:18:47:57 +0100] "GET /ticket2/opencms/en/buy/?page=10&eventid=080309A2-9AF6-914F-9FD3-1CF32BAE4613 HTTP/1.1" 200 64971
66.249.74.7 - - [02/Mar/2025:18:48:11 +0100] "GET /ticket2/opencms/en/buy/?page=10&eventid=4CD3BFC4-6826-2F08-586B-E7C2046942C2 HTTP/1.1" 200 64971
194.0.234.153 - - [02/Mar/2025:18:48:36 +0100] "GET /ticket2/opencms/ HTTP/1.1" 302 -
194.0.234.153 - - [02/Mar/2025:18:48:37 +0100] "GET /ticket2/opencms/en/ HTTP/1.1" 200 66763
66.249.74.7 - - [02/Mar/2025:18:51:47 +0100] "GET /ticket2/opencms/sv/sport/fotbollsbiljetter/ HTTP/1.1" 200 70201
66.249.74.7 - - [02/Mar/2025:18:58:23 +0100] "GET /ticket2/opencms/sv/about/contact/ HTTP/1.1" 200 64501
66.249.74.8 - - [02/Mar/2025:19:00:39 +0100] "GET /ticket2/opencms/en/sport/football-tickets/ HTTP/1.1" 200 65660
51.138.184.110 - - [02/Mar/2025:19:00:51 +0100] "GET / HTTP/1.1" 404 -
13.89.125.23 - - [02/Mar/2025:19:00:53 +0100] "GET /manager/html HTTP/1.1" 404 -
3.145.79.21 - - [02/Mar/2025:19:09:39 +0100] "GET / HTTP/1.1" 404 -
3.145.79.21 - - [02/Mar/2025:19:09:41 +0100] "GET / HTTP/1.1" 404 -
3.145.79.21 - - [01/Jan/1970:00:59:59 +0100] "-" 400 -
3.145.79.21 - - [01/Jan/1970:00:59:59 +0100] "-" 400 -
66.249.74.6 - - [02/Mar/2025:19:11:45 +0100] "GET /ticket2/opencms/sv/sport/fotbollsbiljetter/premier_league/birmingham/ HTTP/1.1" 200 70714
66.249.74.6 - - [02/Mar/2025:19:13:21 +0100] "GET /ticket2/opencms/en/venue/?countryid=93055F81-99D6-0EE6-3CC8-FB4301992434 HTTP/1.1" 200 93013
66.249.74.7 - - [02/Mar/2025:19:13:25 +0100] "GET /ticket2/opencms/en/venue/?countryid=BA1BF93B-47B3-318B-02DF-4D6F84D30854 HTTP/1.1" 200 93013
141.255.166.90 - - [02/Mar/2025:19:15:18 +0100] "GET /cgi-bin/luci/;stok=/locale HTTP/1.1" 404 -
66.249.74.7 - - [02/Mar/2025:19:16:24 +0100] "GET /ticket2/opencms/en/venue/?countryid=87FD5C2F-6CC8-7245-5B03-4D8F2D8C8375 HTTP/1.1" 200 93013
66.249.74.6 - - [02/Mar/2025:19:16:48 +0100] "GET /ticket2/opencms/en/venue/?countryid=ACB5B4FC-B2E3-1024-DD30-02CD725AE8FE HTTP/1.1" 200 93013
66.249.74.7 - - [02/Mar/2025:19:17:25 +0100] "GET /ticket2/opencms/en/venue/?countryid=89A5E86C-3AC3-3EDB-6F03-E6FC6A513BA2 HTTP/1.1" 200 93013
66.249.74.6 - - [02/Mar/2025:19:17:38 +0100] "GET /ticket2/opencms/en/venue/?countryid=CEE00D6A-FB56-5500-E375-BA915009094D HTTP/1.1" 200 93013
66.249.74.6 - - [02/Mar/2025:19:17:39 +0100] "GET /ticket2/opencms/en/venue/?countryid=5F186EB9-FC66-3D17-58C4-6A160CA3B9D1 HTTP/1.1" 200 93013
66.249.74.7 - - [02/Mar/2025:19:18:29 +0100] "GET /ticket2/opencms/en/venue/?countryid=9F976644-D811-1E5C-8CA5-C3CE6B3B71EB HTTP/1.1" 200 93013
66.249.74.7 - - [02/Mar/2025:19:18:33 +0100] "GET /ticket2/opencms/en/venue/?countryid=E687CC57-02FA-AF76-268E-C1A53D569993 HTTP/1.1" 200 93013
66.249.74.6 - - [02/Mar/2025:19:18:52 +0100] "GET /ticket2/opencms/en/venue/?venueid=9FD9B5FE-D2EF-11EF-6057-BEC9DC67548F HTTP/1.1" 200 63625
66.249.74.7 - - [02/Mar/2025:19:21:09 +0100] "GET /ticket2/opencms/en/buy/?comcatid=A17713B6-D984-201A-4143-ED4DB5ED5C2E&catid=4B941E1B-E4E2-C53E-C693-9FA91BBA9AD5 HTTP/1.1" 200 73810
77.93.153.90 - - [02/Mar/2025:19:24:57 +0100] "GET /cgi-bin/luci/;stok=/locale HTTP/1.1" 404 -
66.249.74.8 - - [02/Mar/2025:19:26:51 +0100] "GET /ticket2/opencms/en/venue/?countryid=BCA33F4B-7509-BC45-DAD2-4CA6BF14FC82 HTTP/1.1" 200 94141
185.91.127.81 - - [02/Mar/2025:19:27:50 +0100] "CONNECT api.ip.pn:443 HTTP/1.1" 400 -
138.68.241.9 - - [02/Mar/2025:19:36:10 +0100] "GET /ticket2/opencms/.env HTTP/1.1" 404 -
66.249.74.8 - - [02/Mar/2025:19:38:23 +0100] "GET /ticket2/opencms/robots.txt HTTP/1.1" 200 773
66.249.74.8 - - [02/Mar/2025:19:38:24 +0100] "GET /ticket2/opencms/en/venue/?countryid=F444CA42-FE5C-C76F-1CFD-E45E1073B063 HTTP/1.1" 200 93013
185.242.226.109 - - [02/Mar/2025:19:38:47 +0100] "GET /ticket2/opencms/ HTTP/1.1" 302 -
185.242.226.109 - - [02/Mar/2025:19:38:49 +0100] "GET /ticket2/opencms/en/ HTTP/1.1" 200 66763
66.249.74.8 - - [02/Mar/2025:19:39:33 +0100] "GET /ticket2/opencms/robots.txt HTTP/1.1" 200 773
66.249.74.7 - - [02/Mar/2025:19:39:34 +0100] "GET /ticket2/opencms/en/venue/?countryid=44E342A3-ABB4-8C4C-D9AB-B83FB043D424 HTTP/1.1" 200 93013
45.184.17.224 - - [02/Mar/2025:19:40:31 +0100] "GET / HTTP/1.1" 404 -
66.249.74.7 - - [02/Mar/2025:19:41:51 +0100] "GET /ticket2/opencms/en/venue/?countryid=A6670E01-CE49-A608-C597-250C3D48D088 HTTP/1.1" 200 93013
66.249.74.6 - - [02/Mar/2025:19:42:50 +0100] "GET /ticket2/opencms/en/venue/?countryid=19657A1A-D641-70BC-9F36-F54EFCC4AC04 HTTP/1.1" 200 93013
66.249.74.7 - - [02/Mar/2025:19:47:41 +0100] "GET /ticket2/opencms/en/venue/?countryid=01966824-53B3-F640-5B46-BD1F79FADDA9 HTTP/1.1" 200 93013
66.249.74.7 - - [02/Mar/2025:19:48:21 +0100] "GET /ticket2/opencms/en/venue/?countryid=6F3B2F32-4F0D-5515-B82B-E3D86CD1E73F HTTP/1.1" 200 93013
66.249.74.8 - - [02/Mar/2025:19:51:34 +0100] "GET /ticket2/opencms/en/sell/ HTTP/1.1" 302 -
66.249.74.7 - - [02/Mar/2025:19:51:36 +0100] "GET /ticket2/opencms/en/login/?url=/en/sell/ HTTP/1.1" 200 65723
66.249.74.7 - - [02/Mar/2025:19:56:41 +0100] "GET /ticket2/opencms/en/venue/?countryid=7EB583F0-D67D-8877-88CD-3F7B9DDEB361 HTTP/1.1" 200 93672
66.249.74.8 - - [02/Mar/2025:19:57:33 +0100] "GET /ticket2/opencms/en/venue/?countryid=4EEBA21C-1425-8784-6DA1-449CA0D3E5D8 HTTP/1.1" 200 93013
66.249.74.8 - - [02/Mar/2025:20:01:22 +0100] "GET /ticket2/opencms/en/venue/?countryid=ABC76395-F87D-C1C2-D371-A569066C3F43 HTTP/1.1" 200 93013
66.249.74.6 - - [02/Mar/2025:20:01:23 +0100] "GET /ticket2/opencms/en/venue/?countryid=FA6155EB-FA45-A94F-2ADE-86C62589DA1C HTTP/1.1" 200 93013
66.249.74.6 - - [02/Mar/2025:20:02:29 +0100] "GET /ticket2/opencms/en/venue/?countryid=62204D9B-992F-EFF6-482A-943BBD9879C3 HTTP/1.1" 200 93013
66.249.74.7 - - [02/Mar/2025:20:02:45 +0100] "GET /ticket2/opencms/en/venue/?countryid=EF3F1C0A-ABF4-7226-18E0-4339A3934525 HTTP/1.1" 200 93013
78.169.126.191 - - [02/Mar/2025:20:04:55 +0100] "GET / HTTP/1.0" 404 -
66.249.74.8 - - [02/Mar/2025:20:05:14 +0100] "GET /ticket2/opencms/sv/sport/fotbollsbiljetter/serie_a/atalanta/ HTTP/1.1" 200 70055
141.255.166.90 - - [02/Mar/2025:20:05:28 +0100] "GET /cgi-bin/luci/;stok=/locale HTTP/1.1" 404 -
66.249.74.6 - - [02/Mar/2025:20:06:22 +0100] "GET /ticket2/opencms/en/venue/?countryid=B54C3B27-273E-C131-E997-905F5C2CDDC3 HTTP/1.1" 200 93013
66.249.74.7 - - [02/Mar/2025:20:06:23 +0100] "GET /ticket2/opencms/en/venue/?countryid=6E625517-1E9A-024B-7EBB-F569FEDEE88E HTTP/1.1" 200 93013
66.249.74.8 - - [02/Mar/2025:20:06:25 +0100] "GET /ticket2/opencms/en/venue/?countryid=E5A463DD-D0D6-2F66-230F-35633A8D9ED0 HTTP/1.1" 200 93013
193.68.89.10 - - [02/Mar/2025:20:09:08 +0100] "GET / HTTP/1.1" 404 -
46.19.143.26 - - [02/Mar/2025:20:10:52 +0100] "GET / HTTP/1.1" 404 -
66.249.74.6 - - [02/Mar/2025:20:16:16 +0100] "GET /ticket2/opencms/sv/buying_tickets/ HTTP/1.1" 200 66595
66.249.74.7 - - [02/Mar/2025:20:17:22 +0100] "GET /ticket2/opencms/en/venue/?countryid=B8EC120B-4F43-C769-CF6D-BEF2F141BF54 HTTP/1.1" 200 93013
66.249.74.7 - - [02/Mar/2025:20:17:39 +0100] "GET /ticket2/opencms/en/venue/?countryid=A07C6930-60EB-29AC-3FDB-C97CE816C6C1 HTTP/1.1" 200 93013
66.249.74.6 - - [02/Mar/2025:20:17:47 +0100] "GET /ticket2/opencms/en/venue/?countryid=E8C1CB18-01B3-A5D8-BA63-2D05631C3548 HTTP/1.1" 200 93013
66.249.74.6 - - [02/Mar/2025:20:17:49 +0100] "GET /ticket2/opencms/en/venue/?countryid=298905FA-E037-07AD-4909-74C6371F3F35 HTTP/1.1" 200 93013
45.148.10.35 - - [02/Mar/2025:20:20:36 +0100] "GET /ticket2/opencms/integration/.git/config HTTP/1.1" 404 -
45.148.10.35 - - [02/Mar/2025:20:20:37 +0100] "GET /ticket2/opencms/sandbox/.git/config HTTP/1.1" 404 -
45.148.10.35 - - [02/Mar/2025:20:20:37 +0100] "GET /ticket2/opencms/ci/cd/.git/config HTTP/1.1" 404 -
45.148.10.35 - - [02/Mar/2025:20:20:37 +0100] "GET /ticket2/opencms/backup/.git/config HTTP/1.1" 404 -
45.148.10.35 - - [02/Mar/2025:20:20:37 +0100] "GET /ticket2/opencms/lib/python/.git/config HTTP/1.1" 404 -
45.148.10.35 - - [02/Mar/2025:20:20:37 +0100] "GET /ticket2/opencms/prod/config/.git/config HTTP/1.1" 404 -
45.148.10.35 - - [02/Mar/2025:20:20:37 +0100] "GET /ticket2/opencms/src/.git/config HTTP/1.1" 404 -
45.148.10.35 - - [02/Mar/2025:20:20:38 +0100] "GET /ticket2/opencms/config/.git/config HTTP/1.1" 404 -
45.148.10.35 - - [02/Mar/2025:20:20:38 +0100] "GET /ticket2/opencms/app/frontend/.git/config HTTP/1.1" 404 -
45.148.10.35 - - [02/Mar/2025:20:20:38 +0100] "GET /ticket2/opencms/releases/.git/config HTTP/1.1" 404 -
45.148.10.35 - - [02/Mar/2025:20:20:38 +0100] "GET /ticket2/opencms/production/.git/config HTTP/1.1" 404 -
45.148.10.35 - - [02/Mar/2025:20:20:38 +0100] "GET /ticket2/opencms/project/backend/.git/config HTTP/1.1" 404 -
45.148.10.35 - - [02/Mar/2025:20:20:38 +0100] "GET /ticket2/opencms/media../.git/config HTTP/1.1" 404 -
190.231.192.128 - - [02/Mar/2025:20:20:43 +0100] "GET / HTTP/1.0" 404 -
66.249.74.7 - - [02/Mar/2025:20:26:20 +0100] "GET /ticket2/opencms/en/buy/?column= HTTP/1.1" 200 63824
66.249.74.8 - - [02/Mar/2025:20:26:22 +0100] "GET /ticket2/opencms/system/modules/com.gridnine.opencms.ticketbrokerage.site/resources/js/calendar-setup.js HTTP/1.1" 200 4923
66.249.74.7 - - [02/Mar/2025:20:26:22 +0100] "GET /ticket2/opencms/system/modules/com.gridnine.opencms.ticketbrokerage.site/resources/css/jquery.fancybox.css HTTP/1.1" 200 4939
66.249.74.7 - - [02/Mar/2025:20:26:23 +0100] "GET /ticket2/opencms/system/modules/com.gridnine.opencms.ticketbrokerage.site/resources/css/standard.css HTTP/1.1" 200 71024
66.249.74.6 - - [02/Mar/2025:20:26:23 +0100] "GET /ticket2/opencms/system/modules/com.gridnine.opencms.ticketbrokerage.site/resources/js/jquery.placeholder.min.js HTTP/1.1" 200 1737
66.249.74.8 - - [02/Mar/2025:20:27:47 +0100] "GET /ticket2/opencms/en/venue/?countryid=2193F5F2-8798-B3BE-FB16-3B568A67DED7 HTTP/1.1" 200 93013
66.249.74.7 - - [02/Mar/2025:20:28:21 +0100] "GET /ticket2/opencms/sv/sport/fotbollsbiljetter/premier_league/london/ HTTP/1.1" 200 76414
180.72.92.105 - - [02/Mar/2025:20:34:23 +0100] "GET / HTTP/1.0" 404 -
66.249.74.6 - - [02/Mar/2025:20:42:49 +0100] "GET /ticket2/opencms/en/venue/?countryid=FA8BEB57-7287-7F81-B4E1-A4D5981068EB HTTP/1.1" 200 93013
66.249.74.8 - - [02/Mar/2025:20:47:13 +0100] "GET /ticket2/opencms/en/venue/?countryid=107D8800-8603-0BDA-4FD0-61E1109B7E82 HTTP/1.1" 200 93013
185.91.127.81 - - [02/Mar/2025:20:47:16 +0100] "CONNECT api.ip.pn:443 HTTP/1.1" 400 -
66.249.74.7 - - [02/Mar/2025:20:48:21 +0100] "GET /ticket2/opencms/en/venue/?countryid=EBCAD492-44DD-BA3B-65FF-004FBE418FEE HTTP/1.1" 200 93013
66.249.74.6 - - [02/Mar/2025:20:50:29 +0100] "GET /ticket2/opencms/en/venue/?countryid=869CA27A-97A1-03D4-5D03-7E27F7DE8DED HTTP/1.1" 200 93013
141.255.166.90 - - [02/Mar/2025:20:50:45 +0100] "GET /cgi-bin/luci/;stok=/locale HTTP/1.1" 404 -
66.249.74.8 - - [02/Mar/2025:20:51:45 +0100] "GET /ticket2/opencms/en/venue/?countryid=A120839E-3691-C1CC-A7E6-AFA581C3B971 HTTP/1.1" 200 93013
66.249.74.7 - - [02/Mar/2025:20:56:57 +0100] "GET /ticket2/opencms/en/venue/?countryid=A2F220AE-4AF1-2377-6B91-A90A18E35FA2 HTTP/1.1" 200 93013
66.249.74.8 - - [02/Mar/2025:20:57:56 +0100] "GET /ticket2/opencms/en/venue/?countryid=55B682DB-9731-DD7B-33FA-C9B465971014 HTTP/1.1" 200 93013
43.155.195.141 - - [02/Mar/2025:20:59:11 +0100] "GET /ticket2/opencms/ HTTP/1.1" 302 -
43.155.195.141 - - [02/Mar/2025:20:59:16 +0100] "GET /ticket2/opencms/en/ HTTP/1.1" 200 66763
66.249.74.7 - - [02/Mar/2025:21:00:41 +0100] "GET /ticket2/opencms/en/venue/?countryid=15679D6D-1531-2ADE-1A00-1D43A92EB55E HTTP/1.1" 200 93013
66.249.74.7 - - [02/Mar/2025:21:01:34 +0100] "GET /ticket2/opencms/en/venue/?countryid=C7880A4A-050D-8AB8-4FEC-8062D983D070 HTTP/1.1" 200 93013
66.249.74.7 - - [02/Mar/2025:21:01:41 +0100] "GET /ticket2/opencms/en/venue/?countryid=8FA673E2-F13B-75C4-56CD-A4B786B7BC94 HTTP/1.1" 200 93013
66.249.74.8 - - [02/Mar/2025:21:02:42 +0100] "GET /ticket2/opencms/en/venue/?countryid=3255DA3D-476B-211A-8F09-81C55CABEF03 HTTP/1.1" 200 93013
66.249.74.6 - - [02/Mar/2025:21:04:48 +0100] "GET /ticket2/opencms/en/venue/ HTTP/1.1" 200 332826
66.249.74.8 - - [02/Mar/2025:21:05:40 +0100] "GET /ticket2/opencms/en/venue/?countryid=C20C79E6-EE6B-26D5-6506-E0F6BF6B710A HTTP/1.1" 200 94418
66.249.74.7 - - [02/Mar/2025:21:05:42 +0100] "GET /ticket2/opencms/en/venue/?countryid=59446ECA-F11A-1164-7278-5F00083EF337 HTTP/1.1" 200 93013
66.249.74.7 - - [02/Mar/2025:21:07:51 +0100] "GET /ticket2/opencms/en/venue/?countryid=F889867A-CECB-DD27-726E-95554BB6B831 HTTP/1.1" 200 93013
66.249.74.6 - - [02/Mar/2025:21:09:33 +0100] "GET /ticket2/opencms/en/venue/?countryid=2EB4A8F2-7936-B060-2C7F-BD402D9491FB HTTP/1.1" 200 93013
66.249.74.6 - - [02/Mar/2025:21:12:23 +0100] "GET /ticket2/opencms/en/venue/?countryid=DB82417F-35E8-BF3C-287A-21ECAFBB9DD1 HTTP/1.1" 200 93013
66.249.74.6 - - [02/Mar/2025:21:13:11 +0100] "GET /ticket2/opencms/en/venue/?countryid=65CBF22C-E953-E822-8DA0-6226C52D7D6A HTTP/1.1" 200 93013
66.249.74.8 - - [02/Mar/2025:21:16:42 +0100] "GET /ticket2/opencms/en/venue/?countryid=2E49BBE4-C681-08D6-D216-0893A1269431 HTTP/1.1" 200 93013
66.249.74.7 - - [02/Mar/2025:21:16:52 +0100] "GET /ticket2/opencms/en/venue/?venueid=879967C0-57AE-A0D6-80DD-31C312C0E736 HTTP/1.1" 200 63618
66.249.74.6 - - [02/Mar/2025:21:17:22 +0100] "GET /ticket2/opencms/en/venue/?countryid=A41A8692-50A8-E04F-AB0B-A9766CB2286D HTTP/1.1" 200 93013
66.249.74.8 - - [02/Mar/2025:21:18:21 +0100] "GET /ticket2/opencms/en/venue/?countryid=ACAFFD14-DCE8-EFC6-6ECA-AF006BA900C4 HTTP/1.1" 200 93013
