141.255.166.90 - - [02/Mar/2025:00:02:54 +0100] "GET /cgi-bin/luci/;stok=/locale HTTP/1.1" 404 -
66.249.79.199 - - [02/Mar/2025:00:06:25 +0100] "GET /ticket2/opencms/sv/login/ HTTP/1.1" 200 67145
114.119.138.130 - - [02/Mar/2025:00:06:31 +0100] "GET /ticket2/opencms/robots.txt HTTP/1.1" 200 773
141.255.166.90 - - [02/Mar/2025:00:09:56 +0100] "GET /ticket2/opencms/cgi-bin/luci/;stok=/locale HTTP/1.1" 404 -
141.255.166.90 - - [02/Mar/2025:00:12:10 +0100] "GET /cgi-bin/luci/;stok=/locale HTTP/1.1" 404 -
78.108.177.54 - - [02/Mar/2025:00:15:01 +0100] "GET / HTTP/1.0" 404 -
141.255.166.90 - - [02/Mar/2025:00:18:57 +0100] "GET /ticket2/opencms/cgi-bin/luci/;stok=/locale HTTP/1.1" 404 -
141.255.166.90 - - [02/Mar/2025:00:21:15 +0100] "GET /cgi-bin/luci/;stok=/locale HTTP/1.1" 404 -
66.249.76.70 - - [02/Mar/2025:00:22:41 +0100] "GET /ticket2/opencms/en/venue/?venueid=E2FEB47A-C42A-C36E-D3CC-3BB461FF276F HTTP/1.1" 200 63624
193.68.89.10 - - [02/Mar/2025:00:25:51 +0100] "GET / HTTP/1.1" 404 -
141.255.166.90 - - [02/Mar/2025:00:29:19 +0100] "GET /cgi-bin/luci/;stok=/locale HTTP/1.1" 404 -
141.255.166.90 - - [02/Mar/2025:00:35:55 +0100] "GET /ticket2/opencms/cgi-bin/luci/;stok=/locale HTTP/1.1" 404 -
141.255.166.90 - - [02/Mar/2025:00:38:44 +0100] "GET /cgi-bin/luci/;stok=/locale HTTP/1.1" 404 -
141.255.166.90 - - [02/Mar/2025:00:47:36 +0100] "GET /cgi-bin/luci/;stok=/locale HTTP/1.1" 404 -
46.19.143.26 - - [02/Mar/2025:00:52:19 +0100] "GET / HTTP/1.1" 404 -
141.255.166.90 - - [02/Mar/2025:00:56:47 +0100] "GET /cgi-bin/luci/;stok=/locale HTTP/1.1" 404 -
141.255.166.90 - - [02/Mar/2025:01:03:09 +0100] "GET /ticket2/opencms/cgi-bin/luci/;stok=/locale HTTP/1.1" 404 -
185.191.171.9 - - [02/Mar/2025:01:09:27 +0100] "GET /ticket2/opencms/robots.txt HTTP/1.1" 200 773
185.191.171.5 - - [02/Mar/2025:01:09:29 +0100] "GET /ticket2/opencms/sv/partners/ HTTP/1.1" 200 -
66.249.76.70 - - [02/Mar/2025:01:09:42 +0100] "GET /ticket2/opencms/en/venue/?venueid=73F2F83F-35FC-D320-77FF-C349F98B1063 HTTP/1.1" 200 63639
141.98.11.175 - - [02/Mar/2025:01:11:03 +0100] "GET / HTTP/1.1" 404 -
46.19.138.210 - - [02/Mar/2025:01:22:41 +0100] "GET /ticket2/opencms/.git/config HTTP/1.1" 404 -
45.148.10.90 - - [02/Mar/2025:01:28:47 +0100] "GET /ticket2/opencms/ HTTP/1.1" 302 -
45.148.10.90 - - [02/Mar/2025:01:28:55 +0100] "GET /ticket2/opencms/.env.dev HTTP/1.1" 404 -
45.148.10.90 - - [02/Mar/2025:01:28:56 +0100] "GET /ticket2/opencms/admin/.git/config HTTP/1.1" 404 -
45.148.10.90 - - [02/Mar/2025:01:28:57 +0100] "GET /ticket2/opencms/.env.staging.local HTTP/1.1" 404 -
45.148.10.90 - - [02/Mar/2025:01:28:57 +0100] "GET /ticket2/opencms/.env.config HTTP/1.1" 404 -
45.148.10.90 - - [02/Mar/2025:01:28:58 +0100] "GET /ticket2/opencms/.env.production HTTP/1.1" 404 -
45.148.10.90 - - [02/Mar/2025:01:28:59 +0100] "GET /ticket2/opencms/.env.tmp HTTP/1.1" 404 -
45.148.10.90 - - [02/Mar/2025:01:29:00 +0100] "GET /ticket2/opencms/backup/.env HTTP/1.1" 404 -
45.148.10.90 - - [02/Mar/2025:01:29:01 +0100] "GET /ticket2/opencms/settings/.env HTTP/1.1" 404 -
182.155.175.17 - - [02/Mar/2025:01:30:42 +0100] "GET / HTTP/1.0" 404 -
43.128.149.102 - - [02/Mar/2025:01:37:54 +0100] "GET /ticket2/opencms/ HTTP/1.1" 302 -
43.128.149.102 - - [02/Mar/2025:01:37:59 +0100] "GET /ticket2/opencms/en/ HTTP/1.1" 200 66763
141.255.166.90 - - [02/Mar/2025:01:39:00 +0100] "GET /cgi-bin/luci/;stok=/locale HTTP/1.1" 404 -
64.62.156.39 - - [02/Mar/2025:01:39:35 +0100] "GET /ticket2/opencms/ HTTP/1.1" 302 -
92.255.57.58 - - [02/Mar/2025:01:39:38 +0100] "GET /ticket2/opencms/?XDEBUG_SESSION_START=phpstorm HTTP/1.1" 302 -
92.255.57.58 - - [02/Mar/2025:01:39:42 +0100] "GET /ticket2/opencms/en/ HTTP/1.1" 200 66763
64.62.156.51 - - [02/Mar/2025:01:46:20 +0100] "GET /ticket2/opencms/favicon.ico HTTP/1.1" 200 1406
64.62.156.51 - - [02/Mar/2025:01:49:21 +0100] "GET /ticket2/opencms/ HTTP/1.1" 302 -
64.62.156.51 - - [02/Mar/2025:01:49:22 +0100] "GET /ticket2/opencms/en/ HTTP/1.1" 200 66763
207.180.219.190 - - [02/Mar/2025:01:49:53 +0100] "GET /ticket2/opencms/ HTTP/1.1" 302 -
127.0.0.1 - - [02/Mar/2025:01:50:38 +0100] "GET / HTTP/1.1" 400 -
65.49.1.159 - - [02/Mar/2025:01:51:36 +0100] "GET / HTTP/1.1" 404 -
64.62.156.45 - - [02/Mar/2025:01:52:59 +0100] "GET /ticket2/opencms/geoserver/web/ HTTP/1.1" 404 -
213.16.45.198 - - [02/Mar/2025:01:53:52 +0100] "GET / HTTP/1.1" 404 -
66.249.79.199 - - [02/Mar/2025:01:55:59 +0100] "GET /ticket2/opencms/en/venue/?countryid=F6743C3E-06B9-E773-142B-1B90866C1373 HTTP/1.1" 200 93013
157.55.39.59 - - [02/Mar/2025:01:56:36 +0100] "GET /ticket2/opencms/sv/search.html HTTP/1.1" 200 83886
66.249.79.198 - - [02/Mar/2025:01:58:01 +0100] "GET /ticket2/opencms/en/venue/?countryid=65FCED9C-5C2E-43C2-63C9-AA64AA056E6E HTTP/1.1" 200 93013
46.105.70.190 - - [02/Mar/2025:01:59:18 +0100] "GET / HTTP/1.1" 404 -
207.46.13.102 - - [02/Mar/2025:02:03:05 +0100] "GET /ticket2/opencms/en/venue/?venueid=E42DAA3B-8D14-C1C2-324E-BD1238E886E9 HTTP/1.1" 200 63619
65.49.1.160 - - [02/Mar/2025:02:06:10 +0100] "GET /favicon.ico HTTP/1.1" 404 -
65.49.1.161 - - [02/Mar/2025:02:06:24 +0100] "GET /?format=json HTTP/1.1" 404 -
170.64.230.178 - - [02/Mar/2025:02:06:29 +0100] "GET /ticket2/opencms/.git/config HTTP/1.1" 404 -
65.49.1.152 - - [02/Mar/2025:02:06:30 +0100] "CONNECT www.shadowserver.org:443 HTTP/1.1" 400 -
65.49.1.159 - - [02/Mar/2025:02:06:45 +0100] "GET /geoserver/web/ HTTP/1.1" 404 -
66.249.79.199 - - [02/Mar/2025:02:07:50 +0100] "GET /ticket2/opencms/en/faq/ HTTP/1.1" 200 66347
66.249.79.197 - - [02/Mar/2025:02:08:11 +0100] "GET /ticket2/opencms/en/venue/?venueid=3ED5EA9D-5706-84F2-16D2-FC98CC15FF4D HTTP/1.1" 200 63634
193.68.89.10 - - [02/Mar/2025:02:09:19 +0100] "GET / HTTP/1.1" 404 -
66.249.76.70 - - [02/Mar/2025:02:09:32 +0100] "GET /ticket2/opencms/en/about/ HTTP/1.1" 200 63237
66.249.79.198 - - [02/Mar/2025:02:09:46 +0100] "GET /ticket2/opencms/en/venue/?venueid=49391045-8C61-FC04-D66B-30CA890C2B86 HTTP/1.1" 200 63643
66.249.79.197 - - [02/Mar/2025:02:10:11 +0100] "GET /ticket2/opencms/sv/about/press/ HTTP/1.1" 200 66053
66.249.79.199 - - [02/Mar/2025:02:13:20 +0100] "GET /ticket2/opencms/en/venue/?venueid=49391045-8C61-FC04-D66B-30CA890C2B86 HTTP/1.1" 200 63643
220.132.202.104 - - [02/Mar/2025:02:17:08 +0100] "GET / HTTP/1.0" 404 -
66.249.79.199 - - [02/Mar/2025:02:17:49 +0100] "GET /ticket2/opencms/en/about/press/ HTTP/1.1" 200 64283
45.144.212.139 - - [02/Mar/2025:02:17:51 +0100] "GET /ticket2/opencms/.git/config HTTP/1.1" 404 -
66.249.76.71 - - [02/Mar/2025:02:18:55 +0100] "GET /ticket2/opencms/sv/buy/?page=6&comcatid=0A6B8208-FDA4-E929-9D72-5312FD481B76&catid=465306FD-802C-5175-10FF-40E426DD2769 HTTP/1.1" 200 68729
66.249.76.71 - - [02/Mar/2025:02:20:34 +0100] "GET /ticket2/opencms/sv/buy/?page=6&comcatid=0A6B8208-FDA4-E929-9D72-5312FD481B76&catid=3A56B1C2-6FFB-C8D1-B229-B3914D5FF8DF HTTP/1.1" 200 68737
66.249.79.198 - - [02/Mar/2025:02:20:37 +0100] "GET /ticket2/opencms/sv/buy/?page=6&comcatid=0A6B8208-FDA4-E929-9D72-5312FD481B76&catid=8E4972FC-6E2C-77A4-BB9D-D67BD270A641 HTTP/1.1" 200 68725
137.184.238.238 - - [01/Jan/1970:00:59:59 +0100] "-" 400 -
137.184.238.238 - - [02/Mar/2025:02:21:47 +0100] "??F??r?+????>n?????H??# ?????? m9??%?M?H?fF?C/u{k>?aB?????A?????=5?????</ " 400 -
137.184.238.238 - - [01/Jan/1970:00:59:59 +0100] "-" 400 -
66.249.76.70 - - [02/Mar/2025:02:22:38 +0100] "GET /ticket2/opencms/sv/buy/?page=6&comcatid=0A6B8208-FDA4-E929-9D72-5312FD481B76&catid=26594C33-56CE-F529-FAF3-61AB33F74A3B HTTP/1.1" 200 68732
141.255.166.90 - - [02/Mar/2025:02:22:41 +0100] "GET /cgi-bin/luci/;stok=/locale HTTP/1.1" 404 -
66.249.79.197 - - [02/Mar/2025:02:23:33 +0100] "GET /ticket2/opencms/en/buy/?page=10&eventid=6FF9EBE1-05EE-AA1E-A54F-A9D14CF13922 HTTP/1.1" 200 64972
66.249.79.197 - - [02/Mar/2025:02:23:58 +0100] "GET /ticket2/opencms/sv/sport/tennis/monte_carlo_masters/ HTTP/1.1" 200 69603
66.249.76.70 - - [02/Mar/2025:02:27:48 +0100] "GET /ticket2/opencms/en/venue/?venueid=1BBA4161-876F-505A-41A9-3DCAB11C11AD HTTP/1.1" 200 63616
66.249.79.199 - - [02/Mar/2025:02:29:34 +0100] "GET /ticket2/opencms/en/venue/?venueid=BCA44AE3-0AA2-97FD-825B-60825F01067E HTTP/1.1" 200 63669
66.249.79.197 - - [02/Mar/2025:02:29:54 +0100] "GET /ticket2/opencms/en/venue/?venueid=4694F5B1-69FE-B60F-48EF-EC52575888CD HTTP/1.1" 200 63588
66.249.79.197 - - [02/Mar/2025:02:37:52 +0100] "GET /ticket2/opencms/en/venue/?venueid=37C435E9-F183-6029-6984-FE323816144B HTTP/1.1" 200 63603
66.249.76.70 - - [02/Mar/2025:02:40:12 +0100] "GET /ticket2/opencms/en/venue/?venueid=01D585F0-8906-9A4C-36CC-65BD1235CC9B HTTP/1.1" 200 63645
66.249.76.70 - - [02/Mar/2025:02:40:28 +0100] "GET /ticket2/opencms/en/venue/?venueid=4BC8A4F7-B275-C48F-5201-9432C06891B2 HTTP/1.1" 200 63645
66.249.76.69 - - [02/Mar/2025:02:41:21 +0100] "GET /ticket2/opencms/en/venue/?venueid=2ABA9B42-A594-1503-6871-6005D5872901 HTTP/1.1" 200 63636
157.230.148.138 - - [02/Mar/2025:02:41:28 +0100] "GET /ticket2/opencms/.env HTTP/1.1" 404 -
66.249.76.69 - - [02/Mar/2025:02:41:48 +0100] "GET /ticket2/opencms/en/venue/?venueid=5FD2FED0-DB89-FAFA-1927-AF1A95DA13A5 HTTP/1.1" 200 63615
66.249.79.197 - - [02/Mar/2025:02:42:56 +0100] "GET /ticket2/opencms/en/venue/?venueid=F8EFDBCE-B1FF-C34F-BAE0-79E90F8EC2C1 HTTP/1.1" 200 63669
172.202.117.213 - - [02/Mar/2025:02:45:15 +0100] "GET /ticket2/opencms/owa/auth/logon.aspx HTTP/1.1" 404 -
66.249.79.198 - - [02/Mar/2025:02:48:34 +0100] "GET /ticket2/opencms/en/venue/?venueid=B6FFF904-2AA1-1BEB-9F7A-E1A69E4D2AA1 HTTP/1.1" 200 63624
66.249.79.199 - - [02/Mar/2025:02:50:50 +0100] "GET /ticket2/opencms/en/venue/?venueid=2A1F7458-E62C-56A4-0001-4FFC2E2DB7CB HTTP/1.1" 200 63598
66.249.79.199 - - [02/Mar/2025:02:52:35 +0100] "GET /ticket2/opencms/en/venue/?venueid=81A44EEB-A7AF-B656-9823-252B9D5DFE29 HTTP/1.1" 200 63717
66.249.79.197 - - [02/Mar/2025:02:56:36 +0100] "GET /ticket2/opencms/en/venue/?venueid=BC2CC518-91EF-AA50-803C-4CF19EFA0DC6 HTTP/1.1" 200 63652
66.249.79.197 - - [02/Mar/2025:02:57:34 +0100] "GET /ticket2/opencms/en/venue/?venueid=043FFF0B-AAEC-B60F-6995-11630828794B HTTP/1.1" 200 63610
66.249.79.197 - - [02/Mar/2025:03:03:45 +0100] "GET /ticket2/opencms/en/venue/?venueid=A4FD97C9-3112-FD78-66F7-32D2DBBAA5F9 HTTP/1.1" 200 63684
66.249.76.71 - - [02/Mar/2025:03:03:46 +0100] "GET /ticket2/opencms/en/venue/?venueid=458A6284-D8D4-7921-D2F2-F8FD9B51F9EB HTTP/1.1" 200 63658
66.249.79.199 - - [02/Mar/2025:03:04:38 +0100] "GET /ticket2/opencms/en/venue/?venueid=FACE899F-59EF-482C-BA13-20EDA4B8894D HTTP/1.1" 200 63628
66.249.79.198 - - [02/Mar/2025:03:05:21 +0100] "GET /ticket2/opencms/en/venue/?venueid=076920E1-F452-B8E6-450C-A259979AD263 HTTP/1.1" 200 63607
66.249.79.199 - - [02/Mar/2025:03:05:56 +0100] "GET /ticket2/opencms/en/venue/?venueid=2B29C6EC-89D0-6E9C-BAE4-2D03D28807C6 HTTP/1.1" 200 63652
18.144.7.78 - - [02/Mar/2025:03:05:58 +0100] "GET / HTTP/1.1" 404 -
196.251.86.78 - - [02/Mar/2025:03:06:41 +0100] "GET /ticket2/opencms/.env HTTP/1.1" 404 -
66.249.76.69 - - [02/Mar/2025:03:07:39 +0100] "GET /ticket2/opencms/en/venue/?venueid=6DAF98CB-316C-E77B-9468-88A71EEBC830 HTTP/1.1" 200 63646
66.249.79.197 - - [02/Mar/2025:03:08:10 +0100] "GET /ticket2/opencms/en/venue/?venueid=83B8B6B9-A2B4-D4CB-2D8F-CE8D0CB4BEF2 HTTP/1.1" 200 63610
66.249.79.199 - - [02/Mar/2025:03:10:23 +0100] "GET /ticket2/opencms/en/venue/?venueid=00752A38-52C0-4B10-A6B8-353C80635A91 HTTP/1.1" 200 63604
92.255.57.58 - - [02/Mar/2025:03:10:52 +0100] "GET /ticket2/opencms/actuator/gateway/routes HTTP/1.1" 404 -
66.249.76.69 - - [02/Mar/2025:03:12:10 +0100] "GET /ticket2/opencms/en/venue/?venueid=D865EDC3-A8C8-8107-EEAE-35A140CA5350 HTTP/1.1" 200 63642
66.249.79.198 - - [02/Mar/2025:03:12:21 +0100] "GET /ticket2/opencms/en/venue/?venueid=80282372-5C99-DBF4-F014-FB112931F6DA HTTP/1.1" 200 63627
141.255.166.90 - - [02/Mar/2025:03:12:49 +0100] "GET /cgi-bin/luci/;stok=/locale HTTP/1.1" 404 -
66.249.79.199 - - [02/Mar/2025:03:12:50 +0100] "GET /ticket2/opencms/en/venue/?venueid=6D8A0FE7-2FEF-4BDE-AC7E-1937EABDAEF4 HTTP/1.1" 200 63633
66.249.79.197 - - [02/Mar/2025:03:13:21 +0100] "GET /ticket2/opencms/en/venue/?venueid=627689FB-7CBA-64B6-7657-6F6CD9393A37 HTTP/1.1" 200 63619
20.83.52.158 - - [01/Jan/1970:00:59:59 +0100] "-" 400 -
66.249.79.199 - - [02/Mar/2025:03:15:48 +0100] "GET /ticket2/opencms/en/venue/?venueid=3C42100B-58B0-2CFB-51D8-262D48BD2A0E HTTP/1.1" 200 63612
209.38.128.112 - - [02/Mar/2025:03:17:54 +0100] "-" 400 -
66.249.76.71 - - [02/Mar/2025:03:18:35 +0100] "GET /ticket2/opencms/en/venue/?venueid=7BE96A80-409A-37FB-9444-3580682D6340 HTTP/1.1" 200 63610
66.249.76.70 - - [02/Mar/2025:03:26:00 +0100] "GET /ticket2/opencms/sv/sport/fotbollsbiljetter/la_liga/real_madrid/ HTTP/1.1" 200 70162
66.249.79.197 - - [02/Mar/2025:03:27:50 +0100] "GET /ticket2/opencms/en/venue/?venueid=3B0B3F5D-FFA8-DF13-4D74-A2C019267C7D HTTP/1.1" 200 63646
66.249.76.71 - - [02/Mar/2025:03:28:24 +0100] "GET /ticket2/opencms/en/venue/?venueid=9105DCA9-DA89-4D98-8EC3-D0773C34A12F HTTP/1.1" 200 63615
66.249.79.198 - - [02/Mar/2025:03:29:01 +0100] "GET /ticket2/opencms/en/venue/?countryid=431EFD4E-08D9-96D2-1220-D823702A8178 HTTP/1.1" 200 93013
59.126.112.68 - - [02/Mar/2025:03:29:40 +0100] "GET / HTTP/1.0" 404 -
81.171.3.204 - - [02/Mar/2025:03:31:17 +0100] "GET /ticket2/opencms/ HTTP/1.1" 302 -
66.249.79.197 - - [02/Mar/2025:03:33:34 +0100] "GET /ticket2/opencms/en/venue/?venueid=DA22C9F4-20C4-6978-CFDD-A1728A4A23BC HTTP/1.1" 200 63734
68.183.238.15 - - [02/Mar/2025:03:35:18 +0100] "GET /manager/html HTTP/1.1" 404 -
66.249.79.197 - - [02/Mar/2025:03:38:36 +0100] "GET /ticket2/opencms/en/venue/?venueid=4281EF24-819D-10DB-AFDA-8A385BCC22F4 HTTP/1.1" 200 63639
66.249.79.197 - - [02/Mar/2025:03:40:24 +0100] "GET /ticket2/opencms/en/venue/?venueid=ECA1E61D-2477-4810-8BC2-649930C9F0AE HTTP/1.1" 200 63643
66.249.76.70 - - [02/Mar/2025:03:42:32 +0100] "GET /ticket2/opencms/en/venue/?venueid=18267CD0-0660-EC77-6783-F80F8F5E2113 HTTP/1.1" 200 63634
66.249.79.198 - - [02/Mar/2025:03:42:34 +0100] "GET /ticket2/opencms/en/venue/?venueid=279B18FD-4210-8852-93EB-A84B5C61044A HTTP/1.1" 200 63636
66.249.79.199 - - [02/Mar/2025:03:43:41 +0100] "GET /ticket2/opencms/en/venue/?venueid=B6945CB2-E0A0-4A08-48BD-0C2A2E2927C8 HTTP/1.1" 200 63582
66.249.76.69 - - [02/Mar/2025:03:47:11 +0100] "GET /ticket2/opencms/en/venue/?venueid=16E0C8F7-C946-BD85-3408-7035EE064BCF HTTP/1.1" 200 63695
66.249.79.199 - - [02/Mar/2025:03:50:33 +0100] "GET /ticket2/opencms/en/venue/?venueid=7DFFA88D-A72E-EF83-E1F4-D4C0A7C75BDB HTTP/1.1" 200 63627
66.249.76.71 - - [02/Mar/2025:03:52:11 +0100] "GET /ticket2/opencms/en/venue/?venueid=5E4247B1-038D-69C7-681E-59A3027FAB84 HTTP/1.1" 200 63651
66.249.76.69 - - [02/Mar/2025:03:52:21 +0100] "GET /ticket2/opencms/en/venue/?venueid=43225DE7-2183-4D01-76EB-8CE89B54C5DC HTTP/1.1" 200 63589
66.249.76.69 - - [02/Mar/2025:03:52:38 +0100] "GET /ticket2/opencms/en/buy/?page=1&edid=19841486-6F3E-C113-B4BC-B89661DF253A HTTP/1.1" 200 81875
66.249.79.198 - - [02/Mar/2025:03:52:39 +0100] "GET /ticket2/opencms/en/buy/?page=1&edid=54777665-C11F-0F11-581A-52B69510C3F1 HTTP/1.1" 200 79964
66.249.76.70 - - [02/Mar/2025:03:52:48 +0100] "GET /ticket2/opencms/en/newsletter/ HTTP/1.1" 200 67338
66.249.79.198 - - [02/Mar/2025:03:54:34 +0100] "GET /ticket2/opencms/en/venue/?venueid=02AFC272-1907-E3AB-F16C-DCE72603B25E HTTP/1.1" 200 63664
66.249.79.198 - - [02/Mar/2025:03:54:38 +0100] "GET /ticket2/opencms/en/venue/?venueid=1B420ACB-199A-5424-E698-08BE6CB8B69A HTTP/1.1" 200 63603
66.249.79.197 - - [02/Mar/2025:03:56:49 +0100] "GET /ticket2/opencms/en/venue/?venueid=F95CCA03-8412-EF00-BE73-83772A0CB743 HTTP/1.1" 200 63600
66.249.79.198 - - [02/Mar/2025:03:56:50 +0100] "GET /ticket2/opencms/en/venue/?venueid=2CC647F7-59C6-AB1D-2A61-6BBFF2FA93FE HTTP/1.1" 200 63621
66.249.79.198 - - [02/Mar/2025:04:01:00 +0100] "GET /ticket2/opencms/en/venue/?countryid=17043DCB-6068-95EE-BD77-FB6EADBB798A HTTP/1.1" 200 93013
66.249.79.199 - - [02/Mar/2025:04:02:11 +0100] "GET /ticket2/opencms/sv/sport/fotbollsbiljetter/serie_a/ HTTP/1.1" 200 77816
66.249.79.199 - - [02/Mar/2025:04:03:21 +0100] "GET /ticket2/opencms/sv/sport/fotbollsbiljetter/la_liga/ HTTP/1.1" 200 78315
193.68.89.10 - - [02/Mar/2025:04:05:44 +0100] "GET / HTTP/1.1" 404 -
66.249.79.198 - - [02/Mar/2025:04:06:48 +0100] "GET /ticket2/opencms/en/venue/?venueid=CDC6FC77-3278-004D-0559-D29218CB1115 HTTP/1.1" 200 63613
66.249.79.197 - - [02/Mar/2025:04:07:46 +0100] "GET /ticket2/opencms/en/venue/?venueid=A55A1297-1394-1530-C387-A901DC4F2499 HTTP/1.1" 200 63609
66.249.79.197 - - [02/Mar/2025:04:08:12 +0100] "GET /ticket2/opencms/en/venue/?venueid=A7C35E41-A8DE-46DC-9A98-EA794BBC27B7 HTTP/1.1" 200 63601
66.249.79.198 - - [02/Mar/2025:04:10:45 +0100] "GET /ticket2/opencms/en/venue/?venueid=EEE1683D-7711-CA74-6939-E0BA59258A12 HTTP/1.1" 200 63661
66.249.79.198 - - [02/Mar/2025:04:11:35 +0100] "GET /ticket2/opencms/en/venue/?venueid=A58FBBD0-E5F6-D023-AA37-9672F1C99514 HTTP/1.1" 200 63642
66.249.76.69 - - [02/Mar/2025:04:11:38 +0100] "GET /ticket2/opencms/en/venue/?venueid=52388965-2AC8-8249-1E85-2C16DFEC77E8 HTTP/1.1" 200 63603
66.249.79.197 - - [02/Mar/2025:04:11:45 +0100] "GET /ticket2/opencms/en/venue/?venueid=17D0DFA9-77AB-EBCA-484F-CEB853AA41A8 HTTP/1.1" 200 63666
66.249.79.197 - - [02/Mar/2025:04:12:47 +0100] "GET /ticket2/opencms/en/venue/?venueid=BF81F57B-2AD9-D1E3-4885-A9DA4B970272 HTTP/1.1" 200 63666
66.249.79.197 - - [02/Mar/2025:04:13:30 +0100] "GET /ticket2/opencms/en/venue/?venueid=05B2664C-6D50-B737-64A4-B83BDD240192 HTTP/1.1" 200 63639
66.249.76.70 - - [02/Mar/2025:04:15:11 +0100] "GET /ticket2/opencms/en/venue/?venueid=549D1F21-57F6-6965-4AE0-C027D23DF3A5 HTTP/1.1" 200 63727
10.132.0.203 - - [02/Mar/2025:04:15:43 +0100] "GET / HTTP/1.1" 404 -
139.59.27.247 - - [02/Mar/2025:04:19:12 +0100] "GET /ticket2/opencms/ HTTP/1.1" 302 -
66.249.79.199 - - [02/Mar/2025:04:19:24 +0100] "GET /ticket2/opencms/en/venue/?venueid=7F4399DF-09B0-51D6-E82A-35DDE26DDE35 HTTP/1.1" 200 63658
139.59.27.247 - - [02/Mar/2025:04:19:25 +0100] "GET /ticket2/opencms/en/ HTTP/1.1" 200 66763
139.59.27.247 - - [02/Mar/2025:04:19:27 +0100] "GET /ticket2/opencms/favicon.ico HTTP/1.1" 200 1406
66.249.79.199 - - [02/Mar/2025:04:21:48 +0100] "GET /ticket2/opencms/en/venue/?venueid=5656BFDD-7249-1ADA-776A-F31C05AE5BA2 HTTP/1.1" 200 63690
66.249.76.69 - - [02/Mar/2025:04:23:22 +0100] "GET /ticket2/opencms/en/venue/?venueid=9E11657F-4DEC-23FB-7EA0-FBC7E33C2918 HTTP/1.1" 200 63609
66.249.79.197 - - [02/Mar/2025:04:26:12 +0100] "GET /ticket2/opencms/en/venue/?venueid=2093F44A-5602-34FE-CA0A-0A611F93B4B6 HTTP/1.1" 200 63577
195.178.110.163 - - [02/Mar/2025:04:28:17 +0100] "GET /ticket2/opencms/ HTTP/1.1" 302 -
195.178.110.163 - - [02/Mar/2025:04:28:17 +0100] "GET /ticket2/opencms/server/.git/config HTTP/1.1" 404 -
66.249.79.197 - - [02/Mar/2025:04:31:02 +0100] "GET /ticket2/opencms/en/venue/?countryid=C390DA46-FDFE-72E8-463E-D2A88C688BC4 HTTP/1.1" 200 93013
66.249.79.199 - - [02/Mar/2025:04:35:12 +0100] "GET /ticket2/opencms/en/venue/?venueid=E377668B-464D-C748-144D-209F1470B0EF HTTP/1.1" 200 63648
66.249.79.199 - - [02/Mar/2025:04:36:42 +0100] "GET /ticket2/opencms/en/venue/?venueid=23DADC67-2F89-C2AE-F234-7909D8077B49 HTTP/1.1" 200 63642
196.251.72.73 - - [02/Mar/2025:04:43:13 +0100] "GET /ticket2/opencms/.git/config HTTP/1.1" 404 -
66.249.76.71 - - [02/Mar/2025:04:43:50 +0100] "GET /ticket2/opencms/en/venue/?venueid=7F775268-FDCE-3365-1815-747D9CD711D9 HTTP/1.1" 200 63624
66.249.79.199 - - [02/Mar/2025:04:45:41 +0100] "GET /ticket2/opencms/en/venue/?venueid=D7CC1908-9B64-88E2-CBC1-94080245C38F HTTP/1.1" 200 63612
66.249.79.197 - - [02/Mar/2025:04:45:47 +0100] "GET /ticket2/opencms/en/venue/?venueid=630E70AB-B3E3-ED18-A61B-E2859D17F940 HTTP/1.1" 200 63633
66.249.76.69 - - [02/Mar/2025:04:47:34 +0100] "GET /ticket2/opencms/en/venue/?venueid=22A5BACF-2C57-D14B-B1F7-406A4B5B80A3 HTTP/1.1" 200 63645
66.249.79.198 - - [02/Mar/2025:04:47:35 +0100] "GET /ticket2/opencms/en/venue/?venueid=6D0642BB-05FC-BA80-36B9-6F63B86457CB HTTP/1.1" 200 63697
66.249.76.70 - - [02/Mar/2025:04:47:50 +0100] "GET /ticket2/opencms/en/venue/?venueid=EA804EE9-079E-9D15-9A71-C89C6269C331 HTTP/1.1" 200 63622
66.249.79.197 - - [02/Mar/2025:04:51:11 +0100] "GET /ticket2/opencms/en/venue/?venueid=E3DC73F5-1126-38FA-E59B-75AB73443F20 HTTP/1.1" 200 63622
167.94.146.57 - - [02/Mar/2025:04:52:31 +0100] "GET /ticket2/opencms/ HTTP/1.1" 500 -
167.94.146.57 - - [02/Mar/2025:04:52:36 +0100] "GET /ticket2/opencms/ HTTP/1.1" 302 -
167.94.146.57 - - [02/Mar/2025:04:52:53 +0100] "GET /ticket2/opencms/en/ HTTP/1.1" 200 66763
167.94.146.57 - - [02/Mar/2025:04:52:53 +0100] "GET /ticket2/opencms/favicon.ico HTTP/1.1" 200 1406
66.249.76.69 - - [02/Mar/2025:04:55:11 +0100] "GET /ticket2/opencms/en/venue/?venueid=67D31A6A-394A-8D69-C03A-43821313BB28 HTTP/1.1" 200 63604
66.249.76.70 - - [02/Mar/2025:04:55:51 +0100] "GET /ticket2/opencms/en/venue/?venueid=161A25A1-F416-8A38-C48B-CA3253B2326B HTTP/1.1" 200 63714
66.249.76.69 - - [02/Mar/2025:04:57:40 +0100] "GET /ticket2/opencms/en/venue/?venueid=593AF726-0A01-6DBE-E6B0-2BCB42342E04 HTTP/1.1" 200 63636
66.249.76.70 - - [02/Mar/2025:04:58:22 +0100] "GET /ticket2/opencms/en/venue/?venueid=2F4B9D73-9089-26F5-4E9E-2CBD328F67B2 HTTP/1.1" 200 63624
66.249.77.226 - - [02/Mar/2025:05:00:22 +0100] "GET /ticket2/opencms/en/venue/?venueid=4940DD91-F1E0-5184-44D4-933CD337492E HTTP/1.1" 200 63721
13.52.219.160 - - [02/Mar/2025:05:00:23 +0100] "HEAD /ticket2/opencms/epa/scripts/win/nsepa_setup.exe HTTP/1.1" 404 -
66.249.76.71 - - [02/Mar/2025:05:00:23 +0100] "GET /ticket2/opencms/en/venue/?venueid=7017A2F5-FDAD-0EE7-3D35-B52980248ADD HTTP/1.1" 200 63672
66.249.79.197 - - [02/Mar/2025:05:00:29 +0100] "GET /ticket2/opencms/en/venue/?venueid=113AF72F-E90C-75C9-E54B-8B60836FA7C3 HTTP/1.1" 200 63655
66.249.79.197 - - [02/Mar/2025:05:01:02 +0100] "GET /ticket2/opencms/en/buy_safety/ HTTP/1.1" 200 64296
205.210.31.194 - - [02/Mar/2025:05:06:23 +0100] "GET / HTTP/1.0" 404 -
66.249.79.198 - - [02/Mar/2025:05:07:38 +0100] "GET /ticket2/opencms/en/venue/?venueid=0B0800E6-0A14-5429-9458-0718F854B0B8 HTTP/1.1" 200 63600
49.51.50.147 - - [02/Mar/2025:05:12:48 +0100] "GET /ticket2/opencms/ HTTP/1.1" 302 -
49.51.50.147 - - [02/Mar/2025:05:12:53 +0100] "GET /ticket2/opencms/en/ HTTP/1.1" 200 66763
66.249.76.69 - - [02/Mar/2025:05:13:22 +0100] "GET /ticket2/opencms/en/venue/?venueid=C9FA908E-844D-34B9-709F-9C6F649F6B00 HTTP/1.1" 200 63722
66.249.76.71 - - [02/Mar/2025:05:14:41 +0100] "GET /ticket2/opencms/en/venue/?venueid=AE1704AB-E9B5-32D5-9A74-56BDCC5D4A10 HTTP/1.1" 200 63646
66.249.76.70 - - [02/Mar/2025:05:15:34 +0100] "GET /ticket2/opencms/en/venue/?venueid=B5895B7A-5394-F998-65EB-0C4A85F1034A HTTP/1.1" 200 63640
141.255.166.90 - - [02/Mar/2025:05:17:28 +0100] "GET /cgi-bin/luci/;stok=/locale HTTP/1.1" 404 -
206.168.34.204 - - [02/Mar/2025:05:17:59 +0100] "GET / HTTP/1.1" 404 -
206.168.34.204 - - [02/Mar/2025:05:18:01 +0100] "PRI * HTTP/2.0" 505 -
206.168.34.204 - - [02/Mar/2025:05:18:23 +0100] "GET /favicon.ico HTTP/1.1" 404 -
66.249.79.197 - - [02/Mar/2025:05:18:50 +0100] "GET /ticket2/opencms/en/venue/?venueid=665605D3-62A4-ADC3-6DF2-C7BBE2C5024A HTTP/1.1" 200 63624
66.249.79.198 - - [02/Mar/2025:05:20:22 +0100] "GET /ticket2/opencms/en/venue/?venueid=737F9F7B-5133-4683-A21D-F97D14F13C48 HTTP/1.1" 200 63635
194.120.230.215 - - [02/Mar/2025:05:24:16 +0100] "GET /ticket2/opencms/cgi-bin/luci/;stok=/locale HTTP/1.1" 404 -
194.120.230.215 - - [02/Mar/2025:05:25:58 +0100] "GET /cgi-bin/luci/;stok=/locale HTTP/1.1" 404 -
211.44.74.71 - - [02/Mar/2025:05:28:49 +0100] "POST /goform/set_LimitClient_cfg HTTP/1.1" 400 -
66.249.79.199 - - [02/Mar/2025:05:31:12 +0100] "GET /ticket2/opencms/en/venue/?venueid=5571DB53-176D-786E-4CB3-C9311A480A31 HTTP/1.1" 200 63612
66.249.79.198 - - [02/Mar/2025:05:32:02 +0100] "GET /ticket2/opencms/en/search.html?searchQuery=tottenham&submit= HTTP/1.1" 200 86415
66.249.76.70 - - [02/Mar/2025:05:32:04 +0100] "GET /ticket2/opencms/en/ask-form.html HTTP/1.1" 200 3146
194.120.230.215 - - [02/Mar/2025:05:32:46 +0100] "GET /ticket2/opencms/cgi-bin/luci/;stok=/locale HTTP/1.1" 404 -
4.246.231.172 - - [02/Mar/2025:05:34:07 +0100] "GET /ticket2/opencms/actuator/health HTTP/1.1" 404 -
46.19.143.26 - - [02/Mar/2025:05:34:29 +0100] "GET / HTTP/1.1" 404 -
66.249.76.71 - - [02/Mar/2025:05:35:25 +0100] "GET /ticket2/opencms/en/venue/?venueid=A2143F04-641C-B311-284A-E01DFC7E06B3 HTTP/1.1" 200 63630
194.120.230.215 - - [02/Mar/2025:05:35:29 +0100] "GET /cgi-bin/luci/;stok=/locale HTTP/1.1" 404 -
66.249.79.197 - - [02/Mar/2025:05:36:39 +0100] "GET /ticket2/opencms/en/venue/?venueid=286341D2-7EEF-95B1-EEDE-7755BEF9E107 HTTP/1.1" 200 63734
66.249.79.199 - - [02/Mar/2025:05:37:45 +0100] "GET /ticket2/opencms/en/venue/?venueid=70CF0C71-242F-3CB8-3E8B-757E40B6417C HTTP/1.1" 200 63693
66.249.76.71 - - [02/Mar/2025:05:38:39 +0100] "GET /ticket2/opencms/en/venue/?venueid=C87849FF-CA68-D7C1-1366-B45A4ECBC004 HTTP/1.1" 200 63598
66.249.76.69 - - [02/Mar/2025:05:41:51 +0100] "GET /ticket2/opencms/en/venue/?venueid=82FB56D9-9B89-D5E4-78CF-E614F920BBA7 HTTP/1.1" 200 63607
66.249.76.69 - - [02/Mar/2025:05:42:21 +0100] "GET /ticket2/opencms/en/venue/?venueid=3D925761-81E3-9DF6-D2BD-9A2237888F8A HTTP/1.1" 200 63618
45.135.194.28 - - [02/Mar/2025:05:42:54 +0100] "GET /manager/html HTTP/1.1" 404 -
66.249.79.198 - - [02/Mar/2025:05:43:22 +0100] "GET /ticket2/opencms/en/venue/?venueid=D7369F89-3C56-4AD6-BDF2-0EBEA5228F16 HTTP/1.1" 200 63658
194.120.230.215 - - [02/Mar/2025:05:43:41 +0100] "GET /ticket2/opencms/cgi-bin/luci/;stok=/locale HTTP/1.1" 404 -
66.249.79.198 - - [02/Mar/2025:05:44:22 +0100] "GET /ticket2/opencms/en/venue/?venueid=8B6B2DCD-4A3D-A699-2105-31175C2D2D0A HTTP/1.1" 200 63648
194.120.230.215 - - [02/Mar/2025:05:45:31 +0100] "GET /cgi-bin/luci/;stok=/locale HTTP/1.1" 404 -
66.249.76.71 - - [02/Mar/2025:05:46:50 +0100] "GET /ticket2/opencms/en/venue/?venueid=52FEA340-600C-C2A6-D05C-0B94F2E2DFB9 HTTP/1.1" 200 63615
66.249.79.197 - - [02/Mar/2025:05:46:56 +0100] "GET /ticket2/opencms/en/venue/?venueid=F3A5C9EC-4CEF-B563-FECD-1A9EEC18334F HTTP/1.1" 200 63631
66.249.79.198 - - [02/Mar/2025:05:50:30 +0100] "GET /ticket2/opencms/en/venue/?venueid=E72B4D77-C56B-E2C9-EA79-7B286C1DB7CC HTTP/1.1" 200 63622
66.249.79.197 - - [02/Mar/2025:05:52:26 +0100] "GET /ticket2/opencms/en/venue/?venueid=157C41AC-9990-241E-A78B-828C374EF543 HTTP/1.1" 200 63745
194.120.230.215 - - [02/Mar/2025:05:52:47 +0100] "GET /ticket2/opencms/cgi-bin/luci/;stok=/locale HTTP/1.1" 404 -
66.249.79.197 - - [02/Mar/2025:05:53:33 +0100] "GET /ticket2/opencms/en/venue/?venueid=D472C220-B929-5B16-8479-1E0BD6C92DF6 HTTP/1.1" 200 63624
193.68.89.10 - - [02/Mar/2025:05:55:09 +0100] "GET / HTTP/1.1" 404 -
194.120.230.215 - - [02/Mar/2025:05:55:21 +0100] "GET /cgi-bin/luci/;stok=/locale HTTP/1.1" 404 -
66.249.79.197 - - [02/Mar/2025:05:56:51 +0100] "GET /ticket2/opencms/en/venue/?venueid=E0B5B71E-1525-E4B8-C2C9-E8B145968FBD HTTP/1.1" 200 63627
141.255.166.90 - - [02/Mar/2025:05:59:57 +0100] "GET /cgi-bin/luci/;stok=/locale HTTP/1.1" 404 -
66.249.76.69 - - [02/Mar/2025:06:01:11 +0100] "GET /ticket2/opencms/en/venue/?venueid=DAA6AE39-3D49-AA75-E977-846AD93A9CE8 HTTP/1.1" 200 63640
66.249.79.197 - - [02/Mar/2025:06:02:29 +0100] "GET /ticket2/opencms/en/venue/?venueid=24282DEB-2558-F658-4C50-90E4155081CA HTTP/1.1" 200 63619
194.120.230.215 - - [02/Mar/2025:06:03:05 +0100] "GET /ticket2/opencms/cgi-bin/luci/;stok=/locale HTTP/1.1" 404 -
194.120.230.215 - - [02/Mar/2025:06:05:35 +0100] "GET /cgi-bin/luci/;stok=/locale HTTP/1.1" 404 -
66.249.79.198 - - [02/Mar/2025:06:06:25 +0100] "GET /ticket2/opencms/en/venue/?venueid=C5476B3C-0464-46FE-ABA4-218B7E7B42C3 HTTP/1.1" 200 63616
66.249.79.198 - - [02/Mar/2025:06:08:12 +0100] "GET /ticket2/opencms/en/venue/?venueid=1CE151F4-2354-6307-B652-D020F81C0057 HTTP/1.1" 200 63604
66.249.79.198 - - [02/Mar/2025:06:08:40 +0100] "GET /ticket2/opencms/en/venue/?venueid=A80A0A61-7C37-1A40-97CB-2266617DAAEF HTTP/1.1" 200 63604
66.249.79.197 - - [02/Mar/2025:06:08:51 +0100] "GET /ticket2/opencms/en/venue/?venueid=39B3A61A-44BF-44D0-2A9A-4F22CB9C7DF2 HTTP/1.1" 200 63655
66.249.79.197 - - [02/Mar/2025:06:11:43 +0100] "GET /ticket2/opencms/en/venue/?venueid=FD61FD0F-7893-095D-0FF7-17503C5C1517 HTTP/1.1" 200 63631
194.120.230.215 - - [02/Mar/2025:06:12:57 +0100] "GET /ticket2/opencms/cgi-bin/luci/;stok=/locale HTTP/1.1" 404 -
194.120.230.215 - - [02/Mar/2025:06:15:19 +0100] "GET /cgi-bin/luci/;stok=/locale HTTP/1.1" 404 -
66.249.79.197 - - [02/Mar/2025:06:17:43 +0100] "GET /ticket2/opencms/en/venue/?venueid=3060E255-FFB8-E1FC-2EE4-0AD33AC358BD HTTP/1.1" 200 63724
194.120.230.215 - - [02/Mar/2025:06:22:25 +0100] "GET /ticket2/opencms/cgi-bin/luci/;stok=/locale HTTP/1.1" 404 -
66.249.76.70 - - [02/Mar/2025:06:22:47 +0100] "GET /ticket2/opencms/en/venue/?venueid=FBAFDD4B-DAD3-1027-F610-2E658B7C0EA4 HTTP/1.1" 200 63700
194.120.230.215 - - [02/Mar/2025:06:25:02 +0100] "GET /cgi-bin/luci/;stok=/locale HTTP/1.1" 404 -
196.251.89.129 - - [02/Mar/2025:06:26:17 +0100] "GET /ticket2/opencms/ HTTP/1.1" 302 -
196.251.89.129 - - [02/Mar/2025:06:26:17 +0100] "GET /ticket2/opencms/en/ HTTP/1.1" 200 66763
196.251.89.129 - - [02/Mar/2025:06:26:17 +0100] "GET /ticket2/opencms/+CSCOE+/logon.html HTTP/1.1" 404 -
196.251.89.129 - - [02/Mar/2025:06:26:17 +0100] "GET /ticket2/opencms/global-protect/login.esp HTTP/1.1" 404 -
196.251.89.129 - - [02/Mar/2025:06:26:18 +0100] "GET /ticket2/opencms/dana-na/auth/url_default/welcome.cgi HTTP/1.1" 404 -
194.120.230.215 - - [02/Mar/2025:06:34:09 +0100] "GET /cgi-bin/luci/;stok=/locale HTTP/1.1" 404 -
66.249.79.197 - - [02/Mar/2025:06:36:34 +0100] "GET /ticket2/opencms/en/venue/?venueid=F07570AB-6180-6ECF-7A44-E3C64FEDE92E HTTP/1.1" 200 63671
66.249.79.197 - - [02/Mar/2025:06:39:30 +0100] "GET /ticket2/opencms/en/venue/?venueid=7E82DC48-1248-0BA8-8AD1-989A2C48BEDA HTTP/1.1" 200 63642
194.120.230.215 - - [02/Mar/2025:06:41:44 +0100] "GET /ticket2/opencms/cgi-bin/luci/;stok=/locale HTTP/1.1" 404 -
66.249.79.197 - - [02/Mar/2025:06:42:57 +0100] "GET /ticket2/opencms/en/venue/?venueid=44FEF35E-84F0-1C09-675A-B5A8DF72F159 HTTP/1.1" 200 63684
194.120.230.215 - - [02/Mar/2025:06:44:20 +0100] "GET /cgi-bin/luci/;stok=/locale HTTP/1.1" 404 -
220.135.126.118 - - [02/Mar/2025:06:45:02 +0100] "GET / HTTP/1.0" 404 -
66.249.76.71 - - [02/Mar/2025:06:46:48 +0100] "GET /ticket2/opencms/en/venue/?venueid=8F226E17-13FE-CC18-B0C6-2591DA99778F HTTP/1.1" 200 63630
66.249.76.69 - - [02/Mar/2025:06:47:40 +0100] "GET /ticket2/opencms/en/venue/?venueid=83EBCF96-D843-3E0D-987B-C586316FD2AC HTTP/1.1" 200 63755
185.242.226.109 - - [02/Mar/2025:06:49:46 +0100] "GET /ticket2/opencms/ HTTP/1.1" 302 -
185.242.226.109 - - [02/Mar/2025:06:49:47 +0100] "GET /ticket2/opencms/en/ HTTP/1.1" 200 66763
66.249.79.199 - - [02/Mar/2025:06:50:11 +0100] "GET /ticket2/opencms/en/venue/?venueid=2AFE6989-583A-A72A-83F2-90DEF8445DB9 HTTP/1.1" 200 63612
66.249.76.70 - - [02/Mar/2025:06:51:21 +0100] "GET /ticket2/opencms/en/venue/?venueid=004352C5-E3C9-4789-9D05-F691F3C15650 HTTP/1.1" 200 63640
66.249.76.69 - - [02/Mar/2025:06:51:41 +0100] "GET /ticket2/opencms/en/venue/?venueid=05361057-EBBB-11B2-D22F-B07AF39AA1F0 HTTP/1.1" 200 63616
194.120.230.215 - - [02/Mar/2025:06:51:51 +0100] "GET /ticket2/opencms/cgi-bin/luci/;stok=/locale HTTP/1.1" 404 -
66.249.79.197 - - [02/Mar/2025:06:51:57 +0100] "GET /ticket2/opencms/en/venue/?venueid=F7C7B813-65CC-75A1-88FA-A5B025A08445 HTTP/1.1" 200 63624
66.249.79.199 - - [02/Mar/2025:06:54:12 +0100] "GET /ticket2/opencms/en/venue/?venueid=5A418B6B-801E-D3D5-FCE2-DE803F28D272 HTTP/1.1" 200 63612
194.120.230.215 - - [02/Mar/2025:06:54:26 +0100] "GET /cgi-bin/luci/;stok=/locale HTTP/1.1" 404 -
66.249.79.198 - - [02/Mar/2025:06:56:33 +0100] "GET /ticket2/opencms/en/venue/?venueid=1C245787-B670-B45B-9FDB-63071D66AAAA HTTP/1.1" 200 63612
141.255.166.90 - - [02/Mar/2025:06:57:27 +0100] "GET /cgi-bin/luci/;stok=/locale HTTP/1.1" 404 -
66.249.76.69 - - [02/Mar/2025:06:58:22 +0100] "GET /ticket2/opencms/en/venue/?venueid=A75E3180-F5B5-619F-EC2B-362299C2CBCC HTTP/1.1" 200 63628
66.249.79.199 - - [02/Mar/2025:06:58:33 +0100] "GET /ticket2/opencms/en/venue/?venueid=22D725DE-51C6-0A7B-C9AD-59BC777D6F28 HTTP/1.1" 200 63639
66.249.76.70 - - [02/Mar/2025:07:00:47 +0100] "GET /ticket2/opencms/en/venue/?venueid=1E9F83B8-7F13-1E19-E5D4-CCC92DD5AE64 HTTP/1.1" 200 63613
66.249.79.197 - - [02/Mar/2025:07:02:04 +0100] "GET /ticket2/opencms/sv/sport/fotbollsbiljetter/serie_a/napoli/ HTTP/1.1" 200 69942
194.120.230.215 - - [02/Mar/2025:07:02:16 +0100] "GET /ticket2/opencms/cgi-bin/luci/;stok=/locale HTTP/1.1" 404 -
109.145.97.171 - - [02/Mar/2025:07:03:46 +0100] "GET / HTTP/1.0" 404 -
194.120.230.215 - - [02/Mar/2025:07:04:13 +0100] "GET /cgi-bin/luci/;stok=/locale HTTP/1.1" 404 -
66.249.76.71 - - [02/Mar/2025:07:05:23 +0100] "GET /ticket2/opencms/en/venue/?venueid=E1A95987-A971-1F0D-D591-61D0CF30E07F HTTP/1.1" 200 63639
66.249.79.197 - - [02/Mar/2025:07:05:33 +0100] "GET /ticket2/opencms/en/venue/?venueid=65ED2D8A-C56D-F2C5-27DA-120D16E2A9AE HTTP/1.1" 200 63724
66.249.79.197 - - [02/Mar/2025:07:06:47 +0100] "GET /ticket2/opencms/en/venue/?venueid=7E50D8FA-8534-B576-687A-11043ABCF62E HTTP/1.1" 200 63621
66.249.76.70 - - [02/Mar/2025:07:09:40 +0100] "GET /ticket2/opencms/en/venue/?venueid=3D52ED71-207A-1520-2853-7FAE5D71DD17 HTTP/1.1" 200 63619
194.120.230.215 - - [02/Mar/2025:07:11:44 +0100] "GET /ticket2/opencms/cgi-bin/luci/;stok=/locale HTTP/1.1" 404 -
46.19.143.26 - - [02/Mar/2025:07:14:35 +0100] "GET / HTTP/1.1" 404 -
194.120.230.215 - - [02/Mar/2025:07:14:43 +0100] "GET /cgi-bin/luci/;stok=/locale HTTP/1.1" 404 -
66.249.79.198 - - [02/Mar/2025:07:16:45 +0100] "GET /ticket2/opencms/en/venue/?venueid=4DC8FB9D-B80E-E873-CA20-DF6B75642113 HTTP/1.1" 200 63631
66.249.79.199 - - [02/Mar/2025:07:19:21 +0100] "GET /ticket2/opencms/en/venue/?venueid=F7774C51-8CD2-101E-19D7-20F0BF0B2FF2 HTTP/1.1" 200 63615
66.249.79.197 - - [02/Mar/2025:07:21:23 +0100] "GET /ticket2/opencms/en/venue/?venueid=9EB8E447-E55D-1868-BABC-F174667BAE9B HTTP/1.1" 200 63730
194.120.230.215 - - [02/Mar/2025:07:22:16 +0100] "GET /ticket2/opencms/cgi-bin/luci/;stok=/locale HTTP/1.1" 404 -
194.120.230.215 - - [02/Mar/2025:07:23:44 +0100] "GET /cgi-bin/luci/;stok=/locale HTTP/1.1" 404 -
66.249.79.199 - - [02/Mar/2025:07:25:51 +0100] "GET /ticket2/opencms/en/venue/?venueid=555014B0-08D8-515D-B9A4-B900DC7639D7 HTTP/1.1" 200 63612
66.249.76.71 - - [02/Mar/2025:07:26:33 +0100] "GET /ticket2/opencms/en/venue/?venueid=84D3861B-4D20-42D1-DDF1-325CBB312A30 HTTP/1.1" 200 63600
66.249.79.197 - - [02/Mar/2025:07:27:24 +0100] "GET /ticket2/opencms/en/venue/?venueid=A3AB175F-12D9-02CE-12EF-9C97EB03B1A8 HTTP/1.1" 200 63672
66.249.76.69 - - [02/Mar/2025:07:29:34 +0100] "GET /ticket2/opencms/en/venue/?venueid=96825B33-1E92-88A1-6D91-B347D9BE81FE HTTP/1.1" 200 63618
66.249.79.199 - - [02/Mar/2025:07:32:50 +0100] "GET /ticket2/opencms/en/venue/?venueid=D88B1A2D-D4CE-4096-CB58-413C35009F84 HTTP/1.1" 200 63645
194.120.230.215 - - [02/Mar/2025:07:33:02 +0100] "GET /ticket2/opencms/cgi-bin/luci/;stok=/locale HTTP/1.1" 404 -
66.249.79.197 - - [02/Mar/2025:07:33:22 +0100] "GET /ticket2/opencms/en/venue/?venueid=E5B48125-3172-6FE0-AE97-FD5E9EC5BAFA HTTP/1.1" 200 63628
194.120.230.215 - - [02/Mar/2025:07:34:11 +0100] "GET /cgi-bin/luci/;stok=/locale HTTP/1.1" 404 -
66.249.79.199 - - [02/Mar/2025:07:35:45 +0100] "GET /ticket2/opencms/en/venue/?venueid=BFAA7D00-C9A8-E5FE-E9DC-7972FAD436C1 HTTP/1.1" 200 63646
66.249.79.198 - - [02/Mar/2025:07:36:11 +0100] "GET /ticket2/opencms/en/venue/?venueid=E2D4E9F9-CC54-5F87-2390-831138B18156 HTTP/1.1" 200 63675
66.249.79.198 - - [02/Mar/2025:07:39:11 +0100] "GET /ticket2/opencms/en/venue/?venueid=3DCA1EBE-D9BE-DD1C-EB06-4E924D709E50 HTTP/1.1" 200 63621
193.68.89.10 - - [02/Mar/2025:07:41:38 +0100] "GET / HTTP/1.1" 404 -
66.249.79.199 - - [02/Mar/2025:07:42:22 +0100] "GET /ticket2/opencms/en/venue/?venueid=7A51379D-1CA0-D73B-5888-0B55E190FE2B HTTP/1.1" 200 63613
66.249.79.199 - - [02/Mar/2025:07:43:47 +0100] "GET /ticket2/opencms/en/venue/?venueid=2C09BEA1-5E2F-8434-031D-62BC13D49C80 HTTP/1.1" 200 63649
167.99.181.222 - - [02/Mar/2025:07:45:26 +0100] "GET /ticket2/opencms/ HTTP/1.1" 302 -
66.249.76.71 - - [02/Mar/2025:07:45:29 +0100] "GET /ticket2/opencms/en/venue/?venueid=0B9975D1-A2ED-D828-2456-3EB94DF3E37F HTTP/1.1" 200 63660
167.99.181.222 - - [02/Mar/2025:07:45:30 +0100] "GET /ticket2/opencms/en/ HTTP/1.1" 200 66763
167.99.181.222 - - [02/Mar/2025:07:45:31 +0100] "GET /ticket2/opencms/favicon.ico HTTP/1.1" 200 1406
66.249.79.199 - - [02/Mar/2025:07:47:21 +0100] "GET /ticket2/opencms/en/venue/?venueid=D83A67D7-A141-9489-1425-0ABF7FD0961D HTTP/1.1" 200 63616
66.249.79.198 - - [02/Mar/2025:07:49:48 +0100] "GET /ticket2/opencms/en/venue/?venueid=F99FA4B1-E808-5056-52CC-0AD4662D7A43 HTTP/1.1" 200 63643
66.249.79.197 - - [02/Mar/2025:07:51:32 +0100] "GET /ticket2/opencms/en/venue/?venueid=86AE90BC-D8AF-A4B6-5DCE-73A3626C185F HTTP/1.1" 200 63669
66.249.79.197 - - [02/Mar/2025:07:52:07 +0100] "GET /ticket2/opencms/sv/sport/fotbollsbiljetter/bundesliga/stuttgart/ HTTP/1.1" 200 70190
66.249.79.199 - - [02/Mar/2025:07:52:26 +0100] "GET /ticket2/opencms/en/venue/?venueid=7DFE5FAB-A7F9-D9CB-B181-D0F227E04C90 HTTP/1.1" 200 63618
66.249.79.197 - - [02/Mar/2025:07:52:51 +0100] "GET /ticket2/opencms/en/venue/?venueid=BA7F5070-8E85-86F6-14CE-D436C8666BBE HTTP/1.1" 200 63640
66.249.79.199 - - [02/Mar/2025:07:53:40 +0100] "GET /ticket2/opencms/en/venue/?venueid=0C57D9A1-BFBB-6B50-BD26-F99F2EBC7C94 HTTP/1.1" 200 63712
66.249.79.199 - - [02/Mar/2025:07:56:21 +0100] "GET /ticket2/opencms/en/venue/?venueid=8E39DE37-BBFD-7354-2829-B45EF99FC5B8 HTTP/1.1" 200 63639
66.249.79.197 - - [02/Mar/2025:07:56:48 +0100] "GET /ticket2/opencms/en/venue/?venueid=528266DB-B725-5242-215F-7BD3CE4ED9FF HTTP/1.1" 200 63630
66.249.76.70 - - [02/Mar/2025:07:57:24 +0100] "GET /ticket2/opencms/en/venue/?venueid=E8185E56-FFAF-A64F-92CD-A3B859A1CE98 HTTP/1.1" 200 63624
66.249.79.197 - - [02/Mar/2025:07:58:21 +0100] "GET /ticket2/opencms/en/venue/?venueid=2F862179-0B10-FC34-DC0F-3A7D917FB335 HTTP/1.1" 200 63627
66.249.79.198 - - [02/Mar/2025:08:00:56 +0100] "GET /ticket2/opencms/en/buy/ HTTP/1.1" 200 63824
66.249.79.197 - - [02/Mar/2025:08:01:34 +0100] "GET /ticket2/opencms/en/buy/?page=10&eventid=4CD3BFC4-6826-2F08-586B-E7C2046942C2&column= HTTP/1.1" 200 64967
66.249.79.198 - - [02/Mar/2025:08:01:46 +0100] "GET /ticket2/opencms/en/buy/?page=10&eventid=B1E27EAD-2DAB-B132-68A0-815602472CC3&column= HTTP/1.1" 200 64965
141.255.166.90 - - [02/Mar/2025:08:02:26 +0100] "GET /cgi-bin/luci/;stok=/locale HTTP/1.1" 404 -
66.249.79.198 - - [02/Mar/2025:08:02:43 +0100] "GET /ticket2/opencms/en/buy/?page=10&eventid=3A13A888-618B-2302-3F7A-4345B50004DA&column= HTTP/1.1" 200 64967
66.249.79.198 - - [02/Mar/2025:08:05:33 +0100] "GET /ticket2/opencms/en/buy/?page=10&eventid=4BFE0049-E26D-F28C-59BF-33D4A5B123CD&column= HTTP/1.1" 200 64967
127.0.0.1 - - [02/Mar/2025:08:07:02 +0100] "GET / HTTP/1.1" 400 -
66.249.79.197 - - [02/Mar/2025:08:10:45 +0100] "GET /ticket2/opencms/en/buy/?page=10&eventid=634D2581-663A-DE19-7C72-20C596DE0600&column= HTTP/1.1" 200 64991
109.236.61.84 - - [02/Mar/2025:08:14:36 +0100] "??%{ "Ret" : 100, "SessionID" : "0x0" }" 400 -
66.249.79.199 - - [02/Mar/2025:08:14:46 +0100] "GET /ticket2/opencms/en/buy/?page=10&eventid=1BC07A67-46B5-C40A-CC02-8F1EFC1FAADB&column= HTTP/1.1" 200 64966
66.249.79.197 - - [02/Mar/2025:08:19:51 +0100] "GET /ticket2/opencms/en/buy/?page=10&eventid=BD2A2151-7866-2C7C-301B-A51FF3E4D9F5&column= HTTP/1.1" 200 64964
66.249.79.198 - - [02/Mar/2025:08:23:23 +0100] "GET /ticket2/opencms/sv/buy/?page=6&comcatid=B41CCF2B-5558-7AEE-3602-09BBDE417D65&catid=BF886BAE-FC84-8CB3-A193-6DFA251F7985 HTTP/1.1" 200 67068
195.178.110.54 - - [02/Mar/2025:08:24:31 +0100] "GET /cgi-bin/luci/;stok=/locale HTTP/1.1" 404 -
34.79.160.92 - - [02/Mar/2025:08:37:59 +0100] "GET /ticket2/opencms/ HTTP/1.1" 302 -
66.249.79.198 - - [02/Mar/2025:08:39:29 +0100] "GET /ticket2/opencms/sv/buy/?page=6&comcatid=B41CCF2B-5558-7AEE-3602-09BBDE417D65&catid=36DC4BE2-91A2-6146-2BE9-47B6F3C44EDB HTTP/1.1" 200 67060
66.249.79.198 - - [02/Mar/2025:08:40:12 +0100] "GET /ticket2/opencms/sv/buy/?page=6&comcatid=B41CCF2B-5558-7AEE-3602-09BBDE417D65&catid=E03F2203-3943-A0F0-A47D-D9E7CDA79C6B HTTP/1.1" 200 67082
66.249.79.198 - - [02/Mar/2025:08:42:25 +0100] "GET /ticket2/opencms/sv/buy/?page=6&comcatid=B41CCF2B-5558-7AEE-3602-09BBDE417D65&catid=A34BCF61-E19C-5C5C-445E-06F3749E1EF4 HTTP/1.1" 200 67073
43.157.172.39 - - [02/Mar/2025:08:44:00 +0100] "GET /ticket2/opencms/ HTTP/1.1" 302 -
43.157.172.39 - - [02/Mar/2025:08:44:04 +0100] "GET /ticket2/opencms/en/ HTTP/1.1" 200 66763
66.249.79.199 - - [02/Mar/2025:08:45:50 +0100] "GET /ticket2/opencms/sv/buy/?page=6&comcatid=66708183-7480-3365-06BF-DBF60280AB45&catid=8C381435-A1E8-94AF-2C58-D133FCA44A31 HTTP/1.1" 200 66887
66.249.79.198 - - [02/Mar/2025:08:46:23 +0100] "GET /ticket2/opencms/en/venue/?venueid=725EAA96-3504-C885-60D8-51C3C379F292 HTTP/1.1" 200 63687
66.249.76.69 - - [02/Mar/2025:08:46:30 +0100] "GET /ticket2/opencms/en/venue/?venueid=E687CB5D-1F58-A3FC-2BFA-4F29DD5C8850 HTTP/1.1" 200 63607
66.249.79.197 - - [02/Mar/2025:08:46:38 +0100] "GET /ticket2/opencms/en/venue/?venueid=9EFDE8EF-581C-D81F-842B-7194E2AD230B HTTP/1.1" 200 63649
66.249.79.197 - - [02/Mar/2025:08:47:33 +0100] "GET /ticket2/opencms/en/venue/?venueid=15F8136B-CA21-08A9-E12F-B2DEA2740D74 HTTP/1.1" 200 63613
194.165.16.167 - - [02/Mar/2025:08:48:04 +0100] "/*?Cookie: mstshash=Administr " 400 -
66.249.79.197 - - [02/Mar/2025:08:48:12 +0100] "GET /ticket2/opencms/en/venue/?venueid=FFAD140D-D3E3-13F5-E204-505E06314019 HTTP/1.1" 200 63609
66.249.79.199 - - [02/Mar/2025:08:50:24 +0100] "GET /ticket2/opencms/en/venue/?venueid=227CA6FE-2DA3-B1F8-C080-0BD749B9B40F HTTP/1.1" 200 63576
141.255.166.90 - - [02/Mar/2025:08:50:38 +0100] "GET /cgi-bin/luci/;stok=/locale HTTP/1.1" 404 -
66.249.76.69 - - [02/Mar/2025:08:53:39 +0100] "GET /ticket2/opencms/en/venue/?venueid=950EE001-B436-52E3-8102-457AB519569A HTTP/1.1" 200 63643
66.249.79.197 - - [02/Mar/2025:08:56:53 +0100] "GET /ticket2/opencms/en/venue/?venueid=AD7646E3-6B04-B7A0-6EC4-E012A5391A5E HTTP/1.1" 200 63637
66.249.76.70 - - [02/Mar/2025:08:57:35 +0100] "GET /ticket2/opencms/en/venue/?venueid=E15FBAA2-C0CD-9858-4523-F6A4C3FE1D03 HTTP/1.1" 200 63675
66.249.79.199 - - [02/Mar/2025:09:01:23 +0100] "GET /ticket2/opencms/en/venue/?venueid=EEC9C18B-9209-5406-9714-41066401B581 HTTP/1.1" 200 63633
66.249.79.198 - - [02/Mar/2025:09:01:38 +0100] "GET /ticket2/opencms/en/venue/?venueid=3E052964-D5DB-7727-FFA4-1BA16C172E21 HTTP/1.1" 200 63604
66.249.79.197 - - [02/Mar/2025:09:04:40 +0100] "GET /ticket2/opencms/en/venue/?venueid=8C3A154B-2F7E-FD19-F863-0D39CE53C467 HTTP/1.1" 200 63648
66.249.79.198 - - [02/Mar/2025:09:04:46 +0100] "GET /ticket2/opencms/en/venue/?venueid=0EB0D100-3DC6-5264-8D3B-F5AE296F5DFE HTTP/1.1" 200 63705
66.249.79.197 - - [02/Mar/2025:09:05:51 +0100] "GET /ticket2/opencms/en/venue/?venueid=607B4CDA-3D24-91FF-EFA3-BE6FF8649434 HTTP/1.1" 200 63652
66.249.79.198 - - [02/Mar/2025:09:07:51 +0100] "GET /ticket2/opencms/en/venue/?venueid=A554AEB0-11D4-3E72-6DEE-23BC1DD374D4 HTTP/1.1" 200 63618
66.249.76.70 - - [02/Mar/2025:09:09:33 +0100] "GET /ticket2/opencms/en/venue/?venueid=CD32B3F7-34D3-CF7E-6DBA-DDCFD6F1CB57 HTTP/1.1" 200 63728
46.19.143.26 - - [02/Mar/2025:09:09:58 +0100] "GET / HTTP/1.1" 404 -
66.249.76.69 - - [02/Mar/2025:09:10:23 +0100] "GET /ticket2/opencms/en/venue/?venueid=753FF712-B99D-3B71-760E-1B27349FD0F1 HTTP/1.1" 200 63654
66.249.79.199 - - [02/Mar/2025:09:20:24 +0100] "GET /ticket2/opencms/en/venue/?venueid=32051022-6465-48E2-B723-D5151C235369 HTTP/1.1" 200 63637
66.249.79.199 - - [02/Mar/2025:09:21:40 +0100] "GET /ticket2/opencms/en/venue/?venueid=58B4DCF4-B9EB-0383-CA2D-EA5126921C04 HTTP/1.1" 200 63622
66.249.76.69 - - [02/Mar/2025:09:22:08 +0100] "GET /ticket2/opencms/en/venue/?countryid=65D2945E-1431-C523-469E-55D7D9B9867C HTTP/1.1" 200 93013
193.68.89.10 - - [02/Mar/2025:09:26:09 +0100] "GET / HTTP/1.1" 404 -
35.203.211.130 - - [02/Mar/2025:09:27:34 +0100] "GET /ticket2/opencms/ HTTP/1.1" 302 -
35.203.211.130 - - [02/Mar/2025:09:27:35 +0100] "GET /ticket2/opencms/en/ HTTP/1.1" 200 66763
66.249.79.198 - - [02/Mar/2025:09:28:38 +0100] "GET /ticket2/opencms/en/venue/?venueid=16474DED-C73B-9225-4DF6-CFFA47228848 HTTP/1.1" 200 63598
66.249.79.199 - - [02/Mar/2025:09:32:24 +0100] "GET /ticket2/opencms/en/venue/?venueid=8243A401-23BF-39C5-8D76-982AC5019BE4 HTTP/1.1" 200 63609
66.249.76.69 - - [02/Mar/2025:09:32:47 +0100] "GET /ticket2/opencms/en/venue/?venueid=CF91071C-3412-BA8E-033B-F6FD610B69D5 HTTP/1.1" 200 63649
218.161.74.229 - - [02/Mar/2025:09:37:59 +0100] "GET / HTTP/1.0" 404 -
141.255.166.90 - - [02/Mar/2025:09:39:23 +0100] "GET /cgi-bin/luci/;stok=/locale HTTP/1.1" 404 -
66.249.76.71 - - [02/Mar/2025:09:42:42 +0100] "GET /ticket2/opencms/en/venue/?venueid=77422572-4F48-F10C-1394-DA0E03E07BDC HTTP/1.1" 200 63634
66.249.79.198 - - [02/Mar/2025:09:44:41 +0100] "GET /ticket2/opencms/en/venue/?venueid=1F720D4E-8F96-91FF-3E22-13763ACC567B HTTP/1.1" 200 63652
66.249.79.197 - - [02/Mar/2025:09:46:23 +0100] "GET /ticket2/opencms/en/venue/?venueid=C5443748-FE6D-78AE-9835-D6BA076EAF8D HTTP/1.1" 200 63684
66.249.76.70 - - [02/Mar/2025:09:47:11 +0100] "GET /ticket2/opencms/en/venue/?venueid=8A17268F-190C-08C5-2317-BAB591EDC85C HTTP/1.1" 200 63679
66.249.79.197 - - [02/Mar/2025:09:47:24 +0100] "GET /ticket2/opencms/en/venue/?venueid=DB39254B-3E28-48BE-15E1-03374B8325A4 HTTP/1.1" 200 63648
195.178.110.163 - - [02/Mar/2025:09:48:32 +0100] "GET /ticket2/opencms/ HTTP/1.1" 302 -
195.178.110.163 - - [02/Mar/2025:09:48:32 +0100] "GET /ticket2/opencms/configuration/.env HTTP/1.1" 404 -
195.178.110.163 - - [02/Mar/2025:09:48:33 +0100] "GET /ticket2/opencms/dev/.git/config HTTP/1.1" 404 -
66.249.79.199 - - [02/Mar/2025:09:48:33 +0100] "GET /ticket2/opencms/en/venue/?venueid=E7FBE66B-7C5F-E919-4130-134662E3910C HTTP/1.1" 200 63624
66.249.79.197 - - [02/Mar/2025:09:49:47 +0100] "GET /ticket2/opencms/en/venue/?venueid=2EFE9339-3EE6-E1A3-A76E-4A84BA1E2E4F HTTP/1.1" 200 63657
66.249.79.199 - - [02/Mar/2025:09:50:34 +0100] "GET /ticket2/opencms/en/venue/?venueid=19325984-0026-6C0D-6440-F86BAED52A7D HTTP/1.1" 200 63592
66.249.76.69 - - [02/Mar/2025:09:56:24 +0100] "GET /ticket2/opencms/en/venue/?venueid=C5F64BBB-8A8A-B218-4636-88A4C2E914C4 HTTP/1.1" 200 63663
66.249.79.199 - - [02/Mar/2025:09:59:51 +0100] "GET /ticket2/opencms/en/venue/?venueid=8CFC3D89-30A6-4F45-212C-6A9F575010B5 HTTP/1.1" 200 63636
66.249.79.198 - - [02/Mar/2025:10:00:35 +0100] "GET /ticket2/opencms/en/venue/?venueid=56D23316-45BB-EAED-210C-AAB7AC1B2B81 HTTP/1.1" 200 63609
66.249.79.197 - - [02/Mar/2025:10:01:08 +0100] "GET /ticket2/opencms/en/sport/football-tickets/premier_league/liverpool/ HTTP/1.1" 200 66512
66.249.79.198 - - [02/Mar/2025:10:01:10 +0100] "GET /ticket2/opencms/system/modules/com.gridnine.opencms.ticketbrokerage.site/resources/css/jquery-ui.css HTTP/1.1" 200 33221
66.249.79.199 - - [02/Mar/2025:10:01:26 +0100] "GET /ticket2/opencms/en/venue/?venueid=255EC0A2-CFF1-A438-835D-B03A710178CE HTTP/1.1" 200 63600
66.249.79.197 - - [02/Mar/2025:10:01:40 +0100] "GET /ticket2/opencms/en/venue/?venueid=CB444C4A-4CCE-4670-714E-21D950F578CB HTTP/1.1" 200 63646
66.249.76.70 - - [02/Mar/2025:10:02:24 +0100] "GET /ticket2/opencms/en/venue/?venueid=D60D6CCF-C522-9251-DD37-F7D629607D55 HTTP/1.1" 200 63637
66.249.79.198 - - [02/Mar/2025:10:02:29 +0100] "GET /ticket2/opencms/en/venue/?venueid=52D842B3-7FB7-16D9-C928-E0FBBB2FAC8C HTTP/1.1" 200 63603
66.249.79.197 - - [02/Mar/2025:10:02:39 +0100] "GET /ticket2/opencms/en/venue/?venueid=161A08B3-6577-E39F-77EB-E23A8297DE1F HTTP/1.1" 200 63649
66.249.79.198 - - [02/Mar/2025:10:08:35 +0100] "GET /ticket2/opencms/en/venue/?venueid=F7721241-E76C-92B6-9AE8-D3417BDAEEF1 HTTP/1.1" 200 63769
66.249.76.70 - - [02/Mar/2025:10:08:39 +0100] "GET /ticket2/opencms/en/venue/?venueid=74835483-DDAC-3DE1-0EB1-B44B58F2B260 HTTP/1.1" 200 63657
66.249.79.197 - - [02/Mar/2025:10:09:24 +0100] "GET /ticket2/opencms/en/venue/?venueid=FE0A6C11-4A73-F647-BBF2-5FB155F67517 HTTP/1.1" 200 63657
66.249.76.70 - - [02/Mar/2025:10:10:12 +0100] "GET /ticket2/opencms/en/venue/?venueid=B89238A7-33DE-D8CE-390C-74DE6BAEC919 HTTP/1.1" 200 63619
66.249.79.197 - - [02/Mar/2025:10:12:46 +0100] "GET /ticket2/opencms/en/venue/?venueid=E3ABC6CE-4A60-827E-3753-FDF36F1A3D41 HTTP/1.1" 200 63615
162.243.250.193 - - [02/Mar/2025:10:13:16 +0100] "GET / HTTP/1.1" 404 -
162.243.250.193 - - [02/Mar/2025:10:13:16 +0100] "GET /download/powershell/ HTTP/1.1" 404 -
162.243.250.193 - - [02/Mar/2025:10:13:16 +0100] "GET /get.php HTTP/1.1" 404 -
185.198.0.166 - - [02/Mar/2025:10:17:16 +0100] "GET / HTTP/1.1" 404 -
114.35.75.12 - - [02/Mar/2025:10:20:34 +0100] "GET / HTTP/1.0" 404 -
66.249.79.199 - - [02/Mar/2025:10:21:42 +0100] "GET /ticket2/opencms/en/venue/?venueid=D26EFF68-2001-3A5E-1E6D-2A7DCC895275 HTTP/1.1" 200 63610
66.249.79.197 - - [02/Mar/2025:10:22:48 +0100] "GET /ticket2/opencms/en/venue/?venueid=6D739AF3-56B6-A0C9-D24A-CE9707D9D60C HTTP/1.1" 200 63624
92.255.57.58 - - [02/Mar/2025:10:23:09 +0100] "GET /?XDEBUG_SESSION_START=phpstorm HTTP/1.1" 404 -
141.255.166.90 - - [02/Mar/2025:10:23:17 +0100] "GET /cgi-bin/luci/;stok=/locale HTTP/1.1" 404 -
66.249.79.199 - - [02/Mar/2025:10:23:51 +0100] "GET /ticket2/opencms/en/venue/?venueid=D0F17778-E0A6-1370-8553-524BD9DBB22F HTTP/1.1" 200 63663
66.249.76.70 - - [02/Mar/2025:10:25:23 +0100] "GET /ticket2/opencms/en/venue/?venueid=D198E605-58F6-945B-9B95-FBB903185288 HTTP/1.1" 200 63619
66.249.79.197 - - [02/Mar/2025:10:25:30 +0100] "GET /ticket2/opencms/en/venue/?venueid=205AE9EF-F1A4-58AB-6496-028A3EA231DB HTTP/1.1" 200 63736
