66.249.79.197 - - [02/Mar/2025:21:20:45 +0100] "GET /ticket2/opencms/en/venue/?countryid=E83385F7-FB78-F065-4683-FDC212CE9BC4 HTTP/1.1" 200 93013
66.249.74.6 - - [02/Mar/2025:21:21:48 +0100] "GET /ticket2/opencms/en/venue/?countryid=CEA98181-AF32-4AD7-7F85-B2BF5D143D52 HTTP/1.1" 200 93013
141.255.166.90 - - [02/Mar/2025:21:22:11 +0100] "GET /ticket2/opencms/cgi-bin/luci/;stok=/locale HTTP/1.1" 404 -
66.249.74.7 - - [02/Mar/2025:21:26:48 +0100] "GET /ticket2/opencms/en/venue/?countryid=B05AF8CC-D1BF-73AB-E946-B6702610D2C6 HTTP/1.1" 200 93013
66.249.74.7 - - [02/Mar/2025:21:28:11 +0100] "GET /ticket2/opencms/en/venue/?countryid=AD4C6C1F-4EA2-1827-F34A-F0A47DB58003 HTTP/1.1" 200 93013
66.249.74.7 - - [02/Mar/2025:21:28:42 +0100] "GET /ticket2/opencms/en/venue/?countryid=7EE0FE36-9C17-F539-5F8E-1F2CFF8A0D7B HTTP/1.1" 200 93013
66.249.74.6 - - [02/Mar/2025:21:28:56 +0100] "GET /ticket2/opencms/en/venue/?countryid=C8ABE51D-DDC3-D19F-A0F7-AA8797A5EB51 HTTP/1.1" 200 93013
66.249.74.7 - - [02/Mar/2025:21:29:40 +0100] "GET /ticket2/opencms/en/venue/?countryid=B756B65C-E014-24B5-95EC-187A417913E3 HTTP/1.1" 200 93013
66.249.74.8 - - [02/Mar/2025:21:32:57 +0100] "GET /ticket2/opencms/en/venue/?countryid=E7631FE5-7061-8322-868B-F6085CDA8809 HTTP/1.1" 200 93013
66.249.74.7 - - [02/Mar/2025:21:33:23 +0100] "GET /ticket2/opencms/en/venue/?countryid=FEF54986-84B0-FEDA-0583-5080DFD917BA HTTP/1.1" 200 93013
20.98.140.180 - - [02/Mar/2025:21:34:10 +0100] "GET /ticket2/opencms/owa/auth/x.js HTTP/1.1" 404 -
66.249.74.7 - - [02/Mar/2025:21:34:33 +0100] "GET /ticket2/opencms/en/login/ HTTP/1.1" 200 65723
66.249.74.8 - - [02/Mar/2025:21:34:34 +0100] "GET /ticket2/opencms/en/venue/?countryid=1D2AF5BD-A881-D22D-AE7C-E22D0AA83910 HTTP/1.1" 200 93013
111.7.96.147 - - [02/Mar/2025:21:38:55 +0100] "GET /ticket2/opencms/ HTTP/1.1" 302 -
141.255.166.90 - - [02/Mar/2025:21:40:10 +0100] "GET /cgi-bin/luci/;stok=/locale HTTP/1.1" 404 -
66.249.74.7 - - [02/Mar/2025:21:40:40 +0100] "GET /ticket2/opencms/en/venue/?countryid=6994D0E6-4880-D162-87F9-DDDE5D63EE86 HTTP/1.1" 200 104896
66.249.74.6 - - [02/Mar/2025:21:41:42 +0100] "GET /ticket2/opencms/en/venue/?countryid=E51F1885-F514-FB3D-D1AC-60D5859EEBD8 HTTP/1.1" 200 93013
66.249.74.6 - - [02/Mar/2025:21:41:53 +0100] "GET /ticket2/opencms/en/venue/?venueid=6C55D1E9-72F5-889C-F1F5-1AEF3FBCF763 HTTP/1.1" 200 63615
66.249.74.8 - - [02/Mar/2025:21:44:41 +0100] "GET /ticket2/opencms/en/venue/?countryid=EF4CD3F8-F552-B03A-F63B-5D01B436E59A HTTP/1.1" 200 93013
66.249.74.8 - - [02/Mar/2025:21:45:45 +0100] "GET /ticket2/opencms/sv/buy/?page=1&edid=19841486-6F3E-C113-B4BC-B89661DF253A HTTP/1.1" 200 83169
66.249.74.7 - - [02/Mar/2025:21:45:50 +0100] "GET /ticket2/opencms/sv/buy/?page=6&comcatid=A17713B6-D984-201A-4143-ED4DB5ED5C2E&catid=7EF04817-972D-18B1-F941-DE800D088075 HTTP/1.1" 200 75659
46.19.138.210 - - [02/Mar/2025:21:49:25 +0100] "GET /ticket2/opencms/_profiler/phpinfo HTTP/1.1" 404 -
66.249.74.8 - - [02/Mar/2025:21:50:34 +0100] "GET /ticket2/opencms/sv/buy/?page=6&comcatid=A17713B6-D984-201A-4143-ED4DB5ED5C2E&catid=C871EAE3-C584-718A-9795-07CDEF43FA75 HTTP/1.1" 200 75647
66.249.74.7 - - [02/Mar/2025:21:53:25 +0100] "GET /ticket2/opencms/sv/selling_tickets/ HTTP/1.1" 200 65394
66.249.74.6 - - [02/Mar/2025:21:55:57 +0100] "GET /ticket2/opencms/sv/buy_safety/ HTTP/1.1" 200 67293
66.249.74.8 - - [02/Mar/2025:21:56:34 +0100] "GET /ticket2/opencms/sv/buy/?page=6&comcatid=A17713B6-D984-201A-4143-ED4DB5ED5C2E&catid=A7674DEA-B39E-502C-2F76-760AE08947E9 HTTP/1.1" 200 75648
193.68.89.10 - - [02/Mar/2025:21:57:37 +0100] "GET / HTTP/1.1" 404 -
66.249.74.6 - - [02/Mar/2025:21:58:22 +0100] "GET /ticket2/opencms/sv/buy/?page=6&comcatid=A17713B6-D984-201A-4143-ED4DB5ED5C2E&catid=0A9E385E-33D9-328E-DC79-CA2C7009C829 HTTP/1.1" 200 75653
66.249.74.7 - - [02/Mar/2025:22:01:11 +0100] "GET /ticket2/opencms/sv/buy/?page=6&comcatid=A17713B6-D984-201A-4143-ED4DB5ED5C2E&catid=F03B8ADD-988E-AE6A-8DBA-AF502C691C60 HTTP/1.1" 200 75660
66.249.74.6 - - [02/Mar/2025:22:02:10 +0100] "GET /ticket2/opencms/sv/buy/?page=6&comcatid=A17713B6-D984-201A-4143-ED4DB5ED5C2E&catid=E961462E-5AC2-64D6-5850-A310C9DEAA06 HTTP/1.1" 200 75657
185.91.127.81 - - [02/Mar/2025:22:05:10 +0100] "CONNECT api.ip.pn:443 HTTP/1.1" 400 -
66.249.74.7 - - [02/Mar/2025:22:06:34 +0100] "GET /ticket2/opencms/sv/buy/?page=6&comcatid=97ECA65A-72DA-F9AF-9DBB-245D3CFED1BE HTTP/1.1" 200 70147
66.249.74.7 - - [02/Mar/2025:22:07:41 +0100] "GET /ticket2/opencms/sv/buy/?page=6&comcatid=A17713B6-D984-201A-4143-ED4DB5ED5C2E&catid=42C82D82-D02A-8562-E55C-48ADB3771882 HTTP/1.1" 200 75670
66.249.74.7 - - [02/Mar/2025:22:07:56 +0100] "GET /ticket2/opencms/sv/buy/?page=6&comcatid=0A6B8208-FDA4-E929-9D72-5312FD481B76 HTTP/1.1" 200 68673
66.249.74.7 - - [02/Mar/2025:22:09:19 +0100] "GET /ticket2/opencms/en/venue/?venueid=4C06C577-F477-221D-FB2B-584531FBAF49 HTTP/1.1" 200 63619
66.249.74.8 - - [02/Mar/2025:22:09:22 +0100] "GET /ticket2/opencms/system/modules/com.gridnine.opencms.ticketbrokerage.site/resources/js/jquery/jquery-ui.js HTTP/1.1" 200 228088
66.249.74.8 - - [02/Mar/2025:22:10:40 +0100] "GET /ticket2/opencms/sv/buy/?page=6&comcatid=B41CCF2B-5558-7AEE-3602-09BBDE417D65 HTTP/1.1" 200 67014
46.19.143.26 - - [02/Mar/2025:22:11:24 +0100] "GET / HTTP/1.1" 404 -
66.249.74.6 - - [02/Mar/2025:22:12:25 +0100] "GET /ticket2/opencms/sv/buy/?page=6&comcatid=A17713B6-D984-201A-4143-ED4DB5ED5C2E&catid=08F27F2A-1872-A39F-A97C-63093E77B18A HTTP/1.1" 200 75645
66.249.74.7 - - [02/Mar/2025:22:12:38 +0100] "GET /ticket2/opencms/sv/standard/ HTTP/1.1" 200 78237
66.249.74.6 - - [02/Mar/2025:22:12:40 +0100] "GET /ticket2/opencms/sv/buy/?page=6&comcatid=A17713B6-D984-201A-4143-ED4DB5ED5C2E&catid=A3372871-3019-08B8-80CE-74B78F441ACA HTTP/1.1" 200 75649
66.249.74.7 - - [02/Mar/2025:22:12:41 +0100] "GET /ticket2/opencms/sv/buy/?page=6&comcatid=66708183-7480-3365-06BF-DBF60280AB45&catid=30D5812D-0858-4843-8F45-C38AE504153C HTTP/1.1" 200 66883
66.249.74.6 - - [02/Mar/2025:22:14:35 +0100] "GET /ticket2/opencms/sv/buy/?page=6&comcatid=66708183-7480-3365-06BF-DBF60280AB45&catid=05A94519-01D1-C86F-9031-84936B0B9DAE HTTP/1.1" 200 66882
66.249.74.6 - - [02/Mar/2025:22:14:45 +0100] "GET /ticket2/opencms/sv/buy/?page=6&comcatid=97ECA65A-72DA-F9AF-9DBB-245D3CFED1BE&catid=55D1256D-BDD9-CBA3-47A3-0A252F702555 HTTP/1.1" 200 70196
66.249.74.6 - - [02/Mar/2025:22:15:20 +0100] "GET /ticket2/opencms/sv/buy/?page=6&comcatid=97ECA65A-72DA-F9AF-9DBB-245D3CFED1BE&catid=9457695E-36ED-A63E-7A88-32963954E2C7 HTTP/1.1" 200 70197
66.249.74.6 - - [02/Mar/2025:22:15:23 +0100] "GET /ticket2/opencms/sv/buy/?page=6&comcatid=97ECA65A-72DA-F9AF-9DBB-245D3CFED1BE&catid=F4D223A4-C027-46DC-3DE5-726A23E30A62 HTTP/1.1" 200 70189
66.249.74.6 - - [02/Mar/2025:22:25:48 +0100] "GET /ticket2/opencms/sv/buy/?page=6&comcatid=97ECA65A-72DA-F9AF-9DBB-245D3CFED1BE&catid=DA31441B-C568-3C77-D08C-698809032494 HTTP/1.1" 200 70190
66.249.74.8 - - [02/Mar/2025:22:26:39 +0100] "GET /ticket2/opencms/sv/buy/?page=6&comcatid=97ECA65A-72DA-F9AF-9DBB-245D3CFED1BE&catid=D414C6A5-7A03-3389-42A8-D7B7FE32BB37 HTTP/1.1" 200 70203
198.235.24.206 - - [02/Mar/2025:22:28:55 +0100] "??do'y????=???MKC?????.???k#+]? ?echF?eB>??0?9D~??n4o???n??s??&?+?/?,?0????? ??" 400 -
198.235.24.206 - - [02/Mar/2025:22:28:55 +0100] "????a7.D?4????I]?????-??Zk????h???/?+?0?,???'?#?? ?(?$?? " 400 -
66.249.74.6 - - [02/Mar/2025:22:30:40 +0100] "GET /ticket2/opencms/sv/buy/?page=6&comcatid=97ECA65A-72DA-F9AF-9DBB-245D3CFED1BE&catid=7D3BEF66-5D88-3916-5B89-0E7B139E0169 HTTP/1.1" 200 70195
66.249.74.6 - - [02/Mar/2025:22:30:53 +0100] "GET /ticket2/opencms/sv/buy/?page=6&comcatid=97ECA65A-72DA-F9AF-9DBB-245D3CFED1BE&catid=8B6802AF-1ADE-4BE1-A1F7-7671190CFB4F HTTP/1.1" 200 70196
66.249.74.8 - - [02/Mar/2025:22:31:29 +0100] "GET /ticket2/opencms/sv/buy/?page=6&comcatid=97ECA65A-72DA-F9AF-9DBB-245D3CFED1BE&catid=2CCC191C-F37F-B9CA-D41C-1204E575B328 HTTP/1.1" 200 70194
66.249.74.6 - - [02/Mar/2025:22:31:35 +0100] "GET /ticket2/opencms/sv/buy/?page=6&comcatid=97ECA65A-72DA-F9AF-9DBB-245D3CFED1BE&catid=81B744E7-1FEE-E757-C0AB-C7AF73CDE252 HTTP/1.1" 200 70189
141.255.166.90 - - [02/Mar/2025:22:32:35 +0100] "GET /cgi-bin/luci/;stok=/locale HTTP/1.1" 404 -
125.229.90.37 - - [02/Mar/2025:22:34:23 +0100] "GET / HTTP/1.0" 404 -
66.249.74.7 - - [02/Mar/2025:22:39:35 +0100] "GET /ticket2/opencms/sv/buy/?page=6&comcatid=97ECA65A-72DA-F9AF-9DBB-245D3CFED1BE&catid=E3105E1E-3982-291E-5523-1C1DF161E9B7 HTTP/1.1" 200 70192
66.249.74.6 - - [02/Mar/2025:22:39:56 +0100] "GET /ticket2/opencms/sv/buy/?page=6&comcatid=97ECA65A-72DA-F9AF-9DBB-245D3CFED1BE&catid=F7FF413B-5FDF-82CF-E5BB-CD4AB6027974 HTTP/1.1" 200 70189
195.178.110.54 - - [02/Mar/2025:22:43:45 +0100] "GET /ticket2/opencms/cgi-bin/luci/;stok=/locale HTTP/1.1" 404 -
66.249.74.8 - - [02/Mar/2025:22:45:12 +0100] "GET /ticket2/opencms/en/venue/?venueid=9E6547A9-8704-3972-CB65-0FC9EBB9343F HTTP/1.1" 200 63651
66.249.74.6 - - [02/Mar/2025:22:45:22 +0100] "GET /ticket2/opencms/en/venue/?venueid=4264E775-2245-34EC-AB9C-8E5203A0BEEE HTTP/1.1" 200 63628
66.249.74.8 - - [02/Mar/2025:22:46:41 +0100] "GET /ticket2/opencms/en/venue/?venueid=DF37D396-FA06-F473-CD27-6AD0A828AD06 HTTP/1.1" 200 63636
66.249.74.7 - - [02/Mar/2025:22:46:45 +0100] "GET /ticket2/opencms/en/venue/?venueid=119E4BA1-98C5-E36E-192F-2176B379FB25 HTTP/1.1" 200 63610
20.65.193.76 - - [02/Mar/2025:22:47:43 +0100] "GET /hudson HTTP/1.1" 404 -
66.249.74.8 - - [02/Mar/2025:22:54:27 +0100] "GET /ticket2/opencms/system/modules/com.gridnine.opencms.ticketbrokerage.site/resources/css/standard.css HTTP/1.1" 200 71024
66.249.74.6 - - [02/Mar/2025:22:56:33 +0100] "GET /ticket2/opencms/en/venue/?venueid=95424B46-EE34-8F04-CEF2-7CD33319ABE8 HTTP/1.1" 200 63643
66.249.74.6 - - [02/Mar/2025:22:56:51 +0100] "GET /ticket2/opencms/en/venue/?venueid=BE490FAA-3DB7-D4AF-97A1-3EB178A65501 HTTP/1.1" 200 63649
66.249.74.7 - - [02/Mar/2025:22:57:41 +0100] "GET /ticket2/opencms/en/venue/?venueid=EBEEFBDF-BE46-CDA7-09F6-23C46162BE1D HTTP/1.1" 200 63627
66.249.74.7 - - [02/Mar/2025:23:03:30 +0100] "GET /ticket2/opencms/en/venue/?venueid=DABDC4D6-A186-DAE6-C644-5DB9CB011EEC HTTP/1.1" 200 63748
66.249.74.8 - - [02/Mar/2025:23:05:58 +0100] "GET /ticket2/opencms/en/venue/?venueid=B9A3249B-A407-83D8-700C-4E1EE9D257A8 HTTP/1.1" 200 63648
66.249.74.8 - - [02/Mar/2025:23:07:11 +0100] "GET /ticket2/opencms/en/venue/?venueid=F99CBBAF-7922-5F3D-94E5-84437A50F751 HTTP/1.1" 200 63598
198.235.24.203 - - [02/Mar/2025:23:07:37 +0100] "GET / HTTP/1.0" 404 -
66.249.74.6 - - [02/Mar/2025:23:07:45 +0100] "GET /ticket2/opencms/en/venue/?venueid=ADC2EAE7-F3B9-5998-1901-D9DA30ACB19A HTTP/1.1" 200 63600
220.133.252.87 - - [02/Mar/2025:23:07:49 +0100] "GET / HTTP/1.0" 404 -
66.249.74.7 - - [02/Mar/2025:23:08:12 +0100] "GET /ticket2/opencms/en/venue/?venueid=86DEA7DE-EC8B-6F7F-4E07-89780910ACCD HTTP/1.1" 200 63633
66.249.74.6 - - [02/Mar/2025:23:09:46 +0100] "GET /ticket2/opencms/en/venue/?venueid=30E59E70-2AD5-DB3F-8F99-0F76DBFE059E HTTP/1.1" 200 63645
66.249.74.6 - - [02/Mar/2025:23:09:57 +0100] "GET /ticket2/opencms/en/venue/?venueid=3E1E6F0D-1058-2C69-20D9-8595783E8131 HTTP/1.1" 200 63628
66.249.74.7 - - [02/Mar/2025:23:10:24 +0100] "GET /ticket2/opencms/en/venue/?venueid=81575406-737A-D887-8BD9-C8B79507FB55 HTTP/1.1" 200 63606
66.249.74.7 - - [02/Mar/2025:23:10:48 +0100] "GET /ticket2/opencms/en/venue/?venueid=E52A829F-C2AE-A6F9-C68D-2247D565A11F HTTP/1.1" 200 63720
66.249.74.7 - - [02/Mar/2025:23:11:34 +0100] "GET /ticket2/opencms/en/venue/?venueid=6B6CD597-19E3-DE91-73C1-62D0A84F1A85 HTTP/1.1" 200 63616
141.255.166.90 - - [02/Mar/2025:23:17:46 +0100] "GET /cgi-bin/luci/;stok=/locale HTTP/1.1" 404 -
66.249.74.8 - - [02/Mar/2025:23:20:57 +0100] "GET /ticket2/opencms/en/venue/?venueid=9D84887A-3E38-5E6C-5F2C-BA93851DE9A4 HTTP/1.1" 200 63597
66.249.74.6 - - [02/Mar/2025:23:21:12 +0100] "GET /ticket2/opencms/en/venue/?venueid=46DC1BEE-587B-35C7-7302-335A03B6455F HTTP/1.1" 200 63615
66.249.74.8 - - [02/Mar/2025:23:22:38 +0100] "GET /ticket2/opencms/en/venue/?venueid=E16419C0-E16D-8616-72CD-19175637FF0C HTTP/1.1" 200 63636
66.249.74.8 - - [02/Mar/2025:23:24:26 +0100] "GET /ticket2/opencms/en/venue/?venueid=1D0702B1-352E-5FBA-3475-D4A6D59D40D0 HTTP/1.1" 200 63645
195.178.110.54 - - [02/Mar/2025:23:25:11 +0100] "GET /cgi-bin/luci/;stok=/locale HTTP/1.1" 404 -
66.249.74.6 - - [02/Mar/2025:23:27:33 +0100] "GET /ticket2/opencms/en/venue/?venueid=7608D27A-AB31-0DEE-7A44-070EA75BF3B4 HTTP/1.1" 200 63580
66.249.74.7 - - [02/Mar/2025:23:27:57 +0100] "GET /ticket2/opencms/en/venue/?venueid=5CD064CB-C924-A9AA-0D43-3118B7F7A349 HTTP/1.1" 200 63663
196.251.72.73 - - [02/Mar/2025:23:34:56 +0100] "GET /ticket2/opencms/.git/HEAD HTTP/1.1" 404 -
66.249.74.6 - - [02/Mar/2025:23:39:23 +0100] "GET /ticket2/opencms/sv/sport/fotbollsbiljetter/la_liga/barcelona/ HTTP/1.1" 200 69834
170.64.177.248 - - [02/Mar/2025:23:39:36 +0100] "GET /ticket2/opencms/.git/config HTTP/1.1" 404 -
66.249.74.6 - - [02/Mar/2025:23:42:25 +0100] "GET /ticket2/opencms/en/venue/?venueid=5860F3B9-AF9B-0350-7793-1BDDE818A2DE HTTP/1.1" 200 63634
66.249.74.7 - - [02/Mar/2025:23:42:43 +0100] "GET /ticket2/opencms/en/venue/?venueid=46A76095-C8CC-46CE-5C46-97C8D40D2C4B HTTP/1.1" 200 63663
66.249.74.8 - - [02/Mar/2025:23:43:25 +0100] "GET /ticket2/opencms/en/venue/?venueid=EA1AFB8D-F7C7-5DC6-A760-CAB159647828 HTTP/1.1" 200 63616
66.249.74.7 - - [02/Mar/2025:23:43:35 +0100] "GET /ticket2/opencms/en/venue/?venueid=B3AD8D42-BAF1-2803-2183-F6705D1BC41E HTTP/1.1" 200 63642
43.130.74.193 - - [02/Mar/2025:23:44:06 +0100] "GET /ticket2/opencms/ HTTP/1.1" 302 -
43.130.74.193 - - [02/Mar/2025:23:44:10 +0100] "GET /ticket2/opencms/en/ HTTP/1.1" 200 66763
66.249.74.8 - - [02/Mar/2025:23:45:48 +0100] "GET /ticket2/opencms/en/venue/?venueid=73970756-584C-5AD0-AF0B-3AFA065A2530 HTTP/1.1" 200 63616
185.193.88.56 - - [02/Mar/2025:23:47:23 +0100] "GET /ticket2/site/login HTTP/1.1" 404 -
185.193.88.56 - - [02/Mar/2025:23:47:24 +0100] "GET /ticket2/site/login HTTP/1.1" 404 -
66.249.74.6 - - [02/Mar/2025:23:48:25 +0100] "GET /ticket2/opencms/en/venue/?venueid=2D54B7AC-88C2-7CD2-9B48-9538BFBB860A HTTP/1.1" 200 63691
66.249.74.6 - - [02/Mar/2025:23:51:48 +0100] "GET /ticket2/opencms/en/venue/?venueid=1130FEEB-47FB-DB3F-868A-1D5AA9060598 HTTP/1.1" 200 63627
193.68.89.10 - - [02/Mar/2025:23:52:32 +0100] "GET / HTTP/1.1" 404 -
34.77.181.91 - - [02/Mar/2025:23:54:43 +0100] "GET /ticket2/opencms/ HTTP/1.1" 302 -
167.86.73.11 - - [02/Mar/2025:23:59:23 +0100] "GET /ticket2/opencms/manager/html HTTP/1.1" 404 -
167.86.73.11 - - [02/Mar/2025:23:59:24 +0100] "GET /ticket2/opencms/manager/html/nonexist-123 HTTP/1.1" 404 -