66.249.79.197 - - [28/Feb/2025:09:20:10 +0100] "GET /ticket2/opencms/sv/buy/?page=6&comcatid=A17713B6-D984-201A-4143-ED4DB5ED5C2E&catid=97608B80-50C4-18AE-7A82-0413C62E9243 HTTP/1.1" 200 75649
66.249.79.36 - - [28/Feb/2025:09:20:30 +0100] "GET /ticket2/opencms/sv/sport/fotbollsbiljetter/serie_a/ HTTP/1.1" 200 77816
66.249.79.198 - - [28/Feb/2025:09:23:38 +0100] "GET /ticket2/opencms/sv/sport/fotbollsbiljetter/la_liga/ HTTP/1.1" 200 78315
66.249.76.69 - - [28/Feb/2025:09:24:49 +0100] "GET /ticket2/opencms/sv/buy/?page=6&comcatid=A17713B6-D984-201A-4143-ED4DB5ED5C2E&catid=BE041FBE-C1A7-918C-EB61-99ED02D12F5B HTTP/1.1" 200 75653
37.1.216.13 - - [28/Feb/2025:09:25:15 +0100] "GET /ticket2/opencms/ HTTP/1.1" 302 -
192.154.253.6 - - [28/Feb/2025:09:26:45 +0100] "GET /login HTTP/1.1" 404 -
66.249.76.70 - - [28/Feb/2025:09:26:51 +0100] "GET /ticket2/opencms/sv/login/ HTTP/1.1" 200 67145
66.249.79.170 - - [28/Feb/2025:09:26:57 +0100] "GET /ticket2/opencms/sv/buy/?page=6&comcatid=A17713B6-D984-201A-4143-ED4DB5ED5C2E&catid=B0817F4C-4B6F-A68C-6229-209BB05F84D4 HTTP/1.1" 200 75644
66.249.79.3 - - [28/Feb/2025:09:27:10 +0100] "GET /ticket2/opencms/sv/buy/?page=6&comcatid=A17713B6-D984-201A-4143-ED4DB5ED5C2E&catid=6E0E0CA4-3F14-9697-92B9-3687047BE453 HTTP/1.1" 200 75655
66.249.79.4 - - [28/Feb/2025:09:27:34 +0100] "GET /ticket2/opencms/sv/sport/fotbollsbiljetter/premier_league/ HTTP/1.1" 200 78731
66.249.79.99 - - [28/Feb/2025:09:27:48 +0100] "GET /ticket2/opencms/sv/buy/?page=6&comcatid=A17713B6-D984-201A-4143-ED4DB5ED5C2E&catid=5A89E483-58AD-080E-F363-E16CE738916A HTTP/1.1" 200 75656
66.249.79.35 - - [28/Feb/2025:09:27:49 +0100] "GET /ticket2/opencms/system/modules/com.gridnine.opencms.ticketbrokerage.site/templates/sendit.jsp HTTP/1.1" 404 -
66.249.76.69 - - [28/Feb/2025:09:27:56 +0100] "GET /ticket2/opencms/sv/sport/fotbollsbiljetter/english-championship/ HTTP/1.1" 200 66208
66.249.68.34 - - [28/Feb/2025:09:30:52 +0100] "GET /ticket2/opencms/sv/sell/ HTTP/1.1" 302 -
66.249.76.71 - - [28/Feb/2025:09:30:54 +0100] "GET /ticket2/opencms/sv/login/?url=/sv/sell/ HTTP/1.1" 200 67145
66.249.79.197 - - [28/Feb/2025:09:36:22 +0100] "GET /ticket2/opencms/sv/buy/?page=6&comcatid=A17713B6-D984-201A-4143-ED4DB5ED5C2E&catid=2DE12DDA-A5FB-C1C6-CB20-FBF873FB032B HTTP/1.1" 200 75665
66.249.76.70 - - [28/Feb/2025:09:36:48 +0100] "GET /ticket2/opencms/sv/buy/?page=6&comcatid=A17713B6-D984-201A-4143-ED4DB5ED5C2E&catid=F2006A3D-5EE0-B40B-5749-60C15271538F HTTP/1.1" 200 75654
66.249.76.70 - - [28/Feb/2025:09:37:40 +0100] "GET /ticket2/opencms/fr/sport/fotbollsbiljetter/premier_league/liverpool/ HTTP/1.1" 500 -
66.249.79.4 - - [28/Feb/2025:09:37:41 +0100] "GET /ticket2/opencms/sv/sport/fotbollsbiljetter/bundesliga/augsburg/ HTTP/1.1" 200 70116
66.249.79.171 - - [28/Feb/2025:09:38:56 +0100] "GET /ticket2/opencms/sv/buy/?page=6&comcatid=A17713B6-D984-201A-4143-ED4DB5ED5C2E&catid=D08E96E8-A514-9E09-4E22-63713911E0B8 HTTP/1.1" 200 75661
66.249.68.67 - - [28/Feb/2025:09:40:41 +0100] "GET /ticket2/opencms/sv/buy/?page=6&comcatid=A17713B6-D984-201A-4143-ED4DB5ED5C2E HTTP/1.1" 200 77991
66.249.76.69 - - [28/Feb/2025:09:41:50 +0100] "GET /ticket2/opencms/sv/sport/fotbollsbiljetter/bundesliga/wolfsburg/ HTTP/1.1" 200 69710
66.249.68.5 - - [28/Feb/2025:09:42:35 +0100] "GET /ticket2/opencms/sv/sport/fotbollsbiljetter/bundesliga/mainz/ HTTP/1.1" 200 70240
66.249.68.5 - - [28/Feb/2025:09:43:48 +0100] "GET /ticket2/opencms/en/venue/?countryid=B1E58C49-66C4-8DF4-D222-33EDBDF73F09 HTTP/1.1" 200 93013
66.249.79.5 - - [28/Feb/2025:09:45:41 +0100] "GET /ticket2/opencms/en/venue/?countryid=BD065C1D-5EB9-6471-371C-1A2F19BD7F92 HTTP/1.1" 200 101876
66.249.79.197 - - [28/Feb/2025:09:45:56 +0100] "GET /ticket2/opencms/en/venue/?countryid=459C4D64-7B2E-6369-FD2D-87A9A9E5A61A HTTP/1.1" 200 93453
66.249.79.171 - - [28/Feb/2025:09:46:52 +0100] "GET /ticket2/opencms/en/venue/?venueid=879967C0-57AE-A0D6-80DD-31C312C0E736 HTTP/1.1" 200 63618
66.249.79.171 - - [28/Feb/2025:09:46:56 +0100] "GET /ticket2/opencms/sv/sport/fotbollsbiljetter/bundesliga/eintracht_frankfurt/ HTTP/1.1" 200 70439
66.249.79.5 - - [28/Feb/2025:09:47:34 +0100] "GET /ticket2/opencms/sv/sport/fotbollsbiljetter/bundesliga/fortuna_dusseldorf/ HTTP/1.1" 200 70184
66.249.68.36 - - [28/Feb/2025:09:49:21 +0100] "GET /ticket2/opencms/sv/sport/fotbollsbiljetter/bundesliga/schalke/ HTTP/1.1" 200 70162
66.249.79.197 - - [28/Feb/2025:09:50:35 +0100] "GET /ticket2/opencms/en/venue/?countryid=666C887D-F998-338F-2ABE-16022B884D9D HTTP/1.1" 200 93013
66.249.79.199 - - [28/Feb/2025:09:51:39 +0100] "GET /ticket2/opencms/en/venue/?countryid=AC4C45B6-62CE-9E4E-735C-3EDAF240E46F HTTP/1.1" 200 93013
66.249.76.69 - - [28/Feb/2025:09:51:47 +0100] "GET /ticket2/opencms/sv/sport/fotbollsbiljetter/bundesliga/bayern-munchen/ HTTP/1.1" 200 70619
66.249.76.69 - - [28/Feb/2025:09:51:57 +0100] "GET /ticket2/opencms/en/venue/?countryid=4067501C-3738-9610-03B0-18FCE6867011 HTTP/1.1" 200 93013
66.249.79.170 - - [28/Feb/2025:09:52:10 +0100] "GET /ticket2/opencms/en/venue/?countryid=9F359E38-9140-4AB1-4689-B4648FEDC1F9 HTTP/1.1" 200 93013
66.249.76.70 - - [28/Feb/2025:09:53:29 +0100] "GET /ticket2/opencms/en/venue/?countryid=E4BF4299-AF7E-C1CD-3B3B-2AB4B9697C56 HTTP/1.1" 200 93013
185.91.127.81 - - [28/Feb/2025:09:53:31 +0100] "CONNECT api.ip.pn:443 HTTP/1.1" 400 -
66.249.76.70 - - [28/Feb/2025:09:53:33 +0100] "GET /ticket2/opencms/en/venue/?countryid=08DE8999-72B5-1ADD-5E76-2A7D1399FECF HTTP/1.1" 200 93013
66.249.76.69 - - [28/Feb/2025:09:53:37 +0100] "GET /ticket2/opencms/en/venue/?countryid=A4DD8A66-89A9-9256-5B01-F5C6EA7FFD86 HTTP/1.1" 200 93700
66.249.79.197 - - [28/Feb/2025:09:54:11 +0100] "GET /ticket2/opencms/sv/sport/fotbollsbiljetter/bundesliga/rb_leipzig/ HTTP/1.1" 200 70404
66.249.79.199 - - [28/Feb/2025:09:55:21 +0100] "GET /ticket2/opencms/sv/sport/fotbollsbiljetter/bundesliga/hertha/ HTTP/1.1" 200 70035
66.249.76.71 - - [28/Feb/2025:09:57:30 +0100] "GET /ticket2/opencms/en/venue/?countryid=154B818B-780A-C47E-AFFC-04B53C9B2BA9 HTTP/1.1" 200 93013
66.249.79.171 - - [28/Feb/2025:10:00:11 +0100] "GET /ticket2/opencms/sv/sport/fotbollsbiljetter/bundesliga/fc_nurnberg/ HTTP/1.1" 200 70255
66.249.76.69 - - [28/Feb/2025:10:00:41 +0100] "GET /ticket2/opencms/en/sport/football-tickets/ HTTP/1.1" 200 65660
66.249.79.171 - - [28/Feb/2025:10:01:40 +0100] "GET /ticket2/opencms/en/venue/?countryid=E3A24EE3-33A9-9FC0-BC5A-AFB379A75340 HTTP/1.1" 200 93013
66.249.68.66 - - [28/Feb/2025:10:01:41 +0100] "GET /ticket2/opencms/sv/sport/fotbollsbiljetter/bundesliga/freiburg/ HTTP/1.1" 200 69874
66.249.79.99 - - [28/Feb/2025:10:01:48 +0100] "GET /ticket2/opencms/sv/sport/fotbollsbiljetter/bundesliga/hoffenheim/ HTTP/1.1" 200 69780
66.249.79.170 - - [28/Feb/2025:10:02:12 +0100] "GET /ticket2/opencms/sv/sport/fotbollsbiljetter/bundesliga/werder-bremen/ HTTP/1.1" 200 70276
66.249.79.98 - - [28/Feb/2025:10:02:56 +0100] "GET /ticket2/opencms/sv/sport/fotbollsbiljetter/bundesliga/stuttgart/ HTTP/1.1" 200 70190
66.249.76.69 - - [28/Feb/2025:10:03:21 +0100] "GET /ticket2/opencms/en/venue/?countryid=AAA022C2-26E4-B95A-575B-2EC278F7A0C0 HTTP/1.1" 200 93013
66.249.79.197 - - [28/Feb/2025:10:04:41 +0100] "GET /ticket2/opencms/sv/sport/fotbollsbiljetter/bundesliga/hannover/ HTTP/1.1" 200 69796
66.249.76.71 - - [28/Feb/2025:10:06:22 +0100] "GET /ticket2/opencms/sv/sport/fotbollsbiljetter/bundesliga/borussia-dortmund/ HTTP/1.1" 200 70147
66.249.79.197 - - [28/Feb/2025:10:06:34 +0100] "GET /ticket2/opencms/sv/sport/fotbollsbiljetter/bundesliga/bayer-leverkusen/ HTTP/1.1" 200 70343
66.249.68.3 - - [28/Feb/2025:10:06:44 +0100] "GET /ticket2/opencms/en/venue/?countryid=219973C9-2DDA-2E70-1B9F-7B4A1AF9BB6C HTTP/1.1" 200 93013
66.249.68.34 - - [28/Feb/2025:10:07:21 +0100] "GET /ticket2/opencms/en/venue/?countryid=180EAAAB-918A-9F1E-ED78-EB81C803FB9F HTTP/1.1" 200 93013
66.249.76.69 - - [28/Feb/2025:10:07:49 +0100] "GET /ticket2/opencms/en/venue/?countryid=13E2F7E1-5D94-F02B-9C0C-560B8034AC6C HTTP/1.1" 200 93013
66.249.79.35 - - [28/Feb/2025:10:08:41 +0100] "GET /ticket2/opencms/en/venue/?venueid=EF9A381D-E146-D5CF-CC6A-B0B8DD77CAB7 HTTP/1.1" 200 63651
66.249.79.36 - - [28/Feb/2025:10:09:41 +0100] "GET /ticket2/opencms/en/venue/?countryid=F73B31CF-DEFB-FC53-7E40-B21973CC0497 HTTP/1.1" 200 93013
66.249.68.4 - - [28/Feb/2025:10:12:38 +0100] "GET /ticket2/opencms/sv/sport/fotbollsbiljetter/bundesliga/borussia-monchengladbach/ HTTP/1.1" 200 70473
66.249.76.69 - - [28/Feb/2025:10:12:45 +0100] "GET /ticket2/opencms/fr/sport/fotbollsbiljetter/premier_league/tottenham/ HTTP/1.1" 500 -
66.249.68.34 - - [28/Feb/2025:10:12:48 +0100] "GET /ticket2/opencms/en/venue/?countryid=542AAA85-729E-385B-AA25-7388FBEAC6A1 HTTP/1.1" 200 93013
66.249.79.170 - - [28/Feb/2025:10:13:41 +0100] "GET /ticket2/opencms/en/venue/?venueid=31BBAF6D-4071-7BB6-60A3-8F76D4F1958F HTTP/1.1" 200 63642
66.249.76.69 - - [28/Feb/2025:10:16:12 +0100] "GET /ticket2/opencms/en/venue/?countryid=DDBEC1A9-923C-6F8A-904B-EA3F8C6D99F4 HTTP/1.1" 200 93013
66.249.79.98 - - [28/Feb/2025:10:17:40 +0100] "GET /ticket2/opencms/en/venue/?countryid=E6D1D9A5-7003-75BD-6D2C-CB60A7D92969 HTTP/1.1" 200 93013
157.245.99.25 - - [28/Feb/2025:10:17:51 +0100] "GET /ticket2/opencms/.env HTTP/1.1" 404 -
66.249.76.71 - - [28/Feb/2025:10:18:39 +0100] "GET /ticket2/opencms/fr/sport/fotbollsbiljetter/premier_league/chelsea/ HTTP/1.1" 500 -
66.249.79.99 - - [28/Feb/2025:10:21:29 +0100] "GET /ticket2/opencms/sv/sport/fotbollsbiljetter/premier_league/london/ HTTP/1.1" 200 76414
40.77.167.184 - - [28/Feb/2025:10:24:48 +0100] "GET /ticket2/opencms/robots.txt HTTP/1.1" 200 773
40.77.167.184 - - [28/Feb/2025:10:24:48 +0100] "GET /ticket2/opencms/robots.txt HTTP/1.1" 200 773
40.77.167.68 - - [28/Feb/2025:10:24:50 +0100] "GET /ticket2/opencms/en/venue/?countryid=65CBF22C-E953-E822-8DA0-6226C52D7D6A HTTP/1.1" 200 93013
66.249.68.5 - - [28/Feb/2025:10:31:46 +0100] "GET /ticket2/opencms/sv/sport/fotbollsbiljetter/la_liga/barcelona/ HTTP/1.1" 200 69834
66.249.79.198 - - [28/Feb/2025:10:32:45 +0100] "GET /ticket2/opencms/sv/sport/fotbollsbiljetter/eredivisie/hollandska-ligan/ HTTP/1.1" 200 70899
66.249.76.70 - - [28/Feb/2025:10:33:34 +0100] "GET /ticket2/opencms/en/venue/?venueid=D2A04531-4578-B370-DA30-4D01DE169890 HTTP/1.1" 200 63598
193.68.89.10 - - [28/Feb/2025:10:34:06 +0100] "GET / HTTP/1.1" 404 -
66.249.76.70 - - [28/Feb/2025:10:35:44 +0100] "GET /ticket2/opencms/sv/sport/fotbollsbiljetter/premier_league/chelsea/ HTTP/1.1" 200 70455
66.249.76.70 - - [28/Feb/2025:10:36:34 +0100] "GET /ticket2/opencms/sv/sport/fotbollsbiljetter/premier_league/tottenham/ HTTP/1.1" 200 69962
66.249.76.71 - - [28/Feb/2025:10:37:38 +0100] "GET /ticket2/opencms/en/venue/?countryid=99B1C0F6-84FB-98CC-65FC-5142D0D877AC HTTP/1.1" 200 93013
66.249.76.70 - - [28/Feb/2025:10:41:29 +0100] "GET /ticket2/opencms/en/venue/?countryid=7955C1DA-0203-9687-2994-14739AEE539F HTTP/1.1" 200 93013
66.249.64.165 - - [28/Feb/2025:10:42:46 +0100] "GET /ticket2/opencms/en/venue/?countryid=C390DA46-FDFE-72E8-463E-D2A88C688BC4 HTTP/1.1" 200 93013
45.148.10.90 - - [28/Feb/2025:10:43:31 +0100] "GET /ticket2/opencms/ HTTP/1.1" 302 -
45.148.10.90 - - [28/Feb/2025:10:43:33 +0100] "GET /ticket2/opencms/v1/.git/config HTTP/1.1" 404 -
45.148.10.90 - - [28/Feb/2025:10:43:34 +0100] "GET /ticket2/opencms/.env.default HTTP/1.1" 404 -
45.148.10.90 - - [28/Feb/2025:10:43:35 +0100] "GET /ticket2/opencms/settings/.env HTTP/1.1" 404 -
45.148.10.90 - - [28/Feb/2025:10:43:36 +0100] "GET /ticket2/opencms/configuration/.env HTTP/1.1" 404 -
45.148.10.90 - - [28/Feb/2025:10:43:36 +0100] "GET /ticket2/opencms/data/staging/.git/config HTTP/1.1" 404 -
45.148.10.90 - - [28/Feb/2025:10:43:37 +0100] "GET /ticket2/opencms/data/processing/.git/config HTTP/1.1" 404 -
45.148.10.90 - - [28/Feb/2025:10:43:38 +0100] "GET /ticket2/opencms/prod/.git/config HTTP/1.1" 404 -
45.148.10.90 - - [28/Feb/2025:10:43:41 +0100] "GET /ticket2/opencms/.env.preprod HTTP/1.1" 404 -
66.249.76.71 - - [28/Feb/2025:10:46:51 +0100] "GET /ticket2/opencms/en/venue/?countryid=7D25928D-FFE7-0BD0-CD2F-98EEEB4D8A53 HTTP/1.1" 200 93013
66.249.79.197 - - [28/Feb/2025:10:47:24 +0100] "GET /ticket2/opencms/sv/sport/fotbollsbiljetter/premier_league/liverpool/ HTTP/1.1" 200 70560
66.249.76.70 - - [28/Feb/2025:10:47:33 +0100] "GET /ticket2/opencms/sv/sport/fotbollsbiljetter/premier_league/arsenal/ HTTP/1.1" 200 72874
48.216.248.91 - - [28/Feb/2025:10:48:58 +0100] "GET /ticket2/opencms/autodiscover/autodiscover.json?@zdi/Powershell HTTP/1.1" 404 -
184.105.247.195 - - [28/Feb/2025:10:50:02 +0100] "GET /ticket2/opencms/ HTTP/1.1" 302 -
66.249.68.5 - - [28/Feb/2025:10:51:22 +0100] "GET /ticket2/opencms/en/venue/?countryid=281637B5-EBD8-5B84-5601-31AFF5C65765 HTTP/1.1" 200 93013
184.105.247.195 - - [28/Feb/2025:10:56:42 +0100] "GET /ticket2/opencms/favicon.ico HTTP/1.1" 200 1406
184.105.247.195 - - [28/Feb/2025:10:58:56 +0100] "GET /ticket2/opencms/ HTTP/1.1" 302 -
184.105.247.195 - - [28/Feb/2025:10:58:57 +0100] "GET /ticket2/opencms/en/ HTTP/1.1" 200 66763
66.249.68.4 - - [28/Feb/2025:11:00:11 +0100] "GET /ticket2/opencms/en/venue/?countryid=01A4931A-C165-4B79-C9B2-6B15C1A8EA59 HTTP/1.1" 200 95592
66.249.68.68 - - [28/Feb/2025:11:00:39 +0100] "GET /ticket2/opencms/sv/buy/?page=6&comcatid=0A6B8208-FDA4-E929-9D72-5312FD481B76&catid=FCA7FF95-260A-464B-B6FF-A820FCE7DFEF HTTP/1.1" 200 68734
184.105.247.195 - - [28/Feb/2025:11:02:11 +0100] "GET /ticket2/opencms/geoserver/web/ HTTP/1.1" 404 -
66.249.76.70 - - [28/Feb/2025:11:02:56 +0100] "GET /ticket2/opencms/sv/buy/?page=6&comcatid=0A6B8208-FDA4-E929-9D72-5312FD481B76&catid=412DBCF4-025D-8ABC-7A40-D7C760E055FF HTTP/1.1" 200 68736
138.68.105.150 - - [28/Feb/2025:11:12:57 +0100] "GET /ticket2/opencms/ HTTP/1.0" 500 -
138.68.105.150 - - [28/Feb/2025:11:12:57 +0100] "OPTIONS /ticket2/opencms/ HTTP/1.0" 200 -
138.68.105.150 - - [28/Feb/2025:11:12:57 +0100] "GET /ticket2/opencms/odinhttpcall1740737495 HTTP/1.1" 404 -
138.68.105.150 - - [28/Feb/2025:11:12:57 +0100] "POST /ticket2/opencms/sdk HTTP/1.1" 404 -
138.68.105.150 - - [28/Feb/2025:11:12:57 +0100] "GET /ticket2/opencms/evox/about HTTP/1.1" 404 -
138.68.105.150 - - [28/Feb/2025:11:12:57 +0100] "GET /ticket2/opencms/HNAP1 HTTP/1.1" 404 -
138.68.105.150 - - [28/Feb/2025:11:12:57 +0100] "GET /ticket2/opencms/ HTTP/1.0" 500 -
138.68.105.150 - - [28/Feb/2025:11:12:58 +0100] "GET /ticket2/opencms/ HTTP/1.1" 500 -
207.154.233.88 - - [28/Feb/2025:11:12:58 +0100] "POST /ticket2/opencms/ HTTP/1.1" 302 -
46.101.254.208 - - [28/Feb/2025:11:12:58 +0100] "GET /ticket2/opencms/ HTTP/1.1" 302 -
46.101.254.208 - - [28/Feb/2025:11:12:58 +0100] "GET /ticket2/opencms/en/ HTTP/1.1" 200 66763
207.154.233.88 - - [28/Feb/2025:11:12:58 +0100] "GET /ticket2/opencms/sv/declined/ HTTP/1.1" 200 64322
159.223.35.160 - - [28/Feb/2025:11:13:00 +0100] "GET /ticket2/opencms/favicon.ico HTTP/1.1" 200 1406
193.68.89.51 - - [28/Feb/2025:11:13:29 +0100] "GET / HTTP/1.1" 404 -
66.249.79.198 - - [28/Feb/2025:11:13:56 +0100] "GET /ticket2/opencms/sv/buy/?page=6&comcatid=0A6B8208-FDA4-E929-9D72-5312FD481B76&catid=53E7B32E-5CAA-6CE7-D6AA-FFC41D70EE01 HTTP/1.1" 200 68734
66.249.79.99 - - [28/Feb/2025:11:21:24 +0100] "GET /ticket2/opencms/sv/buy/?page=6&comcatid=0A6B8208-FDA4-E929-9D72-5312FD481B76&catid=AD8E612F-0F0B-03C9-5236-E4F8B6523945 HTTP/1.1" 200 68734
66.249.79.171 - - [28/Feb/2025:11:21:50 +0100] "GET /ticket2/opencms/sv/buy/?page=6&comcatid=0A6B8208-FDA4-E929-9D72-5312FD481B76&catid=CB847559-7ECA-CC50-D7D2-064AF0C06FB1 HTTP/1.1" 200 68734
66.249.76.71 - - [28/Feb/2025:11:24:34 +0100] "GET /ticket2/opencms/sv/buy/?page=6&comcatid=0A6B8208-FDA4-E929-9D72-5312FD481B76&catid=1DB7F66B-473B-B427-F752-358FEEFE8EC0 HTTP/1.1" 200 68736
88.214.25.122 - - [28/Feb/2025:11:31:07 +0100] "/*?Cookie: mstshash=Administr " 400 -
66.249.79.197 - - [28/Feb/2025:11:35:24 +0100] "GET /ticket2/opencms/en/buy/?page=10&eventid=B85BEE98-8727-2424-2597-5E99D818B644 HTTP/1.1" 200 64970
185.91.127.81 - - [28/Feb/2025:11:35:51 +0100] "CONNECT api.ip.pn:443 HTTP/1.1" 400 -
66.249.79.197 - - [28/Feb/2025:11:36:23 +0100] "GET /ticket2/opencms/en/buy/?page=10&eventid=7016CF1B-CC52-94F9-4136-362E6D3CC9D6 HTTP/1.1" 200 64970
66.249.79.170 - - [28/Feb/2025:11:36:45 +0100] "GET /ticket2/opencms/en/buy/?page=10&eventid=2D54F0A4-B7E5-1986-E461-A23A05E27C76 HTTP/1.1" 200 64972
66.249.79.4 - - [28/Feb/2025:11:38:49 +0100] "GET /ticket2/opencms/en/venue/?venueid=A003754C-3E1C-9E13-64E9-6F827A08D00B HTTP/1.1" 200 63606
170.64.230.178 - - [28/Feb/2025:11:40:07 +0100] "GET /ticket2/opencms/.git/config HTTP/1.1" 404 -
66.249.79.98 - - [28/Feb/2025:11:41:11 +0100] "GET /ticket2/opencms/en/buy/?page=10&eventid=1BC07A67-46B5-C40A-CC02-8F1EFC1FAADB HTTP/1.1" 200 64970
185.242.226.109 - - [28/Feb/2025:11:42:17 +0100] "GET /ticket2/opencms/ HTTP/1.1" 302 -
185.242.226.109 - - [28/Feb/2025:11:42:17 +0100] "GET /ticket2/opencms/en/ HTTP/1.1" 200 66763
66.249.79.34 - - [28/Feb/2025:11:43:35 +0100] "GET /ticket2/opencms/en/buy/?page=10&eventid=634D2581-663A-DE19-7C72-20C596DE0600 HTTP/1.1" 200 64995
66.249.79.3 - - [28/Feb/2025:11:56:34 +0100] "GET /ticket2/opencms/en/buy/?page=10&eventid=F99ADA5B-9BAA-1CC2-3A84-51D5FE875575 HTTP/1.1" 200 64969
196.251.92.16 - - [28/Feb/2025:11:56:45 +0100] "GET /ticket2/opencms/.env HTTP/1.1" 404 -
66.249.79.98 - - [28/Feb/2025:11:57:24 +0100] "GET /ticket2/opencms/en/buy/?page=10&eventid=BD2A2151-7866-2C7C-301B-A51FF3E4D9F5 HTTP/1.1" 200 64968
66.249.76.70 - - [28/Feb/2025:11:57:39 +0100] "GET /ticket2/opencms/en/buy/?page=10&eventid=080309A2-9AF6-914F-9FD3-1CF32BAE4613 HTTP/1.1" 200 64971
66.249.79.198 - - [28/Feb/2025:11:58:48 +0100] "GET /ticket2/opencms/en/buy/?page=10&eventid=4CD3BFC4-6826-2F08-586B-E7C2046942C2 HTTP/1.1" 200 64971
66.249.79.199 - - [28/Feb/2025:12:02:32 +0100] "GET /ticket2/opencms/sv/sport/fotbollsbiljetter/ HTTP/1.1" 200 70201
66.249.79.34 - - [28/Feb/2025:12:03:47 +0100] "GET /ticket2/opencms/sv/about/contact/ HTTP/1.1" 200 64501
45.156.129.57 - - [28/Feb/2025:12:11:04 +0100] "GET / HTTP/1.1" 404 -
66.249.68.66 - - [28/Feb/2025:12:15:41 +0100] "GET /ticket2/opencms/sv/buy/?page=6&comcatid=66708183-7480-3365-06BF-DBF60280AB45&catid=30D5812D-0858-4843-8F45-C38AE504153C HTTP/1.1" 200 66883
66.249.76.71 - - [28/Feb/2025:12:17:45 +0100] "GET /ticket2/opencms/sv/buy/?page=6&comcatid=66708183-7480-3365-06BF-DBF60280AB45&catid=05A94519-01D1-C86F-9031-84936B0B9DAE HTTP/1.1" 200 66882
66.249.76.70 - - [28/Feb/2025:12:22:11 +0100] "GET /ticket2/opencms/sv/buy/?page=6&comcatid=97ECA65A-72DA-F9AF-9DBB-245D3CFED1BE&catid=D414C6A5-7A03-3389-42A8-D7B7FE32BB37 HTTP/1.1" 200 70203
66.249.79.35 - - [28/Feb/2025:12:22:38 +0100] "GET /ticket2/opencms/sv/buy/?page=6&comcatid=97ECA65A-72DA-F9AF-9DBB-245D3CFED1BE&catid=2CCC191C-F37F-B9CA-D41C-1204E575B328 HTTP/1.1" 200 70194
66.249.79.170 - - [28/Feb/2025:12:22:41 +0100] "GET /ticket2/opencms/sv/buy/?page=6&comcatid=97ECA65A-72DA-F9AF-9DBB-245D3CFED1BE&catid=DA31441B-C568-3C77-D08C-698809032494 HTTP/1.1" 200 70190
66.249.76.70 - - [28/Feb/2025:12:22:45 +0100] "GET /ticket2/opencms/sv/buy/?page=6&comcatid=97ECA65A-72DA-F9AF-9DBB-245D3CFED1BE&catid=7D3BEF66-5D88-3916-5B89-0E7B139E0169 HTTP/1.1" 200 70195
66.249.79.197 - - [28/Feb/2025:12:22:56 +0100] "GET /ticket2/opencms/sv/buy/?page=6&comcatid=97ECA65A-72DA-F9AF-9DBB-245D3CFED1BE&catid=81B744E7-1FEE-E757-C0AB-C7AF73CDE252 HTTP/1.1" 200 70189
66.249.79.199 - - [28/Feb/2025:12:23:39 +0100] "GET /ticket2/opencms/en/venue/?venueid=47C3688D-5FD9-F68A-3F31-2E2C94F37DE5 HTTP/1.1" 200 63622
66.249.76.69 - - [28/Feb/2025:12:23:40 +0100] "GET /ticket2/opencms/en/venue/?venueid=E2096692-E58C-A2FC-0C2A-16356E3525BF HTTP/1.1" 200 63612
193.68.89.10 - - [28/Feb/2025:12:24:06 +0100] "GET / HTTP/1.1" 404 -
66.249.79.199 - - [28/Feb/2025:12:25:12 +0100] "GET /ticket2/opencms/system/modules/com.gridnine.opencms.ticketbrokerage.site/resources/js/jquery.placeholder.min.js HTTP/1.1" 200 1737
66.249.79.3 - - [28/Feb/2025:12:30:46 +0100] "GET /ticket2/opencms/sv/buy/?page=6&comcatid=97ECA65A-72DA-F9AF-9DBB-245D3CFED1BE&catid=F4D223A4-C027-46DC-3DE5-726A23E30A62 HTTP/1.1" 200 70189
66.249.76.69 - - [28/Feb/2025:12:35:42 +0100] "GET /ticket2/opencms/sv/buy/?page=6&comcatid=0A6B8208-FDA4-E929-9D72-5312FD481B76&catid=5ED34547-492C-90DA-709D-448345844685 HTTP/1.1" 200 68734
66.249.76.70 - - [28/Feb/2025:12:35:43 +0100] "GET /ticket2/opencms/sv/buy/?page=6&comcatid=97ECA65A-72DA-F9AF-9DBB-245D3CFED1BE&catid=55D1256D-BDD9-CBA3-47A3-0A252F702555 HTTP/1.1" 200 70196
66.249.68.35 - - [28/Feb/2025:12:36:12 +0100] "GET /ticket2/opencms/sv/buy/?page=6&comcatid=97ECA65A-72DA-F9AF-9DBB-245D3CFED1BE&catid=9457695E-36ED-A63E-7A88-32963954E2C7 HTTP/1.1" 200 70197
66.249.76.69 - - [28/Feb/2025:12:36:34 +0100] "GET /ticket2/opencms/sv/buy/?page=6&comcatid=97ECA65A-72DA-F9AF-9DBB-245D3CFED1BE&catid=F7FF413B-5FDF-82CF-E5BB-CD4AB6027974 HTTP/1.1" 200 70189
66.249.68.3 - - [28/Feb/2025:12:37:34 +0100] "GET /ticket2/opencms/sv/buy/?page=6&comcatid=97ECA65A-72DA-F9AF-9DBB-245D3CFED1BE&catid=E3105E1E-3982-291E-5523-1C1DF161E9B7 HTTP/1.1" 200 70192
66.249.76.69 - - [28/Feb/2025:12:45:54 +0100] "GET /ticket2/opencms/sv/buy/?page=6&comcatid=97ECA65A-72DA-F9AF-9DBB-245D3CFED1BE&catid=8B6802AF-1ADE-4BE1-A1F7-7671190CFB4F HTTP/1.1" 200 70196
66.249.79.98 - - [28/Feb/2025:12:48:39 +0100] "GET /ticket2/opencms/sv/buy/?page=6&comcatid=97ECA65A-72DA-F9AF-9DBB-245D3CFED1BE&catid=9457695E-36ED-A63E-7A88-32963954E2C7 HTTP/1.1" 200 70197
66.249.79.170 - - [28/Feb/2025:12:50:41 +0100] "GET /ticket2/opencms/en/venue/?venueid=BE490FAA-3DB7-D4AF-97A1-3EB178A65501 HTTP/1.1" 200 63649
196.251.72.73 - - [28/Feb/2025:12:51:47 +0100] "GET /ticket2/opencms/.git/HEAD HTTP/1.1" 404 -
65.49.1.139 - - [28/Feb/2025:12:53:06 +0100] "GET / HTTP/1.1" 404 -
2.59.22.234 - - [28/Feb/2025:12:54:11 +0100] "GET /ticket2/opencms/ HTTP/1.1" 302 -
2.59.22.234 - - [28/Feb/2025:12:54:12 +0100] "GET /ticket2/opencms/en/ HTTP/1.1" 200 66763
2.59.22.234 - - [28/Feb/2025:12:54:22 +0100] "GET /ticket2/opencms/robots.txt HTTP/1.1" 200 773
2.59.22.234 - - [28/Feb/2025:12:54:23 +0100] "GET /ticket2/opencms/sitemap.xml HTTP/1.1" 200 37572
2.59.22.234 - - [28/Feb/2025:12:54:23 +0100] "GET /ticket2/opencms/.well-known/security.txt HTTP/1.1" 404 -
2.59.22.234 - - [28/Feb/2025:12:54:24 +0100] "GET /ticket2/opencms/favicon.ico HTTP/1.1" 200 1406
65.49.1.133 - - [28/Feb/2025:12:55:04 +0100] "GET /favicon.ico HTTP/1.1" 404 -
65.49.1.136 - - [28/Feb/2025:12:55:29 +0100] "GET /?format=json HTTP/1.1" 404 -
66.249.79.197 - - [28/Feb/2025:12:55:34 +0100] "GET /ticket2/opencms/en/venue/?venueid=4264E775-2245-34EC-AB9C-8E5203A0BEEE HTTP/1.1" 200 63628
65.49.1.138 - - [28/Feb/2025:12:55:44 +0100] "CONNECT www.shadowserver.org:443 HTTP/1.1" 400 -
65.49.1.135 - - [28/Feb/2025:12:56:01 +0100] "GET /geoserver/web/ HTTP/1.1" 404 -
34.140.24.35 - - [28/Feb/2025:12:56:43 +0100] "GET /ticket2/opencms/ HTTP/1.1" 302 -
66.249.68.4 - - [28/Feb/2025:12:57:22 +0100] "GET /ticket2/opencms/en/venue/?venueid=B3AD8D42-BAF1-2803-2183-F6705D1BC41E HTTP/1.1" 200 63642
66.249.76.70 - - [28/Feb/2025:12:58:29 +0100] "GET /ticket2/opencms/en/venue/?venueid=73970756-584C-5AD0-AF0B-3AFA065A2530 HTTP/1.1" 200 63616
66.249.79.34 - - [28/Feb/2025:13:03:48 +0100] "GET /ticket2/opencms/en/venue/?venueid=ADC2EAE7-F3B9-5998-1901-D9DA30ACB19A HTTP/1.1" 200 63600
185.91.127.81 - - [28/Feb/2025:13:04:49 +0100] "CONNECT api.ip.pn:443 HTTP/1.1" 400 -
89.248.174.186 - - [28/Feb/2025:13:04:49 +0100] "CONNECT google.com:443 HTTP/1.1" 400 -
66.249.76.69 - - [28/Feb/2025:13:05:47 +0100] "GET /ticket2/opencms/en/venue/?venueid=2D54B7AC-88C2-7CD2-9B48-9538BFBB860A HTTP/1.1" 200 63691
66.249.79.171 - - [28/Feb/2025:13:07:57 +0100] "GET /ticket2/opencms/en/venue/?venueid=1130FEEB-47FB-DB3F-868A-1D5AA9060598 HTTP/1.1" 200 63627
66.249.79.172 - - [28/Feb/2025:13:08:41 +0100] "GET /ticket2/opencms/en/venue/?venueid=9E6547A9-8704-3972-CB65-0FC9EBB9343F HTTP/1.1" 200 63651
162.142.125.43 - - [28/Feb/2025:13:09:10 +0100] "GET / HTTP/1.1" 404 -
162.142.125.43 - - [28/Feb/2025:13:09:21 +0100] "GET / HTTP/1.1" 404 -
162.142.125.43 - - [28/Feb/2025:13:09:22 +0100] "PRI * HTTP/2.0" 505 -
162.142.125.43 - - [28/Feb/2025:13:09:28 +0100] "GET /favicon.ico HTTP/1.1" 404 -
66.249.76.71 - - [28/Feb/2025:13:10:21 +0100] "GET /ticket2/opencms/en/venue/?venueid=86DEA7DE-EC8B-6F7F-4E07-89780910ACCD HTTP/1.1" 200 63633
66.249.68.3 - - [28/Feb/2025:13:11:22 +0100] "GET /ticket2/opencms/en/venue/?venueid=2F6DFDC1-F019-8112-F2A0-0983384F59FC HTTP/1.1" 200 63628
66.249.68.3 - - [28/Feb/2025:13:11:45 +0100] "GET /ticket2/opencms/en/venue/?venueid=A18E6B9F-ABE7-577B-3CDD-CFF0ABF1460E HTTP/1.1" 200 63621
66.249.79.197 - - [28/Feb/2025:13:11:50 +0100] "GET /ticket2/opencms/en/venue/?venueid=30E59E70-2AD5-DB3F-8F99-0F76DBFE059E HTTP/1.1" 200 63645
95.214.53.198 - - [28/Feb/2025:13:13:29 +0100] "GET / HTTP/1.1" 404 -
20.221.68.61 - - [28/Feb/2025:13:14:33 +0100] "GET / HTTP/1.1" 404 -
66.249.79.4 - - [28/Feb/2025:13:16:11 +0100] "GET /ticket2/opencms/en/venue/?venueid=D31B494E-29D2-BF7C-6AAE-E87A4373A889 HTTP/1.1" 200 63633
66.249.79.100 - - [28/Feb/2025:13:18:47 +0100] "GET /ticket2/opencms/en/venue/?venueid=95424B46-EE34-8F04-CEF2-7CD33319ABE8 HTTP/1.1" 200 63643
66.249.79.4 - - [28/Feb/2025:13:18:56 +0100] "GET /ticket2/opencms/en/venue/?venueid=3E1E6F0D-1058-2C69-20D9-8595783E8131 HTTP/1.1" 200 63628
66.249.76.71 - - [28/Feb/2025:13:21:46 +0100] "GET /ticket2/opencms/en/venue/?venueid=81575406-737A-D887-8BD9-C8B79507FB55 HTTP/1.1" 200 63606
66.249.76.70 - - [28/Feb/2025:13:22:20 +0100] "GET /ticket2/opencms/en/venue/?venueid=B9A3249B-A407-83D8-700C-4E1EE9D257A8 HTTP/1.1" 200 63648
66.249.76.70 - - [28/Feb/2025:13:23:24 +0100] "GET /ticket2/opencms/en/venue/?venueid=E52A829F-C2AE-A6F9-C68D-2247D565A11F HTTP/1.1" 200 63720
66.249.79.197 - - [28/Feb/2025:13:24:24 +0100] "GET /ticket2/opencms/en/venue/?venueid=6B6CD597-19E3-DE91-73C1-62D0A84F1A85 HTTP/1.1" 200 63616
66.249.68.3 - - [28/Feb/2025:13:24:33 +0100] "GET /ticket2/opencms/en/venue/?venueid=A4B450CD-3BF7-4595-C93C-7068867671D3 HTTP/1.1" 200 63648
161.35.205.115 - - [28/Feb/2025:13:25:15 +0100] "GET /ticket2/opencms/ HTTP/1.0" 500 -
161.35.205.115 - - [28/Feb/2025:13:25:16 +0100] "OPTIONS /ticket2/opencms/ HTTP/1.0" 200 -
161.35.205.115 - - [28/Feb/2025:13:25:16 +0100] "POST /ticket2/opencms/sdk HTTP/1.1" 404 -
161.35.205.115 - - [28/Feb/2025:13:25:16 +0100] "GET /ticket2/opencms/odinhttpcall1740745433 HTTP/1.1" 404 -
161.35.205.115 - - [28/Feb/2025:13:25:16 +0100] "GET /ticket2/opencms/evox/about HTTP/1.1" 404 -
161.35.205.115 - - [28/Feb/2025:13:25:16 +0100] "GET /ticket2/opencms/HNAP1 HTTP/1.1" 404 -
161.35.205.115 - - [28/Feb/2025:13:25:16 +0100] "GET /ticket2/opencms/ HTTP/1.0" 500 -
161.35.205.115 - - [28/Feb/2025:13:25:16 +0100] "GET /ticket2/opencms/ HTTP/1.1" 500 -
46.101.121.134 - - [28/Feb/2025:13:25:17 +0100] "POST /ticket2/opencms/ HTTP/1.1" 302 -
46.101.121.134 - - [28/Feb/2025:13:25:17 +0100] "GET /ticket2/opencms/sv/declined/ HTTP/1.1" 200 64322
66.249.79.36 - - [28/Feb/2025:13:26:24 +0100] "GET /ticket2/opencms/en/venue/?venueid=DF37D396-FA06-F473-CD27-6AD0A828AD06 HTTP/1.1" 200 63636
66.249.76.70 - - [28/Feb/2025:13:28:56 +0100] "GET /ticket2/opencms/en/venue/?venueid=9D84887A-3E38-5E6C-5F2C-BA93851DE9A4 HTTP/1.1" 200 63597
66.249.68.67 - - [28/Feb/2025:13:29:21 +0100] "GET /ticket2/opencms/en/venue/?venueid=46DC1BEE-587B-35C7-7302-335A03B6455F HTTP/1.1" 200 63615
5.239.201.241 - - [28/Feb/2025:13:29:22 +0100] "GET / HTTP/1.1" 404 -
66.249.76.69 - - [28/Feb/2025:13:29:24 +0100] "GET /ticket2/opencms/en/venue/?venueid=DABDC4D6-A186-DAE6-C644-5DB9CB011EEC HTTP/1.1" 200 63748
66.249.79.170 - - [28/Feb/2025:13:29:39 +0100] "GET /ticket2/opencms/en/venue/?venueid=E16419C0-E16D-8616-72CD-19175637FF0C HTTP/1.1" 200 63636
175.204.26.145 - - [28/Feb/2025:13:29:57 +0100] "GET / HTTP/1.0" 404 -
46.101.118.29 - - [28/Feb/2025:13:30:05 +0100] "GET /ticket2/opencms/ HTTP/1.1" 302 -
46.101.118.29 - - [28/Feb/2025:13:30:05 +0100] "GET /ticket2/opencms/en/ HTTP/1.1" 200 66763
68.183.184.197 - - [28/Feb/2025:13:30:06 +0100] "GET /ticket2/opencms/favicon.ico HTTP/1.1" 200 1406
66.249.76.69 - - [28/Feb/2025:13:30:20 +0100] "GET /ticket2/opencms/en/venue/?venueid=7608D27A-AB31-0DEE-7A44-070EA75BF3B4 HTTP/1.1" 200 63580
66.249.76.70 - - [28/Feb/2025:13:30:49 +0100] "GET /ticket2/opencms/en/venue/?venueid=EBEEFBDF-BE46-CDA7-09F6-23C46162BE1D HTTP/1.1" 200 63627
66.249.79.172 - - [28/Feb/2025:13:31:34 +0100] "GET /ticket2/opencms/en/venue/?venueid=119E4BA1-98C5-E36E-192F-2176B379FB25 HTTP/1.1" 200 63610
66.249.79.197 - - [28/Feb/2025:13:32:11 +0100] "GET /ticket2/opencms/en/venue/?venueid=9ED0D9BA-6B8E-0C0A-4F60-98392338DEDE HTTP/1.1" 200 63616
8.219.8.195 - - [28/Feb/2025:13:34:28 +0100] "GET / HTTP/1.0" 404 -
8.219.8.195 - - [28/Feb/2025:13:34:29 +0100] "GET / HTTP/1.1" 404 -
8.219.8.195 - - [28/Feb/2025:13:34:29 +0100] "GET /favicon.ico HTTP/1.1" 404 -
66.249.76.70 - - [28/Feb/2025:13:34:46 +0100] "GET /ticket2/opencms/en/venue/?venueid=5CD064CB-C924-A9AA-0D43-3118B7F7A349 HTTP/1.1" 200 63663
66.249.79.199 - - [28/Feb/2025:13:36:33 +0100] "GET /ticket2/opencms/en/venue/?venueid=F99CBBAF-7922-5F3D-94E5-84437A50F751 HTTP/1.1" 200 63598
66.249.79.172 - - [28/Feb/2025:13:37:25 +0100] "GET /ticket2/opencms/en/venue/?venueid=46A76095-C8CC-46CE-5C46-97C8D40D2C4B HTTP/1.1" 200 63663
66.249.79.199 - - [28/Feb/2025:13:38:39 +0100] "GET /ticket2/opencms/en/venue/?countryid=13702050-2F05-4DBF-E863-0547221CB311 HTTP/1.1" 200 93013
66.249.68.68 - - [28/Feb/2025:13:38:41 +0100] "GET /ticket2/opencms/en/venue/?venueid=EA1AFB8D-F7C7-5DC6-A760-CAB159647828 HTTP/1.1" 200 63616
66.249.79.3 - - [28/Feb/2025:13:38:42 +0100] "GET /ticket2/opencms/en/venue/?countryid=9ACB31BA-4730-8A49-6A26-C927F023CAB9 HTTP/1.1" 200 93013
66.249.79.197 - - [28/Feb/2025:13:40:21 +0100] "GET /ticket2/opencms/en/venue/?countryid=0B8FEDC3-C68A-3535-943E-BD0B117D00A8 HTTP/1.1" 200 94133
193.68.89.51 - - [28/Feb/2025:13:40:39 +0100] "GET / HTTP/1.1" 404 -
66.249.76.69 - - [28/Feb/2025:13:41:21 +0100] "GET /ticket2/opencms/en/venue/?countryid=02784C54-6C5E-C56A-BCB8-106172A4270F HTTP/1.1" 200 93013
196.251.91.11 - - [28/Feb/2025:13:41:23 +0100] "CONNECT 185.65.245.140:7227 HTTP/1.1" 400 -
66.249.79.172 - - [28/Feb/2025:13:42:47 +0100] "GET /ticket2/opencms/en/venue/?countryid=45F5A414-7E6A-581D-803C-BE75F86B0965 HTTP/1.1" 200 93013
66.249.76.71 - - [28/Feb/2025:13:43:29 +0100] "GET /ticket2/opencms/en/venue/?countryid=12E3BEDF-CE35-CC7F-2705-A98A37B9636B HTTP/1.1" 200 93013
66.249.76.70 - - [28/Feb/2025:13:43:34 +0100] "GET /ticket2/opencms/en/venue/?countryid=73397994-CBFD-79C6-593A-A865ED272E64 HTTP/1.1" 200 93013
8.213.204.121 - - [28/Feb/2025:13:45:39 +0100] "???\S?? ???V?n?vQce??C?xQT???? ???>W?0?E????aK(?N????&????4?&?+?/?,?0????? ??" 400 -
66.249.79.199 - - [28/Feb/2025:13:55:46 +0100] "GET /ticket2/opencms/en/venue/?countryid=D3DB55BA-ABAE-0702-A973-202744AB3BB9 HTTP/1.1" 200 93013
66.249.79.171 - - [28/Feb/2025:13:57:11 +0100] "GET /ticket2/opencms/en/venue/?countryid=39338EA9-6CB0-428E-D26D-7F5D8BBADF63 HTTP/1.1" 200 93013
66.249.76.70 - - [28/Feb/2025:14:02:45 +0100] "GET /ticket2/opencms/en/venue/?countryid=20EFB686-B272-8573-F37B-891928190471 HTTP/1.1" 200 93013
66.249.79.35 - - [28/Feb/2025:14:06:35 +0100] "GET /ticket2/opencms/en/venue/?countryid=3F9833FD-26F3-F144-E677-9F4203CED4E3 HTTP/1.1" 200 93013
66.249.79.98 - - [28/Feb/2025:14:06:48 +0100] "GET /ticket2/opencms/en/venue/?countryid=6A314B5B-08FE-5CDE-C85D-253064810CDA HTTP/1.1" 200 93013
66.249.79.3 - - [28/Feb/2025:14:08:39 +0100] "GET /ticket2/opencms/en/venue/?countryid=EC060DB8-FED8-7431-5B9F-CF7C54F51223 HTTP/1.1" 200 100532
193.68.89.10 - - [28/Feb/2025:14:09:20 +0100] "GET / HTTP/1.1" 404 -
147.185.132.252 - - [28/Feb/2025:14:29:23 +0100] "GET /ticket2/opencms/ HTTP/1.1" 302 -
147.185.132.252 - - [28/Feb/2025:14:29:24 +0100] "GET /ticket2/opencms/en/ HTTP/1.1" 200 66763
66.249.76.70 - - [28/Feb/2025:14:56:44 +0100] "GET /ticket2/opencms/en/venue/?venueid=668FA348-5F37-61C1-5A07-66229040EC65 HTTP/1.1" 200 63676
8.213.204.121 - - [28/Feb/2025:15:08:56 +0100] "????]??????,K???&???tf????K?? ?(??L?xo????-S?1?"C?D??? " 400 -
180.149.126.17 - - [28/Feb/2025:15:17:10 +0100] "GET / HTTP/1.1" 404 -
66.249.76.71 - - [28/Feb/2025:15:21:41 +0100] "GET /ticket2/opencms/sv/buy/?page=6&comcatid=97ECA65A-72DA-F9AF-9DBB-245D3CFED1BE&catid=078F99D4-0B9E-E323-5A07-D7B70F6E8874 HTTP/1.1" 200 70192
66.249.79.35 - - [28/Feb/2025:15:23:41 +0100] "GET /ticket2/opencms/en/venue/?venueid=E6204074-AB92-38FC-E60D-184F55E9757A HTTP/1.1" 200 63648
66.249.79.5 - - [28/Feb/2025:15:24:37 +0100] "GET /ticket2/opencms/sv/sport/fotbollsbiljetter/premier_league/norwich_city/ HTTP/1.1" 200 70620
66.249.76.70 - - [28/Feb/2025:15:25:48 +0100] "GET /ticket2/opencms/en/venue/?venueid=647A017A-A337-874C-385C-B1E6DFFA2A10 HTTP/1.1" 200 63654
66.249.76.71 - - [28/Feb/2025:15:38:41 +0100] "GET /ticket2/opencms/en/venue/?venueid=8C459824-0791-C4B3-96A5-E2175298EB51 HTTP/1.1" 200 63613
3.15.38.101 - - [28/Feb/2025:15:48:13 +0100] "GET / HTTP/1.1" 404 -
3.15.38.101 - - [01/Jan/1970:00:59:59 +0100] "-" 400 -
3.15.38.101 - - [01/Jan/1970:00:59:59 +0100] "-" 400 -
66.249.76.69 - - [28/Feb/2025:15:53:52 +0100] "GET /ticket2/opencms/en/venue/?venueid=9FD9B5FE-D2EF-11EF-6057-BEC9DC67548F HTTP/1.1" 200 63625
193.68.89.51 - - [28/Feb/2025:16:00:04 +0100] "GET / HTTP/1.1" 404 -
193.68.89.10 - - [28/Feb/2025:16:02:01 +0100] "GET / HTTP/1.1" 404 -
5.175.249.83 - - [28/Feb/2025:16:10:47 +0100] "GET / HTTP/1.1" 404 -
4.236.188.181 - - [28/Feb/2025:16:12:56 +0100] "GET /ticket2/opencms/owa/auth/logon.aspx HTTP/1.1" 404 -
66.249.68.3 - - [28/Feb/2025:16:22:24 +0100] "GET /ticket2/opencms/en/login/ HTTP/1.1" 200 65723
66.249.76.69 - - [28/Feb/2025:16:25:21 +0100] "GET /ticket2/opencms/en/venue/?venueid=4D10F6C7-6483-15E8-A9F8-BBF15C7E14A8 HTTP/1.1" 200 63633
66.249.68.36 - - [28/Feb/2025:16:25:24 +0100] "GET /ticket2/opencms/en/venue/?venueid=CC9A440E-B464-CC4E-06EE-F66092FB8CD7 HTTP/1.1" 200 63610
66.249.76.70 - - [28/Feb/2025:16:25:24 +0100] "GET /ticket2/opencms/en/venue/?venueid=F6919005-F697-F5C9-0CDE-A016772170CD HTTP/1.1" 200 63642
66.249.79.197 - - [28/Feb/2025:16:25:48 +0100] "GET /ticket2/opencms/en/venue/?venueid=E18D9E3C-49FF-D0D7-7808-6EA122B326E7 HTTP/1.1" 200 63699
66.249.79.4 - - [28/Feb/2025:16:27:11 +0100] "GET /ticket2/opencms/en/venue/?venueid=58522292-9FB1-E2A9-71BC-483A012096C6 HTTP/1.1" 200 63645
185.91.127.81 - - [28/Feb/2025:16:27:28 +0100] "CONNECT api.ip.pn:443 HTTP/1.1" 400 -
66.249.76.71 - - [28/Feb/2025:16:28:29 +0100] "GET /ticket2/opencms/en/venue/?venueid=0E1AD7DC-F63F-ECC2-9070-B20E7ACF07FC HTTP/1.1" 200 63694
66.249.68.34 - - [28/Feb/2025:16:33:12 +0100] "GET /ticket2/opencms/en/venue/?venueid=25E57B40-ECCD-14A3-704C-5A0B3153DBF3 HTTP/1.1" 200 63630
89.248.165.124 - - [28/Feb/2025:16:34:50 +0100] "CONNECT example.com:443 HTTP/1.1" 400 -
66.249.68.5 - - [28/Feb/2025:16:36:33 +0100] "GET /ticket2/opencms/en/venue/?venueid=B5F8506A-F94F-2596-19B1-8EAC93A69524 HTTP/1.1" 200 63600
66.249.68.3 - - [28/Feb/2025:16:38:24 +0100] "GET /ticket2/opencms/en/venue/?venueid=E10FCD58-11C5-3654-BCB2-8337AC23E995 HTTP/1.1" 200 63606
64.112.74.158 - - [28/Feb/2025:16:41:02 +0100] "GET /ticket2/opencms/ HTTP/1.1" 302 -
66.249.68.36 - - [28/Feb/2025:16:42:21 +0100] "GET /ticket2/opencms/en/venue/?venueid=58271F11-7BB1-711A-F32D-E763F26DC1E9 HTTP/1.1" 200 63636
66.249.79.35 - - [28/Feb/2025:16:43:33 +0100] "GET /ticket2/opencms/en/venue/?venueid=234AF655-CBEF-566E-AA95-4ED8FB9CA8D3 HTTP/1.1" 200 63646
66.249.68.35 - - [28/Feb/2025:16:46:25 +0100] "GET /ticket2/opencms/en/venue/?venueid=5F67BA22-DBBD-331F-861A-48DEE262DDA1 HTTP/1.1" 200 63649
66.249.79.197 - - [28/Feb/2025:16:46:41 +0100] "GET /ticket2/opencms/en/venue/?venueid=D6B932F5-AC31-3BF8-6049-E431104053F1 HTTP/1.1" 200 63658
66.249.79.197 - - [28/Feb/2025:16:47:21 +0100] "GET /ticket2/opencms/en/venue/?venueid=926D0C4B-2C69-EBC6-792F-B301AF32C1A0 HTTP/1.1" 200 63730
20.65.194.60 - - [28/Feb/2025:16:49:33 +0100] "GET /ticket2/opencms/ HTTP/1.1" 302 -
51.138.188.120 - - [28/Feb/2025:16:52:58 +0100] "GET /ticket2/opencms/ HTTP/1.1" 302 -
51.138.188.120 - - [28/Feb/2025:16:52:58 +0100] "GET /ticket2/opencms/en/ HTTP/1.1" 200 66763
66.249.68.3 - - [28/Feb/2025:17:00:25 +0100] "GET /ticket2/opencms/en/venue/?venueid=7D0F0DC6-7ECD-E2A4-C5CD-DFF5AEF26B1F HTTP/1.1" 200 63785
66.249.79.36 - - [28/Feb/2025:17:03:33 +0100] "GET /ticket2/opencms/en/venue/?venueid=F3839010-FA04-80EF-00C0-301AFB1437AD HTTP/1.1" 200 63699
66.249.79.170 - - [28/Feb/2025:17:04:29 +0100] "GET /ticket2/opencms/en/venue/?venueid=A4367703-073E-F76C-5F55-E3DF7EEAE484 HTTP/1.1" 200 63627
162.243.225.50 - - [28/Feb/2025:17:04:36 +0100] "GET / HTTP/1.1" 404 -
162.243.225.50 - - [28/Feb/2025:17:04:37 +0100] "GET /download/powershell/ HTTP/1.1" 404 -
162.243.225.50 - - [28/Feb/2025:17:04:37 +0100] "GET /get.php HTTP/1.1" 404 -
66.249.79.34 - - [28/Feb/2025:17:04:39 +0100] "GET /ticket2/opencms/en/venue/?venueid=EB773635-94F3-7E6F-AC1A-743B06E63C1C HTTP/1.1" 200 63654
66.249.68.68 - - [28/Feb/2025:17:08:47 +0100] "GET /ticket2/opencms/en/venue/?venueid=A2EB5051-2CE6-1081-A940-AC218E058885 HTTP/1.1" 200 63600
66.249.68.35 - - [28/Feb/2025:17:11:34 +0100] "GET /ticket2/opencms/en/venue/?venueid=AF41511E-0B9E-3E6E-A7C7-E2C23F4F1C81 HTTP/1.1" 200 63637
66.249.76.70 - - [28/Feb/2025:17:11:41 +0100] "GET /ticket2/opencms/en/venue/?venueid=373A8158-EF4F-C52F-8418-B13477C2157B HTTP/1.1" 200 63703
66.249.76.69 - - [28/Feb/2025:17:12:40 +0100] "GET /ticket2/opencms/en/venue/?venueid=A0215E07-B078-8AA5-6DA4-5B2EADC61CED HTTP/1.1" 200 63687
66.249.76.69 - - [28/Feb/2025:17:16:11 +0100] "GET /ticket2/opencms/en/venue/?venueid=D18D6787-79C9-168D-043E-699F3EFDABDE HTTP/1.1" 200 63616
66.249.79.100 - - [28/Feb/2025:17:17:48 +0100] "GET /ticket2/opencms/en/venue/?venueid=38BF0C40-6823-C6D1-9FFB-8896B6F987BE HTTP/1.1" 200 63666
66.249.79.172 - - [28/Feb/2025:17:19:40 +0100] "GET /ticket2/opencms/en/venue/?venueid=5DA3516A-811E-075A-C6ED-904902662B17 HTTP/1.1" 200 63616
66.249.68.66 - - [28/Feb/2025:17:19:53 +0100] "GET /ticket2/opencms/en/venue/?venueid=F2980A6F-B64F-4B0C-6D38-4E1B59B5AA8D HTTP/1.1" 200 63651
66.249.76.70 - - [28/Feb/2025:17:20:50 +0100] "GET /ticket2/opencms/en/venue/?venueid=EB77ABB2-7681-5353-78ED-A3ADEC5FE4B1 HTTP/1.1" 200 63636
175.30.48.24 - - [28/Feb/2025:17:21:19 +0100] "GET /ticket2/opencms/ HTTP/1.1" 500 -
66.249.68.34 - - [28/Feb/2025:17:21:41 +0100] "GET /ticket2/opencms/en/venue/?venueid=BC924132-7F96-0646-A878-2E37F8A82CF2 HTTP/1.1" 200 63612
123.145.17.210 - - [28/Feb/2025:17:22:04 +0100] "GET /ticket2/opencms/ HTTP/1.1" 302 -
27.98.228.21 - - [28/Feb/2025:17:22:15 +0100] "GET /ticket2/opencms/en/ HTTP/1.1" 200 66763
58.212.237.40 - - [28/Feb/2025:17:22:18 +0100] "GET /ticket2/opencms/favicon.ico HTTP/1.1" 200 1406
66.249.79.99 - - [28/Feb/2025:17:22:56 +0100] "GET /ticket2/opencms/en/venue/?venueid=D32D7D15-39F6-AD54-233F-8A09600A4A49 HTTP/1.1" 200 63685
66.249.79.198 - - [28/Feb/2025:17:26:34 +0100] "GET /ticket2/opencms/en/venue/?venueid=99F349EB-97D3-4327-F972-D173DD5F2DAA HTTP/1.1" 200 63573
66.249.79.34 - - [28/Feb/2025:17:29:29 +0100] "GET /ticket2/opencms/en/venue/?venueid=F7B4C813-BC84-3E2A-D908-96D8A8EC8EC1 HTTP/1.1" 200 63663
66.249.68.67 - - [28/Feb/2025:17:29:40 +0100] "GET /ticket2/opencms/en/venue/?venueid=FFA115B2-38B9-DF68-21D2-8F2E64EF271D HTTP/1.1" 200 63627
142.93.113.156 - - [28/Feb/2025:17:38:15 +0100] "GET /ticket2/opencms/.env HTTP/1.1" 404 -
66.249.79.3 - - [28/Feb/2025:17:41:51 +0100] "GET /ticket2/opencms/en/venue/?venueid=BB736B8D-452E-548C-9145-71E4BC7BD986 HTTP/1.1" 200 63619
52.167.144.18 - - [28/Feb/2025:17:44:15 +0100] "GET /ticket2/opencms/en/venue/?venueid=1A1BE7E1-DC28-3F19-CF75-C1A0736726D5 HTTP/1.1" 200 63615
78.108.177.54 - - [28/Feb/2025:17:46:09 +0100] "GET / HTTP/1.0" 404 -
66.249.68.35 - - [28/Feb/2025:17:46:48 +0100] "GET /ticket2/opencms/en/venue/?venueid=5A7F3216-3247-9899-48F9-7CCF4571FF29 HTTP/1.1" 200 63630
66.249.79.197 - - [28/Feb/2025:17:47:33 +0100] "GET /ticket2/opencms/en/venue/?venueid=21E564E4-EE31-88E4-856D-538C001ECECA HTTP/1.1" 200 63642
66.249.79.197 - - [28/Feb/2025:17:50:38 +0100] "GET /ticket2/opencms/en/venue/?venueid=7C7F73F8-7DD5-5AD2-5D98-6873788781BA HTTP/1.1" 200 63675
66.249.76.71 - - [28/Feb/2025:17:55:42 +0100] "GET /ticket2/opencms/en/venue/?venueid=6F45CC98-0FF4-9684-10A7-A4EABAFB5F44 HTTP/1.1" 200 63634
193.68.89.10 - - [28/Feb/2025:17:59:01 +0100] "GET / HTTP/1.1" 404 -
66.249.68.68 - - [28/Feb/2025:18:04:44 +0100] "GET /ticket2/opencms/en/venue/?venueid=C7742FBF-52AC-AE6B-D02B-68464EB70BEB HTTP/1.1" 200 63627
66.249.76.71 - - [28/Feb/2025:18:04:46 +0100] "GET /ticket2/opencms/system/modules/com.gridnine.opencms.ticketbrokerage.site/resources/css/jquery.fancybox.css HTTP/1.1" 200 4939
195.246.120.122 - - [28/Feb/2025:18:04:49 +0100] "GET / HTTP/1.0" 404 -
66.249.76.69 - - [28/Feb/2025:18:06:30 +0100] "GET /ticket2/opencms/en/venue/?venueid=B13B57EE-97C9-4B30-06E7-6D52ED8D601C HTTP/1.1" 200 63610
66.249.79.98 - - [28/Feb/2025:18:07:22 +0100] "GET /ticket2/opencms/en/venue/?venueid=58F56EF7-205A-178F-AAD2-A2EA74CB1D0E HTTP/1.1" 200 63619
66.249.79.199 - - [28/Feb/2025:18:11:57 +0100] "GET /ticket2/opencms/en/venue/?venueid=7459A29D-3F4C-884C-C85C-9368023CDEDD HTTP/1.1" 200 63637
66.249.79.199 - - [28/Feb/2025:18:13:24 +0100] "GET /ticket2/opencms/en/venue/?venueid=CEECF1E7-5F75-125A-BBD9-315FE319D489 HTTP/1.1" 200 63633
45.156.129.57 - - [28/Feb/2025:18:16:30 +0100] "GET /ticket2/opencms/ HTTP/1.1" 302 -
45.156.129.57 - - [28/Feb/2025:18:16:30 +0100] "GET /ticket2/opencms/en/ HTTP/1.1" 200 66763
66.249.79.197 - - [28/Feb/2025:18:16:49 +0100] "GET /ticket2/opencms/en/venue/?venueid=57C4265D-1F48-7073-0A99-FC101DE89128 HTTP/1.1" 200 63633
66.249.79.199 - - [28/Feb/2025:18:18:21 +0100] "GET /ticket2/opencms/en/venue/?venueid=849CB8D2-585E-A2B3-5FDB-72B7613BA7D9 HTTP/1.1" 200 63624
66.249.79.197 - - [28/Feb/2025:18:19:38 +0100] "GET /ticket2/opencms/en/venue/?venueid=4B59E4CA-1599-6119-1C68-7B9E529278FF HTTP/1.1" 200 63661
66.249.79.198 - - [28/Feb/2025:18:23:43 +0100] "GET /ticket2/opencms/en/venue/?venueid=299B0156-25AA-7D0B-824A-E86C2DB19BF9 HTTP/1.1" 200 63579
66.249.76.71 - - [28/Feb/2025:18:28:45 +0100] "GET /ticket2/opencms/en/venue/?countryid=44A94E16-590A-CB98-37E9-7B0A55C9B453 HTTP/1.1" 200 93013
66.249.76.71 - - [28/Feb/2025:18:31:40 +0100] "GET /ticket2/opencms/en/venue/?countryid=C5607D99-17A0-74C0-7750-F78B8898600C HTTP/1.1" 200 93013
193.68.89.51 - - [28/Feb/2025:18:32:28 +0100] "GET / HTTP/1.1" 404 -
66.249.79.197 - - [28/Feb/2025:18:32:46 +0100] "GET /ticket2/opencms/en/venue/?countryid=D2CF2CB4-9396-305E-92AF-B785C8723E40 HTTP/1.1" 200 93013
66.249.79.197 - - [28/Feb/2025:18:33:11 +0100] "GET /ticket2/opencms/en/venue/?countryid=8C7CF186-03F6-C097-A350-C9F7394E9D8F HTTP/1.1" 200 93013
66.249.76.71 - - [28/Feb/2025:18:35:41 +0100] "GET /ticket2/opencms/sv/buy/?page=6&comcatid=A17713B6-D984-201A-4143-ED4DB5ED5C2E&catid=64756941-02D2-3538-2077-8C2508F4A3A8 HTTP/1.1" 200 75653
66.249.79.199 - - [28/Feb/2025:18:36:39 +0100] "GET /ticket2/opencms/sv/buy/?page=6&comcatid=A17713B6-D984-201A-4143-ED4DB5ED5C2E&catid=7BADFFFB-57C5-5DBC-E7EB-B45075B3D8F9 HTTP/1.1" 200 75658
66.249.79.197 - - [28/Feb/2025:18:37:33 +0100] "GET /ticket2/opencms/sv/buy/?page=1&edid=54777665-C11F-0F11-581A-52B69510C3F1 HTTP/1.1" 200 81255
66.249.79.198 - - [28/Feb/2025:18:38:22 +0100] "GET /ticket2/opencms/sv/buy/?page=6&comcatid=A17713B6-D984-201A-4143-ED4DB5ED5C2E&catid=7ACC33AD-EE7E-AAA7-9050-0F4587759B87 HTTP/1.1" 200 75655
66.249.79.198 - - [28/Feb/2025:18:43:35 +0100] "GET /ticket2/opencms/sv/buy/?page=6&comcatid=A17713B6-D984-201A-4143-ED4DB5ED5C2E&catid=0A6C99D2-F5BD-7A18-9A5F-5668827042E0&eventid=AE8A6CAA-9529-DB54-69E5-B3169B36CD6E HTTP/1.1" 200 78640
170.64.230.178 - - [28/Feb/2025:18:44:40 +0100] "GET /ticket2/opencms/.git/config HTTP/1.1" 404 -
66.249.76.70 - - [28/Feb/2025:18:45:45 +0100] "GET /ticket2/opencms/sv/buy/?page=6&comcatid=A17713B6-D984-201A-4143-ED4DB5ED5C2E&catid=C48671DB-5AEB-8CE2-928E-38417FFBE085 HTTP/1.1" 200 75650
66.249.79.198 - - [28/Feb/2025:18:46:34 +0100] "GET /ticket2/opencms/sv/buy/?page=6&comcatid=A17713B6-D984-201A-4143-ED4DB5ED5C2E&catid=3B549160-8B9C-E872-44A9-20FEA86B30E8 HTTP/1.1" 200 75650
66.249.79.198 - - [28/Feb/2025:18:47:24 +0100] "GET /ticket2/opencms/sv/buy/?page=6&comcatid=A17713B6-D984-201A-4143-ED4DB5ED5C2E&catid=2FC3D548-EAF9-1354-0CD2-7D7619DA2334 HTTP/1.1" 200 75645
66.249.79.197 - - [28/Feb/2025:18:49:51 +0100] "GET /ticket2/opencms/sv/buy/?page=6&comcatid=A17713B6-D984-201A-4143-ED4DB5ED5C2E&catid=06324577-7173-BAB0-146D-E644C912F7C1 HTTP/1.1" 200 75654
66.249.79.198 - - [28/Feb/2025:18:50:34 +0100] "GET /ticket2/opencms/sv/buy/?page=6&comcatid=A17713B6-D984-201A-4143-ED4DB5ED5C2E&catid=AE3FE643-AE41-BAA6-237D-5206D1B044A1 HTTP/1.1" 200 75650
66.249.79.198 - - [28/Feb/2025:18:51:42 +0100] "GET /ticket2/opencms/sv/buy/?page=6&comcatid=A17713B6-D984-201A-4143-ED4DB5ED5C2E&catid=515A9A29-35A0-2DB8-262B-AEF122DB04F6 HTTP/1.1" 200 75650
66.249.79.197 - - [28/Feb/2025:18:58:56 +0100] "GET /ticket2/opencms/robots.txt HTTP/1.1" 200 773
66.249.79.198 - - [28/Feb/2025:18:58:56 +0100] "GET /ticket2/opencms/sv/buy/?page=6&comcatid=66708183-7480-3365-06BF-DBF60280AB45 HTTP/1.1" 200 66822
66.249.76.69 - - [28/Feb/2025:19:01:20 +0100] "GET /ticket2/opencms/robots.txt HTTP/1.1" 200 773
66.249.76.70 - - [28/Feb/2025:19:01:21 +0100] "GET /ticket2/opencms/sv/buy/?page=6&comcatid=97ECA65A-72DA-F9AF-9DBB-245D3CFED1BE&catid=2E79AED8-FF58-B4E8-AFB0-43E7CEBE7864 HTTP/1.1" 200 70190
66.249.79.197 - - [28/Feb/2025:19:01:23 +0100] "GET /ticket2/opencms/sv/buy/?page=6&comcatid=97ECA65A-72DA-F9AF-9DBB-245D3CFED1BE&catid=1656E964-1E02-9A38-D092-65384E60B6EA HTTP/1.1" 200 70190
66.249.79.198 - - [28/Feb/2025:19:01:51 +0100] "GET /ticket2/opencms/sv/buy/?page=6&comcatid=97ECA65A-72DA-F9AF-9DBB-245D3CFED1BE&catid=F7F89B9B-6697-7881-54AE-4C39276BF1B8 HTTP/1.1" 200 70194
66.249.79.197 - - [28/Feb/2025:19:03:10 +0100] "GET /ticket2/opencms/robots.txt HTTP/1.1" 200 773
66.249.79.197 - - [28/Feb/2025:19:03:10 +0100] "GET /ticket2/opencms/sv/buy/?page=6&comcatid=97ECA65A-72DA-F9AF-9DBB-245D3CFED1BE&catid=6CD184E8-C8D4-E1CC-33D0-6F47E3751240 HTTP/1.1" 200 70194
66.249.79.199 - - [28/Feb/2025:19:03:33 +0100] "GET /ticket2/opencms/sv/buy/?page=6&comcatid=97ECA65A-72DA-F9AF-9DBB-245D3CFED1BE&catid=757E2DFB-33DA-9B34-8402-9F06B19D8409 HTTP/1.1" 200 70198
66.249.79.197 - - [28/Feb/2025:19:03:34 +0100] "GET /ticket2/opencms/sv/buy/?page=6&comcatid=97ECA65A-72DA-F9AF-9DBB-245D3CFED1BE&catid=8732E72C-A028-EA8C-4D4D-DEB44E2A28A8 HTTP/1.1" 200 70192
66.249.76.69 - - [28/Feb/2025:19:03:37 +0100] "GET /ticket2/opencms/en/venue/?venueid=1781EF85-5958-DE3C-8638-41C4B27C134F HTTP/1.1" 200 63636
66.249.79.197 - - [28/Feb/2025:19:03:44 +0100] "GET /ticket2/opencms/en/venue/?venueid=555C346E-314C-BAB1-EEE9-34C0C53F233E HTTP/1.1" 200 63651
66.249.79.199 - - [28/Feb/2025:19:08:34 +0100] "GET /ticket2/opencms/robots.txt HTTP/1.1" 200 773
66.249.79.199 - - [28/Feb/2025:19:08:35 +0100] "GET /ticket2/opencms/en/venue/?venueid=C948C20F-6B80-6163-4A1E-DA4F8CD35A04 HTTP/1.1" 200 63616
66.249.79.197 - - [28/Feb/2025:19:12:34 +0100] "GET /ticket2/opencms/en/venue/?venueid=A47741F4-A804-4C3E-9C11-32CCAFD2A999 HTTP/1.1" 200 63582
66.249.79.198 - - [28/Feb/2025:19:13:25 +0100] "GET /ticket2/opencms/en/venue/?venueid=944F5225-618C-A921-3A24-D2EE137E7F20 HTTP/1.1" 200 63654
66.249.79.199 - - [28/Feb/2025:19:16:13 +0100] "GET /ticket2/opencms/en/venue/?venueid=FC8DDB09-F14A-5C0D-F847-DA242DC6B194 HTTP/1.1" 200 63639
66.249.79.199 - - [28/Feb/2025:19:16:50 +0100] "GET /ticket2/opencms/en/venue/?venueid=66CAA8A1-0259-F3AA-7522-0F138635803F HTTP/1.1" 200 63612
66.249.79.199 - - [28/Feb/2025:19:17:50 +0100] "GET /ticket2/opencms/en/venue/?venueid=7BD510BA-66ED-BD81-C7E6-93151822D0BB HTTP/1.1" 200 63619
66.249.79.198 - - [28/Feb/2025:19:18:24 +0100] "GET /ticket2/opencms/en/venue/?venueid=22FBA63B-CC18-3864-F1A1-268F2EA93F27 HTTP/1.1" 200 63633
185.91.127.81 - - [28/Feb/2025:19:21:47 +0100] "CONNECT api.ip.pn:443 HTTP/1.1" 400 -
66.249.79.197 - - [28/Feb/2025:19:22:57 +0100] "GET /ticket2/opencms/en/venue/?venueid=5083F3B6-5540-C301-C1BD-F0A316E5C281 HTTP/1.1" 200 63643
66.249.79.199 - - [28/Feb/2025:19:25:34 +0100] "GET /ticket2/opencms/en/venue/?venueid=4A86096C-BDB9-466D-4A7C-CDB7210B5799 HTTP/1.1" 200 63646
185.242.226.109 - - [28/Feb/2025:19:26:13 +0100] "GET /ticket2/opencms/favicon.ico HTTP/1.1" 200 1406
185.242.226.109 - - [28/Feb/2025:19:26:14 +0100] "GET /ticket2/opencms/ HTTP/1.1" 302 -
185.242.226.109 - - [28/Feb/2025:19:26:14 +0100] "GET /ticket2/opencms/en/ HTTP/1.1" 200 66763
66.249.79.198 - - [28/Feb/2025:19:27:22 +0100] "GET /ticket2/opencms/en/venue/?venueid=4EB034C0-D86F-D5F7-FAA5-91C31087B971 HTTP/1.1" 200 63616
66.249.76.69 - - [28/Feb/2025:19:28:21 +0100] "GET /ticket2/opencms/en/venue/?venueid=EB1108B8-23F0-F2F3-59CD-61ADBB1E21B7 HTTP/1.1" 200 63627
192.154.253.6 - - [28/Feb/2025:19:35:18 +0100] "GET /login HTTP/1.1" 404 -
66.249.79.199 - - [28/Feb/2025:19:36:11 +0100] "GET /ticket2/opencms/en/venue/?venueid=161C816B-5393-87DD-7C00-0A52E6B6AAA6 HTTP/1.1" 200 63699
66.249.76.71 - - [28/Feb/2025:19:36:24 +0100] "GET /ticket2/opencms/en/venue/?venueid=AD7EE4D5-94F2-8F40-9E84-6B1A25E8F1D7 HTTP/1.1" 200 63621
66.249.79.198 - - [28/Feb/2025:19:37:21 +0100] "GET /ticket2/opencms/en/venue/?venueid=D434AE02-AB29-D177-2A2C-50E7109200D0 HTTP/1.1" 200 63585
193.68.89.10 - - [28/Feb/2025:19:38:43 +0100] "GET / HTTP/1.1" 404 -
66.249.79.198 - - [28/Feb/2025:19:41:11 +0100] "GET /ticket2/opencms/en/venue/?venueid=A349DBED-07A6-8985-882B-FBE6633B82A6 HTTP/1.1" 200 63613
66.249.79.197 - - [28/Feb/2025:19:43:50 +0100] "GET /ticket2/opencms/en/venue/?venueid=647BD788-7B05-E059-BBD3-E91B79E1D17A HTTP/1.1" 200 63610
