193.68.89.51 - - [28/Feb/2025:00:07:00 +0100] "GET / HTTP/1.1" 404 -
193.68.89.10 - - [28/Feb/2025:00:09:36 +0100] "GET / HTTP/1.1" 404 -
109.236.61.95 - - [28/Feb/2025:00:10:49 +0100] "??%{ "Ret" : 100, "SessionID" : "0x0" }" 400 -
91.224.92.10 - - [28/Feb/2025:00:14:06 +0100] "GET / HTTP/1.1" 404 -
66.249.79.199 - - [28/Feb/2025:00:18:41 +0100] "GET /ticket2/opencms/en/venue/?venueid=73F2F83F-35FC-D320-77FF-C349F98B1063 HTTP/1.1" 200 63639
66.249.76.77 - - [28/Feb/2025:00:20:10 +0100] "GET /ticket2/opencms/en/about/ HTTP/1.1" 200 63237
66.249.79.199 - - [28/Feb/2025:00:24:21 +0100] "GET /ticket2/opencms/en/venue/?venueid=F01492AB-E24E-0642-65F1-7BCAAE719FAD HTTP/1.1" 200 63630
185.242.226.109 - - [28/Feb/2025:00:25:42 +0100] "GET /ticket2/opencms/favicon.ico HTTP/1.1" 200 1406
185.242.226.109 - - [28/Feb/2025:00:25:43 +0100] "GET /ticket2/opencms/ HTTP/1.1" 302 -
185.242.226.109 - - [28/Feb/2025:00:25:43 +0100] "GET /ticket2/opencms/en/ HTTP/1.1" 200 66763
66.249.76.71 - - [28/Feb/2025:00:26:24 +0100] "GET /ticket2/opencms/en/venue/?venueid=A502B85D-FA3A-D3A7-5EFE-6BCDFD24AF78 HTTP/1.1" 200 63652
66.249.79.197 - - [28/Feb/2025:00:27:33 +0100] "GET /ticket2/opencms/sv/login/ HTTP/1.1" 200 67145
66.249.79.198 - - [28/Feb/2025:00:27:56 +0100] "GET /ticket2/opencms/sv/about/press/ HTTP/1.1" 200 66053
66.249.79.197 - - [28/Feb/2025:00:32:26 +0100] "GET /ticket2/opencms/en/venue/?venueid=BE099EDC-92F5-295D-5F82-387E8463882F HTTP/1.1" 200 63646
195.178.110.163 - - [28/Feb/2025:00:33:41 +0100] "??a?????b?Q?&??b??7+???(?^S ??3?[J????^????@jRc??z?/C%?6&?+?/?,?0????? ??" 400 -
195.178.110.163 - - [28/Feb/2025:00:33:41 +0100] "GET / HTTP/1.1" 404 -
195.178.110.163 - - [01/Jan/1970:00:59:59 +0100] "-" 400 -
195.178.110.163 - - [28/Feb/2025:00:33:41 +0100] "GET / HTTP/1.1" 404 -
195.178.110.163 - - [28/Feb/2025:00:33:41 +0100] "GET /.env_sample HTTP/1.1" 404 -
195.178.110.163 - - [28/Feb/2025:00:33:42 +0100] "GET /.env.stage HTTP/1.1" 404 -
195.178.110.163 - - [28/Feb/2025:00:33:42 +0100] "GET /media../.git/config HTTP/1.1" 404 -
195.178.110.163 - - [28/Feb/2025:00:33:42 +0100] "GET /media/.git/config HTTP/1.1" 404 -
195.178.110.163 - - [28/Feb/2025:00:33:42 +0100] "GET /.aws/credentials HTTP/1.1" 404 -
195.178.110.163 - - [28/Feb/2025:00:33:42 +0100] "GET /.env.dev HTTP/1.1" 404 -
195.178.110.163 - - [28/Feb/2025:00:33:42 +0100] "GET /.env.prod HTTP/1.1" 404 -
195.178.110.163 - - [28/Feb/2025:00:33:43 +0100] "GET /dev/.git/config HTTP/1.1" 404 -
195.178.110.163 - - [28/Feb/2025:00:33:43 +0100] "GET /.env.backup HTTP/1.1" 404 -
195.178.110.163 - - [28/Feb/2025:00:33:44 +0100] "GET /config.json HTTP/1.1" 404 -
66.249.79.36 - - [28/Feb/2025:00:34:44 +0100] "GET /ticket2/opencms/en/about/press/ HTTP/1.1" 200 64283
66.249.76.70 - - [28/Feb/2025:00:36:27 +0100] "GET /ticket2/opencms/en/venue/?venueid=86DEA7DE-EC8B-6F7F-4E07-89780910ACCD HTTP/1.1" 200 63633
66.249.76.69 - - [28/Feb/2025:00:36:28 +0100] "GET /ticket2/opencms/en/venue/?venueid=4F6CE75C-00EC-8F29-1F06-5A9D53AC5494 HTTP/1.1" 200 63624
66.249.68.3 - - [28/Feb/2025:00:39:30 +0100] "GET /ticket2/opencms/en/venue/?venueid=C5476B3C-0464-46FE-ABA4-218B7E7B42C3 HTTP/1.1" 200 63616
66.249.76.70 - - [28/Feb/2025:00:47:32 +0100] "GET /ticket2/opencms/en/venue/?venueid=A80A0A61-7C37-1A40-97CB-2266617DAAEF HTTP/1.1" 200 63604
66.249.79.197 - - [28/Feb/2025:00:50:56 +0100] "GET /ticket2/opencms/sv/buy/?page=6&comcatid=0A6B8208-FDA4-E929-9D72-5312FD481B76&catid=3A56B1C2-6FFB-C8D1-B229-B3914D5FF8DF HTTP/1.1" 200 68737
66.249.79.198 - - [28/Feb/2025:00:53:50 +0100] "GET /ticket2/opencms/sv/buy/?page=6&comcatid=0A6B8208-FDA4-E929-9D72-5312FD481B76&catid=26594C33-56CE-F529-FAF3-61AB33F74A3B HTTP/1.1" 200 68732
66.249.79.197 - - [28/Feb/2025:00:54:22 +0100] "GET /ticket2/opencms/sv/newsletter/ HTTP/1.1" 200 68812
66.249.79.170 - - [28/Feb/2025:00:57:50 +0100] "GET /ticket2/opencms/sv/buy/?page=6&comcatid=0A6B8208-FDA4-E929-9D72-5312FD481B76&catid=465306FD-802C-5175-10FF-40E426DD2769 HTTP/1.1" 200 68729
66.249.76.74 - - [28/Feb/2025:00:59:10 +0100] "GET /ticket2/opencms/sv/buy/?page=6&comcatid=0A6B8208-FDA4-E929-9D72-5312FD481B76&catid=8E4972FC-6E2C-77A4-BB9D-D67BD270A641 HTTP/1.1" 200 68725
66.249.76.74 - - [28/Feb/2025:00:59:32 +0100] "GET /ticket2/opencms/en/buy/?page=10&eventid=6FF9EBE1-05EE-AA1E-A54F-A9D14CF13922 HTTP/1.1" 200 64972
218.157.37.145 - - [28/Feb/2025:00:59:52 +0100] "GET / HTTP/1.0" 404 -
193.68.89.51 - - [28/Feb/2025:01:00:19 +0100] "GET / HTTP/1.1" 404 -
66.249.79.172 - - [28/Feb/2025:01:02:24 +0100] "GET /ticket2/opencms/en/venue/?venueid=7E50D8FA-8534-B576-687A-11043ABCF62E HTTP/1.1" 200 63621
66.249.79.199 - - [28/Feb/2025:01:03:40 +0100] "GET /ticket2/opencms/sv/buy/?page=6&comcatid=66708183-7480-3365-06BF-DBF60280AB45&catid=8C381435-A1E8-94AF-2C58-D133FCA44A31 HTTP/1.1" 200 66887
66.249.79.171 - - [28/Feb/2025:01:08:40 +0100] "GET /ticket2/opencms/en/venue/?venueid=725EAA96-3504-C885-60D8-51C3C379F292 HTTP/1.1" 200 63687
66.249.76.71 - - [28/Feb/2025:01:09:26 +0100] "GET /ticket2/opencms/en/venue/?venueid=7BE96A80-409A-37FB-9444-3580682D6340 HTTP/1.1" 200 63610
66.249.68.5 - - [28/Feb/2025:01:10:51 +0100] "GET /ticket2/opencms/en/venue/?venueid=EEC9C18B-9209-5406-9714-41066401B581 HTTP/1.1" 200 63633
45.156.128.130 - - [28/Feb/2025:01:12:15 +0100] "GET / HTTP/1.1" 404 -
66.249.76.71 - - [28/Feb/2025:01:12:55 +0100] "GET /ticket2/opencms/en/venue/?venueid=8A17268F-190C-08C5-2317-BAB591EDC85C HTTP/1.1" 200 63679
66.249.68.68 - - [28/Feb/2025:01:17:24 +0100] "GET /ticket2/opencms/en/venue/?venueid=DB39254B-3E28-48BE-15E1-03374B8325A4 HTTP/1.1" 200 63648
66.249.68.3 - - [28/Feb/2025:01:17:27 +0100] "GET /ticket2/opencms/en/venue/?venueid=F046937B-FFC0-00AC-D134-B33C39D677F6 HTTP/1.1" 200 63649
66.249.76.76 - - [28/Feb/2025:01:24:22 +0100] "GET /ticket2/opencms/en/venue/?venueid=95CCD412-176D-D071-F94A-43E24D65C863 HTTP/1.1" 200 63634
141.255.166.90 - - [28/Feb/2025:01:25:27 +0100] "GET /cgi-bin/luci/;stok=/locale HTTP/1.1" 404 -
66.249.79.171 - - [28/Feb/2025:01:25:29 +0100] "GET /ticket2/opencms/en/venue/?venueid=3E052964-D5DB-7727-FFA4-1BA16C172E21 HTTP/1.1" 200 63604
66.249.76.76 - - [28/Feb/2025:01:25:35 +0100] "GET /ticket2/opencms/en/venue/?venueid=E7FBE66B-7C5F-E919-4130-134662E3910C HTTP/1.1" 200 63624
92.255.57.58 - - [28/Feb/2025:01:28:12 +0100] "GET /ticket2/opencms/actuator/gateway/routes HTTP/1.1" 404 -
66.249.79.171 - - [28/Feb/2025:01:28:52 +0100] "GET /ticket2/opencms/en/venue/?venueid=2EFE9339-3EE6-E1A3-A76E-4A84BA1E2E4F HTTP/1.1" 200 63657
66.249.79.3 - - [28/Feb/2025:01:29:24 +0100] "GET /ticket2/opencms/en/venue/?venueid=7BD77886-EABB-0102-DEA6-90F7064F9107 HTTP/1.1" 200 63604
66.249.76.70 - - [28/Feb/2025:01:32:25 +0100] "GET /ticket2/opencms/en/venue/?venueid=A301B0C2-F71E-4DB0-24CC-ECF0C1A755C2 HTTP/1.1" 200 63574
66.249.76.71 - - [28/Feb/2025:01:36:48 +0100] "GET /ticket2/opencms/en/venue/?venueid=924F6A71-B6FB-26C5-04CA-1B49F86B9FF1 HTTP/1.1" 200 63660
66.249.76.69 - - [28/Feb/2025:01:39:27 +0100] "GET /ticket2/opencms/en/venue/?venueid=3ED5EA9D-5706-84F2-16D2-FC98CC15FF4D HTTP/1.1" 200 63634
193.68.89.51 - - [28/Feb/2025:01:45:05 +0100] "GET / HTTP/1.1" 404 -
66.249.76.77 - - [28/Feb/2025:01:46:42 +0100] "GET /ticket2/opencms/en/venue/?venueid=E687CB5D-1F58-A3FC-2BFA-4F29DD5C8850 HTTP/1.1" 200 63607
66.249.79.3 - - [28/Feb/2025:01:47:21 +0100] "GET /ticket2/opencms/en/venue/?venueid=8C3A154B-2F7E-FD19-F863-0D39CE53C467 HTTP/1.1" 200 63648
66.249.76.75 - - [28/Feb/2025:01:47:29 +0100] "GET /ticket2/opencms/en/venue/?venueid=FECA8F49-02CA-5614-CDE6-83282EC6D5D0 HTTP/1.1" 200 63618
81.171.3.204 - - [28/Feb/2025:01:49:02 +0100] "GET /ticket2/opencms/ HTTP/1.1" 302 -
45.156.129.52 - - [28/Feb/2025:01:53:53 +0100] "GET /ticket2/opencms/ HTTP/1.1" 302 -
45.156.129.52 - - [28/Feb/2025:01:53:54 +0100] "GET /ticket2/opencms/en/ HTTP/1.1" 200 66763
66.249.79.197 - - [28/Feb/2025:01:54:26 +0100] "GET /ticket2/opencms/en/venue/?venueid=40BC3D00-46E6-20A0-5D8C-1C84088AAF36 HTTP/1.1" 200 63595
66.249.68.67 - - [28/Feb/2025:01:54:32 +0100] "GET /ticket2/opencms/en/venue/?venueid=19325984-0026-6C0D-6440-F86BAED52A7D HTTP/1.1" 200 63592
66.249.79.5 - - [28/Feb/2025:01:55:41 +0100] "GET /ticket2/opencms/en/venue/?countryid=4F2F2232-9A95-D0E1-F5ED-FFF77C15BB0E HTTP/1.1" 200 107855
185.224.0.160 - - [28/Feb/2025:01:56:43 +0100] "GET /script HTTP/1.1" 404 -
66.249.68.34 - - [28/Feb/2025:01:57:28 +0100] "GET /ticket2/opencms/en/venue/?venueid=6EE9D0D2-BB74-C6F6-8AEF-6C13077000FE HTTP/1.1" 200 63613
45.156.128.43 - - [28/Feb/2025:02:01:00 +0100] "GET /ticket2/opencms/ HTTP/1.1" 302 -
45.156.128.43 - - [28/Feb/2025:02:01:01 +0100] "GET /ticket2/opencms/en/ HTTP/1.1" 200 66763
66.249.79.35 - - [28/Feb/2025:02:05:10 +0100] "GET /ticket2/opencms/en/buy/?page=10&eventid=3A13A888-618B-2302-3F7A-4345B50004DA&column= HTTP/1.1" 200 64967
66.249.68.4 - - [28/Feb/2025:02:05:48 +0100] "GET /ticket2/opencms/en/venue/?venueid=51FC812B-C1B1-D7F6-AA86-5EF0B49A7C89 HTTP/1.1" 200 63651
66.249.79.98 - - [28/Feb/2025:02:06:33 +0100] "GET /ticket2/opencms/en/buy/?page=10&eventid=4BFE0049-E26D-F28C-59BF-33D4A5B123CD&column= HTTP/1.1" 200 64967
66.249.79.35 - - [28/Feb/2025:02:07:31 +0100] "GET /ticket2/opencms/en/venue/?venueid=4A86096C-BDB9-466D-4A7C-CDB7210B5799 HTTP/1.1" 200 63646
66.249.79.198 - - [28/Feb/2025:02:08:32 +0100] "GET /ticket2/opencms/it/sport/ HTTP/1.1" 200 67086
141.255.166.90 - - [28/Feb/2025:02:08:40 +0100] "GET /cgi-bin/luci/;stok=/locale HTTP/1.1" 404 -
176.65.141.137 - - [28/Feb/2025:02:09:03 +0100] "CONNECT 193.149.189.126:7227 HTTP/1.1" 400 -
3.15.38.101 - - [28/Feb/2025:02:09:15 +0100] "GET /ticket2/opencms/ HTTP/1.1" 302 -
3.15.38.101 - - [28/Feb/2025:02:09:16 +0100] "GET /ticket2/opencms/en/ HTTP/1.1" 200 66763
66.249.76.76 - - [28/Feb/2025:02:09:24 +0100] "GET /ticket2/opencms/en/venue/?venueid=C5F64BBB-8A8A-B218-4636-88A4C2E914C4 HTTP/1.1" 200 63663
66.249.79.198 - - [28/Feb/2025:02:09:34 +0100] "GET /ticket2/opencms/en/venue/?venueid=9BA11813-1BA7-6819-B15A-123C5E3D834D HTTP/1.1" 200 63609
66.249.79.5 - - [28/Feb/2025:02:11:47 +0100] "GET /ticket2/opencms/en/venue/?venueid=0EB0D100-3DC6-5264-8D3B-F5AE296F5DFE HTTP/1.1" 200 63705
66.249.68.36 - - [28/Feb/2025:02:13:33 +0100] "GET /ticket2/opencms/en/venue/?venueid=8CFC3D89-30A6-4F45-212C-6A9F575010B5 HTTP/1.1" 200 63636
66.249.68.66 - - [28/Feb/2025:02:13:38 +0100] "GET /ticket2/opencms/en/venue/?venueid=56D23316-45BB-EAED-210C-AAB7AC1B2B81 HTTP/1.1" 200 63609
66.249.79.99 - - [28/Feb/2025:02:15:50 +0100] "GET /ticket2/opencms/en/venue/?venueid=9EFDE8EF-581C-D81F-842B-7194E2AD230B HTTP/1.1" 200 63649
66.249.68.3 - - [28/Feb/2025:02:15:56 +0100] "GET /ticket2/opencms/en/venue/?venueid=607B4CDA-3D24-91FF-EFA3-BE6FF8649434 HTTP/1.1" 200 63652
66.249.76.70 - - [28/Feb/2025:02:17:36 +0100] "GET /ticket2/opencms/en/venue/?venueid=3EE4FE55-15E3-AF2C-FE6F-193C6997CCEA HTTP/1.1" 200 63628
66.249.79.98 - - [28/Feb/2025:02:17:50 +0100] "GET /ticket2/opencms/en/venue/?venueid=255EC0A2-CFF1-A438-835D-B03A710178CE HTTP/1.1" 200 63600
66.249.79.98 - - [28/Feb/2025:02:18:21 +0100] "GET /ticket2/opencms/en/venue/?venueid=CB444C4A-4CCE-4670-714E-21D950F578CB HTTP/1.1" 200 63646
66.249.68.35 - - [28/Feb/2025:02:23:45 +0100] "GET /ticket2/opencms/en/venue/?venueid=A554AEB0-11D4-3E72-6DEE-23BC1DD374D4 HTTP/1.1" 200 63618
66.249.79.197 - - [28/Feb/2025:02:24:25 +0100] "GET /ticket2/opencms/en/venue/?venueid=6F45CC98-0FF4-9684-10A7-A4EABAFB5F44 HTTP/1.1" 200 63634
66.249.79.3 - - [28/Feb/2025:02:27:48 +0100] "GET /ticket2/opencms/en/venue/?venueid=D60D6CCF-C522-9251-DD37-F7D629607D55 HTTP/1.1" 200 63637
66.249.68.35 - - [28/Feb/2025:02:32:27 +0100] "GET /ticket2/opencms/en/venue/?venueid=70AA4849-07BC-CB86-8CD6-03E82E5FE632 HTTP/1.1" 200 63606
66.249.79.35 - - [28/Feb/2025:02:34:47 +0100] "GET /ticket2/opencms/en/venue/?venueid=52D842B3-7FB7-16D9-C928-E0FBBB2FAC8C HTTP/1.1" 200 63603
66.249.76.76 - - [28/Feb/2025:02:35:39 +0100] "GET /ticket2/opencms/en/venue/?venueid=15F8136B-CA21-08A9-E12F-B2DEA2740D74 HTTP/1.1" 200 63613
193.68.89.51 - - [28/Feb/2025:02:36:02 +0100] "GET / HTTP/1.1" 404 -
66.249.79.98 - - [28/Feb/2025:02:38:25 +0100] "GET /ticket2/opencms/en/venue/?venueid=CD32B3F7-34D3-CF7E-6DBA-DDCFD6F1CB57 HTTP/1.1" 200 63728
66.249.76.69 - - [28/Feb/2025:02:39:28 +0100] "GET /ticket2/opencms/en/venue/?countryid=A95940B8-9D24-555E-8502-7702CF57B799 HTTP/1.1" 200 93013
66.249.76.71 - - [28/Feb/2025:02:47:30 +0100] "GET /ticket2/opencms/en/venue/?venueid=FA666C19-3DA3-0D92-7BB2-08926CE77F9C HTTP/1.1" 200 63598
66.249.79.34 - - [28/Feb/2025:02:47:44 +0100] "GET /ticket2/opencms/en/venue/?venueid=161A08B3-6577-E39F-77EB-E23A8297DE1F HTTP/1.1" 200 63649
66.249.76.69 - - [28/Feb/2025:02:48:24 +0100] "GET /ticket2/opencms/en/venue/?venueid=F7721241-E76C-92B6-9AE8-D3417BDAEEF1 HTTP/1.1" 200 63769
66.249.79.99 - - [28/Feb/2025:02:48:39 +0100] "GET /ticket2/opencms/en/venue/?venueid=753FF712-B99D-3B71-760E-1B27349FD0F1 HTTP/1.1" 200 63654
66.249.76.69 - - [28/Feb/2025:02:54:23 +0100] "GET /ticket2/opencms/en/venue/?venueid=74835483-DDAC-3DE1-0EB1-B44B58F2B260 HTTP/1.1" 200 63657
66.249.79.3 - - [28/Feb/2025:02:54:27 +0100] "GET /ticket2/opencms/en/venue/?venueid=49391045-8C61-FC04-D66B-30CA890C2B86 HTTP/1.1" 200 63643
66.249.76.71 - - [28/Feb/2025:02:56:29 +0100] "GET /ticket2/opencms/en/venue/?venueid=FE0A6C11-4A73-F647-BBF2-5FB155F67517 HTTP/1.1" 200 63657
66.249.79.170 - - [28/Feb/2025:02:56:41 +0100] "GET /ticket2/opencms/en/venue/?countryid=F6743C3E-06B9-E773-142B-1B90866C1373 HTTP/1.1" 200 93013
66.249.68.36 - - [28/Feb/2025:02:57:40 +0100] "GET /ticket2/opencms/en/venue/?venueid=FFAD140D-D3E3-13F5-E204-505E06314019 HTTP/1.1" 200 63609
66.249.76.77 - - [28/Feb/2025:03:01:29 +0100] "GET /ticket2/opencms/en/buy/?page=10&eventid=B1E27EAD-2DAB-B132-68A0-815602472CC3&column= HTTP/1.1" 200 64965
66.249.68.34 - - [28/Feb/2025:03:02:29 +0100] "GET /ticket2/opencms/en/venue/?venueid=2518510D-FB74-EF77-3887-A2E874444251 HTTP/1.1" 200 63640
147.185.132.237 - - [28/Feb/2025:03:04:10 +0100] "??Vxc?c90n??4???C$?}?sR+?l???? _???)??????g????C?b|?l?(???/?&?+?/?,?0????? ??" 400 -
147.185.132.237 - - [28/Feb/2025:03:04:10 +0100] "???%?/?@?M?[???N???f?DiQZ?5h???/?+?0?,???'?#?? ?(?$?? " 400 -
66.249.68.35 - - [28/Feb/2025:03:07:57 +0100] "GET /ticket2/opencms/en/venue/?venueid=32051022-6465-48E2-B723-D5151C235369 HTTP/1.1" 200 63637
20.150.200.77 - - [28/Feb/2025:03:08:30 +0100] "GET /ticket2/opencms/owa/auth/x.js HTTP/1.1" 404 -
66.249.79.4 - - [28/Feb/2025:03:09:30 +0100] "GET /ticket2/opencms/en/venue/?venueid=D04DA2B1-F40A-DB32-0B82-87293ED21BA3 HTTP/1.1" 200 63637
66.249.68.67 - - [28/Feb/2025:03:10:24 +0100] "GET /ticket2/opencms/en/venue/?venueid=B89238A7-33DE-D8CE-390C-74DE6BAEC919 HTTP/1.1" 200 63619
66.249.79.98 - - [28/Feb/2025:03:10:32 +0100] "GET /ticket2/opencms/en/venue/?venueid=E3ABC6CE-4A60-827E-3753-FDF36F1A3D41 HTTP/1.1" 200 63615
66.249.79.34 - - [28/Feb/2025:03:10:39 +0100] "GET /ticket2/opencms/en/venue/?venueid=58B4DCF4-B9EB-0383-CA2D-EA5126921C04 HTTP/1.1" 200 63622
66.249.79.197 - - [28/Feb/2025:03:17:32 +0100] "GET /ticket2/opencms/en/venue/?venueid=D9365E4D-49BE-CD44-E4C9-734764289212 HTTP/1.1" 200 63592
185.91.127.81 - - [28/Feb/2025:03:21:52 +0100] "CONNECT api.ip.pn:443 HTTP/1.1" 400 -
66.249.79.35 - - [28/Feb/2025:03:22:57 +0100] "GET /ticket2/opencms/en/venue/?venueid=6D739AF3-56B6-A0C9-D24A-CE9707D9D60C HTTP/1.1" 200 63624
66.249.76.71 - - [28/Feb/2025:03:24:26 +0100] "GET /ticket2/opencms/en/venue/?venueid=03F51804-8CDE-802D-E000-0AE79CB6ED35 HTTP/1.1" 200 63607
35.203.210.36 - - [28/Feb/2025:03:25:23 +0100] "GET /ticket2/opencms/ HTTP/1.1" 302 -
35.203.210.36 - - [28/Feb/2025:03:25:24 +0100] "GET /ticket2/opencms/en/ HTTP/1.1" 200 66763
66.249.76.71 - - [28/Feb/2025:03:25:29 +0100] "GET /ticket2/opencms/en/venue/?venueid=D26EFF68-2001-3A5E-1E6D-2A7DCC895275 HTTP/1.1" 200 63610
193.68.89.10 - - [28/Feb/2025:03:32:04 +0100] "GET / HTTP/1.1" 404 -
66.249.68.67 - - [28/Feb/2025:03:32:29 +0100] "GET /ticket2/opencms/en/venue/?venueid=2B8D0888-5DB2-65B4-1080-38E069157030 HTTP/1.1" 200 63631
193.68.89.51 - - [28/Feb/2025:03:33:31 +0100] "GET / HTTP/1.1" 404 -
66.249.76.70 - - [28/Feb/2025:03:33:33 +0100] "GET /ticket2/opencms/en/venue/?venueid=227CA6FE-2DA3-B1F8-C080-0BD749B9B40F HTTP/1.1" 200 63576
66.249.79.36 - - [28/Feb/2025:03:37:38 +0100] "GET /ticket2/opencms/en/venue/?venueid=16474DED-C73B-9225-4DF6-CFFA47228848 HTTP/1.1" 200 63598
66.249.68.36 - - [28/Feb/2025:03:39:31 +0100] "GET /ticket2/opencms/en/venue/?venueid=0E1AD7DC-F63F-ECC2-9070-B20E7ACF07FC HTTP/1.1" 200 63694
66.249.68.66 - - [28/Feb/2025:03:39:42 +0100] "GET /ticket2/opencms/en/venue/?venueid=8243A401-23BF-39C5-8D76-982AC5019BE4 HTTP/1.1" 200 63609
45.73.20.213 - - [28/Feb/2025:03:40:08 +0100] "GET / HTTP/1.0" 404 -
66.249.76.71 - - [28/Feb/2025:03:43:24 +0100] "GET /ticket2/opencms/en/venue/?venueid=950EE001-B436-52E3-8102-457AB519569A HTTP/1.1" 200 63643
66.249.76.69 - - [28/Feb/2025:03:43:33 +0100] "GET /ticket2/opencms/en/venue/?venueid=CF91071C-3412-BA8E-033B-F6FD610B69D5 HTTP/1.1" 200 63649
205.210.31.210 - - [28/Feb/2025:03:46:17 +0100] "GET / HTTP/1.0" 404 -
66.249.68.3 - - [28/Feb/2025:03:46:33 +0100] "GET /ticket2/opencms/sv/sport/fotbollsbiljetter/bundesliga/bayer-leverkusen/ HTTP/1.1" 200 70343
66.249.79.198 - - [28/Feb/2025:03:47:35 +0100] "GET /ticket2/opencms/en/venue/?venueid=DE3B95ED-C5EC-CEEF-043F-319530DFE066 HTTP/1.1" 200 63619
66.249.76.69 - - [28/Feb/2025:03:50:41 +0100] "GET /ticket2/opencms/en/venue/?countryid=8FA673E2-F13B-75C4-56CD-A4B786B7BC94 HTTP/1.1" 200 93013
20.65.193.67 - - [28/Feb/2025:03:52:45 +0100] "GET /ticket2/opencms/version HTTP/1.1" 404 -
66.249.76.70 - - [28/Feb/2025:03:52:50 +0100] "GET /ticket2/opencms/en/venue/?venueid=77422572-4F48-F10C-1394-DA0E03E07BDC HTTP/1.1" 200 63634
66.249.76.69 - - [28/Feb/2025:03:54:27 +0100] "GET /ticket2/opencms/en/venue/?venueid=EA1AFB8D-F7C7-5DC6-A760-CAB159647828 HTTP/1.1" 200 63616
66.249.79.199 - - [28/Feb/2025:03:59:51 +0100] "GET /ticket2/opencms/en/venue/?venueid=E15FBAA2-C0CD-9858-4523-F6A4C3FE1D03 HTTP/1.1" 200 63675
196.251.72.73 - - [28/Feb/2025:04:03:03 +0100] "GET /ticket2/opencms/.git/index HTTP/1.1" 404 -
66.249.76.69 - - [28/Feb/2025:04:03:51 +0100] "GET /ticket2/opencms/en/venue/?venueid=1F720D4E-8F96-91FF-3E22-13763ACC567B HTTP/1.1" 200 63652
66.249.68.3 - - [28/Feb/2025:04:06:42 +0100] "GET /ticket2/opencms/en/buy/?page=10&eventid=4CD3BFC4-6826-2F08-586B-E7C2046942C2&column= HTTP/1.1" 200 64967
66.249.76.69 - - [28/Feb/2025:04:12:56 +0100] "GET /ticket2/opencms/en/venue/?venueid=C5443748-FE6D-78AE-9835-D6BA076EAF8D HTTP/1.1" 200 63684
101.36.108.191 - - [28/Feb/2025:04:13:46 +0100] "GET / HTTP/1.1" 404 -
101.36.108.191 - - [28/Feb/2025:04:13:47 +0100] "?? [??;???n??? ?xX X?)68D???7[?^????K?\?X%?.ax?&?+?/?,?0????? ??" 400 -
195.178.110.163 - - [28/Feb/2025:04:38:56 +0100] "GET / HTTP/1.1" 404 -
195.178.110.163 - - [01/Jan/1970:00:59:59 +0100] "-" 400 -
195.178.110.163 - - [28/Feb/2025:04:38:56 +0100] "GET / HTTP/1.1" 404 -
195.178.110.163 - - [28/Feb/2025:04:38:57 +0100] "GET /.git/config HTTP/1.1" 404 -
195.178.110.163 - - [28/Feb/2025:04:38:57 +0100] "GET /.env.config HTTP/1.1" 404 -
195.178.110.163 - - [28/Feb/2025:04:38:57 +0100] "GET /.env.dist HTTP/1.1" 404 -
195.178.110.163 - - [28/Feb/2025:04:38:57 +0100] "GET /.env.local HTTP/1.1" 404 -
195.178.110.163 - - [28/Feb/2025:04:38:57 +0100] "GET /admin/.git/config HTTP/1.1" 404 -
195.178.110.163 - - [28/Feb/2025:04:38:57 +0100] "GET /.env.production HTTP/1.1" 404 -
195.178.110.163 - - [28/Feb/2025:04:38:57 +0100] "GET /dev/.git/config HTTP/1.1" 404 -
192.241.166.80 - - [28/Feb/2025:04:42:45 +0100] "GET /ticket2/opencms/.env HTTP/1.1" 404 -
66.249.76.70 - - [28/Feb/2025:04:43:33 +0100] "GET /ticket2/opencms/sv/buy/?page=6&comcatid=B41CCF2B-5558-7AEE-3602-09BBDE417D65&catid=36DC4BE2-91A2-6146-2BE9-47B6F3C44EDB HTTP/1.1" 200 67060
66.249.79.99 - - [28/Feb/2025:04:45:30 +0100] "GET /ticket2/opencms/en/venue/?venueid=500BC477-83DB-4098-EE3E-1AC6E6FE1016 HTTP/1.1" 200 63600
103.203.59.3 - - [28/Feb/2025:04:50:27 +0100] "GET /ticket2/opencms/ HTTP/1.1" 302 -
66.249.79.36 - - [28/Feb/2025:04:52:28 +0100] "GET /ticket2/opencms/sv/buy/?page=6&comcatid=B41CCF2B-5558-7AEE-3602-09BBDE417D65&catid=E03F2203-3943-A0F0-A47D-D9E7CDA79C6B HTTP/1.1" 200 67082
66.249.79.198 - - [28/Feb/2025:04:52:41 +0100] "GET /ticket2/opencms/sv/buy/?page=6&comcatid=B41CCF2B-5558-7AEE-3602-09BBDE417D65&catid=A34BCF61-E19C-5C5C-445E-06F3749E1EF4 HTTP/1.1" 200 67073
185.91.127.81 - - [28/Feb/2025:04:57:35 +0100] "CONNECT api.ip.pn:443 HTTP/1.1" 400 -
193.68.89.51 - - [28/Feb/2025:05:03:28 +0100] "GET / HTTP/1.1" 404 -
66.249.79.5 - - [28/Feb/2025:05:08:33 +0100] "GET /ticket2/opencms/sv/buy/?page=6&comcatid=A17713B6-D984-201A-4143-ED4DB5ED5C2E&catid=42C82D82-D02A-8562-E55C-48ADB3771882 HTTP/1.1" 200 75670
106.75.33.239 - - [28/Feb/2025:05:10:44 +0100] "GET / HTTP/1.1" 404 -
66.249.79.198 - - [28/Feb/2025:05:13:33 +0100] "GET /ticket2/opencms/sv/buy/?page=6&comcatid=A17713B6-D984-201A-4143-ED4DB5ED5C2E&catid=7EF04817-972D-18B1-F941-DE800D088075 HTTP/1.1" 200 75659
193.68.89.10 - - [28/Feb/2025:05:16:11 +0100] "GET / HTTP/1.1" 404 -
66.249.79.4 - - [28/Feb/2025:05:17:29 +0100] "GET /ticket2/opencms/sv/buy/?page=1&edid=19841486-6F3E-C113-B4BC-B89661DF253A HTTP/1.1" 200 83169
66.249.76.70 - - [28/Feb/2025:05:17:38 +0100] "GET /ticket2/opencms/en/venue/?countryid=B8EC120B-4F43-C769-CF6D-BEF2F141BF54 HTTP/1.1" 200 93013
66.249.79.170 - - [28/Feb/2025:05:18:13 +0100] "GET /ticket2/opencms/en/venue/?venueid=F8775594-DB6C-4A8D-97B0-3A8CEE3696EF HTTP/1.1" 200 63619
66.249.68.5 - - [28/Feb/2025:05:18:30 +0100] "GET /ticket2/opencms/en/venue/?countryid=A120839E-3691-C1CC-A7E6-AFA581C3B971 HTTP/1.1" 200 93013
66.249.76.71 - - [28/Feb/2025:05:19:33 +0100] "GET /ticket2/opencms/en/venue/?countryid=55B682DB-9731-DD7B-33FA-C9B465971014 HTTP/1.1" 200 93013
66.249.79.34 - - [28/Feb/2025:05:26:28 +0100] "GET /ticket2/opencms/en/venue/?countryid=A07C6930-60EB-29AC-3FDB-C97CE816C6C1 HTTP/1.1" 200 93013
66.249.76.70 - - [28/Feb/2025:05:26:44 +0100] "GET /ticket2/opencms/en/venue/?countryid=EBCAD492-44DD-BA3B-65FF-004FBE418FEE HTTP/1.1" 200 93013
66.249.76.70 - - [28/Feb/2025:05:30:50 +0100] "GET /ticket2/opencms/en/venue/?countryid=E8C1CB18-01B3-A5D8-BA63-2D05631C3548 HTTP/1.1" 200 93013
66.249.79.100 - - [28/Feb/2025:05:34:35 +0100] "GET /ticket2/opencms/en/venue/?venueid=0244E869-E2F3-A6E3-662F-EE6F7C68AB65 HTTP/1.1" 200 63624
141.255.166.90 - - [28/Feb/2025:05:38:22 +0100] "GET /cgi-bin/luci/;stok=/locale HTTP/1.1" 404 -
66.249.68.66 - - [28/Feb/2025:05:46:51 +0100] "GET /ticket2/opencms/en/venue/?countryid=FA8BEB57-7287-7F81-B4E1-A4D5981068EB HTTP/1.1" 200 93013
66.249.79.5 - - [28/Feb/2025:05:48:38 +0100] "GET /ticket2/opencms/en/venue/?countryid=6F3B2F32-4F0D-5515-B82B-E3D86CD1E73F HTTP/1.1" 200 93013
66.249.68.66 - - [28/Feb/2025:05:50:59 +0100] "GET /ticket2/opencms/en/venue/?venueid=4264E775-2245-34EC-AB9C-8E5203A0BEEE HTTP/1.1" 200 63628
66.249.79.4 - - [28/Feb/2025:05:53:29 +0100] "GET /ticket2/opencms/en/venue/?countryid=EF3F1C0A-ABF4-7226-18E0-4339A3934525 HTTP/1.1" 200 93013
193.68.89.51 - - [28/Feb/2025:05:54:38 +0100] "GET / HTTP/1.1" 404 -
121.161.87.152 - - [28/Feb/2025:05:57:50 +0100] "GET / HTTP/1.0" 404 -
66.249.79.4 - - [28/Feb/2025:05:57:50 +0100] "GET /ticket2/opencms/en/venue/?countryid=BA1BF93B-47B3-318B-02DF-4D6F84D30854 HTTP/1.1" 200 93013
66.249.68.35 - - [28/Feb/2025:05:58:50 +0100] "GET /ticket2/opencms/en/venue/?countryid=87FD5C2F-6CC8-7245-5B03-4D8F2D8C8375 HTTP/1.1" 200 93013
66.249.79.36 - - [28/Feb/2025:06:05:21 +0100] "GET /ticket2/opencms/en/venue/?countryid=6E625517-1E9A-024B-7EBB-F569FEDEE88E HTTP/1.1" 200 93013
66.249.68.3 - - [28/Feb/2025:06:07:19 +0100] "GET /ticket2/opencms/en/venue/?venueid=3C42100B-58B0-2CFB-51D8-262D48BD2A0E HTTP/1.1" 200 63612
66.249.79.172 - - [28/Feb/2025:06:13:40 +0100] "GET /ticket2/opencms/en/sell/ HTTP/1.1" 302 -
66.249.79.171 - - [28/Feb/2025:06:13:42 +0100] "GET /ticket2/opencms/en/login/?url=/en/sell/ HTTP/1.1" 200 65723
66.249.68.67 - - [28/Feb/2025:06:15:25 +0100] "GET /ticket2/opencms/en/venue/?countryid=CEE00D6A-FB56-5500-E375-BA915009094D HTTP/1.1" 200 93013
66.249.76.71 - - [28/Feb/2025:06:17:45 +0100] "GET /ticket2/opencms/en/venue/?countryid=9F976644-D811-1E5C-8CA5-C3CE6B3B71EB HTTP/1.1" 200 93013
66.249.68.34 - - [28/Feb/2025:06:19:11 +0100] "GET /ticket2/opencms/en/venue/?countryid=E687CC57-02FA-AF76-268E-C1A53D569993 HTTP/1.1" 200 93013
66.249.68.3 - - [28/Feb/2025:06:19:41 +0100] "GET /ticket2/opencms/en/venue/?countryid=19657A1A-D641-70BC-9F36-F54EFCC4AC04 HTTP/1.1" 200 93013
66.249.68.3 - - [28/Feb/2025:06:22:33 +0100] "GET /ticket2/opencms/en/venue/?countryid=BCA33F4B-7509-BC45-DAD2-4CA6BF14FC82 HTTP/1.1" 200 94141
141.255.166.90 - - [28/Feb/2025:06:27:08 +0100] "GET /cgi-bin/luci/;stok=/locale HTTP/1.1" 404 -
66.249.76.70 - - [28/Feb/2025:06:32:40 +0100] "GET /ticket2/opencms/en/venue/?countryid=01966824-53B3-F640-5B46-BD1F79FADDA9 HTTP/1.1" 200 93013
66.249.76.71 - - [28/Feb/2025:06:34:11 +0100] "GET /ticket2/opencms/en/venue/?countryid=A6670E01-CE49-A608-C597-250C3D48D088 HTTP/1.1" 200 93013
66.249.79.3 - - [28/Feb/2025:06:35:10 +0100] "GET /ticket2/opencms/en/venue/?countryid=44E342A3-ABB4-8C4C-D9AB-B83FB043D424 HTTP/1.1" 200 93013
66.249.76.70 - - [28/Feb/2025:06:37:28 +0100] "GET /ticket2/opencms/en/venue/?countryid=93055F81-99D6-0EE6-3CC8-FB4301992434 HTTP/1.1" 200 93013
66.249.68.5 - - [28/Feb/2025:06:41:24 +0100] "GET /ticket2/opencms/en/venue/?countryid=89A5E86C-3AC3-3EDB-6F03-E6FC6A513BA2 HTTP/1.1" 200 93013
66.249.79.3 - - [28/Feb/2025:06:42:11 +0100] "GET /ticket2/opencms/en/venue/?countryid=4EEBA21C-1425-8784-6DA1-449CA0D3E5D8 HTTP/1.1" 200 93013
66.249.68.35 - - [28/Feb/2025:06:42:33 +0100] "GET /ticket2/opencms/en/venue/?countryid=FA6155EB-FA45-A94F-2ADE-86C62589DA1C HTTP/1.1" 200 93013
66.249.79.171 - - [28/Feb/2025:06:42:39 +0100] "GET /ticket2/opencms/en/venue/?countryid=ACB5B4FC-B2E3-1024-DD30-02CD725AE8FE HTTP/1.1" 200 93013
66.249.68.3 - - [28/Feb/2025:06:42:53 +0100] "GET /ticket2/opencms/en/venue/?venueid=6C55D1E9-72F5-889C-F1F5-1AEF3FBCF763 HTTP/1.1" 200 63615
47.252.5.240 - - [28/Feb/2025:06:42:55 +0100] "GET / HTTP/1.1" 404 -
47.251.40.0 - - [28/Feb/2025:06:43:00 +0100] "GET /ticket2/opencms/ HTTP/1.1" 302 -
47.251.40.0 - - [28/Feb/2025:06:43:02 +0100] "GET /ticket2/opencms/en/ HTTP/1.1" 200 66763
47.251.40.0 - - [28/Feb/2025:06:43:04 +0100] "GET /ticket2/opencms/favicon.ico HTTP/1.1" 200 1406
47.251.40.0 - - [28/Feb/2025:06:43:04 +0100] "GET /ticket2/opencms/robots.txt HTTP/1.1" 200 773
66.249.76.70 - - [28/Feb/2025:06:48:34 +0100] "GET /ticket2/opencms/en/venue/?countryid=2193F5F2-8798-B3BE-FB16-3B568A67DED7 HTTP/1.1" 200 93013
66.249.79.98 - - [28/Feb/2025:06:50:24 +0100] "GET /ticket2/opencms/en/venue/?countryid=107D8800-8603-0BDA-4FD0-61E1109B7E82 HTTP/1.1" 200 93013
205.210.31.89 - - [28/Feb/2025:06:53:42 +0100] "GET / HTTP/1.1" 404 -
13.71.128.118 - - [28/Feb/2025:06:54:33 +0100] "GET /ticket2/opencms/ HTTP/1.1" 302 -
193.68.89.51 - - [28/Feb/2025:06:56:31 +0100] "GET / HTTP/1.1" 404 -
66.249.76.71 - - [28/Feb/2025:06:59:33 +0100] "GET /ticket2/opencms/en/venue/?countryid=869CA27A-97A1-03D4-5D03-7E27F7DE8DED HTTP/1.1" 200 93013
66.249.68.36 - - [28/Feb/2025:07:08:46 +0100] "GET /ticket2/opencms/en/venue/?countryid=A2F220AE-4AF1-2377-6B91-A90A18E35FA2 HTTP/1.1" 200 93013
193.68.89.10 - - [28/Feb/2025:07:09:36 +0100] "GET / HTTP/1.1" 404 -
66.249.76.69 - - [28/Feb/2025:07:10:34 +0100] "GET /ticket2/opencms/en/venue/?countryid=15679D6D-1531-2ADE-1A00-1D43A92EB55E HTTP/1.1" 200 93013
66.249.79.34 - - [28/Feb/2025:07:11:22 +0100] "GET /ticket2/opencms/en/venue/?countryid=C7880A4A-050D-8AB8-4FEC-8062D983D070 HTTP/1.1" 200 93013
66.249.76.69 - - [28/Feb/2025:07:11:39 +0100] "GET /ticket2/opencms/en/venue/?countryid=3255DA3D-476B-211A-8F09-81C55CABEF03 HTTP/1.1" 200 93013
66.249.79.34 - - [28/Feb/2025:07:11:49 +0100] "GET /ticket2/opencms/en/venue/ HTTP/1.1" 200 332826
66.249.68.3 - - [28/Feb/2025:07:12:24 +0100] "GET /ticket2/opencms/en/venue/?countryid=C20C79E6-EE6B-26D5-6506-E0F6BF6B710A HTTP/1.1" 200 94418
66.249.68.34 - - [28/Feb/2025:07:12:47 +0100] "GET /ticket2/opencms/en/venue/?countryid=59446ECA-F11A-1164-7278-5F00083EF337 HTTP/1.1" 200 93013
66.249.79.98 - - [28/Feb/2025:07:13:11 +0100] "GET /ticket2/opencms/en/venue/?countryid=F889867A-CECB-DD27-726E-95554BB6B831 HTTP/1.1" 200 93013
66.249.76.70 - - [28/Feb/2025:07:17:55 +0100] "GET /ticket2/opencms/en/venue/?countryid=DB82417F-35E8-BF3C-287A-21ECAFBB9DD1 HTTP/1.1" 200 93013
66.249.79.199 - - [28/Feb/2025:07:20:57 +0100] "GET /ticket2/opencms/en/venue/?countryid=298905FA-E037-07AD-4909-74C6371F3F35 HTTP/1.1" 200 93013
66.249.79.100 - - [28/Feb/2025:07:22:25 +0100] "GET /ticket2/opencms/en/venue/?countryid=65CBF22C-E953-E822-8DA0-6226C52D7D6A HTTP/1.1" 200 93013
66.249.79.199 - - [28/Feb/2025:07:23:33 +0100] "GET /ticket2/opencms/en/venue/?countryid=A41A8692-50A8-E04F-AB0B-A9766CB2286D HTTP/1.1" 200 93013
66.249.79.34 - - [28/Feb/2025:07:26:42 +0100] "GET /ticket2/opencms/en/venue/?countryid=E5A463DD-D0D6-2F66-230F-35633A8D9ED0 HTTP/1.1" 200 93013
66.249.79.99 - - [28/Feb/2025:07:30:11 +0100] "GET /ticket2/opencms/en/venue/?countryid=ACAFFD14-DCE8-EFC6-6ECA-AF006BA900C4 HTTP/1.1" 200 93013
66.249.79.35 - - [28/Feb/2025:07:31:37 +0100] "GET /ticket2/opencms/en/venue/?venueid=1BE8EBD3-215D-BFA5-C42B-C7795436DBDE HTTP/1.1" 200 63613
66.249.79.4 - - [28/Feb/2025:07:31:38 +0100] "GET /ticket2/opencms/sv/sport/fotbollsbiljetter/premier_league/manchester_united/ HTTP/1.1" 200 70374
66.249.76.70 - - [28/Feb/2025:07:32:33 +0100] "GET /ticket2/opencms/en/venue/?countryid=5F186EB9-FC66-3D17-58C4-6A160CA3B9D1 HTTP/1.1" 200 93013
195.178.110.54 - - [28/Feb/2025:07:32:35 +0100] "GET / HTTP/1.1" 404 -
66.249.76.69 - - [28/Feb/2025:07:33:11 +0100] "GET /ticket2/opencms/en/venue/?countryid=CEA98181-AF32-4AD7-7F85-B2BF5D143D52 HTTP/1.1" 200 93013
66.249.79.100 - - [28/Feb/2025:07:33:52 +0100] "GET /ticket2/opencms/en/venue/?venueid=AD7646E3-6B04-B7A0-6EC4-E012A5391A5E HTTP/1.1" 200 63637
66.249.76.69 - - [28/Feb/2025:07:37:11 +0100] "GET /ticket2/opencms/en/venue/?countryid=62204D9B-992F-EFF6-482A-943BBD9879C3 HTTP/1.1" 200 93013
139.162.195.128 - - [28/Feb/2025:07:38:11 +0100] "GET /ticket2/opencms/ HTTP/1.1" 302 -
139.162.195.128 - - [28/Feb/2025:07:38:12 +0100] "GET /ticket2/opencms/en/ HTTP/1.1" 200 66763
66.249.68.5 - - [28/Feb/2025:07:39:38 +0100] "GET /ticket2/opencms/en/venue/?countryid=B05AF8CC-D1BF-73AB-E946-B6702610D2C6 HTTP/1.1" 200 93013
193.68.89.51 - - [28/Feb/2025:07:40:48 +0100] "GET / HTTP/1.1" 404 -
66.249.79.198 - - [28/Feb/2025:07:41:24 +0100] "GET /ticket2/opencms/en/venue/?countryid=AD4C6C1F-4EA2-1827-F34A-F0A47DB58003 HTTP/1.1" 200 93013
66.249.79.98 - - [28/Feb/2025:07:41:47 +0100] "GET /ticket2/opencms/en/venue/?countryid=7EE0FE36-9C17-F539-5F8E-1F2CFF8A0D7B HTTP/1.1" 200 93013
185.224.0.160 - - [28/Feb/2025:07:43:30 +0100] "GET /script HTTP/1.1" 404 -
66.249.76.70 - - [28/Feb/2025:07:44:29 +0100] "GET /ticket2/opencms/en/venue/?countryid=C8ABE51D-DDC3-D19F-A0F7-AA8797A5EB51 HTTP/1.1" 200 93013
66.249.68.66 - - [28/Feb/2025:07:45:35 +0100] "GET /ticket2/opencms/en/venue/?countryid=B756B65C-E014-24B5-95EC-187A417913E3 HTTP/1.1" 200 93013
66.249.79.197 - - [28/Feb/2025:07:48:24 +0100] "GET /ticket2/opencms/en/venue/?countryid=FEF54986-84B0-FEDA-0583-5080DFD917BA HTTP/1.1" 200 93013
112.46.216.28 - - [28/Feb/2025:07:52:12 +0100] "GET / HTTP/1.1" 400 -
112.46.216.28 - - [28/Feb/2025:07:52:13 +0100] "GET / HTTP/1.1" 400 -
112.46.216.28 - - [28/Feb/2025:07:52:13 +0100] "GET / HTTP/1.1" 400 -
112.46.216.28 - - [28/Feb/2025:07:52:14 +0100] "GET / HTTP/1.1" 400 -
112.46.216.28 - - [28/Feb/2025:07:52:15 +0100] "GET / HTTP/1.1" 400 -
112.46.216.28 - - [28/Feb/2025:07:52:16 +0100] "GET / HTTP/1.1" 400 -
112.46.216.28 - - [28/Feb/2025:07:52:16 +0100] "GET / HTTP/1.1" 400 -
112.46.216.28 - - [28/Feb/2025:07:52:17 +0100] "GET / HTTP/1.1" 400 -
112.46.216.28 - - [28/Feb/2025:07:52:18 +0100] "GET / HTTP/1.1" 400 -
112.46.216.28 - - [28/Feb/2025:07:52:18 +0100] "GET / HTTP/1.1" 400 -
112.46.216.28 - - [28/Feb/2025:07:52:19 +0100] "GET / HTTP/1.1" 400 -
112.46.216.28 - - [28/Feb/2025:07:52:20 +0100] "GET / HTTP/1.1" 400 -
112.46.216.28 - - [28/Feb/2025:07:52:21 +0100] "GET / HTTP/1.1" 400 -
112.46.216.28 - - [28/Feb/2025:07:52:21 +0100] "GET / HTTP/1.1" 400 -
112.46.216.28 - - [28/Feb/2025:07:52:22 +0100] "GET / HTTP/1.1" 400 -
112.46.216.28 - - [28/Feb/2025:07:52:23 +0100] "GET / HTTP/1.1" 400 -
112.46.216.28 - - [28/Feb/2025:07:52:23 +0100] "GET / HTTP/1.1" 400 -
112.46.216.28 - - [28/Feb/2025:07:52:24 +0100] "GET / HTTP/1.1" 400 -
112.46.216.28 - - [28/Feb/2025:07:52:25 +0100] "GET / HTTP/1.1" 400 -
112.46.216.28 - - [28/Feb/2025:07:52:25 +0100] "GET / HTTP/1.1" 400 -
112.46.216.28 - - [28/Feb/2025:07:52:26 +0100] "GET / HTTP/1.1" 400 -
112.46.216.28 - - [28/Feb/2025:07:52:27 +0100] "GET / HTTP/1.1" 400 -
112.46.216.28 - - [28/Feb/2025:07:52:27 +0100] "GET / HTTP/1.1" 400 -
112.46.216.28 - - [28/Feb/2025:07:52:28 +0100] "GET / HTTP/1.1" 400 -
112.46.216.28 - - [28/Feb/2025:07:52:29 +0100] "GET / HTTP/1.1" 400 -
112.46.216.28 - - [28/Feb/2025:07:52:29 +0100] "GET / HTTP/1.1" 400 -
112.46.216.28 - - [28/Feb/2025:07:52:30 +0100] "GET / HTTP/1.1" 400 -
112.46.216.28 - - [28/Feb/2025:07:52:31 +0100] "GET / HTTP/1.1" 400 -
112.46.216.28 - - [28/Feb/2025:07:52:31 +0100] "GET / HTTP/1.1" 400 -
112.46.216.28 - - [28/Feb/2025:07:52:32 +0100] "GET / HTTP/1.1" 400 -
112.46.216.28 - - [28/Feb/2025:07:52:33 +0100] "GET / HTTP/1.1" 400 -
112.46.216.28 - - [28/Feb/2025:07:52:34 +0100] "GET / HTTP/1.1" 400 -
112.46.216.28 - - [28/Feb/2025:07:52:34 +0100] "GET / HTTP/1.1" 400 -
112.46.216.28 - - [28/Feb/2025:07:52:35 +0100] "GET / HTTP/1.1" 400 -
112.46.216.28 - - [28/Feb/2025:07:52:36 +0100] "GET / HTTP/1.1" 400 -
112.46.216.28 - - [28/Feb/2025:07:52:36 +0100] "GET / HTTP/1.1" 400 -
112.46.216.28 - - [28/Feb/2025:07:52:37 +0100] "GET / HTTP/1.1" 400 -
112.46.216.28 - - [28/Feb/2025:07:52:38 +0100] "GET / HTTP/1.1" 400 -
112.46.216.28 - - [28/Feb/2025:07:52:39 +0100] "GET / HTTP/1.1" 400 -
66.249.76.71 - - [28/Feb/2025:07:52:39 +0100] "GET /ticket2/opencms/en/venue/?countryid=B54C3B27-273E-C131-E997-905F5C2CDDC3 HTTP/1.1" 200 93013
112.46.216.28 - - [28/Feb/2025:07:52:39 +0100] "GET / HTTP/1.1" 400 -
112.46.216.28 - - [28/Feb/2025:07:52:40 +0100] "GET / HTTP/1.1" 400 -
112.46.216.28 - - [28/Feb/2025:07:52:41 +0100] "GET / HTTP/1.1" 400 -
112.46.216.28 - - [28/Feb/2025:07:52:42 +0100] "GET / HTTP/1.1" 400 -
112.46.216.28 - - [28/Feb/2025:07:52:42 +0100] "GET / HTTP/1.1" 400 -
112.46.216.28 - - [28/Feb/2025:07:52:43 +0100] "GET / HTTP/1.1" 400 -
112.46.216.28 - - [28/Feb/2025:07:52:44 +0100] "GET / HTTP/1.1" 400 -
112.46.216.28 - - [28/Feb/2025:07:52:44 +0100] "GET / HTTP/1.1" 400 -
112.46.216.28 - - [28/Feb/2025:07:52:45 +0100] "GET / HTTP/1.1" 400 -
112.46.216.28 - - [28/Feb/2025:07:52:46 +0100] "GET / HTTP/1.1" 400 -
112.46.216.28 - - [28/Feb/2025:07:52:46 +0100] "GET / HTTP/1.1" 400 -
112.46.216.28 - - [28/Feb/2025:07:52:47 +0100] "GET / HTTP/1.1" 400 -
112.46.216.28 - - [28/Feb/2025:07:52:48 +0100] "GET / HTTP/1.1" 400 -
112.46.216.28 - - [28/Feb/2025:07:52:49 +0100] "GET / HTTP/1.1" 400 -
112.46.216.28 - - [28/Feb/2025:07:52:49 +0100] "GET / HTTP/1.1" 400 -
112.46.216.28 - - [28/Feb/2025:07:52:50 +0100] "GET / HTTP/1.1" 400 -
112.46.216.28 - - [28/Feb/2025:07:52:51 +0100] "GET / HTTP/1.1" 400 -
112.46.216.28 - - [28/Feb/2025:07:52:51 +0100] "GET / HTTP/1.1" 400 -
112.46.216.28 - - [28/Feb/2025:07:52:52 +0100] "GET / HTTP/1.1" 400 -
112.46.216.28 - - [28/Feb/2025:07:52:53 +0100] "GET / HTTP/1.1" 400 -
112.46.216.28 - - [28/Feb/2025:07:52:54 +0100] "GET / HTTP/1.1" 400 -
112.46.216.28 - - [28/Feb/2025:07:52:54 +0100] "GET / HTTP/1.1" 400 -
112.46.216.28 - - [28/Feb/2025:07:52:55 +0100] "GET / HTTP/1.1" 400 -
112.46.216.28 - - [28/Feb/2025:07:52:56 +0100] "GET / HTTP/1.1" 400 -
112.46.216.28 - - [28/Feb/2025:07:52:56 +0100] "GET / HTTP/1.1" 400 -
112.46.216.28 - - [28/Feb/2025:07:52:57 +0100] "GET / HTTP/1.1" 400 -
112.46.216.28 - - [28/Feb/2025:07:52:58 +0100] "GET / HTTP/1.1" 400 -
112.46.216.28 - - [28/Feb/2025:07:52:58 +0100] "GET / HTTP/1.1" 400 -
112.46.216.28 - - [28/Feb/2025:07:52:59 +0100] "GET / HTTP/1.1" 400 -
112.46.216.28 - - [28/Feb/2025:07:53:00 +0100] "GET / HTTP/1.1" 400 -
112.46.216.28 - - [28/Feb/2025:07:53:00 +0100] "GET / HTTP/1.1" 400 -
112.46.216.28 - - [28/Feb/2025:07:53:01 +0100] "GET / HTTP/1.1" 400 -
112.46.216.28 - - [28/Feb/2025:07:53:02 +0100] "GET / HTTP/1.1" 400 -
112.46.216.28 - - [28/Feb/2025:07:53:03 +0100] "GET / HTTP/1.1" 400 -
112.46.216.28 - - [28/Feb/2025:07:53:03 +0100] "GET / HTTP/1.1" 400 -
112.46.216.28 - - [28/Feb/2025:07:53:04 +0100] "GET / HTTP/1.1" 400 -
112.46.216.28 - - [28/Feb/2025:07:53:05 +0100] "GET / HTTP/1.1" 400 -
112.46.216.28 - - [28/Feb/2025:07:53:05 +0100] "GET / HTTP/1.1" 400 -
112.46.216.28 - - [28/Feb/2025:07:53:06 +0100] "GET / HTTP/1.1" 400 -
112.46.216.28 - - [28/Feb/2025:07:53:07 +0100] "GET / HTTP/1.1" 400 -
112.46.216.28 - - [28/Feb/2025:07:53:08 +0100] "GET / HTTP/1.1" 400 -
112.46.216.28 - - [28/Feb/2025:07:53:08 +0100] "GET / HTTP/1.1" 400 -
112.46.216.28 - - [28/Feb/2025:07:53:09 +0100] "GET / HTTP/1.1" 400 -
112.46.216.28 - - [28/Feb/2025:07:53:10 +0100] "GET / HTTP/1.1" 400 -
112.46.216.28 - - [28/Feb/2025:07:53:11 +0100] "GET / HTTP/1.1" 400 -
112.46.216.28 - - [28/Feb/2025:07:53:11 +0100] "GET / HTTP/1.1" 400 -
112.46.216.28 - - [28/Feb/2025:07:53:12 +0100] "GET / HTTP/1.1" 400 -
112.46.216.28 - - [28/Feb/2025:07:53:13 +0100] "GET / HTTP/1.1" 400 -
112.46.216.28 - - [28/Feb/2025:07:53:13 +0100] "GET / HTTP/1.1" 400 -
112.46.216.28 - - [28/Feb/2025:07:53:14 +0100] "GET / HTTP/1.1" 400 -
112.46.216.28 - - [28/Feb/2025:07:53:15 +0100] "GET / HTTP/1.1" 400 -
112.46.216.28 - - [28/Feb/2025:07:53:16 +0100] "GET / HTTP/1.1" 400 -
112.46.216.28 - - [28/Feb/2025:07:53:16 +0100] "GET / HTTP/1.1" 400 -
112.46.216.28 - - [28/Feb/2025:07:53:17 +0100] "GET / HTTP/1.1" 400 -
112.46.216.28 - - [28/Feb/2025:07:53:18 +0100] "GET / HTTP/1.1" 400 -
112.46.216.28 - - [28/Feb/2025:07:53:18 +0100] "GET / HTTP/1.1" 400 -
112.46.216.28 - - [28/Feb/2025:07:53:19 +0100] "GET / HTTP/1.1" 400 -
112.46.216.28 - - [28/Feb/2025:07:53:20 +0100] "GET / HTTP/1.1" 400 -
112.46.216.28 - - [28/Feb/2025:07:53:20 +0100] "GET / HTTP/1.1" 400 -
112.46.216.28 - - [28/Feb/2025:07:53:21 +0100] "GET / HTTP/1.1" 400 -
112.46.216.28 - - [28/Feb/2025:07:53:22 +0100] "GET / HTTP/1.1" 400 -
112.46.216.28 - - [28/Feb/2025:07:53:23 +0100] "GET / HTTP/1.1" 400 -
112.46.216.28 - - [28/Feb/2025:07:53:23 +0100] "GET / HTTP/1.1" 400 -
112.46.216.28 - - [28/Feb/2025:07:53:24 +0100] "GET / HTTP/1.1" 400 -
112.46.216.28 - - [28/Feb/2025:07:53:25 +0100] "GET / HTTP/1.1" 400 -
112.46.216.28 - - [28/Feb/2025:07:53:25 +0100] "GET / HTTP/1.1" 400 -
112.46.216.28 - - [28/Feb/2025:07:53:26 +0100] "GET / HTTP/1.1" 400 -
112.46.216.28 - - [28/Feb/2025:07:53:27 +0100] "GET / HTTP/1.1" 400 -
112.46.216.28 - - [28/Feb/2025:07:53:27 +0100] "GET / HTTP/1.1" 400 -
112.46.216.28 - - [28/Feb/2025:07:53:28 +0100] "GET / HTTP/1.1" 400 -
112.46.216.28 - - [28/Feb/2025:07:53:29 +0100] "GET / HTTP/1.1" 400 -
112.46.216.28 - - [28/Feb/2025:07:53:29 +0100] "GET / HTTP/1.1" 400 -
112.46.216.28 - - [28/Feb/2025:07:53:30 +0100] "GET / HTTP/1.1" 400 -
112.46.216.28 - - [28/Feb/2025:07:53:31 +0100] "GET / HTTP/1.1" 400 -
112.46.216.28 - - [28/Feb/2025:07:53:32 +0100] "GET / HTTP/1.1" 400 -
112.46.216.28 - - [28/Feb/2025:07:53:32 +0100] "GET / HTTP/1.1" 400 -
112.46.216.28 - - [28/Feb/2025:07:53:33 +0100] "GET / HTTP/1.1" 400 -
112.46.216.28 - - [28/Feb/2025:07:53:34 +0100] "GET / HTTP/1.1" 400 -
112.46.216.28 - - [28/Feb/2025:07:53:34 +0100] "GET / HTTP/1.1" 400 -
112.46.216.28 - - [28/Feb/2025:07:53:35 +0100] "GET / HTTP/1.1" 400 -
112.46.216.28 - - [28/Feb/2025:07:53:36 +0100] "GET / HTTP/1.1" 400 -
112.46.216.28 - - [28/Feb/2025:07:53:36 +0100] "GET / HTTP/1.1" 400 -
66.249.68.67 - - [28/Feb/2025:07:58:34 +0100] "GET /ticket2/opencms/en/login/ HTTP/1.1" 200 65723
66.249.68.35 - - [28/Feb/2025:07:59:34 +0100] "GET /ticket2/opencms/en/venue/?countryid=6994D0E6-4880-D162-87F9-DDDE5D63EE86 HTTP/1.1" 200 104896
66.249.76.71 - - [28/Feb/2025:08:00:32 +0100] "GET /ticket2/opencms/en/buy/ HTTP/1.1" 200 63824
66.249.79.98 - - [28/Feb/2025:08:02:38 +0100] "GET /ticket2/opencms/en/buy/?page=10&eventid=BD2A2151-7866-2C7C-301B-A51FF3E4D9F5&column= HTTP/1.1" 200 64964
66.249.68.34 - - [28/Feb/2025:08:06:50 +0100] "GET /ticket2/opencms/sv/sport/fotbollsbiljetter/premier_league/birmingham/ HTTP/1.1" 200 70714
66.249.79.36 - - [28/Feb/2025:08:08:29 +0100] "GET /ticket2/opencms/en/buy/?page=10&eventid=634D2581-663A-DE19-7C72-20C596DE0600&column= HTTP/1.1" 200 64991
66.249.76.71 - - [28/Feb/2025:08:10:50 +0100] "GET /ticket2/opencms/en/venue/?countryid=7EB583F0-D67D-8877-88CD-3F7B9DDEB361 HTTP/1.1" 200 93672
66.249.79.171 - - [28/Feb/2025:08:12:23 +0100] "GET /ticket2/opencms/en/venue/?countryid=E51F1885-F514-FB3D-D1AC-60D5859EEBD8 HTTP/1.1" 200 93013
92.255.57.58 - - [28/Feb/2025:08:18:08 +0100] "GET /?XDEBUG_SESSION_START=phpstorm HTTP/1.1" 404 -
66.249.76.69 - - [28/Feb/2025:08:18:25 +0100] "GET /ticket2/opencms/en/venue/?countryid=F444CA42-FE5C-C76F-1CFD-E45E1073B063 HTTP/1.1" 200 93013
167.94.145.111 - - [28/Feb/2025:08:21:18 +0100] "GET / HTTP/1.1" 404 -
167.94.145.111 - - [28/Feb/2025:08:21:33 +0100] "GET / HTTP/1.1" 404 -
167.94.145.111 - - [28/Feb/2025:08:21:33 +0100] "PRI * HTTP/2.0" 505 -
167.94.145.111 - - [28/Feb/2025:08:21:37 +0100] "GET /favicon.ico HTTP/1.1" 404 -
167.94.145.111 - - [01/Jan/1970:00:59:59 +0100] "-" 400 -
66.249.79.98 - - [28/Feb/2025:08:23:11 +0100] "GET /ticket2/opencms/en/venue/?countryid=1D2AF5BD-A881-D22D-AE7C-E22D0AA83910 HTTP/1.1" 200 93013
185.91.127.81 - - [28/Feb/2025:08:23:39 +0100] "CONNECT api.ip.pn:443 HTTP/1.1" 400 -
114.119.132.36 - - [28/Feb/2025:08:24:06 +0100] "GET /ticket2/opencms/robots.txt HTTP/1.1" 200 773
66.249.79.197 - - [28/Feb/2025:08:24:10 +0100] "GET /ticket2/opencms/en/venue/?countryid=ABC76395-F87D-C1C2-D371-A569066C3F43 HTTP/1.1" 200 93013
45.135.194.28 - - [28/Feb/2025:08:33:35 +0100] "GET /manager/html HTTP/1.1" 404 -
66.249.79.3 - - [28/Feb/2025:08:34:41 +0100] "GET /ticket2/opencms/en/venue/?countryid=E7631FE5-7061-8322-868B-F6085CDA8809 HTTP/1.1" 200 93013
114.119.133.194 - - [28/Feb/2025:08:34:41 +0100] "GET /ticket2/opencms/robots.txt HTTP/1.1" 200 773
114.119.149.237 - - [28/Feb/2025:08:35:10 +0100] "GET /ticket2/opencms/robots.txt HTTP/1.1" 200 773
114.119.159.64 - - [28/Feb/2025:08:35:27 +0100] "GET /ticket2/opencms/robots.txt HTTP/1.1" 200 773
92.255.57.58 - - [28/Feb/2025:08:36:59 +0100] "GET /actuator/gateway/routes HTTP/1.1" 404 -
66.249.79.98 - - [28/Feb/2025:08:40:35 +0100] "GET /ticket2/opencms/en/venue/?countryid=2E49BBE4-C681-08D6-D216-0893A1269431 HTTP/1.1" 200 93013
193.68.89.51 - - [28/Feb/2025:08:42:25 +0100] "GET / HTTP/1.1" 404 -
66.249.79.171 - - [28/Feb/2025:08:43:25 +0100] "GET /ticket2/opencms/en/venue/?countryid=E83385F7-FB78-F065-4683-FDC212CE9BC4 HTTP/1.1" 200 93013
66.249.76.70 - - [28/Feb/2025:08:43:49 +0100] "GET /ticket2/opencms/en/venue/?countryid=2EB4A8F2-7936-B060-2C7F-BD402D9491FB HTTP/1.1" 200 93013
66.249.79.98 - - [28/Feb/2025:08:45:33 +0100] "GET /ticket2/opencms/sv/selling_tickets/ HTTP/1.1" 200 65394
66.249.79.35 - - [28/Feb/2025:08:48:29 +0100] "GET /ticket2/opencms/sv/buy_safety/ HTTP/1.1" 200 67293
66.249.76.70 - - [28/Feb/2025:08:48:38 +0100] "GET /ticket2/opencms/sv/buy/?page=6&comcatid=A17713B6-D984-201A-4143-ED4DB5ED5C2E&catid=C871EAE3-C584-718A-9795-07CDEF43FA75 HTTP/1.1" 200 75647
66.249.68.35 - - [28/Feb/2025:08:50:29 +0100] "GET /ticket2/opencms/sv/buy/?page=6&comcatid=A17713B6-D984-201A-4143-ED4DB5ED5C2E&catid=A7674DEA-B39E-502C-2F76-760AE08947E9 HTTP/1.1" 200 75648
66.249.79.171 - - [28/Feb/2025:08:51:39 +0100] "GET /ticket2/opencms/sv/buy/?page=6&comcatid=A17713B6-D984-201A-4143-ED4DB5ED5C2E&catid=0A9E385E-33D9-328E-DC79-CA2C7009C829 HTTP/1.1" 200 75653
66.249.79.4 - - [28/Feb/2025:08:52:32 +0100] "GET /ticket2/opencms/sv/buy/?page=6&comcatid=A17713B6-D984-201A-4143-ED4DB5ED5C2E&catid=F03B8ADD-988E-AE6A-8DBA-AF502C691C60 HTTP/1.1" 200 75660
66.249.76.69 - - [28/Feb/2025:08:52:41 +0100] "GET /ticket2/opencms/en/venue/?countryid=EF4CD3F8-F552-B03A-F63B-5D01B436E59A HTTP/1.1" 200 93013
66.249.79.197 - - [28/Feb/2025:08:52:43 +0100] "GET /ticket2/opencms/sv/buy/?page=6&comcatid=A17713B6-D984-201A-4143-ED4DB5ED5C2E&catid=E961462E-5AC2-64D6-5850-A310C9DEAA06 HTTP/1.1" 200 75657
66.249.76.69 - - [28/Feb/2025:08:53:11 +0100] "GET /ticket2/opencms/sv/buy/?page=6&comcatid=97ECA65A-72DA-F9AF-9DBB-245D3CFED1BE HTTP/1.1" 200 70147
66.249.68.35 - - [28/Feb/2025:08:55:25 +0100] "GET /ticket2/opencms/sv/buy/?page=6&comcatid=0A6B8208-FDA4-E929-9D72-5312FD481B76 HTTP/1.1" 200 68673
66.249.79.98 - - [28/Feb/2025:08:56:50 +0100] "GET /ticket2/opencms/sv/buy/?page=6&comcatid=B41CCF2B-5558-7AEE-3602-09BBDE417D65 HTTP/1.1" 200 67014
66.249.68.66 - - [28/Feb/2025:08:57:24 +0100] "GET /ticket2/opencms/sv/buy/?page=6&comcatid=A17713B6-D984-201A-4143-ED4DB5ED5C2E&catid=08F27F2A-1872-A39F-A97C-63093E77B18A HTTP/1.1" 200 75645
66.249.79.171 - - [28/Feb/2025:08:57:34 +0100] "GET /ticket2/opencms/sv/standard/ HTTP/1.1" 200 78237
66.249.68.67 - - [28/Feb/2025:08:58:33 +0100] "GET /ticket2/opencms/sv/buy/?page=6&comcatid=A17713B6-D984-201A-4143-ED4DB5ED5C2E&catid=A3372871-3019-08B8-80CE-74B78F441ACA HTTP/1.1" 200 75649
193.68.89.10 - - [28/Feb/2025:08:58:41 +0100] "GET / HTTP/1.1" 404 -
66.249.79.199 - - [28/Feb/2025:09:01:39 +0100] "GET /ticket2/opencms/sv/buy/?page=6&comcatid=A17713B6-D984-201A-4143-ED4DB5ED5C2E&catid=BDD8C04C-DD99-1C07-B5F3-F2AB98D157E8 HTTP/1.1" 200 75652
66.249.79.35 - - [28/Feb/2025:09:03:10 +0100] "GET /ticket2/opencms/sv/buying_tickets/ HTTP/1.1" 200 66595
66.249.79.3 - - [28/Feb/2025:09:03:12 +0100] "GET /ticket2/opencms/sv/buy/?page=6&comcatid=A17713B6-D984-201A-4143-ED4DB5ED5C2E&catid=8AA488FA-6797-D710-8108-3088D6948FC1 HTTP/1.1" 200 75645
66.249.79.4 - - [28/Feb/2025:09:04:24 +0100] "GET /ticket2/opencms/en/sport/football-tickets/serie_a/as_roma/ HTTP/1.1" 200 65800
66.249.79.198 - - [28/Feb/2025:09:05:28 +0100] "GET /ticket2/opencms/en/sport/football-tickets/premier_league/chelsea/ HTTP/1.1" 200 65140
66.249.68.5 - - [28/Feb/2025:09:06:28 +0100] "GET /ticket2/opencms/en/sport/football-tickets/premier_league/west-ham/ HTTP/1.1" 404 -
66.249.68.66 - - [28/Feb/2025:09:07:30 +0100] "GET /ticket2/opencms/sv/buy/ HTTP/1.1" 200 65243
66.249.76.71 - - [28/Feb/2025:09:08:44 +0100] "GET /ticket2/opencms/sv/buy/?page=6&comcatid=A17713B6-D984-201A-4143-ED4DB5ED5C2E&catid=88C381AD-5D76-A34D-AC15-A7129F8EF5BE HTTP/1.1" 200 75644
66.249.79.197 - - [28/Feb/2025:09:09:09 +0100] "GET /ticket2/opencms/en/sport/football-tickets/premier_league/tottenham/ HTTP/1.1" 200 64498
66.249.76.69 - - [28/Feb/2025:09:09:10 +0100] "GET /ticket2/opencms/en/sport/football-tickets/la-liga/barcelona/ HTTP/1.1" 200 64825
66.249.76.71 - - [28/Feb/2025:09:09:31 +0100] "GET /ticket2/opencms/en/sport/football-tickets/premier_league/liverpool/ HTTP/1.1" 200 66512
51.8.102.221 - - [28/Feb/2025:09:09:37 +0100] "GET /ticket2/opencms/robots.txt HTTP/1.1" 200 773
66.249.79.197 - - [28/Feb/2025:09:09:45 +0100] "GET /ticket2/opencms/sv/buy/?page=6&column= HTTP/1.1" 200 65336
66.249.79.99 - - [28/Feb/2025:09:11:41 +0100] "GET /ticket2/opencms/en/venue/?countryid=2128D928-AF01-02A6-37BC-B4E1584F8291 HTTP/1.1" 200 93013
66.249.68.67 - - [28/Feb/2025:09:11:51 +0100] "GET /ticket2/opencms/sv/buy/?page=6&comcatid=A17713B6-D984-201A-4143-ED4DB5ED5C2E&catid=D8B345C9-F7A5-E620-4B43-C34EB0D6885B HTTP/1.1" 200 75645
66.249.79.98 - - [28/Feb/2025:09:11:56 +0100] "GET /ticket2/opencms/en/sport/football-tickets/premier_league/manchester_united/ HTTP/1.1" 200 67290
66.249.79.5 - - [28/Feb/2025:09:12:46 +0100] "GET /ticket2/opencms/en/sport/football-tickets/premier_league/arsenal/ HTTP/1.1" 200 70980
104.236.49.172 - - [28/Feb/2025:09:13:12 +0100] "GET /ticket2/opencms/ab2g HTTP/1.1" 404 -
104.236.49.172 - - [28/Feb/2025:09:13:13 +0100] "GET /ticket2/opencms/ab2h HTTP/1.1" 404 -
104.236.49.172 - - [28/Feb/2025:09:13:14 +0100] "GET /ticket2/opencms/alive.php HTTP/1.1" 404 -
104.236.49.172 - - [28/Feb/2025:09:13:17 +0100] "GET /ticket2/opencms/ HTTP/1.1" 302 -
104.236.49.172 - - [28/Feb/2025:09:13:18 +0100] "GET /ticket2/opencms/t4 HTTP/1.1" 404 -
104.236.49.172 - - [28/Feb/2025:09:13:18 +0100] "GET /ticket2/opencms/favicon.ico HTTP/1.1" 200 1406
104.236.49.172 - - [28/Feb/2025:09:13:19 +0100] "GET /ticket2/opencms/ HTTP/1.1" 302 -
104.236.49.172 - - [28/Feb/2025:09:13:19 +0100] "GET /ticket2/opencms/teorema505?t=1 HTTP/1.1" 404 -
66.249.79.170 - - [28/Feb/2025:09:13:32 +0100] "GET /ticket2/opencms/en/sport/football-tickets/la-liga/real_madrid/ HTTP/1.1" 200 64491
66.249.79.4 - - [28/Feb/2025:09:13:57 +0100] "GET /ticket2/opencms/en/sport/football-tickets/la-liga/ HTTP/1.1" 200 76558
66.249.79.99 - - [28/Feb/2025:09:14:56 +0100] "GET /ticket2/opencms/en/sport/football-tickets/serie_a/ HTTP/1.1" 200 77554
154.16.81.100 - - [28/Feb/2025:09:15:43 +0100] "HEAD /ticket2/opencms/ HTTP/1.1" 302 -
66.249.76.71 - - [28/Feb/2025:09:17:36 +0100] "GET /ticket2/opencms/sv/sport/fotbollsbiljetter/bundesliga/ HTTP/1.1" 200 73520
66.249.76.70 - - [28/Feb/2025:09:18:47 +0100] "GET /ticket2/opencms/sv/buy/?page=6&comcatid=A17713B6-D984-201A-4143-ED4DB5ED5C2E&catid=0A6C99D2-F5BD-7A18-9A5F-5668827042E0 HTTP/1.1" 200 78625
66.249.68.4 - - [28/Feb/2025:09:18:56 +0100] "GET /ticket2/opencms/sv/sport/fotbollsbiljetter/uefa-champions-league/ HTTP/1.1" 200 72036
