66.249.79.198 - - [26/Feb/2025:09:58:25 +0100] "GET /ticket2/opencms/en/venue/?venueid=38FFD183-CF6A-3217-EBBF-18C6D52232E9 HTTP/1.1" 200 63642
66.249.79.198 - - [26/Feb/2025:10:00:21 +0100] "GET /ticket2/opencms/en/venue/?venueid=DE3B95ED-C5EC-CEEF-043F-319530DFE066 HTTP/1.1" 200 63619
185.242.226.109 - - [26/Feb/2025:10:02:56 +0100] "GET /ticket2/opencms/favicon.ico HTTP/1.1" 200 1406
185.242.226.109 - - [26/Feb/2025:10:02:56 +0100] "GET /ticket2/opencms/ HTTP/1.1" 302 -
185.242.226.109 - - [26/Feb/2025:10:02:56 +0100] "GET /ticket2/opencms/en/ HTTP/1.1" 200 66763
66.249.79.198 - - [26/Feb/2025:10:03:40 +0100] "GET /ticket2/opencms/en/venue/?venueid=CC9A440E-B464-CC4E-06EE-F66092FB8CD7 HTTP/1.1" 200 63610
66.249.76.70 - - [26/Feb/2025:10:05:31 +0100] "GET /ticket2/opencms/en/venue/?venueid=4D10F6C7-6483-15E8-A9F8-BBF15C7E14A8 HTTP/1.1" 200 63633
66.249.79.197 - - [26/Feb/2025:10:05:56 +0100] "GET /ticket2/opencms/en/venue/?venueid=4B59E4CA-1599-6119-1C68-7B9E529278FF HTTP/1.1" 200 63661
66.249.79.199 - - [26/Feb/2025:10:09:34 +0100] "GET /ticket2/opencms/en/venue/?venueid=849CB8D2-585E-A2B3-5FDB-72B7613BA7D9 HTTP/1.1" 200 63624
66.249.79.199 - - [26/Feb/2025:10:13:10 +0100] "GET /ticket2/opencms/en/venue/?venueid=CEECF1E7-5F75-125A-BBD9-315FE319D489 HTTP/1.1" 200 63633
195.178.110.163 - - [26/Feb/2025:10:20:40 +0100] "GET /ticket2/opencms/ HTTP/1.1" 302 -
195.178.110.163 - - [26/Feb/2025:10:20:40 +0100] "GET /ticket2/opencms/.env.stage HTTP/1.1" 404 -
195.178.110.163 - - [26/Feb/2025:10:20:41 +0100] "GET /ticket2/opencms/prod/.env HTTP/1.1" 404 -
195.178.110.163 - - [26/Feb/2025:10:20:41 +0100] "GET /ticket2/opencms/api/.env HTTP/1.1" 404 -
195.178.110.163 - - [26/Feb/2025:10:20:41 +0100] "GET /ticket2/opencms/assets../.git/config HTTP/1.1" 404 -
195.178.110.163 - - [26/Feb/2025:10:20:42 +0100] "GET /ticket2/opencms/.env.dev.local HTTP/1.1" 404 -
195.178.110.163 - - [26/Feb/2025:10:20:42 +0100] "GET /ticket2/opencms/.env.live HTTP/1.1" 404 -
194.187.176.171 - - [26/Feb/2025:10:21:32 +0100] "GET /ticket2/opencms/ HTTP/1.1" 302 -
194.187.176.190 - - [26/Feb/2025:10:21:32 +0100] "GET /ticket2/opencms/en/ HTTP/1.1" 200 66763
194.187.176.130 - - [26/Feb/2025:10:21:34 +0100] "GET /ticket2/opencms/favicon.ico HTTP/1.1" 200 1406
122.117.63.48 - - [26/Feb/2025:10:21:46 +0100] "GET / HTTP/1.0" 404 -
59.126.136.131 - - [26/Feb/2025:10:24:09 +0100] "GET / HTTP/1.0" 404 -
66.249.79.199 - - [26/Feb/2025:10:27:42 +0100] "GET /ticket2/opencms/en/venue/?venueid=BC292235-0368-F4B6-A5B1-8737AD416345 HTTP/1.1" 200 63601
141.255.166.90 - - [26/Feb/2025:10:28:49 +0100] "GET /ticket2/opencms/cgi-bin/luci/;stok=/locale HTTP/1.1" 404 -
193.68.89.51 - - [26/Feb/2025:10:33:07 +0100] "GET / HTTP/1.1" 404 -
141.255.166.90 - - [26/Feb/2025:10:42:55 +0100] "GET /cgi-bin/luci/;stok=/locale HTTP/1.1" 404 -
66.249.79.197 - - [26/Feb/2025:10:43:41 +0100] "GET /ticket2/opencms/en/venue/?venueid=C739F0C3-3AC2-C330-A99C-F40369E33E70 HTTP/1.1" 200 63625
45.148.10.90 - - [26/Feb/2025:10:46:58 +0100] "???E???S??~?V?7U]????lNyG???Z? yu1?+??5?-G???YD?I?A:??"?4?)X&?+?/?,?0????? ??" 400 -
45.148.10.90 - - [26/Feb/2025:10:46:59 +0100] "GET / HTTP/1.1" 404 -
45.148.10.90 - - [01/Jan/1970:00:59:59 +0100] "-" 400 -
45.148.10.90 - - [26/Feb/2025:10:46:59 +0100] "GET / HTTP/1.1" 404 -
45.148.10.90 - - [26/Feb/2025:10:47:07 +0100] "GET /releases/.git/config HTTP/1.1" 404 -
45.148.10.90 - - [26/Feb/2025:10:47:08 +0100] "GET /.env.testing.local HTTP/1.1" 404 -
45.148.10.90 - - [26/Feb/2025:10:47:08 +0100] "GET /dev/backup/.git/config HTTP/1.1" 404 -
45.148.10.90 - - [26/Feb/2025:10:47:09 +0100] "GET /public/.git/config HTTP/1.1" 404 -
45.148.10.90 - - [26/Feb/2025:10:47:10 +0100] "GET /integration/.git/config HTTP/1.1" 404 -
45.148.10.90 - - [26/Feb/2025:10:47:11 +0100] "GET /logs/current/.git/config HTTP/1.1" 404 -
35.203.210.59 - - [26/Feb/2025:10:57:37 +0100] "GET /ticket2/opencms/ HTTP/1.1" 302 -
35.203.210.59 - - [26/Feb/2025:10:57:38 +0100] "GET /ticket2/opencms/en/ HTTP/1.1" 200 66763
45.148.10.90 - - [26/Feb/2025:11:01:02 +0100] "GET /ticket2/opencms/ HTTP/1.1" 302 -
45.148.10.90 - - [26/Feb/2025:11:01:08 +0100] "GET /ticket2/opencms/static/files/.git/config HTTP/1.1" 404 -
45.148.10.90 - - [26/Feb/2025:11:01:10 +0100] "GET /ticket2/opencms/.env.development.local HTTP/1.1" 404 -
45.148.10.90 - - [26/Feb/2025:11:01:10 +0100] "GET /ticket2/opencms/.env.testing.local HTTP/1.1" 404 -
45.148.10.90 - - [26/Feb/2025:11:01:11 +0100] "GET /ticket2/opencms/var/.env HTTP/1.1" 404 -
45.148.10.90 - - [26/Feb/2025:11:01:12 +0100] "GET /ticket2/opencms/.env_sample HTTP/1.1" 404 -
45.148.10.90 - - [26/Feb/2025:11:01:13 +0100] "GET /ticket2/opencms/api/.env HTTP/1.1" 404 -
45.148.10.90 - - [26/Feb/2025:11:01:14 +0100] "GET /ticket2/opencms/.env.debug HTTP/1.1" 404 -
44.220.188.8 - - [26/Feb/2025:11:05:41 +0100] "GET /ticket2/opencms/ HTTP/1.1" 302 -
44.220.188.8 - - [26/Feb/2025:11:05:42 +0100] "GET /ticket2/opencms/en/ HTTP/1.1" 200 66763
20.65.193.168 - - [26/Feb/2025:11:16:30 +0100] "GET /ticket2/opencms/ecp/Current/exporttool/microsoft.exchange.ediscovery.exporttool.application HTTP/1.1" 404 -
66.249.79.199 - - [26/Feb/2025:11:21:29 +0100] "GET /ticket2/opencms/en/buy/?comcatid=A17713B6-D984-201A-4143-ED4DB5ED5C2E&catid=BE041FBE-C1A7-918C-EB61-99ED02D12F5B HTTP/1.1" 200 73806
66.249.76.70 - - [26/Feb/2025:11:24:31 +0100] "GET /ticket2/opencms/en/venue/?venueid=83B8B6B9-A2B4-D4CB-2D8F-CE8D0CB4BEF2 HTTP/1.1" 200 63610
193.68.89.10 - - [26/Feb/2025:11:30:01 +0100] "GET / HTTP/1.1" 404 -
185.91.127.81 - - [26/Feb/2025:11:32:26 +0100] "CONNECT api.ip.pn:443 HTTP/1.1" 400 -
193.68.89.51 - - [26/Feb/2025:11:33:25 +0100] "GET / HTTP/1.1" 404 -
70.39.75.147 - - [26/Feb/2025:11:42:20 +0100] "GET /ticket2/opencms/ab2g HTTP/1.1" 404 -
70.39.75.147 - - [26/Feb/2025:11:42:20 +0100] "GET /ticket2/opencms/ab2h HTTP/1.1" 404 -
70.39.75.147 - - [26/Feb/2025:11:42:21 +0100] "GET /ticket2/opencms/alive.php HTTP/1.1" 404 -
70.39.75.147 - - [26/Feb/2025:11:42:25 +0100] "GET /ticket2/opencms/ HTTP/1.1" 302 -
70.39.75.147 - - [26/Feb/2025:11:42:26 +0100] "GET /ticket2/opencms/t4 HTTP/1.1" 404 -
70.39.75.147 - - [26/Feb/2025:11:42:27 +0100] "GET /ticket2/opencms/favicon.ico HTTP/1.1" 200 1406
70.39.75.147 - - [26/Feb/2025:11:42:28 +0100] "GET /ticket2/opencms/ HTTP/1.1" 302 -
70.39.75.147 - - [26/Feb/2025:11:42:29 +0100] "GET /ticket2/opencms/teorema505?t=1 HTTP/1.1" 404 -
194.85.251.53 - - [26/Feb/2025:11:52:45 +0100] "CONNECT ifconfig.co:443 HTTP/1.1" 400 -
194.85.251.53 - - [26/Feb/2025:11:52:45 +0100] "???[?Htp`'?,F?x??i?.???U?:UsM ??Ea??B?x???9??\?]l;? ?.LR??x???+?/?,?0????? ??" 400 -
196.251.66.46 - - [26/Feb/2025:12:00:29 +0100] "GET /ticket2/opencms/.git/config HTTP/1.1" 404 -
198.235.24.69 - - [26/Feb/2025:12:05:23 +0100] "??k? ?L ?j8ZX=??????\????_u ??v?)_:-?L}?? ??????????Q???y?r&?+?/?,?0????? ??" 400 -
198.235.24.69 - - [26/Feb/2025:12:05:24 +0100] "??0?GI4Kl?????`?????L??V?$?Z?f?arh???/?+?0?,???'?#?? ?(?$?? " 400 -
44.220.188.23 - - [26/Feb/2025:12:06:23 +0100] "GET /ticket2/opencms/ HTTP/1.1" 302 -
44.220.188.23 - - [26/Feb/2025:12:06:23 +0100] "GET /ticket2/opencms/en/ HTTP/1.1" 200 66763
66.249.79.197 - - [26/Feb/2025:12:11:47 +0100] "GET /ticket2/opencms/en/venue/?venueid=075172A0-B019-D420-5B98-9F3BF7203A11 HTTP/1.1" 200 63658
66.249.79.199 - - [26/Feb/2025:12:13:23 +0100] "GET /ticket2/opencms/en/venue/?venueid=09E03E16-187C-4DF2-8E48-7E3967D626E7 HTTP/1.1" 200 63628
66.249.79.199 - - [26/Feb/2025:12:20:48 +0100] "GET /ticket2/opencms/en/venue/?venueid=70DCED0C-DAFB-4CDB-B5CE-E31A25F4FE56 HTTP/1.1" 200 63592
66.249.79.199 - - [26/Feb/2025:12:22:11 +0100] "GET /ticket2/opencms/en/venue/?venueid=5FB47966-11AA-41E3-0F78-B8983ED6CEDC HTTP/1.1" 200 63631
66.249.79.198 - - [26/Feb/2025:12:22:49 +0100] "GET /ticket2/opencms/en/venue/?venueid=0A150E76-62F4-C52C-086E-D4CAD50B046E HTTP/1.1" 200 63625
66.249.79.197 - - [26/Feb/2025:12:22:51 +0100] "GET /ticket2/opencms/en/venue/?venueid=C0F938D7-4DFA-1781-F9B4-CE387BBF9E3B HTTP/1.1" 200 63678
66.249.76.69 - - [26/Feb/2025:12:23:32 +0100] "GET /ticket2/opencms/en/venue/?venueid=58BFEA7F-E81E-F4F6-A7F8-D202735B77F7 HTTP/1.1" 200 63674
66.249.79.199 - - [26/Feb/2025:12:27:38 +0100] "GET /ticket2/opencms/en/venue/?venueid=BE099EDC-92F5-295D-5F82-387E8463882F HTTP/1.1" 200 63646
66.249.76.71 - - [26/Feb/2025:12:29:09 +0100] "GET /ticket2/opencms/en/venue/?venueid=5E03C312-201F-EA86-FC06-30C04764E9A3 HTTP/1.1" 200 63631
66.249.79.198 - - [26/Feb/2025:12:30:33 +0100] "GET /ticket2/opencms/en/venue/?venueid=5858B31A-6048-51A4-6DD4-D41F2A76B2C1 HTTP/1.1" 200 63628
66.249.79.198 - - [26/Feb/2025:12:31:40 +0100] "GET /ticket2/opencms/en/venue/?venueid=879B0F51-C151-32AF-3491-072EFA33AFCB HTTP/1.1" 200 63592
91.224.92.10 - - [26/Feb/2025:12:32:09 +0100] "GET / HTTP/1.1" 404 -
66.249.79.197 - - [26/Feb/2025:12:33:33 +0100] "GET /ticket2/opencms/en/venue/?venueid=0D8FB175-8FD4-BBC9-1FBC-8F0EBFF5E13C HTTP/1.1" 200 63616
66.249.79.198 - - [26/Feb/2025:12:35:33 +0100] "GET /ticket2/opencms/en/venue/?venueid=8527116B-A185-5000-BC60-51916E69D597 HTTP/1.1" 200 63646
66.249.79.197 - - [26/Feb/2025:12:35:49 +0100] "GET /ticket2/opencms/en/venue/?venueid=A7F9D635-55A8-4B42-BE83-EBBBC354D49F HTTP/1.1" 200 63701
159.203.170.182 - - [26/Feb/2025:12:36:00 +0100] "GET /ticket2/opencms/.env HTTP/1.1" 404 -
112.161.206.137 - - [26/Feb/2025:12:36:09 +0100] "GET / HTTP/1.0" 404 -
66.249.79.199 - - [26/Feb/2025:12:36:46 +0100] "GET /ticket2/opencms/en/venue/?venueid=EBFB4757-1947-9B19-888A-253E3264D06D HTTP/1.1" 200 63684
66.249.76.71 - - [26/Feb/2025:12:37:47 +0100] "GET /ticket2/opencms/en/venue/?venueid=E182D4A0-2AF1-84A0-6F36-875410C652B9 HTTP/1.1" 200 63631
66.249.76.69 - - [26/Feb/2025:12:37:56 +0100] "GET /ticket2/opencms/en/venue/?venueid=B18A9751-F623-D6A1-1017-3C94514B7B65 HTTP/1.1" 200 63616
66.249.79.197 - - [26/Feb/2025:12:38:21 +0100] "GET /ticket2/opencms/en/venue/?venueid=B38AC25C-ED80-9C1B-B9E0-273CE56340CA HTTP/1.1" 200 63717
66.249.79.197 - - [26/Feb/2025:12:38:27 +0100] "GET /ticket2/opencms/en/venue/?venueid=A253241A-BC3B-6234-FFC3-3D72EBB1C7CB HTTP/1.1" 200 63619
185.91.127.81 - - [26/Feb/2025:12:39:16 +0100] "CONNECT api.ip.pn:443 HTTP/1.1" 400 -
66.249.79.197 - - [26/Feb/2025:12:41:37 +0100] "GET /ticket2/opencms/en/venue/?venueid=1E1536E8-AE90-57CE-2DC3-A96AB80E9F2E HTTP/1.1" 200 63645
66.249.79.197 - - [26/Feb/2025:12:52:33 +0100] "GET /ticket2/opencms/en/venue/?venueid=1F8D49CC-7498-4343-28B8-20782AAFFD1F HTTP/1.1" 200 63675
141.255.166.90 - - [26/Feb/2025:12:52:57 +0100] "GET /cgi-bin/luci/;stok=/locale HTTP/1.1" 404 -
193.68.89.51 - - [26/Feb/2025:12:54:21 +0100] "GET / HTTP/1.1" 404 -
66.249.76.71 - - [26/Feb/2025:12:54:31 +0100] "GET /ticket2/opencms/sv/sport/tennis/monte_carlo_masters/ HTTP/1.1" 200 69603
66.249.76.71 - - [26/Feb/2025:12:55:34 +0100] "GET /ticket2/opencms/en/venue/?venueid=E03968A5-AE05-E1E5-3D28-6DE0A936F6E0 HTTP/1.1" 200 63627
66.249.76.70 - - [26/Feb/2025:12:59:24 +0100] "GET /ticket2/opencms/en/venue/?venueid=C45DD2E8-ABDE-6F3B-951D-04563CE4C5B2 HTTP/1.1" 200 63613
66.249.76.70 - - [26/Feb/2025:12:59:34 +0100] "GET /ticket2/opencms/en/venue/?venueid=5B5FEC4B-6A08-971E-57F6-0BCF755A9705 HTTP/1.1" 200 63607
66.249.79.198 - - [26/Feb/2025:13:01:10 +0100] "GET /ticket2/opencms/en/venue/?venueid=CAB4F4C7-6D45-C26D-C063-947E43EB66F6 HTTP/1.1" 200 63660
66.249.79.197 - - [26/Feb/2025:13:01:21 +0100] "GET /ticket2/opencms/en/venue/?venueid=DBF173BB-97AB-4284-3FA4-D075B96368C3 HTTP/1.1" 200 63619
37.1.212.142 - - [26/Feb/2025:13:01:37 +0100] "GET /ticket2/opencms/ HTTP/1.1" 302 -
37.1.212.142 - - [26/Feb/2025:13:01:37 +0100] "GET /ticket2/opencms/en/ HTTP/1.1" 200 66763
37.1.212.142 - - [26/Feb/2025:13:01:37 +0100] "GET /ticket2/opencms/cgi-bin/userLogin HTTP/1.1" 404 -
37.1.212.142 - - [26/Feb/2025:13:01:37 +0100] "GET /ticket2/opencms/auth.html HTTP/1.1" 404 -
37.1.212.142 - - [26/Feb/2025:13:01:38 +0100] "GET /ticket2/opencms/sslvpn HTTP/1.1" 404 -
44.220.185.84 - - [26/Feb/2025:13:04:11 +0100] "GET /ticket2/opencms/ HTTP/1.1" 302 -
44.220.185.84 - - [26/Feb/2025:13:04:11 +0100] "GET /ticket2/opencms/en/ HTTP/1.1" 200 66763
66.249.79.197 - - [26/Feb/2025:13:05:56 +0100] "GET /ticket2/opencms/en/venue/?venueid=04A9823B-8F69-B2B4-6AE5-8FC04D38A9D5 HTTP/1.1" 200 63645
66.249.79.198 - - [26/Feb/2025:13:07:33 +0100] "GET /ticket2/opencms/en/venue/?venueid=43E46141-15E1-3762-0B24-518B95D780B0 HTTP/1.1" 200 63636
167.94.146.58 - - [26/Feb/2025:13:13:22 +0100] "GET / HTTP/1.1" 404 -
167.94.146.58 - - [26/Feb/2025:13:13:32 +0100] "GET / HTTP/1.1" 404 -
167.94.146.58 - - [26/Feb/2025:13:13:32 +0100] "PRI * HTTP/2.0" 505 -
167.94.146.58 - - [26/Feb/2025:13:13:35 +0100] "GET /favicon.ico HTTP/1.1" 404 -
66.249.76.69 - - [26/Feb/2025:13:16:25 +0100] "GET /ticket2/opencms/en/venue/?venueid=43CA93E8-7019-BD08-6A52-02613BB0F965 HTTP/1.1" 200 63600
66.249.79.198 - - [26/Feb/2025:13:16:32 +0100] "GET /ticket2/opencms/en/venue/?venueid=7ECDA6E6-A656-10FC-73E8-F0105E917177 HTTP/1.1" 200 63721
193.68.89.10 - - [26/Feb/2025:13:18:29 +0100] "GET / HTTP/1.1" 404 -
66.249.79.198 - - [26/Feb/2025:13:19:32 +0100] "GET /ticket2/opencms/en/venue/?venueid=57726D1D-9F51-6819-3C75-00FC27CD3B56 HTTP/1.1" 200 63613
66.249.79.198 - - [26/Feb/2025:13:21:55 +0100] "GET /ticket2/opencms/system/modules/com.gridnine.opencms.ticketbrokerage.site/resources/css/standard.css HTTP/1.1" 200 71024
66.249.76.70 - - [26/Feb/2025:13:21:56 +0100] "GET /ticket2/opencms/system/modules/com.gridnine.opencms.ticketbrokerage.site/resources/js/stickyfill.min.js HTTP/1.1" 200 5672
66.249.79.198 - - [26/Feb/2025:13:21:56 +0100] "GET /ticket2/opencms/system/modules/com.gridnine.opencms.ticketbrokerage.site/resources/css/jquery-ui.css HTTP/1.1" 200 33221
66.249.79.199 - - [26/Feb/2025:13:21:58 +0100] "GET /ticket2/opencms/system/modules/com.gridnine.opencms.ticketbrokerage.site/resources/js/calendar-setup.js HTTP/1.1" 200 4923
66.249.79.198 - - [26/Feb/2025:13:21:58 +0100] "GET /ticket2/opencms/system/modules/com.gridnine.opencms.ticketbrokerage.site/resources/js/jquery.fancybox.pack.js HTTP/1.1" 200 23187
66.249.76.71 - - [26/Feb/2025:13:21:58 +0100] "GET /ticket2/opencms/system/modules/com.gridnine.opencms.ticketbrokerage.site/resources/css/calendar.css HTTP/1.1" 200 6871
66.249.76.70 - - [26/Feb/2025:13:21:59 +0100] "GET /ticket2/opencms/system/modules/com.gridnine.opencms.ticketbrokerage.site/resources/js/common-ajax.js HTTP/1.1" 200 20175
66.249.79.198 - - [26/Feb/2025:13:23:33 +0100] "GET /ticket2/opencms/en/venue/?venueid=78753FB6-3A87-49B0-BB46-30CC2526D91F HTTP/1.1" 200 63604
66.249.79.198 - - [26/Feb/2025:13:24:41 +0100] "GET /ticket2/opencms/en/venue/?venueid=668FA348-5F37-61C1-5A07-66229040EC65 HTTP/1.1" 200 63676
66.249.79.197 - - [26/Feb/2025:13:24:55 +0100] "GET /ticket2/opencms/en/venue/?venueid=02790E61-358C-4C3C-F7D9-2783FAF32DD5 HTTP/1.1" 200 63627
66.249.79.198 - - [26/Feb/2025:13:31:40 +0100] "GET /ticket2/opencms/en/venue/?venueid=488AC2C1-B7E7-6FF7-2E97-6A5851BF4516 HTTP/1.1" 200 63648
46.19.143.26 - - [26/Feb/2025:13:31:57 +0100] "GET / HTTP/1.1" 404 -
44.220.185.41 - - [26/Feb/2025:13:34:34 +0100] "GET /ticket2/opencms/ HTTP/1.1" 302 -
44.220.185.41 - - [26/Feb/2025:13:34:35 +0100] "GET /ticket2/opencms/en/ HTTP/1.1" 200 66763
122.117.18.135 - - [26/Feb/2025:13:35:23 +0100] "GET / HTTP/1.0" 404 -
122.117.18.135 - - [26/Feb/2025:13:35:24 +0100] "GET / HTTP/1.0" 404 -
66.249.79.198 - - [26/Feb/2025:13:38:11 +0100] "GET /ticket2/opencms/en/venue/?venueid=734040E5-A24F-A3CB-551E-29ED256DF723 HTTP/1.1" 200 63639
141.255.166.90 - - [26/Feb/2025:13:41:46 +0100] "GET /cgi-bin/luci/;stok=/locale HTTP/1.1" 404 -
66.249.79.199 - - [26/Feb/2025:13:44:38 +0100] "GET /ticket2/opencms/en/venue/?venueid=8ACD55F8-F2F8-4EAD-B07C-625C1290622F HTTP/1.1" 200 63609
66.249.79.199 - - [26/Feb/2025:13:47:40 +0100] "GET /ticket2/opencms/en/venue/?venueid=41147811-3555-116B-80FF-96EECC95BFDA HTTP/1.1" 200 63651
66.249.79.197 - - [26/Feb/2025:13:47:49 +0100] "GET /ticket2/opencms/en/venue/?venueid=9FC61706-691B-2FC8-2F9C-0FE72518174E HTTP/1.1" 200 63622
66.249.79.197 - - [26/Feb/2025:13:50:45 +0100] "GET /ticket2/opencms/en/venue/?venueid=D04DA2B1-F40A-DB32-0B82-87293ED21BA3 HTTP/1.1" 200 63637
66.249.79.198 - - [26/Feb/2025:13:51:10 +0100] "GET /ticket2/opencms/en/venue/?venueid=BA726E61-6088-DAC3-1BB7-35F85C751C16 HTTP/1.1" 200 63639
66.249.79.197 - - [26/Feb/2025:13:51:47 +0100] "GET /ticket2/opencms/en/venue/?venueid=C453511B-2F35-C695-62F9-B0A9CA8C57AD HTTP/1.1" 200 63613
66.249.79.197 - - [26/Feb/2025:13:55:38 +0100] "GET /ticket2/opencms/en/venue/?venueid=3480DE49-E941-0709-302B-61748BF5ADE4 HTTP/1.1" 200 63610
193.68.89.51 - - [26/Feb/2025:13:56:27 +0100] "GET / HTTP/1.1" 404 -
66.249.79.199 - - [26/Feb/2025:13:57:42 +0100] "GET /ticket2/opencms/en/venue/?venueid=E799C27E-3C6B-7355-BE99-13F16F21A4A5 HTTP/1.1" 200 63606
66.249.79.198 - - [26/Feb/2025:13:57:49 +0100] "GET /ticket2/opencms/en/venue/?venueid=6D360DF1-D10E-80D6-413A-8A8A7657A599 HTTP/1.1" 200 63725
66.249.68.35 - - [26/Feb/2025:14:01:33 +0100] "GET /ticket2/opencms/en/venue/?venueid=25D22905-BFD1-9557-88F6-23DC20EBCEDD HTTP/1.1" 200 63664
66.249.79.3 - - [26/Feb/2025:14:01:57 +0100] "GET /ticket2/opencms/en/venue/?venueid=1132B734-FAA2-0D10-F207-2B2FA82EFF32 HTTP/1.1" 200 63618
185.91.127.81 - - [26/Feb/2025:14:02:03 +0100] "CONNECT api.ip.pn:443 HTTP/1.1" 400 -
66.249.76.69 - - [26/Feb/2025:14:03:10 +0100] "GET /ticket2/opencms/en/venue/?venueid=03AD1DAD-CC20-0896-9703-51ABB466F7B0 HTTP/1.1" 200 63651
66.249.79.198 - - [26/Feb/2025:14:06:32 +0100] "GET /ticket2/opencms/en/venue/?venueid=9862A239-2434-5FBB-1EDA-06F1C924E08E HTTP/1.1" 200 63648
66.249.79.197 - - [26/Feb/2025:14:06:49 +0100] "GET /ticket2/opencms/en/venue/?venueid=753D9703-2EA8-730A-BAEA-4685B6EF459E HTTP/1.1" 200 63660
91.224.92.10 - - [26/Feb/2025:14:14:32 +0100] "GET / HTTP/1.1" 404 -
66.249.76.69 - - [26/Feb/2025:14:16:39 +0100] "GET /ticket2/opencms/en/venue/?venueid=9B08A22F-3415-C8C6-6EBA-E63C520CFD46 HTTP/1.1" 200 63612
66.249.79.197 - - [26/Feb/2025:14:20:22 +0100] "GET /ticket2/opencms/en/venue/?venueid=F6F762B7-B573-80DB-59E3-860FE5BEB66D HTTP/1.1" 200 63612
66.249.79.197 - - [26/Feb/2025:14:22:11 +0100] "GET /ticket2/opencms/en/venue/?venueid=BEE8945B-B778-8574-F935-6E77E100F04E HTTP/1.1" 200 63607
66.249.79.198 - - [26/Feb/2025:14:22:46 +0100] "GET /ticket2/opencms/en/venue/?venueid=41B62F3E-7DE4-EA7C-9C65-EF5D363871DC HTTP/1.1" 200 63601
66.249.79.197 - - [26/Feb/2025:14:23:11 +0100] "GET /ticket2/opencms/en/venue/?venueid=B0D8B10A-00EA-BE9A-51A2-1497E435E691 HTTP/1.1" 200 63619
66.249.79.198 - - [26/Feb/2025:14:27:24 +0100] "GET /ticket2/opencms/en/venue/?venueid=AC707CB9-CD81-07F8-9EA6-B47D04E2F113 HTTP/1.1" 200 63636
66.249.79.197 - - [26/Feb/2025:14:28:33 +0100] "GET /ticket2/opencms/en/venue/?venueid=04C13710-E20C-CCA6-6CCF-F0FA34795246 HTTP/1.1" 200 63652
66.249.79.197 - - [26/Feb/2025:14:29:44 +0100] "GET /ticket2/opencms/en/venue/?venueid=84B906DE-B460-D444-68C7-D7444F9F1F9B HTTP/1.1" 200 63651
141.255.166.90 - - [26/Feb/2025:14:30:46 +0100] "GET /cgi-bin/luci/;stok=/locale HTTP/1.1" 404 -
66.249.79.199 - - [26/Feb/2025:14:32:24 +0100] "GET /ticket2/opencms/en/venue/?venueid=092C7A07-429A-6BEE-0D63-A862EA12705E HTTP/1.1" 200 63604
109.196.173.250 - - [26/Feb/2025:14:33:25 +0100] "GET /ticket2/opencms/ HTTP/1.1" 302 -
109.196.173.250 - - [26/Feb/2025:14:33:25 +0100] "GET /ticket2/opencms/ HTTP/1.1" 302 -
66.249.79.198 - - [26/Feb/2025:14:33:33 +0100] "GET /ticket2/opencms/en/venue/?venueid=BB5DCC3D-DF81-3AAD-D19F-0F0A28A6463A HTTP/1.1" 200 63604
106.225.147.245 - - [26/Feb/2025:14:38:04 +0100] "GET /ticket2/opencms/ HTTP/1.1" 302 -
20.225.3.109 - - [26/Feb/2025:14:44:07 +0100] "GET /actuator/health HTTP/1.1" 404 -
66.249.79.198 - - [26/Feb/2025:14:46:12 +0100] "GET /ticket2/opencms/en/venue/?venueid=C897D480-9FC2-C3FB-538C-8F78F6DAA600 HTTP/1.1" 200 63752
193.68.89.51 - - [26/Feb/2025:14:46:14 +0100] "GET / HTTP/1.1" 404 -
45.144.212.139 - - [26/Feb/2025:14:48:20 +0100] "GET /ticket2/opencms/.git/refs/remotes/ HTTP/1.1" 404 -
151.238.165.28 - - [26/Feb/2025:14:53:20 +0100] "GET / HTTP/1.1" 404 -
193.68.89.10 - - [26/Feb/2025:14:56:33 +0100] "GET / HTTP/1.1" 404 -
66.249.79.197 - - [26/Feb/2025:14:56:34 +0100] "GET /ticket2/opencms/en/venue/?venueid=10215421-D49E-AFEB-54BC-61D044D84B88 HTTP/1.1" 200 63613
66.249.79.36 - - [26/Feb/2025:15:01:38 +0100] "GET /ticket2/opencms/en/venue/?venueid=B2083FF8-1A7E-AE58-2C4E-652F1B914C1A HTTP/1.1" 200 63609
66.249.76.69 - - [26/Feb/2025:15:02:33 +0100] "GET /ticket2/opencms/en/venue/?venueid=0770F9FB-0E35-27C1-D9DF-FC3108832BC5 HTTP/1.1" 200 63666
46.19.143.58 - - [26/Feb/2025:15:03:31 +0100] "GET / HTTP/1.1" 404 -
66.249.79.199 - - [26/Feb/2025:15:05:20 +0100] "GET /ticket2/opencms/en/venue/?venueid=92233AC7-CC90-63C9-F1D7-B8EB5BC2857C HTTP/1.1" 200 63639
185.247.137.58 - - [26/Feb/2025:15:15:10 +0100] "GET /ticket2/opencms/ HTTP/1.1" 302 -
185.247.137.58 - - [26/Feb/2025:15:15:10 +0100] "GET /ticket2/opencms/en/ HTTP/1.1" 200 66763
185.247.137.134 - - [26/Feb/2025:15:15:11 +0100] "GET /ticket2/opencms/favicon.ico HTTP/1.1" 200 1406
66.249.79.170 - - [26/Feb/2025:15:15:47 +0100] "GET /ticket2/opencms/en/venue/?venueid=1519CE72-0A25-6BA0-48DA-5661E0A521EF HTTP/1.1" 200 63685
66.249.68.35 - - [26/Feb/2025:15:16:10 +0100] "GET /ticket2/opencms/en/venue/?venueid=64823F37-C894-99FC-7FB9-1CA1007A4F17 HTTP/1.1" 200 63714
184.105.247.194 - - [26/Feb/2025:15:17:26 +0100] "GET /ticket2/opencms/ HTTP/1.1" 302 -
66.249.79.170 - - [26/Feb/2025:15:17:50 +0100] "GET /ticket2/opencms/en/venue/?venueid=736BE71F-E4C1-8631-07B9-076E72E29705 HTTP/1.1" 200 63613
66.249.79.198 - - [26/Feb/2025:15:24:11 +0100] "GET /ticket2/opencms/en/venue/?venueid=62E87565-D10E-37EE-660F-D1D9C793A251 HTTP/1.1" 200 63648
66.249.79.98 - - [26/Feb/2025:15:24:44 +0100] "GET /ticket2/opencms/en/venue/?venueid=5DA3516A-811E-075A-C6ED-904902662B17 HTTP/1.1" 200 63616
184.105.247.194 - - [26/Feb/2025:15:25:16 +0100] "GET /ticket2/opencms/favicon.ico HTTP/1.1" 200 1406
141.255.166.90 - - [26/Feb/2025:15:26:43 +0100] "GET /cgi-bin/luci/;stok=/locale HTTP/1.1" 404 -
184.105.247.194 - - [26/Feb/2025:15:27:56 +0100] "GET /ticket2/opencms/ HTTP/1.1" 302 -
66.249.79.172 - - [26/Feb/2025:15:28:23 +0100] "GET /ticket2/opencms/en/venue/?venueid=38BF0C40-6823-C6D1-9FFB-8896B6F987BE HTTP/1.1" 200 63666
66.249.76.71 - - [26/Feb/2025:15:30:23 +0100] "GET /ticket2/opencms/en/venue/?venueid=D18D6787-79C9-168D-043E-699F3EFDABDE HTTP/1.1" 200 63616
66.249.68.3 - - [26/Feb/2025:15:32:21 +0100] "GET /ticket2/opencms/en/venue/?venueid=A0215E07-B078-8AA5-6DA4-5B2EADC61CED HTTP/1.1" 200 63687
66.249.79.5 - - [26/Feb/2025:15:33:32 +0100] "GET /ticket2/opencms/en/venue/?venueid=373A8158-EF4F-C52F-8418-B13477C2157B HTTP/1.1" 200 63703
66.249.76.70 - - [26/Feb/2025:15:33:34 +0100] "GET /ticket2/opencms/en/venue/?venueid=AF41511E-0B9E-3E6E-A7C7-E2C23F4F1C81 HTTP/1.1" 200 63637
193.68.89.51 - - [26/Feb/2025:15:38:06 +0100] "GET / HTTP/1.1" 404 -
66.249.79.197 - - [26/Feb/2025:15:39:47 +0100] "GET /ticket2/opencms/en/venue/?venueid=A2EB5051-2CE6-1081-A940-AC218E058885 HTTP/1.1" 200 63600
66.249.79.197 - - [26/Feb/2025:15:40:33 +0100] "GET /ticket2/opencms/en/venue/?venueid=EB773635-94F3-7E6F-AC1A-743B06E63C1C HTTP/1.1" 200 63654
51.138.188.120 - - [26/Feb/2025:15:43:08 +0100] "GET /ticket2/opencms/ HTTP/1.1" 302 -
51.138.188.120 - - [26/Feb/2025:15:43:09 +0100] "GET /ticket2/opencms/en/ HTTP/1.1" 200 66763
35.205.211.45 - - [26/Feb/2025:15:43:43 +0100] "GET / HTTP/1.1" 404 -
66.249.76.69 - - [26/Feb/2025:15:44:34 +0100] "GET /ticket2/opencms/en/venue/?venueid=A4367703-073E-F76C-5F55-E3DF7EEAE484 HTTP/1.1" 200 63627
66.249.79.198 - - [26/Feb/2025:15:45:24 +0100] "GET /ticket2/opencms/en/venue/?venueid=F3839010-FA04-80EF-00C0-301AFB1437AD HTTP/1.1" 200 63699
66.249.79.197 - - [26/Feb/2025:15:45:39 +0100] "GET /ticket2/opencms/en/venue/?venueid=7D0F0DC6-7ECD-E2A4-C5CD-DFF5AEF26B1F HTTP/1.1" 200 63785
66.249.68.66 - - [26/Feb/2025:15:45:50 +0100] "GET /ticket2/opencms/en/venue/?venueid=926D0C4B-2C69-EBC6-792F-B301AF32C1A0 HTTP/1.1" 200 63730
66.249.68.67 - - [26/Feb/2025:15:47:21 +0100] "GET /ticket2/opencms/en/venue/?venueid=D6B932F5-AC31-3BF8-6049-E431104053F1 HTTP/1.1" 200 63658
66.249.79.197 - - [26/Feb/2025:15:48:11 +0100] "GET /ticket2/opencms/en/venue/?venueid=5F67BA22-DBBD-331F-861A-48DEE262DDA1 HTTP/1.1" 200 63649
66.249.79.36 - - [26/Feb/2025:15:49:10 +0100] "GET /ticket2/opencms/en/venue/?venueid=234AF655-CBEF-566E-AA95-4ED8FB9CA8D3 HTTP/1.1" 200 63646
114.119.139.112 - - [26/Feb/2025:15:49:40 +0100] "GET /ticket2/opencms/robots.txt HTTP/1.1" 200 773
66.249.79.171 - - [26/Feb/2025:15:49:48 +0100] "GET /ticket2/opencms/en/venue/?venueid=58271F11-7BB1-711A-F32D-E763F26DC1E9 HTTP/1.1" 200 63636
66.249.79.3 - - [26/Feb/2025:15:50:20 +0100] "GET /ticket2/opencms/en/venue/?venueid=E10FCD58-11C5-3654-BCB2-8337AC23E995 HTTP/1.1" 200 63606
66.249.79.172 - - [26/Feb/2025:15:50:25 +0100] "GET /ticket2/opencms/en/venue/?venueid=B5F8506A-F94F-2596-19B1-8EAC93A69524 HTTP/1.1" 200 63600
66.249.79.197 - - [26/Feb/2025:15:51:23 +0100] "GET /ticket2/opencms/en/venue/?venueid=25E57B40-ECCD-14A3-704C-5A0B3153DBF3 HTTP/1.1" 200 63630
66.249.79.35 - - [26/Feb/2025:15:51:33 +0100] "GET /ticket2/opencms/en/venue/?venueid=0E1AD7DC-F63F-ECC2-9070-B20E7ACF07FC HTTP/1.1" 200 63694
66.249.68.66 - - [26/Feb/2025:15:51:48 +0100] "GET /ticket2/opencms/en/venue/?venueid=58522292-9FB1-E2A9-71BC-483A012096C6 HTTP/1.1" 200 63645
66.249.79.98 - - [26/Feb/2025:15:51:49 +0100] "GET /ticket2/opencms/en/venue/?venueid=E18D9E3C-49FF-D0D7-7808-6EA122B326E7 HTTP/1.1" 200 63699
66.249.79.170 - - [26/Feb/2025:15:51:56 +0100] "GET /ticket2/opencms/en/venue/?venueid=F6919005-F697-F5C9-0CDE-A016772170CD HTTP/1.1" 200 63642
66.249.79.199 - - [26/Feb/2025:16:00:38 +0100] "GET /ticket2/opencms/en/login/ HTTP/1.1" 200 65723
66.249.76.71 - - [26/Feb/2025:16:01:48 +0100] "GET /ticket2/opencms/en/venue/?venueid=1CD780E5-F5E0-3E6E-0FBD-DA930D5E7A83 HTTP/1.1" 200 63657
66.249.79.199 - - [26/Feb/2025:16:01:49 +0100] "GET /ticket2/opencms/en/venue/?venueid=66310A18-45F7-A89D-BD9F-A3196DFA666D HTTP/1.1" 200 63624
66.249.79.198 - - [26/Feb/2025:16:03:33 +0100] "GET /ticket2/opencms/en/venue/?venueid=299B0156-25AA-7D0B-824A-E86C2DB19BF9 HTTP/1.1" 200 63579
66.249.79.170 - - [26/Feb/2025:16:05:21 +0100] "GET /ticket2/opencms/en/venue/?venueid=EB77ABB2-7681-5353-78ED-A3ADEC5FE4B1 HTTP/1.1" 200 63636
66.249.76.70 - - [26/Feb/2025:16:05:44 +0100] "GET /ticket2/opencms/en/venue/?venueid=7459A29D-3F4C-884C-C85C-9368023CDEDD HTTP/1.1" 200 63637
66.249.68.4 - - [26/Feb/2025:16:06:40 +0100] "GET /ticket2/opencms/en/venue/?venueid=BC924132-7F96-0646-A878-2E37F8A82CF2 HTTP/1.1" 200 63612
40.78.95.189 - - [01/Jan/1970:00:59:59 +0100] "-" 400 -
66.249.76.71 - - [26/Feb/2025:16:07:33 +0100] "GET /ticket2/opencms/en/venue/?venueid=58F56EF7-205A-178F-AAD2-A2EA74CB1D0E HTTP/1.1" 200 63619
66.249.79.98 - - [26/Feb/2025:16:10:25 +0100] "GET /ticket2/opencms/en/venue/?venueid=D32D7D15-39F6-AD54-233F-8A09600A4A49 HTTP/1.1" 200 63685
66.249.79.198 - - [26/Feb/2025:16:11:32 +0100] "GET /ticket2/opencms/en/venue/?venueid=B13B57EE-97C9-4B30-06E7-6D52ED8D601C HTTP/1.1" 200 63610
91.224.92.10 - - [26/Feb/2025:16:11:59 +0100] "GET / HTTP/1.1" 404 -
141.255.166.90 - - [26/Feb/2025:16:14:34 +0100] "GET /cgi-bin/luci/;stok=/locale HTTP/1.1" 404 -
66.249.68.66 - - [26/Feb/2025:16:17:42 +0100] "GET /ticket2/opencms/en/venue/?venueid=99F349EB-97D3-4327-F972-D173DD5F2DAA HTTP/1.1" 200 63573
66.249.76.70 - - [26/Feb/2025:16:22:41 +0100] "GET /ticket2/opencms/en/venue/?venueid=6F45CC98-0FF4-9684-10A7-A4EABAFB5F44 HTTP/1.1" 200 63634
66.249.79.34 - - [26/Feb/2025:16:22:55 +0100] "GET /ticket2/opencms/en/venue/?venueid=F7B4C813-BC84-3E2A-D908-96D8A8EC8EC1 HTTP/1.1" 200 63663
165.154.173.226 - - [26/Feb/2025:16:23:55 +0100] "GET /ticket2/opencms/ HTTP/1.1" 302 -
101.36.123.67 - - [26/Feb/2025:16:24:23 +0100] "GET /ticket2/opencms/ HTTP/1.1" 302 -
101.36.123.67 - - [26/Feb/2025:16:24:27 +0100] "GET /ticket2/opencms/favicon.ico HTTP/1.1" 200 1406
101.36.123.67 - - [26/Feb/2025:16:24:29 +0100] "GET /ticket2/opencms/en/ HTTP/1.1" 200 66763
101.36.123.67 - - [26/Feb/2025:16:24:30 +0100] "GET /ticket2/opencms/en/ HTTP/1.1" 200 66763
101.36.123.67 - - [26/Feb/2025:16:24:39 +0100] "GET /ticket2/opencms/favicon.ico HTTP/1.1" 200 1406
101.36.123.67 - - [26/Feb/2025:16:24:41 +0100] "GET /ticket2/opencms/en/sitemap.xml HTTP/1.1" 200 37572
101.36.123.67 - - [26/Feb/2025:16:24:42 +0100] "GET /ticket2/opencms/en/robots.txt HTTP/1.1" 404 -
101.36.123.67 - - [26/Feb/2025:16:24:46 +0100] "GET /ticket2/opencms/en/ HTTP/1.1" 200 66763
101.36.123.67 - - [26/Feb/2025:16:24:52 +0100] "GET /ticket2/opencms/favicon.ico HTTP/1.1" 200 1406
101.36.123.67 - - [26/Feb/2025:16:24:53 +0100] "GET /ticket2/opencms/system/modules/com.gridnine.opencms.ticketbrokerage.site/resources/pics/logo-new.png HTTP/1.1" 200 13541
101.36.123.67 - - [26/Feb/2025:16:24:55 +0100] "GET /ticket2/opencms/system/modules/com.gridnine.opencms.ticketbrokerage.site/resources/js/functions.js HTTP/1.1" 200 1583
101.36.123.67 - - [26/Feb/2025:16:24:58 +0100] "GET /ticket2/opencms/system/modules/com.gridnine.opencms.ticketbrokerage.site/resources/js/calendar-setup.js HTTP/1.1" 200 4923
101.36.123.67 - - [26/Feb/2025:16:25:04 +0100] "GET /ticket2/opencms/system/modules/com.gridnine.opencms.ticketbrokerage.site/resources/js/calendar-en.js HTTP/1.1" 200 3338
101.36.123.67 - - [26/Feb/2025:16:25:07 +0100] "GET /ticket2/opencms/system/modules/com.gridnine.opencms.ticketbrokerage.site/resources/js/calendar.js HTTP/1.1" 200 49229
101.36.123.67 - - [26/Feb/2025:16:25:10 +0100] "GET /ticket2/opencms/system/modules/com.gridnine.opencms.ticketbrokerage.site/resources/js/standard.js HTTP/1.1" 200 3928
101.36.123.67 - - [26/Feb/2025:16:25:12 +0100] "GET /ticket2/opencms/en/robots.txt HTTP/1.1" 404 -
101.36.123.67 - - [26/Feb/2025:16:25:13 +0100] "GET /ticket2/opencms/en/sitemap.xml HTTP/1.1" 200 37572
101.36.123.67 - - [26/Feb/2025:16:25:20 +0100] "GET /ticket2/opencms/?id=%25{{{11}}*{{11}}} HTTP/1.1" 302 -
101.36.123.67 - - [26/Feb/2025:16:25:23 +0100] "GET /ticket2/opencms/en/ HTTP/1.1" 200 66763
101.36.123.67 - - [26/Feb/2025:16:25:26 +0100] "GET /ticket2/opencms/struts/webconsole.html HTTP/1.1" 404 -
101.36.123.67 - - [26/Feb/2025:16:25:27 +0100] "GET /ticket2/opencms/?actionErrors=1111 HTTP/1.1" 302 -
101.36.123.67 - - [26/Feb/2025:16:25:31 +0100] "GET /ticket2/opencms/en/ HTTP/1.1" 200 66763
101.36.123.67 - - [26/Feb/2025:16:25:32 +0100] "GET /ticket2/opencms/invoker/readonly HTTP/1.1" 404 -
34.79.160.92 - - [26/Feb/2025:16:30:06 +0100] "GET /ticket2/opencms/ HTTP/1.1" 302 -
66.249.76.70 - - [26/Feb/2025:16:30:22 +0100] "GET /ticket2/opencms/en/venue/?venueid=7C7F73F8-7DD5-5AD2-5D98-6873788781BA HTTP/1.1" 200 63675
66.249.76.69 - - [26/Feb/2025:16:31:23 +0100] "GET /ticket2/opencms/en/venue/?venueid=FFA115B2-38B9-DF68-21D2-8F2E64EF271D HTTP/1.1" 200 63627
185.242.226.109 - - [26/Feb/2025:16:32:08 +0100] "GET /ticket2/opencms/ HTTP/1.1" 302 -
185.242.226.109 - - [26/Feb/2025:16:32:08 +0100] "GET /ticket2/opencms/en/ HTTP/1.1" 200 66763
66.249.76.69 - - [26/Feb/2025:16:32:21 +0100] "GET /ticket2/opencms/en/venue/?venueid=BB736B8D-452E-548C-9145-71E4BC7BD986 HTTP/1.1" 200 63619
66.249.76.70 - - [26/Feb/2025:16:33:50 +0100] "GET /ticket2/opencms/en/venue/?venueid=5A7F3216-3247-9899-48F9-7CCF4571FF29 HTTP/1.1" 200 63630
193.68.89.51 - - [26/Feb/2025:16:41:11 +0100] "GET / HTTP/1.1" 404 -
193.68.89.10 - - [26/Feb/2025:16:43:19 +0100] "GET / HTTP/1.1" 404 -
66.249.79.198 - - [26/Feb/2025:16:45:38 +0100] "GET /ticket2/opencms/en/venue/?venueid=21E564E4-EE31-88E4-856D-538C001ECECA HTTP/1.1" 200 63642
45.148.10.35 - - [26/Feb/2025:16:51:28 +0100] "GET /ticket2/opencms/data/config/.git/config HTTP/1.1" 404 -
45.148.10.35 - - [26/Feb/2025:16:51:28 +0100] "GET /ticket2/opencms/logs/temp/.git/config HTTP/1.1" 404 -
45.148.10.35 - - [26/Feb/2025:16:51:28 +0100] "GET /ticket2/opencms/.env HTTP/1.1" 404 -
45.148.10.35 - - [26/Feb/2025:16:51:28 +0100] "GET /ticket2/opencms/data/staging/.git/config HTTP/1.1" 404 -
206.168.34.36 - - [26/Feb/2025:16:52:20 +0100] "GET /ticket2/opencms/ HTTP/1.1" 302 -
206.168.34.36 - - [26/Feb/2025:16:53:15 +0100] "GET /ticket2/opencms/en/ HTTP/1.1" 200 66763
206.168.34.36 - - [26/Feb/2025:16:53:22 +0100] "GET /ticket2/opencms/favicon.ico HTTP/1.1" 200 1406
51.138.184.110 - - [26/Feb/2025:16:53:33 +0100] "GET / HTTP/1.1" 404 -
66.249.79.199 - - [26/Feb/2025:17:01:29 +0100] "GET /ticket2/opencms/en/venue/?venueid=40BC3D00-46E6-20A0-5D8C-1C84088AAF36 HTTP/1.1" 200 63595
66.249.79.197 - - [26/Feb/2025:17:01:37 +0100] "GET /ticket2/opencms/en/venue/?venueid=788D8A95-9784-C0AC-7C72-145DA63A5615 HTTP/1.1" 200 63692
66.249.76.70 - - [26/Feb/2025:17:02:37 +0100] "GET /ticket2/opencms/en/venue/?venueid=AD7646E3-6B04-B7A0-6EC4-E012A5391A5E HTTP/1.1" 200 63637
0.0.0.0 - - [26/Feb/2025:17:03:48 +0100] "HEAD null HTTP/1.1" 500 -
135.148.25.124 - - [26/Feb/2025:17:04:00 +0100] "GET /ticket2/opencms/ HTTP/1.1" 302 -
66.249.79.197 - - [26/Feb/2025:17:05:51 +0100] "GET /ticket2/opencms/en/venue/?venueid=D6ACC314-B92A-54C8-D6D6-0BCC0672FA5A HTTP/1.1" 200 63640
206.168.34.208 - - [26/Feb/2025:17:07:31 +0100] "GET /ticket2/opencms/ HTTP/1.1" 302 -
206.168.34.208 - - [26/Feb/2025:17:08:15 +0100] "GET /ticket2/opencms/en/ HTTP/1.1" 200 66763
206.168.34.208 - - [26/Feb/2025:17:08:21 +0100] "GET /ticket2/opencms/favicon.ico HTTP/1.1" 200 1406
66.249.79.199 - - [26/Feb/2025:17:09:49 +0100] "GET /ticket2/opencms/en/venue/?venueid=54CFF33C-FC92-3694-4B5D-667C721FDE9D HTTP/1.1" 200 63663
66.249.79.199 - - [26/Feb/2025:17:11:11 +0100] "GET /ticket2/opencms/en/venue/?venueid=619A03DD-ACCD-FE57-5807-3D17BA5AEECB HTTP/1.1" 200 63694
167.94.138.173 - - [26/Feb/2025:17:11:26 +0100] "GET /ticket2/opencms/ HTTP/1.1" 302 -
135.148.213.249 - - [26/Feb/2025:17:11:32 +0100] "GET /ticket2/opencms/favicon.ico HTTP/1.1" 200 1406
162.142.125.212 - - [26/Feb/2025:17:11:38 +0100] "GET /ticket2/opencms/ HTTP/1.1" 302 -
162.142.125.212 - - [26/Feb/2025:17:12:18 +0100] "GET /ticket2/opencms/en/ HTTP/1.1" 200 66763
162.142.125.212 - - [26/Feb/2025:17:12:19 +0100] "GET /ticket2/opencms/favicon.ico HTTP/1.1" 200 1406
66.249.76.71 - - [26/Feb/2025:17:12:41 +0100] "GET /ticket2/opencms/en/venue/?venueid=009281B3-0BB1-41EA-5F8E-EC7FA73B69D0 HTTP/1.1" 200 63648
66.249.79.197 - - [26/Feb/2025:17:13:20 +0100] "GET /ticket2/opencms/en/venue/?venueid=6D90FD34-5DE4-4A2F-652B-58B5AB67413E HTTP/1.1" 200 63639
66.249.79.198 - - [26/Feb/2025:17:14:38 +0100] "GET /ticket2/opencms/sv/about/contact/ HTTP/1.1" 200 64501
66.249.79.198 - - [26/Feb/2025:17:14:51 +0100] "GET /ticket2/opencms/en/venue/?venueid=1296F5D3-4505-F292-99A1-ABFE76F323BD HTTP/1.1" 200 63728
66.249.79.199 - - [26/Feb/2025:17:15:46 +0100] "GET /ticket2/opencms/en/venue/?venueid=FF5203A7-122F-1365-4962-1F8CB4E034AD HTTP/1.1" 200 63651
66.249.79.198 - - [26/Feb/2025:17:15:50 +0100] "GET /ticket2/opencms/en/venue/?venueid=A7F4FECE-4E17-B1DA-2900-3D2253A69294 HTTP/1.1" 200 63661
66.249.76.69 - - [26/Feb/2025:17:16:22 +0100] "GET /ticket2/opencms/en/venue/?venueid=49391045-8C61-FC04-D66B-30CA890C2B86 HTTP/1.1" 200 63643
66.249.76.69 - - [26/Feb/2025:17:16:32 +0100] "GET /ticket2/opencms/en/venue/?venueid=AAC9A474-6F1C-8E49-0F79-0EFC179B3230 HTTP/1.1" 200 63654
135.148.8.108 - - [26/Feb/2025:17:17:29 +0100] "GET /ticket2/opencms/en/ HTTP/1.1" 200 66763
135.148.8.108 - - [26/Feb/2025:17:17:38 +0100] "GET /ticket2/opencms/favicon.ico HTTP/1.1" 200 1406
193.68.89.51 - - [26/Feb/2025:17:18:08 +0100] "GET / HTTP/1.1" 404 -
51.81.110.63 - - [26/Feb/2025:17:23:37 +0100] "GET /ticket2/opencms/favicon.ico HTTP/1.1" 200 1406
51.81.111.1 - - [26/Feb/2025:17:24:30 +0100] "GET /ticket2/opencms/en/ HTTP/1.1" 200 66763
135.148.57.182 - - [26/Feb/2025:17:25:30 +0100] "GET /ticket2/opencms/en/ HTTP/1.1" 200 66763
135.148.57.184 - - [26/Feb/2025:17:25:34 +0100] "GET /ticket2/opencms/favicon.ico HTTP/1.1" 200 1406
147.135.23.105 - - [26/Feb/2025:17:31:31 +0100] "GET /ticket2/opencms/en/ HTTP/1.1" 200 66763
51.81.110.49 - - [26/Feb/2025:17:31:32 +0100] "GET /ticket2/opencms/favicon.ico HTTP/1.1" 200 1406
51.81.110.48 - - [26/Feb/2025:17:32:42 +0100] "GET /ticket2/opencms/favicon.ico HTTP/1.1" 200 1406
66.249.79.198 - - [26/Feb/2025:17:34:33 +0100] "GET /ticket2/opencms/en/venue/?venueid=842722E9-5FE1-5D36-B4BC-7C6A76B1894C HTTP/1.1" 200 63652
66.249.76.69 - - [26/Feb/2025:17:35:21 +0100] "GET /ticket2/opencms/en/venue/?venueid=1331789E-22D7-FAB8-583C-218875CD19E1 HTTP/1.1" 200 63640
66.249.76.69 - - [26/Feb/2025:17:35:27 +0100] "GET /ticket2/opencms/en/venue/?venueid=05715F85-D32B-E5F5-DEA4-D616425C57F4 HTTP/1.1" 200 63684
66.249.79.197 - - [26/Feb/2025:17:38:51 +0100] "GET /ticket2/opencms/en/venue/?venueid=0CF5EE35-DFE3-ADC5-E0D6-1D381791145B HTTP/1.1" 200 63609
91.224.92.10 - - [26/Feb/2025:17:39:56 +0100] "GET / HTTP/1.1" 404 -
51.81.110.60 - - [26/Feb/2025:17:40:06 +0100] "GET /ticket2/opencms/favicon.ico HTTP/1.1" 200 1406
66.249.79.199 - - [26/Feb/2025:17:40:48 +0100] "GET /ticket2/opencms/en/venue/?venueid=203858E0-C44D-022D-2E8D-D6D130DE030F HTTP/1.1" 200 63672
66.249.79.197 - - [26/Feb/2025:17:41:10 +0100] "GET /ticket2/opencms/en/venue/?venueid=E8164C8A-8873-243D-7C2E-FF36822B4188 HTTP/1.1" 200 63735
66.249.76.71 - - [26/Feb/2025:17:42:23 +0100] "GET /ticket2/opencms/en/venue/?venueid=5230B097-8437-5888-C33D-228BB06106E4 HTTP/1.1" 200 63604
66.249.79.198 - - [26/Feb/2025:17:42:55 +0100] "GET /ticket2/opencms/en/venue/?venueid=B7A2B5FC-FF9C-BE54-AC50-1B01EBD90999 HTTP/1.1" 200 63619
167.94.146.48 - - [26/Feb/2025:17:45:45 +0100] "GET /ticket2/opencms/ HTTP/1.1" 500 -
167.94.146.48 - - [26/Feb/2025:17:45:50 +0100] "GET /ticket2/opencms/ HTTP/1.1" 302 -
167.94.146.48 - - [26/Feb/2025:17:46:05 +0100] "GET /ticket2/opencms/en/ HTTP/1.1" 200 66763
167.94.146.48 - - [26/Feb/2025:17:46:09 +0100] "GET /ticket2/opencms/favicon.ico HTTP/1.1" 200 1406
66.249.79.199 - - [26/Feb/2025:17:51:45 +0100] "GET /ticket2/opencms/en/venue/?venueid=0282D494-85AE-5A8B-2A51-BC00F5E89183 HTTP/1.1" 200 63642
66.249.79.197 - - [26/Feb/2025:17:53:34 +0100] "GET /ticket2/opencms/en/venue/?venueid=3D607064-676F-4AF0-20B6-ACDBA986D231 HTTP/1.1" 200 63610
185.91.127.81 - - [26/Feb/2025:17:54:12 +0100] "CONNECT api.ip.pn:443 HTTP/1.1" 400 -
66.249.76.71 - - [26/Feb/2025:17:56:32 +0100] "GET /ticket2/opencms/en/venue/?venueid=18C713C2-5502-2721-4BDF-4CC89EA5797B HTTP/1.1" 200 63615
66.249.79.197 - - [26/Feb/2025:17:57:34 +0100] "GET /ticket2/opencms/en/venue/?venueid=A46FBE97-325C-428D-AF20-65AFC077E24B HTTP/1.1" 200 63624
66.249.79.197 - - [26/Feb/2025:17:57:42 +0100] "GET /ticket2/opencms/en/venue/?venueid=C8425D67-5AD6-9381-B10D-8009E1B47C0D HTTP/1.1" 200 63616
66.249.76.69 - - [26/Feb/2025:18:00:32 +0100] "GET /ticket2/opencms/en/venue/?venueid=8DFC8AD9-E645-18BB-4A0A-84E80349347C HTTP/1.1" 200 63660
66.249.79.198 - - [26/Feb/2025:18:00:55 +0100] "GET /ticket2/opencms/en/venue/?venueid=AF7F2E28-677E-9782-2141-5DA64832B7AA HTTP/1.1" 200 63739
66.249.79.198 - - [26/Feb/2025:18:02:24 +0100] "GET /ticket2/opencms/en/venue/?venueid=54DB6E7A-71B2-2EC1-0CC1-E45341E4F9EF HTTP/1.1" 200 63645
66.249.79.199 - - [26/Feb/2025:18:07:32 +0100] "GET /ticket2/opencms/en/venue/?venueid=95CCD412-176D-D071-F94A-43E24D65C863 HTTP/1.1" 200 63634
66.249.79.199 - - [26/Feb/2025:18:11:45 +0100] "GET /ticket2/opencms/en/venue/?venueid=0C72DEDD-89EE-57E0-A1B7-BB6C9045A328 HTTP/1.1" 200 63597
66.249.79.197 - - [26/Feb/2025:18:11:56 +0100] "GET /ticket2/opencms/en/venue/?venueid=B8FCE929-249C-C67B-84CE-487EF2E25D2B HTTP/1.1" 200 63618
141.255.166.90 - - [26/Feb/2025:18:12:26 +0100] "GET /cgi-bin/luci/;stok=/locale HTTP/1.1" 404 -
66.249.79.197 - - [26/Feb/2025:18:12:48 +0100] "GET /ticket2/opencms/en/venue/?venueid=C67585DF-4559-FB0F-52E6-718D8EA0AFFA HTTP/1.1" 200 63612
193.68.89.51 - - [26/Feb/2025:18:16:29 +0100] "GET / HTTP/1.1" 404 -
66.249.79.199 - - [26/Feb/2025:18:20:21 +0100] "GET /ticket2/opencms/en/venue/?venueid=F4FE8A93-D3AE-B0FC-0EBF-CDEF79158B44 HTTP/1.1" 200 63636
66.249.79.198 - - [26/Feb/2025:18:21:39 +0100] "GET /ticket2/opencms/en/venue/?venueid=04FE23B3-F967-A980-5AB7-9F3B7C91A15B HTTP/1.1" 200 63634
66.249.76.70 - - [26/Feb/2025:18:21:50 +0100] "GET /ticket2/opencms/en/venue/?venueid=AEBDE4BB-8DCC-3391-E627-DEA59986D788 HTTP/1.1" 200 63654
66.249.79.197 - - [26/Feb/2025:18:22:10 +0100] "GET /ticket2/opencms/en/venue/?venueid=A9B88B80-1A43-E772-7C63-4544ED8DA305 HTTP/1.1" 200 63690
66.249.79.199 - - [26/Feb/2025:18:23:10 +0100] "GET /ticket2/opencms/robots.txt HTTP/1.1" 200 773
66.249.79.198 - - [26/Feb/2025:18:23:11 +0100] "GET /ticket2/opencms/en/venue/?venueid=03CDE5C1-6C85-4333-AD6E-F14ADEB9C5AB HTTP/1.1" 200 63616
78.153.140.151 - - [26/Feb/2025:18:23:15 +0100] "GET /ticket2/opencms/.env HTTP/1.1" 404 -
78.153.140.151 - - [26/Feb/2025:18:23:17 +0100] "GET /ticket2/opencms/localhost/.env HTTP/1.1" 404 -
78.153.140.151 - - [26/Feb/2025:18:23:20 +0100] "GET /ticket2/opencms/laravel/.env.production HTTP/1.1" 404 -
66.249.79.199 - - [26/Feb/2025:18:25:09 +0100] "GET /ticket2/opencms/robots.txt HTTP/1.1" 200 773
66.249.76.70 - - [26/Feb/2025:18:25:10 +0100] "GET /ticket2/opencms/en/venue/?venueid=CBCA4CA4-CBC4-330E-5D1E-6AD93EA9F82A HTTP/1.1" 200 63686
66.249.79.197 - - [26/Feb/2025:18:28:22 +0100] "GET /ticket2/opencms/robots.txt HTTP/1.1" 200 773
66.249.79.198 - - [26/Feb/2025:18:28:24 +0100] "GET /ticket2/opencms/en/venue/?venueid=6E74DDFB-B5A5-70DD-F587-B3566A502D6D HTTP/1.1" 200 63621
66.249.79.197 - - [26/Feb/2025:18:29:11 +0100] "GET /ticket2/opencms/en/venue/?venueid=C267E844-1948-7EBB-0689-904EE92CE21C HTTP/1.1" 200 63633
66.249.79.197 - - [26/Feb/2025:18:30:21 +0100] "GET /ticket2/opencms/robots.txt HTTP/1.1" 200 773
66.249.76.69 - - [26/Feb/2025:18:30:21 +0100] "GET /ticket2/opencms/en/venue/?venueid=DB01BE0B-948C-68F3-8192-7006820D14E9 HTTP/1.1" 200 63628
66.249.79.197 - - [26/Feb/2025:18:30:33 +0100] "GET /ticket2/opencms/en/venue/?venueid=601A7ABD-551E-8CCC-08ED-4CC1D1D88166 HTTP/1.1" 200 63600
66.249.79.197 - - [26/Feb/2025:18:31:11 +0100] "GET /ticket2/opencms/en/venue/?venueid=353987F9-BE5F-F2A2-0D30-ACE5C9B1DA27 HTTP/1.1" 200 63622
3.144.151.253 - - [26/Feb/2025:18:31:25 +0100] "GET /ticket2/opencms/ HTTP/1.1" 302 -
3.144.151.253 - - [26/Feb/2025:18:31:26 +0100] "GET /ticket2/opencms/en/ HTTP/1.1" 200 66763
66.249.79.198 - - [26/Feb/2025:18:31:47 +0100] "GET /ticket2/opencms/robots.txt HTTP/1.1" 200 773
66.249.79.198 - - [26/Feb/2025:18:31:47 +0100] "GET /ticket2/opencms/en/venue/?venueid=B9E1C2A0-0847-2537-2C1B-EF8F5DAD4EC7 HTTP/1.1" 200 63636
66.249.79.198 - - [26/Feb/2025:18:32:49 +0100] "GET /ticket2/opencms/robots.txt HTTP/1.1" 200 773
66.249.79.198 - - [26/Feb/2025:18:32:50 +0100] "GET /ticket2/opencms/en/venue/?venueid=C78858BB-8329-647A-A73A-0B2A266EBDBF HTTP/1.1" 200 63598
193.68.89.10 - - [26/Feb/2025:18:36:33 +0100] "GET / HTTP/1.1" 404 -
66.249.76.69 - - [26/Feb/2025:18:41:24 +0100] "GET /ticket2/opencms/en/venue/?venueid=1DFE1CE1-FCC2-1D42-6070-375EAE5E1EC2 HTTP/1.1" 200 63689
66.249.79.197 - - [26/Feb/2025:18:45:38 +0100] "GET /ticket2/opencms/sv/faq/ HTTP/1.1" 200 69071
66.249.79.197 - - [26/Feb/2025:18:45:43 +0100] "GET /ticket2/opencms/system/modules/com.gridnine.opencms.ticketbrokerage.site/resources/css/calendar.css HTTP/1.1" 200 6871
66.249.76.69 - - [26/Feb/2025:18:46:10 +0100] "GET /ticket2/opencms/en/venue/?venueid=4B40329E-FBD6-180B-EEB9-51E65024538E HTTP/1.1" 200 63601
66.249.79.198 - - [26/Feb/2025:18:46:38 +0100] "GET /ticket2/opencms/en/venue/?venueid=E68A45BC-0CBA-4CB6-8ECD-A427173821D5 HTTP/1.1" 200 63616
66.249.79.197 - - [26/Feb/2025:18:47:37 +0100] "GET /ticket2/opencms/en/venue/?venueid=DBF697FB-88C2-E56A-2177-E2C114E7E434 HTTP/1.1" 200 63598
66.249.76.70 - - [26/Feb/2025:18:48:21 +0100] "GET /ticket2/opencms/en/venue/?venueid=70347237-20AB-1826-B64D-E226B107BB72 HTTP/1.1" 200 63624
66.249.79.197 - - [26/Feb/2025:18:49:40 +0100] "GET /ticket2/opencms/en/venue/?venueid=A502B85D-FA3A-D3A7-5EFE-6BCDFD24AF78 HTTP/1.1" 200 63652
66.249.79.197 - - [26/Feb/2025:18:51:21 +0100] "GET /ticket2/opencms/en/venue/?venueid=37FDBD7B-74BE-8950-65E3-B6CF46D7D303 HTTP/1.1" 200 63747
91.196.152.92 - - [26/Feb/2025:18:55:45 +0100] "GET /ticket2/opencms/ HTTP/1.1" 302 -
196.251.66.193 - - [26/Feb/2025:18:58:58 +0100] "GET /ticket2/opencms/.env HTTP/1.1" 404 -
66.249.76.71 - - [26/Feb/2025:18:59:49 +0100] "GET /ticket2/opencms/en/venue/?venueid=319027E4-2AEF-9DD6-6B96-F07AEFAF0D00 HTTP/1.1" 200 63648
196.251.66.193 - - [26/Feb/2025:19:00:29 +0100] "GET /ticket2/opencms/.env HTTP/1.1" 404 -
66.249.76.71 - - [26/Feb/2025:19:00:37 +0100] "GET /ticket2/opencms/en/venue/?venueid=67DA257D-26D2-0E2E-4524-14E8E3D430E4 HTTP/1.1" 200 63586
66.249.79.197 - - [26/Feb/2025:19:01:44 +0100] "GET /ticket2/opencms/en/venue/?venueid=676CED6B-6430-3729-D591-76E90D94F1B5 HTTP/1.1" 200 63598
149.202.132.204 - - [26/Feb/2025:19:02:01 +0100] "GET /ticket2/opencms/favicon.ico HTTP/1.1" 200 1406
193.68.89.51 - - [26/Feb/2025:19:04:41 +0100] "GET / HTTP/1.1" 404 -
66.249.79.197 - - [26/Feb/2025:19:05:28 +0100] "GET /ticket2/opencms/en/venue/?venueid=445A2A9B-2310-DAA8-7B45-AD2D4189EE3D HTTP/1.1" 200 63621
66.249.79.199 - - [26/Feb/2025:19:06:39 +0100] "GET /ticket2/opencms/en/venue/?countryid=EFCDD4BE-2B2E-DD3B-EFFB-83BD42354573 HTTP/1.1" 200 103082
66.249.79.197 - - [26/Feb/2025:19:06:47 +0100] "GET /ticket2/opencms/system/modules/com.gridnine.opencms.ticketbrokerage.site/resources/js/stickyfill.min.js HTTP/1.1" 200 5672
66.249.76.69 - - [26/Feb/2025:19:06:56 +0100] "GET /ticket2/opencms/en/venue/?venueid=63DFE8AB-8CE7-10BB-E6C2-33D548A14746 HTTP/1.1" 200 63621
91.196.152.105 - - [26/Feb/2025:19:08:33 +0100] "GET /ticket2/opencms/en/ HTTP/1.1" 200 66763
91.196.152.109 - - [26/Feb/2025:19:08:38 +0100] "GET /ticket2/opencms/favicon.ico HTTP/1.1" 200 1406
66.249.79.197 - - [26/Feb/2025:19:10:47 +0100] "GET /ticket2/opencms/en/venue/?venueid=BB60E449-528D-3AE9-B113-A6ED9AB7DBD0 HTTP/1.1" 200 63646
66.249.76.69 - - [26/Feb/2025:19:11:23 +0100] "GET /ticket2/opencms/en/venue/?venueid=C891F662-1AC1-E1A8-EC4F-A7FA9132E3C3 HTTP/1.1" 200 63627
185.91.127.81 - - [26/Feb/2025:19:12:56 +0100] "CONNECT api.ip.pn:443 HTTP/1.1" 400 -
213.32.32.88 - - [26/Feb/2025:19:14:32 +0100] "GET /ticket2/opencms/en/ HTTP/1.1" 200 66763
91.196.152.14 - - [26/Feb/2025:19:14:32 +0100] "GET /ticket2/opencms/en/ HTTP/1.1" 200 66763
213.32.32.80 - - [26/Feb/2025:19:14:37 +0100] "GET /ticket2/opencms/favicon.ico HTTP/1.1" 200 1406
51.178.236.243 - - [26/Feb/2025:19:14:39 +0100] "GET /ticket2/opencms/favicon.ico HTTP/1.1" 200 1406
137.74.181.246 - - [26/Feb/2025:19:20:31 +0100] "GET /ticket2/opencms/en/ HTTP/1.1" 200 66763
66.249.79.199 - - [26/Feb/2025:19:20:34 +0100] "GET /ticket2/opencms/en/venue/?venueid=2BC6CC65-A6E8-9076-F09C-25E6D45A736B HTTP/1.1" 200 63613
91.196.152.8 - - [26/Feb/2025:19:20:37 +0100] "GET /ticket2/opencms/favicon.ico HTTP/1.1" 200 1406
66.249.76.69 - - [26/Feb/2025:19:20:45 +0100] "GET /ticket2/opencms/en/venue/?venueid=4C06C577-F477-221D-FB2B-584531FBAF49 HTTP/1.1" 200 63619
91.196.152.27 - - [26/Feb/2025:19:21:13 +0100] "GET /ticket2/opencms/favicon.ico HTTP/1.1" 200 1406
66.249.76.70 - - [26/Feb/2025:19:21:41 +0100] "GET /ticket2/opencms/en/venue/?venueid=D445411B-08FC-6F4E-CAC0-2B74ADA8AFFF HTTP/1.1" 200 63642
66.249.79.198 - - [26/Feb/2025:19:23:43 +0100] "GET /ticket2/opencms/en/venue/?venueid=A60FB51F-D5E6-BD90-6801-0B7458E63156 HTTP/1.1" 200 63609
66.249.79.197 - - [26/Feb/2025:19:24:57 +0100] "GET /ticket2/opencms/en/venue/?venueid=40ADA438-5D69-32FD-AA2D-421A8A0BD7EA HTTP/1.1" 200 63621
66.249.79.197 - - [26/Feb/2025:19:25:12 +0100] "GET /ticket2/opencms/en/venue/?venueid=6F62E299-6764-CD18-03A7-BC347C9C568D HTTP/1.1" 200 63589
66.249.76.71 - - [26/Feb/2025:19:26:23 +0100] "GET /ticket2/opencms/en/venue/?venueid=F42AFEE1-85C5-55E9-807A-662212AA85FC HTTP/1.1" 200 63616
91.196.152.39 - - [26/Feb/2025:19:26:51 +0100] "GET /ticket2/opencms/favicon.ico HTTP/1.1" 200 1406
66.249.79.199 - - [26/Feb/2025:19:27:40 +0100] "GET /ticket2/opencms/en/venue/?venueid=5AC23685-CBDF-0034-E285-05FDF9221C43 HTTP/1.1" 200 63631
66.249.79.197 - - [26/Feb/2025:19:29:47 +0100] "GET /ticket2/opencms/en/venue/?venueid=C6D8F33E-E17F-AB76-DAA0-0AEF57419F32 HTTP/1.1" 200 63758
66.249.79.197 - - [26/Feb/2025:19:32:35 +0100] "GET /ticket2/opencms/en/venue/?venueid=2234B4AB-D18B-6264-2678-5219B17CC955 HTTP/1.1" 200 63660
66.249.79.197 - - [26/Feb/2025:19:32:45 +0100] "GET /ticket2/opencms/en/venue/?venueid=1A018FD7-D956-C54F-D115-4FAB6C8C19A2 HTTP/1.1" 200 63607
196.251.92.16 - - [26/Feb/2025:19:34:09 +0100] "GET /ticket2/opencms/.env.development HTTP/1.1" 404 -
66.249.79.199 - - [26/Feb/2025:19:45:47 +0100] "GET /ticket2/opencms/en/venue/?venueid=332BD0A1-A96B-D704-DDE6-43C2DB68EECD HTTP/1.1" 200 63630
66.249.79.197 - - [26/Feb/2025:19:47:51 +0100] "GET /ticket2/opencms/en/venue/?venueid=D8748AFA-5CFF-8E2A-FC7D-F16F92ED4536 HTTP/1.1" 200 63621
66.249.76.71 - - [26/Feb/2025:19:48:33 +0100] "GET /ticket2/opencms/en/venue/?venueid=F63D0B85-674B-34FA-027D-C916C9DB7863 HTTP/1.1" 200 63648
3.138.186.10 - - [26/Feb/2025:19:48:41 +0100] "GET /ticket2/opencms/ HTTP/1.1" 302 -
66.249.79.197 - - [26/Feb/2025:19:48:41 +0100] "GET /ticket2/opencms/en/venue/?venueid=3AE26EE0-A3E4-AABA-2528-19D13CD1D081 HTTP/1.1" 200 63666
66.249.79.197 - - [26/Feb/2025:19:50:38 +0100] "GET /ticket2/opencms/en/venue/?venueid=93FD60CE-1709-3387-040C-1949E388590B HTTP/1.1" 200 63634
193.68.89.51 - - [26/Feb/2025:19:55:22 +0100] "GET / HTTP/1.1" 404 -
206.189.216.127 - - [26/Feb/2025:19:55:35 +0100] "GET /ticket2/opencms/.env HTTP/1.1" 404 -
66.249.76.69 - - [26/Feb/2025:19:56:57 +0100] "GET /ticket2/opencms/en/venue/?venueid=C73E0DCE-5592-ED9B-E2AF-FE9E3C67E821 HTTP/1.1" 200 63627
