66.249.66.162 - - [22/Feb/2025:10:48:23 +0100] "GET /ticket2/opencms/en/venue/?venueid=1F3E5521-C6E5-6407-58A3-9FC7891C9621 HTTP/1.1" 200 63631
66.249.66.160 - - [22/Feb/2025:10:50:32 +0100] "GET /ticket2/opencms/en/venue/?venueid=2F58F2AB-0424-685C-B2ED-AB5E0C783A33 HTTP/1.1" 200 63649
66.249.66.160 - - [22/Feb/2025:10:52:09 +0100] "GET /ticket2/opencms/en/venue/?venueid=AAA2050F-EB9C-D448-55D3-9C97F26928FB HTTP/1.1" 200 63675
193.68.89.51 - - [22/Feb/2025:10:52:39 +0100] "GET / HTTP/1.1" 404 -
66.249.66.161 - - [22/Feb/2025:10:55:31 +0100] "GET /ticket2/opencms/en/venue/?venueid=BB4F9455-CDA6-66FB-561C-A3A9BC4EB96F HTTP/1.1" 200 63637
66.249.66.161 - - [22/Feb/2025:10:55:49 +0100] "GET /ticket2/opencms/en/venue/?venueid=CA6B89CB-1236-585A-E228-07129994CD40 HTTP/1.1" 200 63625
141.255.166.90 - - [22/Feb/2025:10:55:56 +0100] "GET /cgi-bin/luci/;stok=/locale HTTP/1.1" 404 -
66.249.66.160 - - [22/Feb/2025:10:56:19 +0100] "GET /ticket2/opencms/en/venue/?venueid=8A164F69-C3AD-8904-FC05-FBEE26604F9B HTTP/1.1" 200 63619
114.119.141.178 - - [22/Feb/2025:11:00:10 +0100] "GET /ticket2/opencms/en/venue/?venueid=52D19513-CB12-0EF5-BEF7-06DCF33018BA HTTP/1.1" 200 63669
114.119.153.152 - - [22/Feb/2025:11:01:21 +0100] "GET /ticket2/opencms/en/login/ HTTP/1.1" 200 65723
66.249.66.161 - - [22/Feb/2025:11:03:44 +0100] "GET /ticket2/opencms/en/venue/?venueid=E063D77E-F5E5-437C-9144-084D408D5EA1 HTTP/1.1" 200 63649
114.119.153.152 - - [22/Feb/2025:11:06:52 +0100] "GET /ticket2/opencms/en/venue/?venueid=458A6284-D8D4-7921-D2F2-F8FD9B51F9EB HTTP/1.1" 200 63658
66.249.66.160 - - [22/Feb/2025:11:06:55 +0100] "GET /ticket2/opencms/en/venue/?venueid=F07570AB-6180-6ECF-7A44-E3C64FEDE92E HTTP/1.1" 200 63671
66.249.66.160 - - [22/Feb/2025:11:08:08 +0100] "GET /ticket2/opencms/en/venue/?venueid=A75E3180-F5B5-619F-EC2B-362299C2CBCC HTTP/1.1" 200 63628
5.101.0.66 - - [22/Feb/2025:11:10:44 +0100] "okRH?#?:N????/? T???y?h???="?? ??,??n?Y?bhl?(=':???o???????????(?" 400 -
66.249.66.160 - - [22/Feb/2025:11:12:38 +0100] "GET /ticket2/opencms/en/venue/?venueid=44FEF35E-84F0-1C09-675A-B5A8DF72F159 HTTP/1.1" 200 63684
66.249.66.161 - - [22/Feb/2025:11:21:11 +0100] "GET /ticket2/opencms/en/venue/?venueid=920488DA-5A31-2C02-38B5-7EC9E48B6D06 HTTP/1.1" 200 63624
66.249.66.162 - - [22/Feb/2025:11:21:55 +0100] "GET /ticket2/opencms/en/venue/?venueid=8F226E17-13FE-CC18-B0C6-2591DA99778F HTTP/1.1" 200 63630
66.249.66.162 - - [22/Feb/2025:11:23:23 +0100] "GET /ticket2/opencms/en/venue/?venueid=833EE714-5CC6-404C-2A30-322EF84052D6 HTTP/1.1" 200 63643
66.249.66.161 - - [22/Feb/2025:11:24:31 +0100] "GET /ticket2/opencms/en/venue/?venueid=2AFE6989-583A-A72A-83F2-90DEF8445DB9 HTTP/1.1" 200 63612
66.249.66.162 - - [22/Feb/2025:11:26:36 +0100] "GET /ticket2/opencms/en/venue/?venueid=AC375263-7A55-216C-3DC8-A3A22B8C867F HTTP/1.1" 200 63657
66.249.66.160 - - [22/Feb/2025:11:29:44 +0100] "GET /ticket2/opencms/en/venue/?venueid=004352C5-E3C9-4789-9D05-F691F3C15650 HTTP/1.1" 200 63640
66.249.66.160 - - [22/Feb/2025:11:33:31 +0100] "GET /ticket2/opencms/en/venue/?venueid=E9425025-3A6C-E9E0-2AE1-FBD6D1B8F3B9 HTTP/1.1" 200 63622
78.108.177.52 - - [22/Feb/2025:11:34:07 +0100] "GET / HTTP/1.0" 404 -
66.249.66.160 - - [22/Feb/2025:11:35:20 +0100] "GET /ticket2/opencms/en/venue/?venueid=205AE9EF-F1A4-58AB-6496-028A3EA231DB HTTP/1.1" 200 63736
66.249.66.162 - - [22/Feb/2025:11:37:33 +0100] "GET /ticket2/opencms/en/venue/?venueid=F7C7B813-65CC-75A1-88FA-A5B025A08445 HTTP/1.1" 200 63624
66.249.66.161 - - [22/Feb/2025:11:37:43 +0100] "GET /ticket2/opencms/en/venue/?venueid=E2D4E9F9-CC54-5F87-2390-831138B18156 HTTP/1.1" 200 63675
66.249.66.160 - - [22/Feb/2025:11:37:44 +0100] "GET /ticket2/opencms/en/venue/?venueid=5A418B6B-801E-D3D5-FCE2-DE803F28D272 HTTP/1.1" 200 63612
66.249.66.161 - - [22/Feb/2025:11:39:10 +0100] "GET /ticket2/opencms/en/venue/?venueid=528266DB-B725-5242-215F-7BD3CE4ED9FF HTTP/1.1" 200 63630
193.68.89.51 - - [22/Feb/2025:11:42:19 +0100] "GET / HTTP/1.1" 404 -
66.249.66.160 - - [22/Feb/2025:11:42:22 +0100] "GET /ticket2/opencms/en/venue/?venueid=B5425E3E-A83E-2358-1060-BB53AC7EEFC3 HTTP/1.1" 200 63658
194.0.234.149 - - [22/Feb/2025:11:44:39 +0100] "GET / HTTP/1.1" 404 -
66.249.66.161 - - [22/Feb/2025:11:46:20 +0100] "GET /ticket2/opencms/en/venue/?venueid=157C41AC-9990-241E-A78B-828C374EF543 HTTP/1.1" 200 63745
66.249.66.161 - - [22/Feb/2025:11:46:31 +0100] "GET /ticket2/opencms/en/venue/?venueid=630E70AB-B3E3-ED18-A61B-E2859D17F940 HTTP/1.1" 200 63633
66.249.66.161 - - [22/Feb/2025:11:47:39 +0100] "GET /ticket2/opencms/en/venue/?venueid=EA804EE9-079E-9D15-9A71-C89C6269C331 HTTP/1.1" 200 63622
66.249.66.161 - - [22/Feb/2025:11:48:19 +0100] "GET /ticket2/opencms/en/venue/?venueid=161A25A1-F416-8A38-C48B-CA3253B2326B HTTP/1.1" 200 63714
66.249.66.161 - - [22/Feb/2025:11:48:21 +0100] "GET /ticket2/opencms/en/venue/?venueid=1C245787-B670-B45B-9FDB-63071D66AAAA HTTP/1.1" 200 63612
66.249.66.162 - - [22/Feb/2025:11:50:34 +0100] "GET /ticket2/opencms/en/venue/?venueid=D83A67D7-A141-9489-1425-0ABF7FD0961D HTTP/1.1" 200 63616
85.208.96.207 - - [22/Feb/2025:11:52:37 +0100] "GET /ticket2/opencms/robots.txt HTTP/1.1" 200 773
185.191.171.11 - - [22/Feb/2025:11:52:38 +0100] "GET /ticket2/opencms/sv/login/?url=%25252Fsv%25252Fsell%25252F HTTP/1.1" 200 67145
114.119.143.233 - - [22/Feb/2025:11:56:44 +0100] "GET /ticket2/opencms/en/venue/?venueid=66A22C85-2637-5B6C-2F7A-DE5700A1A711 HTTP/1.1" 200 63615
66.249.66.162 - - [22/Feb/2025:11:56:45 +0100] "GET /ticket2/opencms/en/venue/?venueid=2C09BEA1-5E2F-8434-031D-62BC13D49C80 HTTP/1.1" 200 63649
66.249.66.161 - - [22/Feb/2025:12:01:33 +0100] "GET /ticket2/opencms/en/venue/?venueid=E649B15F-1340-1561-C110-0CA0784E39A8 HTTP/1.1" 200 63694
66.249.66.162 - - [22/Feb/2025:12:01:34 +0100] "GET /ticket2/opencms/en/venue/?countryid=D9C90621-DB02-1B5C-863E-8CD5BDDB79A3 HTTP/1.1" 200 93472
66.249.66.161 - - [22/Feb/2025:12:01:39 +0100] "GET /ticket2/opencms/en/venue/?column= HTTP/1.1" 500 -
66.249.66.161 - - [22/Feb/2025:12:01:40 +0100] "GET /ticket2/opencms/en/venue/?venueid=3E802A88-E379-6B54-CC97-5C7F82981C82 HTTP/1.1" 200 63610
66.249.66.160 - - [22/Feb/2025:12:02:37 +0100] "GET /ticket2/opencms/en/venue/?countryid=ADE48E06-C02A-081C-C0CF-A96D2EE2FC7A HTTP/1.1" 200 93013
66.249.66.160 - - [22/Feb/2025:12:02:46 +0100] "GET /ticket2/opencms/en/venue/?countryid=BA1BF93B-47B3-318B-02DF-4D6F84D30854 HTTP/1.1" 200 93013
66.249.66.161 - - [22/Feb/2025:12:03:32 +0100] "GET /ticket2/opencms/en/venue/?countryid=CEE00D6A-FB56-5500-E375-BA915009094D HTTP/1.1" 200 93013
66.249.66.161 - - [22/Feb/2025:12:04:20 +0100] "GET /ticket2/opencms/en/venue/?countryid=B8EC120B-4F43-C769-CF6D-BEF2F141BF54 HTTP/1.1" 200 93013
66.249.66.161 - - [22/Feb/2025:12:04:39 +0100] "GET /ticket2/opencms/en/venue/?countryid=A07C6930-60EB-29AC-3FDB-C97CE816C6C1 HTTP/1.1" 200 93013
66.249.66.162 - - [22/Feb/2025:12:04:40 +0100] "GET /ticket2/opencms/en/faq/ HTTP/1.1" 200 66347
66.249.66.160 - - [22/Feb/2025:12:05:09 +0100] "GET /ticket2/opencms/en/venue/?countryid=E8C1CB18-01B3-A5D8-BA63-2D05631C3548 HTTP/1.1" 200 93013
66.249.66.161 - - [22/Feb/2025:12:05:37 +0100] "GET /ticket2/opencms/en/venue/?countryid=160EC1E3-9CD9-D675-7FCF-474C7815EC7B HTTP/1.1" 200 104115
66.249.66.162 - - [22/Feb/2025:12:06:55 +0100] "GET /ticket2/opencms/en/venue/?venueid=C31E5819-00A1-AFA0-208F-0A3EF9D0F0D5 HTTP/1.1" 200 63604
66.249.66.161 - - [22/Feb/2025:12:08:20 +0100] "GET /ticket2/opencms/en/venue/?countryid=D2CF2CB4-9396-305E-92AF-B785C8723E40 HTTP/1.1" 200 93013
66.249.66.160 - - [22/Feb/2025:12:11:32 +0100] "GET /ticket2/opencms/en/venue/?venueid=1A07979F-26B7-9D0A-9C33-48FC940808FF HTTP/1.1" 200 63624
66.249.66.161 - - [22/Feb/2025:12:12:22 +0100] "GET /ticket2/opencms/en/venue/?venueid=0DA9220F-5BB2-461D-5A38-C07E9D74A1A9 HTTP/1.1" 200 63615
193.68.89.10 - - [22/Feb/2025:12:15:05 +0100] "GET / HTTP/1.1" 404 -
66.249.66.162 - - [22/Feb/2025:12:15:40 +0100] "GET /ticket2/opencms/en/venue/?venueid=5617B36E-C6BD-D620-FA1A-AD9A087FEA8E HTTP/1.1" 200 63729
66.249.66.160 - - [22/Feb/2025:12:16:09 +0100] "GET /ticket2/opencms/en/venue/?countryid=FECEDBB4-CBB7-37BC-56A2-3BCE3EF7E1E8 HTTP/1.1" 200 95572
66.249.66.162 - - [22/Feb/2025:12:16:26 +0100] "GET /ticket2/opencms/en/venue/?countryid=2193F5F2-8798-B3BE-FB16-3B568A67DED7 HTTP/1.1" 200 93013
66.249.66.161 - - [22/Feb/2025:12:16:36 +0100] "GET /ticket2/opencms/en/venue/?countryid=FA8BEB57-7287-7F81-B4E1-A4D5981068EB HTTP/1.1" 200 93013
66.249.66.160 - - [22/Feb/2025:12:16:55 +0100] "GET /ticket2/opencms/en/venue/?venueid=298D27CF-C72A-A8BB-2811-F2F021053028 HTTP/1.1" 200 63607
66.249.66.160 - - [22/Feb/2025:12:16:55 +0100] "GET /ticket2/opencms/en/venue/?countryid=6DB0834B-E25F-449A-5515-025982E4CF10 HTTP/1.1" 200 93013
66.249.66.162 - - [22/Feb/2025:12:20:33 +0100] "GET /ticket2/opencms/en/venue/?countryid=107D8800-8603-0BDA-4FD0-61E1109B7E82 HTTP/1.1" 200 93013
66.249.66.160 - - [22/Feb/2025:12:20:43 +0100] "GET /ticket2/opencms/en/venue/?countryid=52C47DB4-FAB4-2851-C1B4-C8688282983C HTTP/1.1" 200 93013
66.249.66.160 - - [22/Feb/2025:12:20:45 +0100] "GET /ticket2/opencms/en/venue/?countryid=6994D0E6-4880-D162-87F9-DDDE5D63EE86 HTTP/1.1" 200 104896
66.249.66.161 - - [22/Feb/2025:12:22:22 +0100] "GET /ticket2/opencms/en/venue/?venueid=3982A8DF-0386-82E3-C996-B71876E1637D HTTP/1.1" 200 63739
66.249.66.161 - - [22/Feb/2025:12:22:41 +0100] "GET /ticket2/opencms/en/venue/?countryid=1D2AF5BD-A881-D22D-AE7C-E22D0AA83910 HTTP/1.1" 200 93013
66.249.66.160 - - [22/Feb/2025:12:23:21 +0100] "GET /ticket2/opencms/en/login/ HTTP/1.1" 200 65723
66.249.66.162 - - [22/Feb/2025:12:24:31 +0100] "GET /ticket2/opencms/en/venue/?countryid=B54C3B27-273E-C131-E997-905F5C2CDDC3 HTTP/1.1" 200 93013
66.249.66.162 - - [22/Feb/2025:12:26:19 +0100] "GET /ticket2/opencms/en/venue/?venueid=C517FF86-D6DC-504E-2694-757DC653B6AB HTTP/1.1" 200 63652
66.249.66.160 - - [22/Feb/2025:12:27:48 +0100] "GET /ticket2/opencms/en/venue/?countryid=E7631FE5-7061-8322-868B-F6085CDA8809 HTTP/1.1" 200 93013
66.249.66.160 - - [22/Feb/2025:12:29:35 +0100] "GET /ticket2/opencms/en/venue/?venueid=BCC58979-A0BB-82A8-394D-152CD294A8FC HTTP/1.1" 200 63666
66.249.66.160 - - [22/Feb/2025:12:30:19 +0100] "GET /ticket2/opencms/en/venue/?venueid=98226D61-D1B4-45EA-9760-5E041D360824 HTTP/1.1" 200 63628
66.249.66.162 - - [22/Feb/2025:12:30:23 +0100] "GET /ticket2/opencms/en/venue/?venueid=665605D3-62A4-ADC3-6DF2-C7BBE2C5024A HTTP/1.1" 200 63624
66.249.66.161 - - [22/Feb/2025:12:30:32 +0100] "GET /ticket2/opencms/en/venue/?venueid=3DCA1EBE-D9BE-DD1C-EB06-4E924D709E50 HTTP/1.1" 200 63621
66.249.66.160 - - [22/Feb/2025:12:30:36 +0100] "GET /ticket2/opencms/en/venue/?countryid=B756B65C-E014-24B5-95EC-187A417913E3 HTTP/1.1" 200 93013
141.255.166.90 - - [22/Feb/2025:12:31:33 +0100] "GET /cgi-bin/luci/;stok=/locale HTTP/1.1" 404 -
66.249.66.162 - - [22/Feb/2025:12:32:31 +0100] "GET /ticket2/opencms/en/venue/?countryid=15679D6D-1531-2ADE-1A00-1D43A92EB55E HTTP/1.1" 200 93013
66.249.66.161 - - [22/Feb/2025:12:34:09 +0100] "GET /ticket2/opencms/en/venue/?venueid=50ADE794-FDC0-9A3D-A90D-B6243D82F793 HTTP/1.1" 200 63648
66.249.66.162 - - [22/Feb/2025:12:34:35 +0100] "GET /ticket2/opencms/en/venue/?venueid=931B960B-87A9-7EDC-AD2E-1CCD2CDDC26D HTTP/1.1" 200 63646
109.236.61.85 - - [22/Feb/2025:12:35:07 +0100] "??%{ "Ret" : 100, "SessionID" : "0x0" }" 400 -
66.249.66.162 - - [22/Feb/2025:12:35:27 +0100] "GET /ticket2/opencms/en/venue/?venueid=E1A95987-A971-1F0D-D591-61D0CF30E07F HTTP/1.1" 200 63639
66.249.66.161 - - [22/Feb/2025:12:36:46 +0100] "GET /ticket2/opencms/en/venue/?countryid=8C7CF186-03F6-C097-A350-C9F7394E9D8F HTTP/1.1" 200 93013
66.249.66.161 - - [22/Feb/2025:12:37:21 +0100] "GET /ticket2/opencms/en/venue/?countryid=44A94E16-590A-CB98-37E9-7B0A55C9B453 HTTP/1.1" 200 93013
66.249.66.160 - - [22/Feb/2025:12:38:09 +0100] "GET /ticket2/opencms/en/venue/?countryid=7A0460DD-50B2-C9A6-7233-3106FD73A000 HTTP/1.1" 200 93013
66.249.66.160 - - [22/Feb/2025:12:38:10 +0100] "GET /ticket2/opencms/en/venue/?countryid=89A5E86C-3AC3-3EDB-6F03-E6FC6A513BA2 HTTP/1.1" 200 93013
66.249.66.161 - - [22/Feb/2025:12:38:40 +0100] "GET /ticket2/opencms/en/venue/?venueid=1A1BE7E1-DC28-3F19-CF75-C1A0736726D5 HTTP/1.1" 200 63615
66.249.66.161 - - [22/Feb/2025:12:38:43 +0100] "GET /ticket2/opencms/en/venue/?venueid=583C4468-89E5-F28A-113C-507599FE1057 HTTP/1.1" 200 63604
66.249.66.161 - - [22/Feb/2025:12:38:47 +0100] "GET /ticket2/opencms/en/venue/?venueid=37536D78-51ED-E1B7-F2B0-3074119C5B6B HTTP/1.1" 200 63658
66.249.66.162 - - [22/Feb/2025:12:39:22 +0100] "GET /ticket2/opencms/en/venue/?venueid=64779FD9-2136-580E-BBD9-F422639CB144 HTTP/1.1" 200 63589
193.68.89.51 - - [22/Feb/2025:12:40:06 +0100] "GET / HTTP/1.1" 404 -
194.120.230.215 - - [22/Feb/2025:12:43:03 +0100] "GET / HTTP/1.1" 404 -
66.249.66.162 - - [22/Feb/2025:12:46:47 +0100] "GET /ticket2/opencms/en/venue/?countryid=E7736334-EC5F-4E42-8871-FF5303C85500 HTTP/1.1" 200 93713
66.249.66.161 - - [22/Feb/2025:12:47:21 +0100] "GET /ticket2/opencms/en/venue/?countryid=7181F1B1-BB62-9D43-5EFA-B07E8505C9FD HTTP/1.1" 200 93013
66.249.66.160 - - [22/Feb/2025:12:51:49 +0100] "GET /ticket2/opencms/en/venue/?countryid=17043DCB-6068-95EE-BD77-FB6EADBB798A HTTP/1.1" 200 93013
66.249.66.162 - - [22/Feb/2025:12:53:30 +0100] "GET /ticket2/opencms/en/venue/?countryid=D89C1642-F4D3-8098-A250-FAF55037EC33 HTTP/1.1" 200 93013
66.249.66.162 - - [22/Feb/2025:12:53:31 +0100] "GET /ticket2/opencms/en/venue/?countryid=E687CC57-02FA-AF76-268E-C1A53D569993 HTTP/1.1" 200 93013
66.249.66.161 - - [22/Feb/2025:12:54:33 +0100] "GET /ticket2/opencms/en/venue/?countryid=656DB01E-8560-3560-F23F-27BC90E7C03C HTTP/1.1" 200 93013
46.19.143.26 - - [22/Feb/2025:12:56:02 +0100] "GET / HTTP/1.1" 404 -
89.248.174.186 - - [22/Feb/2025:12:57:34 +0100] "CONNECT google.com:443 HTTP/1.1" 400 -
66.249.66.162 - - [22/Feb/2025:12:58:55 +0100] "GET /ticket2/opencms/en/venue/?countryid=C02FA7EF-C506-8CCA-9C06-722A0E6233D0 HTTP/1.1" 200 93013
66.249.66.160 - - [22/Feb/2025:12:59:44 +0100] "GET /ticket2/opencms/en/venue/?countryid=4F919533-4A01-8CFD-B333-C95FA433589C HTTP/1.1" 200 93013
66.249.66.160 - - [22/Feb/2025:13:02:47 +0100] "GET /ticket2/opencms/en/venue/?countryid=AE789D77-DA16-B130-0CBE-FA563F4A0E8A HTTP/1.1" 200 93013
66.249.66.162 - - [22/Feb/2025:13:03:36 +0100] "GET /ticket2/opencms/en/venue/?countryid=5F186EB9-FC66-3D17-58C4-6A160CA3B9D1 HTTP/1.1" 200 93013
36.70.20.239 - - [22/Feb/2025:13:04:06 +0100] "GET /ticket2/opencms/ HTTP/1.1" 302 -
36.70.20.239 - - [22/Feb/2025:13:04:06 +0100] "GET /ticket2/opencms/en/ HTTP/1.1" 200 66763
36.70.20.239 - - [22/Feb/2025:13:04:07 +0100] "GET /ticket2/opencms/phpinfo HTTP/1.1" 404 -
36.70.20.239 - - [22/Feb/2025:13:04:07 +0100] "GET /ticket2/opencms/php_info HTTP/1.1" 404 -
36.70.20.239 - - [22/Feb/2025:13:04:07 +0100] "GET /ticket2/opencms/.env HTTP/1.1" 404 -
36.70.20.239 - - [22/Feb/2025:13:04:08 +0100] "GET /ticket2/opencms/_profiler/phpinfo HTTP/1.1" 404 -
36.70.20.239 - - [22/Feb/2025:13:04:08 +0100] "GET /ticket2/opencms/php_info.php HTTP/1.1" 404 -
36.70.20.239 - - [22/Feb/2025:13:04:08 +0100] "GET /ticket2/opencms/phpinfo.php HTTP/1.1" 404 -
36.70.20.239 - - [22/Feb/2025:13:04:08 +0100] "GET /ticket2/opencms/laravel/.env HTTP/1.1" 404 -
36.70.20.239 - - [22/Feb/2025:13:04:09 +0100] "GET /ticket2/opencms/info.php HTTP/1.1" 404 -
36.70.20.239 - - [22/Feb/2025:13:04:09 +0100] "GET /ticket2/opencms/php-version.php HTTP/1.1" 404 -
36.70.20.239 - - [22/Feb/2025:13:04:09 +0100] "POST /ticket2/opencms/ HTTP/1.1" 302 -
36.70.20.239 - - [22/Feb/2025:13:04:10 +0100] "GET /ticket2/opencms/sv/declined/ HTTP/1.1" 200 64322
66.249.66.162 - - [22/Feb/2025:13:05:09 +0100] "GET /ticket2/opencms/en/venue/?countryid=6E625517-1E9A-024B-7EBB-F569FEDEE88E HTTP/1.1" 200 93013
66.249.66.161 - - [22/Feb/2025:13:05:20 +0100] "GET /ticket2/opencms/en/venue/?countryid=EBCAD492-44DD-BA3B-65FF-004FBE418FEE HTTP/1.1" 200 93013
66.249.66.160 - - [22/Feb/2025:13:05:21 +0100] "GET /ticket2/opencms/en/venue/?countryid=C5607D99-17A0-74C0-7750-F78B8898600C HTTP/1.1" 200 93013
66.249.66.160 - - [22/Feb/2025:13:07:54 +0100] "GET /ticket2/opencms/en/venue/?venueid=B446B3A3-6DA6-0920-1D9A-07DEBB91E873 HTTP/1.1" 200 63654
66.249.66.162 - - [22/Feb/2025:13:09:22 +0100] "GET /ticket2/opencms/en/venue/?venueid=00240B1E-8538-03A9-D9EC-46848A34DA12 HTTP/1.1" 200 63649
66.249.66.160 - - [22/Feb/2025:13:09:33 +0100] "GET /ticket2/opencms/en/venue/?venueid=9272A2D8-B9AC-BEB2-056D-6E191348444B HTTP/1.1" 200 63630
66.249.66.160 - - [22/Feb/2025:13:10:27 +0100] "GET /ticket2/opencms/en/venue/?countryid=55B682DB-9731-DD7B-33FA-C9B465971014 HTTP/1.1" 200 93013
66.249.66.160 - - [22/Feb/2025:13:10:38 +0100] "GET /ticket2/opencms/en/venue/?countryid=A2F220AE-4AF1-2377-6B91-A90A18E35FA2 HTTP/1.1" 200 93013
66.249.66.162 - - [22/Feb/2025:13:11:42 +0100] "GET /ticket2/opencms/en/venue/?countryid=A120839E-3691-C1CC-A7E6-AFA581C3B971 HTTP/1.1" 200 93013
66.249.66.162 - - [22/Feb/2025:13:12:34 +0100] "GET /ticket2/opencms/en/standard/ HTTP/1.1" 200 76856
66.249.66.160 - - [22/Feb/2025:13:12:55 +0100] "GET /ticket2/opencms/en/venue/?countryid=0A131296-8532-77F1-DA6B-5BEC9CE9B834 HTTP/1.1" 200 93013
66.249.66.161 - - [22/Feb/2025:13:13:27 +0100] "GET /ticket2/opencms/en/venue/?countryid=869CA27A-97A1-03D4-5D03-7E27F7DE8DED HTTP/1.1" 200 93013
66.249.66.162 - - [22/Feb/2025:13:13:28 +0100] "GET /ticket2/opencms/en/buy_safety/ HTTP/1.1" 200 64296
141.255.166.90 - - [22/Feb/2025:13:14:38 +0100] "GET /cgi-bin/luci/;stok=/locale HTTP/1.1" 404 -
185.242.226.109 - - [22/Feb/2025:13:15:20 +0100] "GET /ticket2/opencms/ HTTP/1.1" 302 -
185.242.226.109 - - [22/Feb/2025:13:15:21 +0100] "GET /ticket2/opencms/en/ HTTP/1.1" 200 66763
66.249.66.160 - - [22/Feb/2025:13:16:38 +0100] "GET /ticket2/opencms/en/venue/?countryid=D9C90621-DB02-1B5C-863E-8CD5BDDB79A4 HTTP/1.1" 200 93013
147.185.132.23 - - [22/Feb/2025:13:16:55 +0100] "GET /ticket2/opencms/ HTTP/1.1" 302 -
147.185.132.23 - - [22/Feb/2025:13:16:56 +0100] "GET /ticket2/opencms/en/ HTTP/1.1" 200 66763
66.249.66.162 - - [22/Feb/2025:13:18:33 +0100] "GET /ticket2/opencms/en/venue/?venueid=D436D35C-B831-A55A-C197-F1CFCA7C670C HTTP/1.1" 200 63679
66.249.66.162 - - [22/Feb/2025:13:19:39 +0100] "GET /ticket2/opencms/en/venue/?countryid=4F2F2232-9A95-D0E1-F5ED-FFF77C15BB0E HTTP/1.1" 200 107855
66.249.66.161 - - [22/Feb/2025:13:20:10 +0100] "GET /ticket2/opencms/en/venue/?venueid=22D725DE-51C6-0A7B-C9AD-59BC777D6F28 HTTP/1.1" 200 63639
66.249.66.162 - - [22/Feb/2025:13:21:46 +0100] "GET /ticket2/opencms/en/venue/?venueid=380DF522-3660-2BDE-D588-34065D0E5215 HTTP/1.1" 200 63669
66.249.66.160 - - [22/Feb/2025:13:22:55 +0100] "GET /ticket2/opencms/en/venue/?countryid=397EE7D1-C7FC-902D-F9A7-02173E5367FD HTTP/1.1" 200 93013
66.249.66.160 - - [22/Feb/2025:13:25:43 +0100] "GET /ticket2/opencms/en/venue/?countryid=9F976644-D811-1E5C-8CA5-C3CE6B3B71EB HTTP/1.1" 200 93013
66.249.66.161 - - [22/Feb/2025:13:26:27 +0100] "GET /ticket2/opencms/en/venue/?venueid=91526645-E783-705C-B0EA-08AE718DF753 HTTP/1.1" 200 63597
66.249.66.160 - - [22/Feb/2025:13:26:36 +0100] "GET /ticket2/opencms/sv/buy/?page=6&comcatid=A17713B6-D984-201A-4143-ED4DB5ED5C2E&catid=70B37487-FE30-D476-CAE7-E6AFEA3153F2 HTTP/1.1" 200 75646
66.249.66.160 - - [22/Feb/2025:13:26:43 +0100] "GET /ticket2/opencms/sv/buy/?page=6&comcatid=810BB404-4103-77F2-A6C2-12D5E6C338E2 HTTP/1.1" 200 66397
66.249.66.162 - - [22/Feb/2025:13:27:32 +0100] "GET /ticket2/opencms/sv/buy/?page=6&comcatid=A17713B6-D984-201A-4143-ED4DB5ED5C2E&catid=2FC3D548-EAF9-1354-0CD2-7D7619DA2334 HTTP/1.1" 200 75645
66.249.66.161 - - [22/Feb/2025:13:27:45 +0100] "GET /ticket2/opencms/sv/buy/?page=6&comcatid=A17713B6-D984-201A-4143-ED4DB5ED5C2E&catid=3B549160-8B9C-E872-44A9-20FEA86B30E8 HTTP/1.1" 200 75650
66.249.66.162 - - [22/Feb/2025:13:29:31 +0100] "GET /ticket2/opencms/sv/buy/?page=6&comcatid=A17713B6-D984-201A-4143-ED4DB5ED5C2E&catid=0A6C99D2-F5BD-7A18-9A5F-5668827042E0&eventid=AE8A6CAA-9529-DB54-69E5-B3169B36CD6E HTTP/1.1" 200 78640
66.249.66.160 - - [22/Feb/2025:13:29:49 +0100] "GET /ticket2/opencms/en/venue/?venueid=433584BA-B375-64FC-9A6E-936720923E1A HTTP/1.1" 200 63639
66.249.66.162 - - [22/Feb/2025:13:30:55 +0100] "GET /ticket2/opencms/en/venue/?venueid=84D7889A-E11A-AB47-B40A-66082298581A HTTP/1.1" 200 63610
66.249.66.160 - - [22/Feb/2025:13:32:09 +0100] "GET /ticket2/opencms/sv/buy/?page=6&comcatid=A17713B6-D984-201A-4143-ED4DB5ED5C2E&catid=64756941-02D2-3538-2077-8C2508F4A3A8 HTTP/1.1" 200 75653
66.249.66.162 - - [22/Feb/2025:13:32:32 +0100] "GET /ticket2/opencms/sv/buy/?page=6&comcatid=A17713B6-D984-201A-4143-ED4DB5ED5C2E&catid=7ACC33AD-EE7E-AAA7-9050-0F4587759B87 HTTP/1.1" 200 75655
66.249.66.160 - - [22/Feb/2025:13:34:23 +0100] "GET /ticket2/opencms/sv/buy/?page=1&edid=D06E40AA-5917-7CC6-8395-10069BB33EB3 HTTP/1.1" 200 76948
66.249.66.161 - - [22/Feb/2025:13:34:39 +0100] "GET /ticket2/opencms/en/venue/?venueid=7DFE5FAB-A7F9-D9CB-B181-D0F227E04C90 HTTP/1.1" 200 63618
66.249.66.160 - - [22/Feb/2025:13:37:44 +0100] "GET /ticket2/opencms/sv/buy/?page=6&comcatid=A17713B6-D984-201A-4143-ED4DB5ED5C2E&catid=AE3FE643-AE41-BAA6-237D-5206D1B044A1 HTTP/1.1" 200 75650
66.249.66.162 - - [22/Feb/2025:13:37:45 +0100] "GET /ticket2/opencms/en/venue/?venueid=78753FB6-3A87-49B0-BB46-30CC2526D91F HTTP/1.1" 200 63604
66.249.66.160 - - [22/Feb/2025:13:38:22 +0100] "GET /ticket2/opencms/sv/buy/?page=6&comcatid=A17713B6-D984-201A-4143-ED4DB5ED5C2E&catid=061607E6-22B7-6FFA-03FD-A4B8B13A943F HTTP/1.1" 200 75652
66.249.66.161 - - [22/Feb/2025:13:39:21 +0100] "GET /ticket2/opencms/sv/buy/?page=6&comcatid=A17713B6-D984-201A-4143-ED4DB5ED5C2E&catid=515A9A29-35A0-2DB8-262B-AEF122DB04F6 HTTP/1.1" 200 75650
209.38.122.175 - - [22/Feb/2025:13:39:54 +0100] "GET /ticket2/opencms/ab2g HTTP/1.1" 404 -
209.38.122.175 - - [22/Feb/2025:13:39:55 +0100] "GET /ticket2/opencms/ab2h HTTP/1.1" 404 -
209.38.122.175 - - [22/Feb/2025:13:39:55 +0100] "GET /ticket2/opencms/alive.php HTTP/1.1" 404 -
209.38.122.175 - - [22/Feb/2025:13:40:01 +0100] "GET /ticket2/opencms/ HTTP/1.1" 302 -
209.38.122.175 - - [22/Feb/2025:13:40:02 +0100] "GET /ticket2/opencms/t4 HTTP/1.1" 404 -
209.38.122.175 - - [22/Feb/2025:13:40:04 +0100] "GET /ticket2/opencms/favicon.ico HTTP/1.1" 200 1406
209.38.122.175 - - [22/Feb/2025:13:40:05 +0100] "GET /ticket2/opencms/ HTTP/1.1" 302 -
209.38.122.175 - - [22/Feb/2025:13:40:05 +0100] "GET /ticket2/opencms/teorema505?t=1 HTTP/1.1" 404 -
66.249.66.162 - - [22/Feb/2025:13:40:36 +0100] "GET /ticket2/opencms/sv/buy/?page=6&comcatid=A17713B6-D984-201A-4143-ED4DB5ED5C2E&catid=C48671DB-5AEB-8CE2-928E-38417FFBE085 HTTP/1.1" 200 75650
66.249.66.160 - - [22/Feb/2025:13:40:45 +0100] "GET /ticket2/opencms/sv/buy/?page=1&edid=54777665-C11F-0F11-581A-52B69510C3F1 HTTP/1.1" 200 81255
66.249.66.160 - - [22/Feb/2025:13:41:09 +0100] "GET /ticket2/opencms/en/venue/?venueid=4940DD91-F1E0-5184-44D4-933CD337492E HTTP/1.1" 200 63721
66.249.66.160 - - [22/Feb/2025:13:41:38 +0100] "GET /ticket2/opencms/sv/buy/?page=6&comcatid=A17713B6-D984-201A-4143-ED4DB5ED5C2E&catid=06324577-7173-BAB0-146D-E644C912F7C1 HTTP/1.1" 200 75654
66.249.66.160 - - [22/Feb/2025:13:41:46 +0100] "GET /ticket2/opencms/en/venue/?venueid=7E91A67B-DE16-8816-1A54-A7D84A4D6671 HTTP/1.1" 200 63625
66.249.66.160 - - [22/Feb/2025:13:42:21 +0100] "GET /ticket2/opencms/sv/buy/?page=6&comcatid=66708183-7480-3365-06BF-DBF60280AB45 HTTP/1.1" 200 66822
66.249.66.160 - - [22/Feb/2025:13:42:21 +0100] "GET /ticket2/opencms/sv/buy/?page=6&comcatid=A17713B6-D984-201A-4143-ED4DB5ED5C2E&catid=7BADFFFB-57C5-5DBC-E7EB-B45075B3D8F9 HTTP/1.1" 200 75658
66.249.66.161 - - [22/Feb/2025:13:52:22 +0100] "GET /ticket2/opencms/en/venue/?venueid=8A3E15E6-9EA2-1FB9-3117-432C267C960A HTTP/1.1" 200 63621
66.249.66.160 - - [22/Feb/2025:13:53:28 +0100] "GET /ticket2/opencms/en/venue/?venueid=BDC122B7-07E3-B2DA-27F2-6C9BA9CA15EB HTTP/1.1" 200 63708
66.249.66.160 - - [22/Feb/2025:13:55:46 +0100] "GET /ticket2/opencms/en/venue/?venueid=1F10712B-209B-D24A-FBB0-CC1E73285961 HTTP/1.1" 200 63621
66.249.66.160 - - [22/Feb/2025:13:56:39 +0100] "GET /ticket2/opencms/en/venue/?venueid=E3220E32-8510-74FA-4DA4-34193B5D3082 HTTP/1.1" 200 63633
66.249.66.162 - - [22/Feb/2025:13:58:38 +0100] "GET /ticket2/opencms/en/venue/?venueid=75885D15-264E-60FB-5DAC-D1D386082DD7 HTTP/1.1" 200 63631
66.249.66.160 - - [22/Feb/2025:13:58:39 +0100] "GET /ticket2/opencms/en/venue/?venueid=3846EEC6-D71E-F10C-9733-AF9AE6463F86 HTTP/1.1" 200 63622
193.68.89.10 - - [22/Feb/2025:14:00:05 +0100] "GET / HTTP/1.1" 404 -
88.100.19.119 - - [22/Feb/2025:14:04:31 +0100] "GET / HTTP/1.0" 404 -
141.255.166.90 - - [22/Feb/2025:14:08:59 +0100] "GET /cgi-bin/luci/;stok=/locale HTTP/1.1" 404 -
66.249.66.160 - - [22/Feb/2025:14:09:09 +0100] "GET /ticket2/opencms/en/search.html?searchQuery=psg&submit=/ HTTP/1.1" 200 84362
66.249.66.162 - - [22/Feb/2025:14:11:21 +0100] "GET /ticket2/opencms/en/ask-form.html HTTP/1.1" 200 3146
66.249.66.161 - - [22/Feb/2025:14:11:42 +0100] "GET /ticket2/opencms/en/ HTTP/1.1" 200 66763
66.249.66.160 - - [22/Feb/2025:14:12:08 +0100] "GET /ticket2/opencms/sv/ HTTP/1.1" 200 68095
66.249.66.161 - - [22/Feb/2025:14:12:53 +0100] "GET /ticket2/opencms/en/search.html?searchQuery=barcelona&submit= HTTP/1.1" 200 84990
66.249.66.162 - - [22/Feb/2025:14:14:10 +0100] "GET /ticket2/opencms/en/venue/?venueid=83B8B6B9-A2B4-D4CB-2D8F-CE8D0CB4BEF2 HTTP/1.1" 200 63610
66.249.66.160 - - [22/Feb/2025:14:15:31 +0100] "GET /ticket2/opencms/en/affiliateprogram.html HTTP/1.1" 200 63934
66.249.66.160 - - [22/Feb/2025:14:15:36 +0100] "GET /ticket2/opencms/en/search.html?searchQuery=liverpool&submit= HTTP/1.1" 200 85794
66.249.66.162 - - [22/Feb/2025:14:25:45 +0100] "GET /ticket2/opencms/en/search.html?searchQuery=chelsea&submit= HTTP/1.1" 200 87360
66.249.66.161 - - [22/Feb/2025:14:25:54 +0100] "GET /ticket2/opencms/en/venue/ HTTP/1.1" 200 332826
193.68.89.51 - - [22/Feb/2025:14:26:43 +0100] "GET / HTTP/1.1" 404 -
66.249.66.162 - - [22/Feb/2025:14:28:36 +0100] "GET /ticket2/opencms/en/search.html?searchQuery=tottenham&submit= HTTP/1.1" 200 86415
66.249.66.162 - - [22/Feb/2025:14:34:31 +0100] "GET /ticket2/opencms/sv/affiliateprogram.html HTTP/1.1" 200 65553
66.249.66.161 - - [22/Feb/2025:14:34:48 +0100] "GET /ticket2/opencms/sv/buy/ HTTP/1.1" 200 65243
139.99.35.37 - - [22/Feb/2025:14:35:40 +0100] "GET / HTTP/1.1" 404 -
66.249.66.162 - - [22/Feb/2025:14:40:23 +0100] "GET /ticket2/opencms/en/venue/?venueid=FF8D2B77-C235-F0A7-6D99-CAC26AC9D392 HTTP/1.1" 200 63657
66.249.66.162 - - [22/Feb/2025:14:41:45 +0100] "GET /ticket2/opencms/en/venue/?venueid=C81AD7E5-8D0C-B7E1-63A6-C15C2A1202E2 HTTP/1.1" 200 63616
66.249.66.160 - - [22/Feb/2025:14:41:54 +0100] "GET /ticket2/opencms/en/venue/?venueid=F92F457D-1B42-E209-CE55-7604B969AAC0 HTTP/1.1" 200 63639
15.235.189.148 - - [22/Feb/2025:14:42:44 +0100] "GET /favicon.ico HTTP/1.1" 404 -
66.249.66.161 - - [22/Feb/2025:14:43:33 +0100] "GET /ticket2/opencms/en/venue/?venueid=F99FA4B1-E808-5056-52CC-0AD4662D7A43 HTTP/1.1" 200 63643
66.249.66.161 - - [22/Feb/2025:14:43:43 +0100] "GET /ticket2/opencms/en/venue/?venueid=D4F19FB0-0B28-632C-9086-124F525CC6BE HTTP/1.1" 200 63702
66.249.66.161 - - [22/Feb/2025:14:46:50 +0100] "GET /ticket2/opencms/en/venue/?venueid=5571DB53-176D-786E-4CB3-C9311A480A31 HTTP/1.1" 200 63612
46.19.143.26 - - [22/Feb/2025:14:49:28 +0100] "GET / HTTP/1.1" 404 -
114.119.141.178 - - [22/Feb/2025:14:52:07 +0100] "GET /ticket2/opencms/en/buy/?comcatid=97ECA65A-72DA-F9AF-9DBB-245D3CFED1BE&catid=2CCC191C-F37F-B9CA-D41C-1204E575B328 HTTP/1.1" 200 68919
66.249.66.161 - - [22/Feb/2025:14:54:55 +0100] "GET /ticket2/opencms/en/venue/?venueid=D198E605-58F6-945B-9B95-FBB903185288 HTTP/1.1" 200 63619
66.249.66.162 - - [22/Feb/2025:14:56:27 +0100] "GET /ticket2/opencms/en/venue/?venueid=F6924F27-E301-BC1C-E625-AF49CF33565E HTTP/1.1" 200 63645
195.246.120.122 - - [22/Feb/2025:14:57:31 +0100] "GET / HTTP/1.0" 404 -
141.255.166.90 - - [22/Feb/2025:15:00:39 +0100] "GET /cgi-bin/luci/;stok=/locale HTTP/1.1" 404 -
66.249.66.160 - - [22/Feb/2025:15:02:32 +0100] "GET /ticket2/opencms/en/venue/?venueid=D4784E51-1C45-CBDB-BB13-DEF8FB831FB5 HTTP/1.1" 200 63600
66.249.66.161 - - [22/Feb/2025:15:02:46 +0100] "GET /ticket2/opencms/en/venue/?venueid=7AC70570-F2F1-BD18-D0E9-BC9514E6B8B3 HTTP/1.1" 200 63619
66.249.66.160 - - [22/Feb/2025:15:03:09 +0100] "GET /ticket2/opencms/en/venue/?venueid=03F062B9-ACA1-F236-0E66-5FB2E8B6786E HTTP/1.1" 200 63624
66.249.66.160 - - [22/Feb/2025:15:03:19 +0100] "GET /ticket2/opencms/en/venue/?venueid=BB7269F8-B61E-FA7E-A9DA-3606646F64C6 HTTP/1.1" 200 63583
66.249.66.161 - - [22/Feb/2025:15:03:37 +0100] "GET /ticket2/opencms/en/venue/?venueid=4127EEBD-FCE3-EDFF-3B26-3C946EF7942B HTTP/1.1" 200 63642
66.249.66.162 - - [22/Feb/2025:15:03:40 +0100] "GET /ticket2/opencms/en/venue/?venueid=08E4EC60-00C9-C497-9F21-DF811FAE4DEC HTTP/1.1" 200 63636
66.249.66.161 - - [22/Feb/2025:15:03:44 +0100] "GET /ticket2/opencms/en/venue/?venueid=3A1BEE3D-C4EA-6202-55FD-31669159D46C HTTP/1.1" 200 63643
66.249.66.162 - - [22/Feb/2025:15:05:22 +0100] "GET /ticket2/opencms/en/venue/?venueid=7A51379D-1CA0-D73B-5888-0B55E190FE2B HTTP/1.1" 200 63613
66.249.66.160 - - [22/Feb/2025:15:05:32 +0100] "GET /ticket2/opencms/en/venue/?venueid=737F9F7B-5133-4683-A21D-F97D14F13C48 HTTP/1.1" 200 63635
66.249.66.160 - - [22/Feb/2025:15:05:48 +0100] "GET /ticket2/opencms/en/venue/?venueid=555014B0-08D8-515D-B9A4-B900DC7639D7 HTTP/1.1" 200 63612
66.249.66.160 - - [22/Feb/2025:15:05:54 +0100] "GET /ticket2/opencms/en/venue/?venueid=4F62933B-9DDF-0985-7B84-96B1AE723370 HTTP/1.1" 200 63657
66.249.66.160 - - [22/Feb/2025:15:08:21 +0100] "GET /ticket2/opencms/en/venue/?venueid=593AF726-0A01-6DBE-E6B0-2BCB42342E04 HTTP/1.1" 200 63636
185.147.124.55 - - [22/Feb/2025:15:14:10 +0100] "GET /ticket2/opencms/global-protect/login.esp HTTP/1.1" 404 -
66.249.66.160 - - [22/Feb/2025:15:14:20 +0100] "GET /ticket2/opencms/en/venue/?venueid=82FB56D9-9B89-D5E4-78CF-E614F920BBA7 HTTP/1.1" 200 63607
171.6.74.45 - - [22/Feb/2025:15:14:42 +0100] "GET / HTTP/1.0" 404 -
66.249.66.161 - - [22/Feb/2025:15:18:23 +0100] "GET /ticket2/opencms/en/venue/?venueid=0B0800E6-0A14-5429-9458-0718F854B0B8 HTTP/1.1" 200 63600
114.119.150.86 - - [22/Feb/2025:15:22:29 +0100] "GET /ticket2/opencms/en/venue/?venueid=F7774C51-8CD2-101E-19D7-20F0BF0B2FF2 HTTP/1.1" 200 63615
114.119.143.233 - - [22/Feb/2025:15:23:35 +0100] "GET /ticket2/opencms/en/venue/?venueid=97501A18-D92A-B557-A54C-8FA7BE9BBDB4 HTTP/1.1" 200 63624
114.119.150.86 - - [22/Feb/2025:15:25:02 +0100] "GET /ticket2/opencms/en/venue/?venueid=2AFE6989-583A-A72A-83F2-90DEF8445DB9 HTTP/1.1" 200 63612
66.249.66.162 - - [22/Feb/2025:15:27:49 +0100] "GET /ticket2/opencms/en/venue/?venueid=65ED2D8A-C56D-F2C5-27DA-120D16E2A9AE HTTP/1.1" 200 63724
114.119.130.154 - - [22/Feb/2025:15:28:24 +0100] "GET /ticket2/opencms/en/venue/?venueid=AA054FD7-E1A7-E4C2-A0A0-56E471DEEFA7 HTTP/1.1" 200 63630
114.119.157.43 - - [22/Feb/2025:15:29:48 +0100] "GET /ticket2/opencms/en/buy/ HTTP/1.1" 200 63824
66.249.66.160 - - [22/Feb/2025:15:30:19 +0100] "GET /ticket2/opencms/en/venue/?venueid=254D08F2-7222-550E-8C53-A2FD4DEBCCE9 HTTP/1.1" 200 63636
66.249.66.161 - - [22/Feb/2025:15:31:20 +0100] "GET /ticket2/opencms/en/venue/?venueid=7017A2F5-FDAD-0EE7-3D35-B52980248ADD HTTP/1.1" 200 63672
66.249.66.162 - - [22/Feb/2025:15:32:32 +0100] "GET /ticket2/opencms/en/venue/?venueid=6A1E7DDB-C31D-22B0-B981-1ED12482EA8B HTTP/1.1" 200 63594
66.249.66.161 - - [22/Feb/2025:15:33:22 +0100] "GET /ticket2/opencms/en/venue/?venueid=5BFF5C52-97D6-EA32-5A1D-6326FDEEAF02 HTTP/1.1" 200 63681
66.249.66.162 - - [22/Feb/2025:15:40:33 +0100] "GET /ticket2/opencms/en/venue/?venueid=F948084C-F7DA-FF17-09AE-6FAF87CBA934 HTTP/1.1" 200 63648
66.249.66.162 - - [22/Feb/2025:15:41:27 +0100] "GET /ticket2/opencms/en/venue/?venueid=113AF72F-E90C-75C9-E54B-8B60836FA7C3 HTTP/1.1" 200 63655
66.249.66.160 - - [22/Feb/2025:15:41:43 +0100] "GET /ticket2/opencms/en/venue/?venueid=D7369F89-3C56-4AD6-BDF2-0EBEA5228F16 HTTP/1.1" 200 63658
141.255.166.90 - - [22/Feb/2025:15:42:43 +0100] "GET /cgi-bin/luci/;stok=/locale HTTP/1.1" 404 -
66.249.66.162 - - [22/Feb/2025:15:43:31 +0100] "GET /ticket2/opencms/en/venue/?venueid=E8185E56-FFAF-A64F-92CD-A3B859A1CE98 HTTP/1.1" 200 63624
193.68.89.10 - - [22/Feb/2025:15:45:49 +0100] "GET / HTTP/1.1" 404 -
66.249.66.162 - - [22/Feb/2025:15:46:19 +0100] "GET /ticket2/opencms/en/venue/?venueid=1E9F83B8-7F13-1E19-E5D4-CCC92DD5AE64 HTTP/1.1" 200 63613
66.249.66.160 - - [22/Feb/2025:15:46:22 +0100] "GET /ticket2/opencms/en/venue/?venueid=3D52ED71-207A-1520-2853-7FAE5D71DD17 HTTP/1.1" 200 63619
66.249.66.160 - - [22/Feb/2025:15:46:48 +0100] "GET /ticket2/opencms/en/venue/?venueid=1DF2853B-5766-9FAA-D7E4-AF2520BE73B0 HTTP/1.1" 200 63591
66.249.66.162 - - [22/Feb/2025:15:47:31 +0100] "GET /ticket2/opencms/en/venue/?venueid=9D0A83A1-29EE-F26F-266A-4F56FD3E0CB0 HTTP/1.1" 200 63645
66.249.66.160 - - [22/Feb/2025:15:50:10 +0100] "GET /ticket2/opencms/en/venue/?venueid=EF46960E-40F0-93E3-4C59-3165FC2C860D HTTP/1.1" 200 63630
66.249.66.161 - - [22/Feb/2025:15:51:31 +0100] "GET /ticket2/opencms/en/venue/?venueid=35F2C0FD-2AD5-32E8-D68C-01A0719CB745 HTTP/1.1" 200 63649
66.249.66.161 - - [22/Feb/2025:15:53:20 +0100] "GET /ticket2/opencms/en/venue/?venueid=2BB1A567-8116-6277-46C8-9A4B7BC95101 HTTP/1.1" 200 63609
66.249.66.160 - - [22/Feb/2025:15:53:21 +0100] "GET /ticket2/opencms/en/venue/?venueid=8297690D-E4E6-1024-2FFF-C5755F6E0B09 HTTP/1.1" 200 63699
66.249.66.161 - - [22/Feb/2025:15:53:27 +0100] "GET /ticket2/opencms/en/venue/?venueid=14E449A0-9512-05BC-589E-29AD437C30EF HTTP/1.1" 200 63625
66.249.66.160 - - [22/Feb/2025:15:55:48 +0100] "GET /ticket2/opencms/en/venue/?venueid=ECEC05FE-7D59-CD00-2E1B-1B40B02BB84F HTTP/1.1" 200 63621
66.249.66.160 - - [22/Feb/2025:15:56:22 +0100] "GET /ticket2/opencms/en/venue/?venueid=4455CA08-4C9A-150A-70CE-D4B8FC02B91F HTTP/1.1" 200 63669
66.249.66.160 - - [22/Feb/2025:15:56:46 +0100] "GET /ticket2/opencms/en/venue/?venueid=86F0DC08-5FD1-E5A8-C05C-1DCBCBDEB57F HTTP/1.1" 200 63670
66.249.66.160 - - [22/Feb/2025:15:57:09 +0100] "GET /ticket2/opencms/en/venue/?venueid=0F4E0BCC-3EEC-C6F5-61BA-D1A20321E8C9 HTTP/1.1" 200 63630
66.249.66.161 - - [22/Feb/2025:15:57:45 +0100] "GET /ticket2/opencms/en/venue/?venueid=627689FB-7CBA-64B6-7657-6F6CD9393A37 HTTP/1.1" 200 63619
66.249.66.161 - - [22/Feb/2025:15:58:22 +0100] "GET /ticket2/opencms/en/venue/?venueid=3C42100B-58B0-2CFB-51D8-262D48BD2A0E HTTP/1.1" 200 63612
193.68.89.51 - - [22/Feb/2025:15:59:14 +0100] "GET / HTTP/1.1" 404 -
66.249.66.160 - - [22/Feb/2025:16:00:48 +0100] "GET /ticket2/opencms/en/venue/?venueid=EB77ABB2-7681-5353-78ED-A3ADEC5FE4B1 HTTP/1.1" 200 63636
66.249.66.160 - - [22/Feb/2025:16:01:19 +0100] "GET /ticket2/opencms/en/venue/?venueid=B894268C-0147-908A-EB38-2DA2340DCC68 HTTP/1.1" 200 63710
66.249.66.160 - - [22/Feb/2025:16:01:23 +0100] "GET /ticket2/opencms/en/venue/?venueid=811C0359-3C33-A4FE-B62F-0F71E1D5271C HTTP/1.1" 200 63663
196.251.91.2 - - [22/Feb/2025:16:01:25 +0100] "CONNECT 45.61.136.175:7227 HTTP/1.1" 400 -
66.249.66.161 - - [22/Feb/2025:16:01:31 +0100] "GET /ticket2/opencms/en/venue/?venueid=5FE37D7C-8CDB-E2A6-C954-AEAA09190FF8 HTTP/1.1" 200 63693
85.208.96.194 - - [22/Feb/2025:16:03:56 +0100] "GET /ticket2/opencms/robots.txt HTTP/1.1" 200 773
185.191.171.3 - - [22/Feb/2025:16:03:57 +0100] "GET /ticket2/opencms/sv/sport/fotbollsbiljetter/bundesliga/ HTTP/1.1" 200 73520
66.249.66.161 - - [22/Feb/2025:16:04:31 +0100] "GET /ticket2/opencms/robots.txt HTTP/1.1" 200 773
66.249.66.162 - - [22/Feb/2025:16:04:32 +0100] "GET /ticket2/opencms/en/venue/?venueid=7D020229-2D1C-A8BA-5380-67981FACE9A7 HTTP/1.1" 200 63594
66.249.66.160 - - [22/Feb/2025:16:04:48 +0100] "GET /ticket2/opencms/en/venue/?venueid=F8A78116-13FC-A58C-1378-740C94006FEA HTTP/1.1" 200 63636
66.249.66.162 - - [22/Feb/2025:16:05:39 +0100] "GET /ticket2/opencms/robots.txt HTTP/1.1" 200 773
66.249.66.160 - - [22/Feb/2025:16:05:40 +0100] "GET /ticket2/opencms/en/venue/?venueid=E55C8CCF-764B-AF44-280A-0CE7B8680CA3 HTTP/1.1" 200 63621
66.249.66.162 - - [22/Feb/2025:16:07:21 +0100] "GET /ticket2/opencms/robots.txt HTTP/1.1" 200 773
66.249.66.161 - - [22/Feb/2025:16:07:22 +0100] "GET /ticket2/opencms/en/venue/?venueid=CECD7212-C0C4-A2C4-7CE4-4BCC2D51A2B1 HTTP/1.1" 200 63679
194.0.234.149 - - [22/Feb/2025:16:07:24 +0100] "GET / HTTP/1.1" 404 -
66.249.66.162 - - [22/Feb/2025:16:11:26 +0100] "GET /ticket2/opencms/robots.txt HTTP/1.1" 200 773
66.249.66.161 - - [22/Feb/2025:16:11:28 +0100] "GET /ticket2/opencms/en/venue/?venueid=824D1E28-334B-4B1B-158D-334C2640EAD4 HTTP/1.1" 200 63604
66.249.66.161 - - [22/Feb/2025:16:15:28 +0100] "GET /ticket2/opencms/en/venue/?venueid=E1C1AF0B-A1AF-29FD-C99C-5BA6293FC199 HTTP/1.1" 200 63625
66.249.66.161 - - [22/Feb/2025:16:17:34 +0100] "GET /ticket2/opencms/en/venue/?venueid=ABC7629B-B021-7AD9-E5DF-AEB2627ACD68 HTTP/1.1" 200 63633
66.249.66.160 - - [22/Feb/2025:16:21:55 +0100] "GET /ticket2/opencms/en/venue/?venueid=36573C6C-47C8-2165-EDCA-81C43CECFB43 HTTP/1.1" 200 63585
66.249.66.161 - - [22/Feb/2025:16:22:38 +0100] "GET /ticket2/opencms/en/venue/?venueid=AEBDE4BB-8DCC-3391-E627-DEA59986D788 HTTP/1.1" 200 63654
66.249.66.160 - - [22/Feb/2025:16:23:08 +0100] "GET /ticket2/opencms/en/venue/?venueid=7BE3C2C4-D724-A14C-90CC-9D0A992F74AC HTTP/1.1" 200 63612
66.249.66.162 - - [22/Feb/2025:16:24:22 +0100] "GET /ticket2/opencms/en/venue/?venueid=167BF5C0-6635-8C74-B6D3-DD0AC3DE5519 HTTP/1.1" 200 63672
66.249.66.161 - - [22/Feb/2025:16:25:09 +0100] "GET /ticket2/opencms/en/venue/?venueid=AA4E2B46-81B9-A5CF-D951-69DF10E4DB70 HTTP/1.1" 200 63615
66.249.66.160 - - [22/Feb/2025:16:28:10 +0100] "GET /ticket2/opencms/en/venue/?venueid=18CB81B4-8EA7-CAF4-AF24-168C4E2476BF HTTP/1.1" 200 63621
164.90.162.84 - - [22/Feb/2025:16:30:20 +0100] "GET /ticket2/opencms/.env HTTP/1.1" 404 -
66.249.66.161 - - [22/Feb/2025:16:32:37 +0100] "GET /ticket2/opencms/en/venue/?venueid=BC924132-7F96-0646-A878-2E37F8A82CF2 HTTP/1.1" 200 63612
66.249.66.160 - - [22/Feb/2025:16:36:28 +0100] "GET /ticket2/opencms/en/venue/?venueid=3AE26EE0-A3E4-AABA-2528-19D13CD1D081 HTTP/1.1" 200 63666
66.249.66.161 - - [22/Feb/2025:16:37:10 +0100] "GET /ticket2/opencms/en/venue/?venueid=AF7F2E28-677E-9782-2141-5DA64832B7AA HTTP/1.1" 200 63739
66.249.66.162 - - [22/Feb/2025:16:42:27 +0100] "GET /ticket2/opencms/en/venue/?venueid=7788E7D8-FA58-D97C-DEF8-8B2B379C0878 HTTP/1.1" 200 63627
66.249.66.162 - - [22/Feb/2025:16:43:36 +0100] "GET /ticket2/opencms/en/venue/?venueid=8753D9BE-AD84-FD44-C557-0BEF8FD830B3 HTTP/1.1" 200 63664
66.249.66.161 - - [22/Feb/2025:16:44:39 +0100] "GET /ticket2/opencms/en/venue/?venueid=10FED53D-1B45-AB30-C853-C4BE292CA7FA HTTP/1.1" 200 63598
66.249.66.162 - - [22/Feb/2025:16:45:47 +0100] "GET /ticket2/opencms/en/venue/?venueid=874CBB36-B0FB-2810-94F3-827DF6CD2D19 HTTP/1.1" 200 63651
66.249.66.160 - - [22/Feb/2025:16:46:21 +0100] "GET /ticket2/opencms/en/venue/?venueid=FEFFA494-F540-CC06-6252-E0665BBF6766 HTTP/1.1" 200 63603
66.249.66.161 - - [22/Feb/2025:16:47:10 +0100] "GET /ticket2/opencms/en/venue/?venueid=A55A1297-1394-1530-C387-A901DC4F2499 HTTP/1.1" 200 63609
185.147.124.186 - - [22/Feb/2025:16:47:18 +0100] "GET /ticket2/opencms/RDWeb/Pages/ HTTP/1.1" 404 -
66.249.66.160 - - [22/Feb/2025:16:47:20 +0100] "GET /ticket2/opencms/en/venue/?venueid=A58FBBD0-E5F6-D023-AA37-9672F1C99514 HTTP/1.1" 200 63642
66.249.66.162 - - [22/Feb/2025:16:50:33 +0100] "GET /ticket2/opencms/en/venue/?venueid=FF995A14-40EA-8EEB-6CB2-5F20B0A58DD9 HTTP/1.1" 200 63639
66.249.66.160 - - [22/Feb/2025:16:53:22 +0100] "GET /ticket2/opencms/en/venue/?venueid=8682E816-1238-F4DA-A108-AC8CA9D6A4AD HTTP/1.1" 200 63663
40.77.167.156 - - [22/Feb/2025:16:58:37 +0100] "GET /ticket2/opencms/sv/sport/fotbollsbiljetter/ligue_1/nice HTTP/1.1" 200 70237
193.68.89.51 - - [22/Feb/2025:17:00:14 +0100] "GET / HTTP/1.1" 404 -
66.249.66.160 - - [22/Feb/2025:17:00:38 +0100] "GET /ticket2/opencms/en/venue/?venueid=3ED5EA9D-5706-84F2-16D2-FC98CC15FF4D HTTP/1.1" 200 63634
66.249.66.162 - - [22/Feb/2025:17:00:39 +0100] "GET /ticket2/opencms/en/venue/?venueid=2B29C6EC-89D0-6E9C-BAE4-2D03D28807C6 HTTP/1.1" 200 63652
66.249.66.161 - - [22/Feb/2025:17:01:31 +0100] "GET /ticket2/opencms/en/venue/?venueid=480A6B99-5B8C-629A-4599-8DBE2732DD37 HTTP/1.1" 200 63601
192.144.6.61 - - [22/Feb/2025:17:02:31 +0100] "GET /ticket2/opencms/ HTTP/1.1" 302 -
192.144.6.61 - - [22/Feb/2025:17:02:35 +0100] "GET /ticket2/opencms/ HTTP/1.1" 302 -
66.249.66.162 - - [22/Feb/2025:17:12:09 +0100] "GET /ticket2/opencms/en/venue/?venueid=9F527521-42A0-A302-0BE9-10280D75A460 HTTP/1.1" 200 63660
85.208.96.194 - - [22/Feb/2025:17:12:29 +0100] "GET /ticket2/opencms/robots.txt HTTP/1.1" 200 773
85.208.96.197 - - [22/Feb/2025:17:12:29 +0100] "GET /ticket2/opencms/en/sport/football-tickets/premier_league/liverpool/ HTTP/1.1" 200 66512
66.249.66.162 - - [22/Feb/2025:17:13:22 +0100] "GET /ticket2/opencms/en/venue/?venueid=6D8A0FE7-2FEF-4BDE-AC7E-1937EABDAEF4 HTTP/1.1" 200 63633
66.249.66.162 - - [22/Feb/2025:17:18:43 +0100] "GET /ticket2/opencms/en/venue/?venueid=291A0B91-B6D9-7F32-E0D0-5F6B1EDBF000 HTTP/1.1" 200 63695
66.249.66.160 - - [22/Feb/2025:17:19:37 +0100] "GET /ticket2/opencms/en/venue/?venueid=6DAF98CB-316C-E77B-9468-88A71EEBC830 HTTP/1.1" 200 63646
66.249.66.161 - - [22/Feb/2025:17:21:44 +0100] "GET /ticket2/opencms/en/venue/?venueid=3060E255-FFB8-E1FC-2EE4-0AD33AC358BD HTTP/1.1" 200 63724
66.249.66.160 - - [22/Feb/2025:17:23:19 +0100] "GET /ticket2/opencms/en/venue/?venueid=18588407-AEA5-199B-F5F1-2A140DC5DCA8 HTTP/1.1" 200 63606
193.68.89.10 - - [22/Feb/2025:17:26:58 +0100] "GET / HTTP/1.1" 404 -
51.138.184.110 - - [22/Feb/2025:17:35:28 +0100] "GET / HTTP/1.1" 404 -
66.249.66.161 - - [22/Feb/2025:17:37:50 +0100] "GET /ticket2/opencms/en/venue/?venueid=79787CD2-7865-34D1-58A9-E39B34651991 HTTP/1.1" 200 63625
66.249.66.162 - - [22/Feb/2025:17:38:39 +0100] "GET /ticket2/opencms/en/venue/?venueid=A3BB5C5F-AE9B-C3F6-5C60-F2B46B94318E HTTP/1.1" 200 63642
66.249.66.161 - - [22/Feb/2025:17:38:47 +0100] "GET /ticket2/opencms/en/venue/?venueid=41578BAC-B3C6-A54C-C6C5-8BDAB9EF23A9 HTTP/1.1" 200 63630
66.249.66.160 - - [22/Feb/2025:17:40:11 +0100] "GET /ticket2/opencms/en/venue/?venueid=88F7BD42-D802-9204-CAB7-CFC868488AC2 HTTP/1.1" 200 63597
66.249.66.162 - - [22/Feb/2025:17:40:40 +0100] "GET /ticket2/opencms/en/venue/?venueid=D1B15D6A-DFE3-C6C9-6105-566E2A2AD03F HTTP/1.1" 200 63686
66.249.66.161 - - [22/Feb/2025:17:40:45 +0100] "GET /ticket2/opencms/en/venue/?venueid=E4DC7978-B97C-4D0F-D03F-77B54FE2F91C HTTP/1.1" 200 63636
66.249.66.161 - - [22/Feb/2025:17:42:32 +0100] "GET /ticket2/opencms/en/venue/?venueid=B9CBF21D-9B28-7AD2-F7DC-55BCA317CA29 HTTP/1.1" 200 63618
45.148.10.90 - - [22/Feb/2025:17:42:48 +0100] "?????????Mb{s??????i{]??p8?????? ?gV33?c[' ????????? }????P|??&?+?/?,?0????? ??" 400 -
45.148.10.90 - - [22/Feb/2025:17:42:48 +0100] "GET / HTTP/1.1" 404 -
45.148.10.90 - - [01/Jan/1970:00:59:59 +0100] "-" 400 -
45.148.10.90 - - [22/Feb/2025:17:42:48 +0100] "GET / HTTP/1.1" 404 -
45.148.10.90 - - [22/Feb/2025:17:42:55 +0100] "GET /build/.git/config HTTP/1.1" 404 -
45.148.10.90 - - [22/Feb/2025:17:42:55 +0100] "GET /build_tool/.git/config HTTP/1.1" 404 -
45.148.10.90 - - [22/Feb/2025:17:42:56 +0100] "GET /config_files/.git/config HTTP/1.1" 404 -
45.148.10.90 - - [22/Feb/2025:17:42:57 +0100] "GET /core/.git/config HTTP/1.1" 404 -
193.68.89.51 - - [22/Feb/2025:17:46:41 +0100] "GET / HTTP/1.1" 404 -
66.249.66.160 - - [22/Feb/2025:17:47:19 +0100] "GET /ticket2/opencms/en/venue/?venueid=ABC0464F-8805-FF17-3379-7EF70B4189E3 HTTP/1.1" 200 63625
185.147.124.55 - - [22/Feb/2025:18:05:20 +0100] "GET /ticket2/opencms/global-protect/login.esp HTTP/1.1" 404 -
66.249.66.161 - - [22/Feb/2025:18:08:31 +0100] "GET /ticket2/opencms/en/venue/?venueid=7E82DC48-1248-0BA8-8AD1-989A2C48BEDA HTTP/1.1" 200 63642
66.249.66.162 - - [22/Feb/2025:18:10:43 +0100] "GET /ticket2/opencms/en/venue/?venueid=BBFDFA62-30E5-0CF7-5C31-22BFF847E1A4 HTTP/1.1" 200 65101
66.249.66.161 - - [22/Feb/2025:18:11:20 +0100] "GET /ticket2/opencms/en/venue/?venueid=084C5FFD-59D7-DA1B-5EFC-5854672C42AB HTTP/1.1" 200 63639
66.249.66.160 - - [22/Feb/2025:18:11:23 +0100] "GET /ticket2/opencms/en/venue/?venueid=05361057-EBBB-11B2-D22F-B07AF39AA1F0 HTTP/1.1" 200 63616
66.249.66.160 - - [22/Feb/2025:18:12:09 +0100] "GET /ticket2/opencms/en/venue/?venueid=1BBA4161-876F-505A-41A9-3DCAB11C11AD HTTP/1.1" 200 63616
130.211.96.179 - - [22/Feb/2025:18:12:22 +0100] "GET / HTTP/1.1" 404 -
66.249.66.160 - - [22/Feb/2025:18:22:46 +0100] "GET /ticket2/opencms/en/venue/?venueid=04EBBB82-240A-AF8F-DA1F-896AD50040B5 HTTP/1.1" 200 63613
103.203.59.3 - - [22/Feb/2025:18:22:53 +0100] "GET /ticket2/opencms/ HTTP/1.1" 302 -
66.249.66.160 - - [22/Feb/2025:18:23:09 +0100] "GET /ticket2/opencms/en/venue/?venueid=59A74FAD-E57E-D9BE-F92A-FE2D529CC098 HTTP/1.1" 200 63598
66.249.66.161 - - [22/Feb/2025:18:24:49 +0100] "GET /ticket2/opencms/en/venue/?venueid=214162D4-F755-2444-761E-1B8A12025521 HTTP/1.1" 200 63612
171.5.22.19 - - [22/Feb/2025:18:32:03 +0100] "GET / HTTP/1.0" 404 -
66.249.66.160 - - [22/Feb/2025:18:32:50 +0100] "GET /ticket2/opencms/en/buy/?page=1&edid=19841486-6F3E-C113-B4BC-B89661DF253A HTTP/1.1" 200 81875
193.68.89.51 - - [22/Feb/2025:18:33:27 +0100] "GET / HTTP/1.1" 404 -
85.208.96.207 - - [22/Feb/2025:18:35:41 +0100] "GET /ticket2/opencms/robots.txt HTTP/1.1" 200 773
185.191.171.17 - - [22/Feb/2025:18:35:42 +0100] "GET /ticket2/opencms/no/about/press/ HTTP/1.1" 200 66341
85.208.96.198 - - [22/Feb/2025:18:36:01 +0100] "GET /ticket2/opencms/no/sport/fotballsbilletter/premier_league/ HTTP/1.1" 200 78305
78.153.140.224 - - [22/Feb/2025:18:37:10 +0100] "GET /ticket2/opencms/.env HTTP/1.1" 404 -
66.249.66.162 - - [22/Feb/2025:18:37:21 +0100] "GET /ticket2/opencms/en/buy/?page=1&edid=54777665-C11F-0F11-581A-52B69510C3F1 HTTP/1.1" 200 79964
66.249.66.161 - - [22/Feb/2025:18:38:19 +0100] "GET /ticket2/opencms/en/newsletter/ HTTP/1.1" 200 67338
66.249.66.161 - - [22/Feb/2025:18:38:31 +0100] "GET /ticket2/opencms/en/venue/?venueid=02AFC272-1907-E3AB-F16C-DCE72603B25E HTTP/1.1" 200 63664
66.249.66.160 - - [22/Feb/2025:18:41:37 +0100] "GET /ticket2/opencms/en/venue/?venueid=1B420ACB-199A-5424-E698-08BE6CB8B69A HTTP/1.1" 200 63603
185.224.0.158 - - [22/Feb/2025:18:44:18 +0100] "GET /crumbIssuer/api/json HTTP/1.1" 404 -
66.249.66.162 - - [22/Feb/2025:18:46:31 +0100] "GET /ticket2/opencms/en/venue/?venueid=F95CCA03-8412-EF00-BE73-83772A0CB743 HTTP/1.1" 200 63600
194.120.230.215 - - [22/Feb/2025:18:47:26 +0100] "GET / HTTP/1.1" 404 -
66.249.66.161 - - [22/Feb/2025:18:48:09 +0100] "GET /ticket2/opencms/en/venue/?venueid=2CC647F7-59C6-AB1D-2A61-6BBFF2FA93FE HTTP/1.1" 200 63621
66.249.66.161 - - [22/Feb/2025:18:48:19 +0100] "GET /ticket2/opencms/en/sport/football-tickets/serie_a/ HTTP/1.1" 200 77554
66.249.66.162 - - [22/Feb/2025:18:49:42 +0100] "GET /ticket2/opencms/en/sport/football-tickets/la-liga/ HTTP/1.1" 200 76558
66.249.66.161 - - [22/Feb/2025:18:49:49 +0100] "GET /ticket2/opencms/en/venue/?venueid=076920E1-F452-B8E6-450C-A259979AD263 HTTP/1.1" 200 63607
66.249.66.160 - - [22/Feb/2025:18:50:22 +0100] "GET /ticket2/opencms/en/venue/?venueid=D865EDC3-A8C8-8107-EEAE-35A140CA5350 HTTP/1.1" 200 63642
46.19.143.58 - - [22/Feb/2025:18:51:48 +0100] "GET / HTTP/1.1" 404 -
66.249.66.162 - - [22/Feb/2025:18:52:32 +0100] "GET /ticket2/opencms/en/venue/?venueid=01D585F0-8906-9A4C-36CC-65BD1235CC9B HTTP/1.1" 200 63645
66.249.66.162 - - [22/Feb/2025:18:54:54 +0100] "GET /ticket2/opencms/en/venue/?venueid=F8EFDBCE-B1FF-C34F-BAE0-79E90F8EC2C1 HTTP/1.1" 200 63669
66.249.66.160 - - [22/Feb/2025:18:55:19 +0100] "GET /ticket2/opencms/sv/sport/fotbollsbiljetter/serie_a/ HTTP/1.1" 200 77816
66.249.66.162 - - [22/Feb/2025:18:55:54 +0100] "GET /ticket2/opencms/sv/sport/fotbollsbiljetter/la_liga/ HTTP/1.1" 200 78315
66.249.66.160 - - [22/Feb/2025:18:57:56 +0100] "GET /ticket2/opencms/sv/partners/fotbolldirekt/ HTTP/1.1" 200 64503
185.224.0.160 - - [22/Feb/2025:18:58:35 +0100] "GET /script HTTP/1.1" 404 -
66.249.66.160 - - [22/Feb/2025:19:01:09 +0100] "GET /ticket2/opencms/en/venue/?venueid=4281EF24-819D-10DB-AFDA-8A385BCC22F4 HTTP/1.1" 200 63639
66.249.66.161 - - [22/Feb/2025:19:02:21 +0100] "GET /ticket2/opencms/en/venue/?venueid=7BE96A80-409A-37FB-9444-3580682D6340 HTTP/1.1" 200 63610
66.249.66.162 - - [22/Feb/2025:19:02:23 +0100] "GET /ticket2/opencms/en/venue/?venueid=ECA1E61D-2477-4810-8BC2-649930C9F0AE HTTP/1.1" 200 63643
66.249.66.160 - - [22/Feb/2025:19:02:45 +0100] "GET /ticket2/opencms/en/venue/?venueid=9105DCA9-DA89-4D98-8EC3-D0773C34A12F HTTP/1.1" 200 63615
15.204.37.93 - - [22/Feb/2025:19:04:17 +0100] "GET / HTTP/1.1" 404 -
66.249.66.162 - - [22/Feb/2025:19:06:20 +0100] "GET /ticket2/opencms/en/venue/?venueid=3B0B3F5D-FFA8-DF13-4D74-A2C019267C7D HTTP/1.1" 200 63646
51.81.111.10 - - [22/Feb/2025:19:10:25 +0100] "GET /favicon.ico HTTP/1.1" 404 -
66.249.66.160 - - [22/Feb/2025:19:10:39 +0100] "GET /ticket2/opencms/en/venue/?venueid=B6945CB2-E0A0-4A08-48BD-0C2A2E2927C8 HTTP/1.1" 200 63582
66.249.66.162 - - [22/Feb/2025:19:10:40 +0100] "GET /ticket2/opencms/en/venue/?venueid=16E0C8F7-C946-BD85-3408-7035EE064BCF HTTP/1.1" 200 63695
66.249.66.162 - - [22/Feb/2025:19:15:43 +0100] "GET /ticket2/opencms/en/venue/?venueid=458A6284-D8D4-7921-D2F2-F8FD9B51F9EB HTTP/1.1" 200 63658
66.249.66.162 - - [22/Feb/2025:19:15:45 +0100] "GET /ticket2/opencms/en/venue/?venueid=5E4247B1-038D-69C7-681E-59A3027FAB84 HTTP/1.1" 200 63651
66.249.66.162 - - [22/Feb/2025:19:16:48 +0100] "GET /ticket2/opencms/en/venue/?venueid=43225DE7-2183-4D01-76EB-8CE89B54C5DC HTTP/1.1" 200 63589
66.249.66.161 - - [22/Feb/2025:19:17:19 +0100] "GET /ticket2/opencms/en/venue/?venueid=BCA44AE3-0AA2-97FD-825B-60825F01067E HTTP/1.1" 200 63669
