66.249.66.162 - - [18/Feb/2025:13:10:30 +0100] "GET /ticket2/opencms/en/venue/?venueid=F8EFDBCE-B1FF-C34F-BAE0-79E90F8EC2C1 HTTP/1.1" 200 63669
66.249.66.161 - - [18/Feb/2025:13:11:30 +0100] "GET /ticket2/opencms/en/venue/?venueid=E15FBAA2-C0CD-9858-4523-F6A4C3FE1D03 HTTP/1.1" 200 63675
66.249.66.161 - - [18/Feb/2025:13:12:26 +0100] "GET /ticket2/opencms/en/venue/?venueid=5216E917-1606-FFAB-0933-662F7037E961 HTTP/1.1" 200 63604
66.249.66.160 - - [18/Feb/2025:13:12:30 +0100] "GET /ticket2/opencms/en/venue/?venueid=BA793AD9-A454-8FFD-47A5-AE4980F853A5 HTTP/1.1" 200 63627
66.249.66.162 - - [18/Feb/2025:13:17:32 +0100] "GET /ticket2/opencms/en/venue/?venueid=227CA6FE-2DA3-B1F8-C080-0BD749B9B40F HTTP/1.1" 200 63576
185.147.124.33 - - [01/Jan/1970:00:59:59 +0100] "-" 400 -
66.249.66.160 - - [18/Feb/2025:13:18:30 +0100] "GET /ticket2/opencms/en/venue/?venueid=EEC9C18B-9209-5406-9714-41066401B581 HTTP/1.1" 200 63633
66.249.66.160 - - [18/Feb/2025:13:18:44 +0100] "GET /ticket2/opencms/en/venue/?venueid=176D3FFD-8008-78D4-93A3-4EAE24F36FFF HTTP/1.1" 200 63822
66.249.66.162 - - [18/Feb/2025:13:20:08 +0100] "GET /ticket2/opencms/en/venue/?venueid=52A33FB5-B804-E5DD-350D-2FC7FDA72BA2 HTTP/1.1" 200 63648
66.249.66.161 - - [18/Feb/2025:13:20:39 +0100] "GET /ticket2/opencms/en/venue/?venueid=73F2F83F-35FC-D320-77FF-C349F98B1063 HTTP/1.1" 200 63639
66.249.66.161 - - [18/Feb/2025:13:24:22 +0100] "GET /ticket2/opencms/en/venue/?venueid=912F0069-B2C0-0AC0-F2EF-4265D10E9B2C HTTP/1.1" 200 63639
185.147.124.33 - - [18/Feb/2025:13:25:40 +0100] "HEAD /ticket2/opencms/remote/fgt_lang?lang=en HTTP/1.1" 404 -
66.249.66.162 - - [18/Feb/2025:13:26:19 +0100] "GET /ticket2/opencms/en/venue/?venueid=91CC5869-2AA5-E430-A488-769315842D86 HTTP/1.1" 200 63634
66.249.66.161 - - [18/Feb/2025:13:26:37 +0100] "GET /ticket2/opencms/en/venue/?venueid=C45DD2E8-ABDE-6F3B-951D-04563CE4C5B2 HTTP/1.1" 200 63613
66.249.66.160 - - [18/Feb/2025:13:26:47 +0100] "GET /ticket2/opencms/en/venue/?venueid=2D54B7AC-88C2-7CD2-9B48-9538BFBB860A HTTP/1.1" 200 63691
66.249.66.160 - - [18/Feb/2025:13:27:32 +0100] "GET /ticket2/opencms/en/venue/?venueid=73970756-584C-5AD0-AF0B-3AFA065A2530 HTTP/1.1" 200 63616
66.249.66.160 - - [18/Feb/2025:13:28:19 +0100] "GET /ticket2/opencms/en/venue/?venueid=B3AD8D42-BAF1-2803-2183-F6705D1BC41E HTTP/1.1" 200 63642
66.249.66.162 - - [18/Feb/2025:13:29:42 +0100] "GET /ticket2/opencms/en/venue/?venueid=A4FD97C9-3112-FD78-66F7-32D2DBBAA5F9 HTTP/1.1" 200 63684
66.249.66.162 - - [18/Feb/2025:13:33:21 +0100] "GET /ticket2/opencms/en/venue/?countryid=656DB01E-8560-3560-F23F-27BC90E7C03C HTTP/1.1" 200 93013
66.249.66.160 - - [18/Feb/2025:13:34:19 +0100] "GET /ticket2/opencms/en/venue/?venueid=BC2CC518-91EF-AA50-803C-4CF19EFA0DC6 HTTP/1.1" 200 63652
66.249.66.160 - - [18/Feb/2025:13:34:26 +0100] "GET /ticket2/opencms/en/venue/?venueid=D26EFF68-2001-3A5E-1E6D-2A7DCC895275 HTTP/1.1" 200 63610
66.249.66.160 - - [18/Feb/2025:13:34:29 +0100] "GET /ticket2/opencms/en/venue/?countryid=87FD5C2F-6CC8-7245-5B03-4D8F2D8C8375 HTTP/1.1" 200 93013
66.249.66.160 - - [18/Feb/2025:13:34:36 +0100] "GET /ticket2/opencms/en/venue/?venueid=EA1AFB8D-F7C7-5DC6-A760-CAB159647828 HTTP/1.1" 200 63616
66.249.66.160 - - [18/Feb/2025:13:35:18 +0100] "GET /ticket2/opencms/en/venue/?venueid=46A76095-C8CC-46CE-5C46-97C8D40D2C4B HTTP/1.1" 200 63663
66.249.66.162 - - [18/Feb/2025:13:37:19 +0100] "GET /ticket2/opencms/en/venue/?countryid=D9C90621-DB02-1B5C-863E-8CD5BDDB79A4 HTTP/1.1" 200 93013
66.249.66.161 - - [18/Feb/2025:13:38:19 +0100] "GET /ticket2/opencms/en/venue/?venueid=5CD064CB-C924-A9AA-0D43-3118B7F7A349 HTTP/1.1" 200 63663
66.249.66.162 - - [18/Feb/2025:13:38:26 +0100] "GET /ticket2/opencms/en/venue/?venueid=9ED0D9BA-6B8E-0C0A-4F60-98392338DEDE HTTP/1.1" 200 63616
66.249.66.161 - - [18/Feb/2025:13:38:47 +0100] "GET /ticket2/opencms/en/venue/?venueid=7608D27A-AB31-0DEE-7A44-070EA75BF3B4 HTTP/1.1" 200 63580
66.249.66.162 - - [18/Feb/2025:13:39:31 +0100] "GET /ticket2/opencms/en/venue/?countryid=5F186EB9-FC66-3D17-58C4-6A160CA3B9D1 HTTP/1.1" 200 93013
66.249.66.161 - - [18/Feb/2025:13:39:45 +0100] "GET /ticket2/opencms/en/venue/?venueid=CDC6FC77-3278-004D-0559-D29218CB1115 HTTP/1.1" 200 63613
66.249.66.160 - - [18/Feb/2025:13:40:08 +0100] "GET /ticket2/opencms/en/venue/?countryid=CB0D79A8-EF67-3E1D-EAA5-706F775F6058 HTTP/1.1" 200 110244
66.249.66.160 - - [18/Feb/2025:13:40:21 +0100] "GET /ticket2/opencms/en/venue/?venueid=11E73491-76CB-D5D9-5B25-91D799D1EF69 HTTP/1.1" 200 63582
66.249.66.161 - - [18/Feb/2025:13:41:08 +0100] "GET /ticket2/opencms/en/venue/?venueid=B018F6AA-7433-F5A3-DE82-1992F037E01C HTTP/1.1" 200 63633
66.249.66.160 - - [18/Feb/2025:13:41:35 +0100] "GET /ticket2/opencms/en/venue/?venueid=E16419C0-E16D-8616-72CD-19175637FF0C HTTP/1.1" 200 63636
141.255.166.90 - - [18/Feb/2025:13:42:55 +0100] "GET /cgi-bin/luci/;stok=/locale HTTP/1.1" 404 -
66.249.66.160 - - [18/Feb/2025:13:46:37 +0100] "GET /ticket2/opencms/en/venue/?venueid=46DC1BEE-587B-35C7-7302-335A03B6455F HTTP/1.1" 200 63615
66.249.66.162 - - [18/Feb/2025:13:47:36 +0100] "GET /ticket2/opencms/en/selling_tickets/ HTTP/1.1" 200 64298
66.249.66.160 - - [18/Feb/2025:13:50:21 +0100] "GET /ticket2/opencms/en/venue/?countryid=0A131296-8532-77F1-DA6B-5BEC9CE9B834 HTTP/1.1" 200 93013
164.52.0.92 - - [18/Feb/2025:13:51:41 +0100] "GET /ticket2/opencms/ HTTP/1.1" 302 -
164.52.0.92 - - [18/Feb/2025:13:51:44 +0100] "GET /ticket2/opencms/ HTTP/1.1" 500 -
66.249.66.160 - - [18/Feb/2025:13:52:35 +0100] "GET /ticket2/opencms/en/venue/?countryid=4067501C-3738-9610-03B0-18FCE6867011 HTTP/1.1" 200 93013
114.119.143.233 - - [18/Feb/2025:13:54:12 +0100] "GET /ticket2/opencms/en/buy/?comcatid=0A6B8208-FDA4-E929-9D72-5312FD481B76&catid=26594C33-56CE-F529-FAF3-61AB33F74A3B HTTP/1.1" 200 67633
66.249.66.160 - - [18/Feb/2025:13:55:21 +0100] "GET /ticket2/opencms/en/venue/?countryid=E4BF4299-AF7E-C1CD-3B3B-2AB4B9697C56 HTTP/1.1" 200 93013
66.249.66.161 - - [18/Feb/2025:13:55:41 +0100] "GET /ticket2/opencms/en/venue/?countryid=89A5E86C-3AC3-3EDB-6F03-E6FC6A513BA2 HTTP/1.1" 200 93013
66.249.66.162 - - [18/Feb/2025:13:56:41 +0100] "GET /ticket2/opencms/en/buy_safety/ HTTP/1.1" 200 64296
66.249.66.160 - - [18/Feb/2025:13:58:32 +0100] "GET /ticket2/opencms/en/venue/?venueid=9D84887A-3E38-5E6C-5F2C-BA93851DE9A4 HTTP/1.1" 200 63597
66.249.66.162 - - [18/Feb/2025:13:58:32 +0100] "GET /ticket2/opencms/en/venue/?countryid=02784C54-6C5E-C56A-BCB8-106172A4270F HTTP/1.1" 200 93013
66.249.66.162 - - [18/Feb/2025:13:59:27 +0100] "GET /ticket2/opencms/en/venue/?venueid=6B6CD597-19E3-DE91-73C1-62D0A84F1A85 HTTP/1.1" 200 63616
66.249.66.162 - - [18/Feb/2025:14:00:45 +0100] "GET /ticket2/opencms/en/venue/?venueid=6D739AF3-56B6-A0C9-D24A-CE9707D9D60C HTTP/1.1" 200 63624
66.249.66.161 - - [18/Feb/2025:14:01:31 +0100] "GET /ticket2/opencms/en/venue/?venueid=E52A829F-C2AE-A6F9-C68D-2247D565A11F HTTP/1.1" 200 63720
66.249.66.160 - - [18/Feb/2025:14:01:42 +0100] "GET /ticket2/opencms/en/venue/?countryid=08DE8999-72B5-1ADD-5E76-2A7D1399FECF HTTP/1.1" 200 93013
66.249.66.160 - - [18/Feb/2025:14:01:45 +0100] "GET /ticket2/opencms/en/venue/?countryid=397EE7D1-C7FC-902D-F9A7-02173E5367FD HTTP/1.1" 200 93013
66.249.66.162 - - [18/Feb/2025:14:02:31 +0100] "GET /ticket2/opencms/en/venue/?venueid=22FBA63B-CC18-3864-F1A1-268F2EA93F27 HTTP/1.1" 200 63633
193.68.89.51 - - [18/Feb/2025:14:02:58 +0100] "GET / HTTP/1.1" 404 -
66.249.66.160 - - [18/Feb/2025:14:10:39 +0100] "GET /ticket2/opencms/en/venue/?countryid=A4DD8A66-89A9-9256-5B01-F5C6EA7FFD86 HTTP/1.1" 200 93700
66.249.66.162 - - [18/Feb/2025:14:11:29 +0100] "GET /ticket2/opencms/en/venue/?countryid=154B818B-780A-C47E-AFFC-04B53C9B2BA9 HTTP/1.1" 200 93013
66.249.66.161 - - [18/Feb/2025:14:13:44 +0100] "GET /ticket2/opencms/en/venue/?venueid=81575406-737A-D887-8BD9-C8B79507FB55 HTTP/1.1" 200 63606
66.249.66.162 - - [18/Feb/2025:14:14:30 +0100] "GET /ticket2/opencms/en/venue/?venueid=3E1E6F0D-1058-2C69-20D9-8595783E8131 HTTP/1.1" 200 63628
66.249.66.160 - - [18/Feb/2025:14:15:44 +0100] "GET /ticket2/opencms/robots.txt HTTP/1.1" 200 773
66.249.66.161 - - [18/Feb/2025:14:15:45 +0100] "GET /ticket2/opencms/en/venue/?venueid=0FC1A902-9E71-552B-9E2E-B21A32C7F177 HTTP/1.1" 200 63639
141.255.166.90 - - [18/Feb/2025:14:18:26 +0100] "GET /ticket2/opencms/cgi-bin/luci/;stok=/locale HTTP/1.1" 404 -
66.249.66.162 - - [18/Feb/2025:14:23:35 +0100] "GET /ticket2/opencms/robots.txt HTTP/1.1" 200 773
66.249.66.160 - - [18/Feb/2025:14:23:36 +0100] "GET /ticket2/opencms/en/venue/?countryid=0B8FEDC3-C68A-3535-943E-BD0B117D00A8 HTTP/1.1" 200 94133
70.39.75.173 - - [18/Feb/2025:14:23:51 +0100] "GET /ticket2/opencms/ab2g HTTP/1.1" 404 -
70.39.75.173 - - [18/Feb/2025:14:23:52 +0100] "GET /ticket2/opencms/ab2h HTTP/1.1" 404 -
70.39.75.173 - - [18/Feb/2025:14:23:53 +0100] "GET /ticket2/opencms/alive.php HTTP/1.1" 404 -
70.39.75.173 - - [18/Feb/2025:14:23:57 +0100] "GET /ticket2/opencms/ HTTP/1.1" 302 -
70.39.75.173 - - [18/Feb/2025:14:23:58 +0100] "GET /ticket2/opencms/t4 HTTP/1.1" 404 -
70.39.75.173 - - [18/Feb/2025:14:23:59 +0100] "GET /ticket2/opencms/favicon.ico HTTP/1.1" 200 1406
70.39.75.173 - - [18/Feb/2025:14:24:00 +0100] "GET /ticket2/opencms/ HTTP/1.1" 302 -
70.39.75.173 - - [18/Feb/2025:14:24:01 +0100] "GET /ticket2/opencms/teorema505?t=1 HTTP/1.1" 404 -
52.167.144.20 - - [18/Feb/2025:14:25:09 +0100] "GET /ticket2/opencms/sv/buy/?comcatid=A17713B6-D984-201A-4143-ED4DB5ED5C2E&catid=64756941-02D2-3538-2077-8C2508F4A3A8 HTTP/1.1" 200 75246
66.249.66.162 - - [18/Feb/2025:14:28:38 +0100] "GET /ticket2/opencms/en/venue/?countryid=17043DCB-6068-95EE-BD77-FB6EADBB798A HTTP/1.1" 200 93013
66.249.66.160 - - [18/Feb/2025:14:29:35 +0100] "GET /ticket2/opencms/en/venue/?venueid=40DC78A8-E12D-6808-C138-74AD7C1598C8 HTTP/1.1" 200 63726
170.64.149.22 - - [18/Feb/2025:14:30:00 +0100] "GET /ticket2/opencms/.git/config HTTP/1.1" 404 -
66.249.66.160 - - [18/Feb/2025:14:30:09 +0100] "GET /ticket2/opencms/en/venue/?venueid=26187F00-F337-E504-40C6-06E3F8F174F7 HTTP/1.1" 200 63633
141.255.166.90 - - [18/Feb/2025:14:32:44 +0100] "GET /cgi-bin/luci/;stok=/locale HTTP/1.1" 404 -
66.249.66.160 - - [18/Feb/2025:14:33:39 +0100] "GET /ticket2/opencms/en/venue/?countryid=9F976644-D811-1E5C-8CA5-C3CE6B3B71EB HTTP/1.1" 200 93013
66.249.66.162 - - [18/Feb/2025:14:34:45 +0100] "GET /ticket2/opencms/en/venue/?countryid=45F5A414-7E6A-581D-803C-BE75F86B0965 HTTP/1.1" 200 93013
66.249.66.160 - - [18/Feb/2025:14:37:31 +0100] "GET /ticket2/opencms/en/venue/?countryid=E3A24EE3-33A9-9FC0-BC5A-AFB379A75340 HTTP/1.1" 200 93013
66.249.66.161 - - [18/Feb/2025:14:37:32 +0100] "GET /ticket2/opencms/en/venue/?venueid=18FD821D-6DDA-C3F8-586C-11DB373981E5 HTTP/1.1" 200 63697
66.249.66.161 - - [18/Feb/2025:14:38:07 +0100] "GET /ticket2/opencms/en/venue/?countryid=08F91625-8D0D-C389-E632-ABC46886787C HTTP/1.1" 200 93013
66.249.66.160 - - [18/Feb/2025:14:40:38 +0100] "GET /ticket2/opencms/en/venue/?venueid=D2E7742E-B3AB-CC80-7552-271DAD847F3D HTTP/1.1" 200 63678
66.249.66.161 - - [18/Feb/2025:14:41:31 +0100] "GET /ticket2/opencms/en/venue/?venueid=E0AACC64-AFF5-5004-2F13-64A84D0E8D40 HTTP/1.1" 200 63682
193.68.89.10 - - [18/Feb/2025:14:43:08 +0100] "GET / HTTP/1.1" 404 -
66.249.66.161 - - [18/Feb/2025:14:44:21 +0100] "GET /ticket2/opencms/en/venue/?venueid=231092FF-6A88-F55E-896E-0C73160CAE74 HTTP/1.1" 200 63637
193.68.89.51 - - [18/Feb/2025:14:45:12 +0100] "GET / HTTP/1.1" 404 -
66.249.66.162 - - [18/Feb/2025:14:46:49 +0100] "GET /ticket2/opencms/en/venue/?countryid=AAA022C2-26E4-B95A-575B-2EC278F7A0C0 HTTP/1.1" 200 93013
66.249.66.162 - - [18/Feb/2025:14:47:48 +0100] "GET /ticket2/opencms/en/venue/?countryid=40378634-F839-FEF7-110F-40EAA530AB1D HTTP/1.1" 200 93013
66.249.66.160 - - [18/Feb/2025:14:52:43 +0100] "GET /ticket2/opencms/en/venue/?countryid=278F1901-B821-DEE9-D6D6-BF49B756C52A HTTP/1.1" 200 93013
66.249.66.161 - - [18/Feb/2025:14:53:30 +0100] "GET /ticket2/opencms/en/venue/?countryid=8F4397BE-7412-47F2-178D-719E5255923A HTTP/1.1" 200 93013
66.249.66.162 - - [18/Feb/2025:15:00:19 +0100] "GET /ticket2/opencms/en/venue/?countryid=D9E13DB9-8338-AA2E-D2F0-97CDF9CA1F76 HTTP/1.1" 200 93013
66.249.66.161 - - [18/Feb/2025:15:00:38 +0100] "GET /ticket2/opencms/en/venue/?venueid=E3ABC6CE-4A60-827E-3753-FDF36F1A3D41 HTTP/1.1" 200 63615
66.249.66.160 - - [18/Feb/2025:15:01:18 +0100] "GET /ticket2/opencms/en/venue/?venueid=30E59E70-2AD5-DB3F-8F99-0F76DBFE059E HTTP/1.1" 200 63645
66.249.66.160 - - [18/Feb/2025:15:01:45 +0100] "GET /ticket2/opencms/en/venue/?venueid=86DEA7DE-EC8B-6F7F-4E07-89780910ACCD HTTP/1.1" 200 63633
66.249.66.160 - - [18/Feb/2025:15:02:36 +0100] "GET /ticket2/opencms/en/venue/?venueid=ADC2EAE7-F3B9-5998-1901-D9DA30ACB19A HTTP/1.1" 200 63600
66.249.66.160 - - [18/Feb/2025:15:03:21 +0100] "GET /ticket2/opencms/en/venue/?venueid=B89238A7-33DE-D8CE-390C-74DE6BAEC919 HTTP/1.1" 200 63619
64.112.74.158 - - [18/Feb/2025:15:03:40 +0100] "GET /ticket2/opencms/ HTTP/1.1" 302 -
66.249.66.162 - - [18/Feb/2025:15:04:27 +0100] "GET /ticket2/opencms/en/venue/?venueid=4264E775-2245-34EC-AB9C-8E5203A0BEEE HTTP/1.1" 200 63628
66.249.66.160 - - [18/Feb/2025:15:05:08 +0100] "GET /ticket2/opencms/en/venue/?venueid=F99CBBAF-7922-5F3D-94E5-84437A50F751 HTTP/1.1" 200 63598
66.249.66.162 - - [18/Feb/2025:15:06:37 +0100] "GET /ticket2/opencms/en/venue/?venueid=119E4BA1-98C5-E36E-192F-2176B379FB25 HTTP/1.1" 200 63610
45.120.177.190 - - [18/Feb/2025:15:07:35 +0100] "CONNECT ffmpeg.pro:443 HTTP/1.1" 400 -
66.249.66.160 - - [18/Feb/2025:15:08:43 +0100] "GET /ticket2/opencms/en/venue/?venueid=DABDC4D6-A186-DAE6-C644-5DB9CB011EEC HTTP/1.1" 200 63748
66.249.66.161 - - [18/Feb/2025:15:09:08 +0100] "GET /ticket2/opencms/en/venue/?countryid=E1B3F038-2C75-F5F0-10E7-1C4055EF4908 HTTP/1.1" 200 93013
66.249.66.162 - - [18/Feb/2025:15:11:45 +0100] "GET /ticket2/opencms/en/venue/?countryid=C83BD7D3-147E-EEE7-3AB4-19E8D9E56196 HTTP/1.1" 200 93013
66.249.66.160 - - [18/Feb/2025:15:12:21 +0100] "GET /ticket2/opencms/en/venue/?venueid=DF37D396-FA06-F473-CD27-6AD0A828AD06 HTTP/1.1" 200 63636
66.249.66.160 - - [18/Feb/2025:15:12:45 +0100] "GET /ticket2/opencms/en/venue/?venueid=B9A3249B-A407-83D8-700C-4E1EE9D257A8 HTTP/1.1" 200 63648
66.249.66.162 - - [18/Feb/2025:15:13:21 +0100] "GET /ticket2/opencms/en/venue/?countryid=DC26E1B3-EC21-D762-3AB1-2969BD57FF68 HTTP/1.1" 200 93013
66.249.66.160 - - [18/Feb/2025:15:15:28 +0100] "GET /ticket2/opencms/en/venue/?countryid=846E9CDC-CA28-ECDF-BD87-BAB8F25C08E3 HTTP/1.1" 200 93013
66.249.66.160 - - [18/Feb/2025:15:15:37 +0100] "GET /ticket2/opencms/en/venue/?venueid=95424B46-EE34-8F04-CEF2-7CD33319ABE8 HTTP/1.1" 200 63643
66.249.66.161 - - [18/Feb/2025:15:17:20 +0100] "GET /ticket2/opencms/en/venue/?venueid=FE0A6C11-4A73-F647-BBF2-5FB155F67517 HTTP/1.1" 200 63657
66.249.66.160 - - [18/Feb/2025:15:17:32 +0100] "GET /ticket2/opencms/en/venue/?countryid=73397994-CBFD-79C6-593A-A865ED272E64 HTTP/1.1" 200 93013
66.249.66.160 - - [18/Feb/2025:15:17:38 +0100] "GET /ticket2/opencms/en/venue/?countryid=EF4CD3F8-F552-B03A-F63B-5D01B436E59A HTTP/1.1" 200 93013
66.249.66.160 - - [18/Feb/2025:15:17:44 +0100] "GET /ticket2/opencms/en/venue/?countryid=542AAA85-729E-385B-AA25-7388FBEAC6A1 HTTP/1.1" 200 93013
66.249.66.160 - - [18/Feb/2025:15:18:32 +0100] "GET /ticket2/opencms/en/venue/?venueid=9E6547A9-8704-3972-CB65-0FC9EBB9343F HTTP/1.1" 200 63651
66.249.66.162 - - [18/Feb/2025:15:19:27 +0100] "GET /ticket2/opencms/en/venue/?venueid=BE490FAA-3DB7-D4AF-97A1-3EB178A65501 HTTP/1.1" 200 63649
66.249.66.160 - - [18/Feb/2025:15:19:39 +0100] "GET /ticket2/opencms/en/venue/?venueid=74835483-DDAC-3DE1-0EB1-B44B58F2B260 HTTP/1.1" 200 63657
66.249.66.160 - - [18/Feb/2025:15:19:42 +0100] "GET /ticket2/opencms/en/venue/?venueid=F7721241-E76C-92B6-9AE8-D3417BDAEEF1 HTTP/1.1" 200 63769
85.208.96.209 - - [18/Feb/2025:15:21:32 +0100] "GET /ticket2/opencms/robots.txt HTTP/1.1" 200 773
85.208.96.212 - - [18/Feb/2025:15:21:33 +0100] "GET /ticket2/opencms/en/sport/football-tickets/premier_league/ HTTP/1.1" 200 76541
85.208.96.204 - - [18/Feb/2025:15:21:33 +0100] "GET /ticket2/opencms/sitemap.xml HTTP/1.1" 200 37572
66.249.66.162 - - [18/Feb/2025:15:23:22 +0100] "GET /ticket2/opencms/en/venue/?venueid=161A08B3-6577-E39F-77EB-E23A8297DE1F HTTP/1.1" 200 63649
66.249.66.161 - - [18/Feb/2025:15:24:26 +0100] "GET /ticket2/opencms/en/venue/?venueid=498C90F3-607E-EF53-F9E3-58E2CED85E08 HTTP/1.1" 200 63603
66.249.66.161 - - [18/Feb/2025:15:25:31 +0100] "GET /ticket2/opencms/en/venue/?venueid=C5443748-FE6D-78AE-9835-D6BA076EAF8D HTTP/1.1" 200 63684
66.249.66.161 - - [18/Feb/2025:15:25:37 +0100] "GET /ticket2/opencms/en/venue/?venueid=1F720D4E-8F96-91FF-3E22-13763ACC567B HTTP/1.1" 200 63652
66.249.66.161 - - [18/Feb/2025:15:25:38 +0100] "GET /ticket2/opencms/en/venue/?venueid=77422572-4F48-F10C-1394-DA0E03E07BDC HTTP/1.1" 200 63634
66.249.66.162 - - [18/Feb/2025:15:27:08 +0100] "GET /ticket2/opencms/en/venue/?venueid=CF91071C-3412-BA8E-033B-F6FD610B69D5 HTTP/1.1" 200 63649
185.147.124.33 - - [18/Feb/2025:15:28:13 +0100] "????~?I6M? ?;tt-??m@|a?X?$? ??f??????9??*?2??l???+/tmp/index1.php HTTP/1.1" 404 -
165.154.226.146 - - [18/Feb/2025:18:00:50 +0100] "GET /ticket2/opencms/index.php?lang=../../../../../../../../tmp/index1 HTTP/1.1" 404 -
165.154.226.146 - - [18/Feb/2025:18:00:50 +0100] "GET /ticket2/opencms/containers/json HTTP/1.1" 404 -
66.249.66.162 - - [18/Feb/2025:18:02:27 +0100] "GET /ticket2/opencms/en/venue/?venueid=E27C37A8-B6C5-D44D-C533-C3BD6E0498F9 HTTP/1.1" 200 63651
66.249.66.162 - - [18/Feb/2025:18:07:46 +0100] "GET /ticket2/opencms/en/venue/?venueid=11F3A3F2-5F7A-8DF0-9A91-D0D485D2E890 HTTP/1.1" 200 63639
66.249.66.162 - - [18/Feb/2025:18:09:22 +0100] "GET /ticket2/opencms/en/venue/?venueid=70DCED0C-DAFB-4CDB-B5CE-E31A25F4FE56 HTTP/1.1" 200 63592
193.68.89.51 - - [18/Feb/2025:18:10:14 +0100] "GET / HTTP/1.1" 404 -
45.156.129.131 - - [18/Feb/2025:18:10:49 +0100] "GET /ticket2/opencms/ HTTP/1.1" 302 -
45.156.129.131 - - [18/Feb/2025:18:10:49 +0100] "GET /ticket2/opencms/en/ HTTP/1.1" 200 66763
114.119.130.154 - - [18/Feb/2025:18:13:44 +0100] "GET /ticket2/opencms/en/venue/?venueid=680079F6-3D84-3124-6D4E-6A5AE95CB384 HTTP/1.1" 200 63664
66.249.66.161 - - [18/Feb/2025:18:14:23 +0100] "GET /ticket2/opencms/en/venue/?venueid=92B1EF2C-B01A-5498-4DA0-D832A3A798A5 HTTP/1.1" 200 63639
66.249.66.162 - - [18/Feb/2025:18:17:27 +0100] "GET /ticket2/opencms/en/venue/?venueid=B2412BC5-320E-2195-9E09-4C1EC09A5B89 HTTP/1.1" 200 63601
66.249.66.161 - - [18/Feb/2025:18:18:38 +0100] "GET /ticket2/opencms/en/venue/?venueid=C26446A4-8872-48CD-CA86-62157D64B3E9 HTTP/1.1" 200 63621
141.255.166.90 - - [18/Feb/2025:18:18:57 +0100] "GET /cgi-bin/luci/;stok=/locale HTTP/1.1" 404 -
66.249.66.162 - - [18/Feb/2025:18:19:37 +0100] "GET /ticket2/opencms/en/venue/?venueid=701663DC-2455-294E-2D99-0CDACEA4F260 HTTP/1.1" 200 63718
114.119.143.233 - - [18/Feb/2025:18:19:54 +0100] "GET /ticket2/opencms/en/venue/?venueid=3D756351-FBAD-67FE-A41F-C6999E0ACB04 HTTP/1.1" 200 63613
66.249.66.162 - - [18/Feb/2025:18:21:21 +0100] "GET /ticket2/opencms/en/venue/?venueid=A10EDB7A-AE65-48DB-7BBA-11F942FFE69D HTTP/1.1" 200 63616
66.249.66.160 - - [18/Feb/2025:18:26:31 +0100] "GET /ticket2/opencms/en/venue/?venueid=35DC5316-B52E-D8CB-55D2-7DC4685C4349 HTTP/1.1" 200 63624
66.249.66.162 - - [18/Feb/2025:18:28:36 +0100] "GET /ticket2/opencms/en/venue/?venueid=E6D4C5C5-380D-4772-E0D1-58201DC9D2A9 HTTP/1.1" 200 63631
66.249.66.160 - - [18/Feb/2025:18:35:22 +0100] "GET /ticket2/opencms/en/venue/?venueid=FD96E284-2B2D-3C17-09D0-D66476535FBF HTTP/1.1" 200 63666
66.249.66.162 - - [18/Feb/2025:18:37:20 +0100] "GET /ticket2/opencms/en/venue/?venueid=C5834F34-3BBB-2A93-0E8E-D95E38C86A64 HTTP/1.1" 200 63663
66.240.236.116 - - [18/Feb/2025:18:38:24 +0100] "GET /ticket2/opencms/ HTTP/1.1" 302 -
66.249.66.162 - - [18/Feb/2025:18:38:35 +0100] "GET /ticket2/opencms/en/venue/?venueid=0725E5C4-26A9-F67A-29C9-2E7909757F42 HTTP/1.1" 200 63654
66.249.66.161 - - [18/Feb/2025:18:38:54 +0100] "GET /ticket2/opencms/en/venue/?venueid=9282FAF9-0FAD-0AB6-46BD-CC9295464122 HTTP/1.1" 200 63699
66.249.66.162 - - [18/Feb/2025:18:39:37 +0100] "GET /ticket2/opencms/en/venue/?venueid=3EE4FE55-15E3-AF2C-FE6F-193C6997CCEA HTTP/1.1" 200 63628
66.249.66.160 - - [18/Feb/2025:18:41:37 +0100] "GET /ticket2/opencms/en/venue/?venueid=0C203D5B-81E0-DD4B-D85D-9F4614266613 HTTP/1.1" 200 63737
193.34.212.92 - - [18/Feb/2025:18:43:18 +0100] "PROPFIND /ticket2/opencms/ HTTP/1.1" 501 1126
66.249.66.162 - - [18/Feb/2025:18:45:53 +0100] "GET /ticket2/opencms/en/venue/?venueid=F88F99DB-CCD0-4577-59AA-A36930D419E1 HTTP/1.1" 200 63619
66.249.66.160 - - [18/Feb/2025:18:46:30 +0100] "GET /ticket2/opencms/en/venue/?venueid=73886E8B-D0CE-D693-4D83-304172C400FE HTTP/1.1" 200 63624
92.255.57.58 - - [18/Feb/2025:18:46:32 +0100] "GET /ticket2/opencms/actuator/gateway/routes HTTP/1.1" 404 -
66.249.66.161 - - [18/Feb/2025:18:47:38 +0100] "GET /ticket2/opencms/en/venue/?venueid=F2E24D37-66BC-8474-A9EE-AC205BD92A4D HTTP/1.1" 200 63666
66.249.66.160 - - [18/Feb/2025:18:47:47 +0100] "GET /ticket2/opencms/en/venue/?venueid=8D217A69-8B46-AC3D-8655-CBEED67203A8 HTTP/1.1" 200 63658
185.147.124.33 - - [18/Feb/2025:18:49:16 +0100] "?@_???? ?w????A??c " 400 -
66.249.66.161 - - [18/Feb/2025:18:50:36 +0100] "GET /ticket2/opencms/en/venue/?venueid=E03968A5-AE05-E1E5-3D28-6DE0A936F6E0 HTTP/1.1" 200 63627
66.249.66.162 - - [18/Feb/2025:18:51:31 +0100] "GET /ticket2/opencms/en/venue/?venueid=E5062924-B4F3-0DE7-D5ED-74F1F93777E1 HTTP/1.1" 200 63604
66.249.66.161 - - [18/Feb/2025:18:52:21 +0100] "GET /ticket2/opencms/en/venue/?venueid=5D522FFF-EE27-8B4F-FF73-B0ACE0865905 HTTP/1.1" 200 63610
66.249.66.161 - - [18/Feb/2025:18:55:32 +0100] "GET /ticket2/opencms/en/venue/?venueid=76FCBE46-42F0-E663-FE66-290861A11BAC HTTP/1.1" 200 63624
66.249.66.160 - - [18/Feb/2025:18:56:20 +0100] "GET /ticket2/opencms/en/venue/?venueid=AF7AB334-FB2A-404A-5CA9-FF51802C5A92 HTTP/1.1" 200 63697
185.147.124.33 - - [18/Feb/2025:18:56:40 +0100] "HEAD /ticket2/opencms/remote/fgt_lang?lang=en HTTP/1.1" 404 -
66.249.66.161 - - [18/Feb/2025:18:59:47 +0100] "GET /ticket2/opencms/en/venue/?venueid=A8296605-D785-16FA-4CCB-AC7210C36F8D HTTP/1.1" 200 63630
66.249.66.161 - - [18/Feb/2025:19:00:44 +0100] "GET /ticket2/opencms/sv/buy/?page=6&comcatid=66708183-7480-3365-06BF-DBF60280AB45&catid=30D5812D-0858-4843-8F45-C38AE504153C HTTP/1.1" 200 66883
66.249.66.161 - - [18/Feb/2025:19:04:39 +0100] "GET /ticket2/opencms/en/venue/?countryid=F6743C3E-06B9-E773-142B-1B90866C1373 HTTP/1.1" 200 93013
66.249.66.162 - - [18/Feb/2025:19:06:19 +0100] "GET /ticket2/opencms/sv/buy/?page=6&comcatid=66708183-7480-3365-06BF-DBF60280AB45&catid=8C381435-A1E8-94AF-2C58-D133FCA44A31 HTTP/1.1" 200 66887
66.249.66.161 - - [18/Feb/2025:19:06:21 +0100] "GET /ticket2/opencms/sv/buy/?page=6&comcatid=66708183-7480-3365-06BF-DBF60280AB45&catid=05A94519-01D1-C86F-9031-84936B0B9DAE HTTP/1.1" 200 66882
66.249.66.160 - - [18/Feb/2025:19:06:36 +0100] "GET /ticket2/opencms/en/venue/?venueid=DE7F1EC9-0D2B-44FE-8EF1-944663AE79B6 HTTP/1.1" 200 63622
66.249.66.160 - - [18/Feb/2025:19:12:32 +0100] "GET /ticket2/opencms/en/venue/?venueid=D1E3D72D-8E07-9A29-868C-678E69048B2D HTTP/1.1" 200 63642
66.249.66.161 - - [18/Feb/2025:19:17:39 +0100] "GET /ticket2/opencms/en/venue/?venueid=C3D39467-A630-2C6E-5B84-720FB12B944B HTTP/1.1" 200 63627
66.249.66.161 - - [18/Feb/2025:19:24:45 +0100] "GET /ticket2/opencms/en/venue/?venueid=AE690E22-52A2-9D01-F177-04D7C65EB752 HTTP/1.1" 200 63763
115.63.14.33 - - [18/Feb/2025:19:25:36 +0100] "POST /GponForm/diag_Form?images/ HTTP/1.1" 404 -
66.249.66.161 - - [18/Feb/2025:19:27:22 +0100] "GET /ticket2/opencms/en/venue/?venueid=AE59E0F8-4B65-A12C-F3A1-6436CF8F3E4C HTTP/1.1" 200 63642
31.186.54.111 - - [18/Feb/2025:19:30:41 +0100] "GET / HTTP/1.1" 404 -
66.249.66.161 - - [18/Feb/2025:19:32:37 +0100] "GET /ticket2/opencms/en/venue/?venueid=D2C0F5B4-1573-341C-5259-5AC0A43EDC76 HTTP/1.1" 200 63588
66.249.66.160 - - [18/Feb/2025:19:33:39 +0100] "GET /ticket2/opencms/en/venue/?venueid=2589C406-8AC4-E204-69A4-9A0C704DD161 HTTP/1.1" 200 63637
193.68.89.10 - - [18/Feb/2025:19:36:40 +0100] "GET / HTTP/1.1" 404 -
66.249.66.161 - - [18/Feb/2025:19:36:47 +0100] "GET /ticket2/opencms/en/venue/?venueid=7AC4544E-68B6-072F-C815-86F75E4EE456 HTTP/1.1" 200 63718
66.249.66.160 - - [18/Feb/2025:19:37:08 +0100] "GET /ticket2/opencms/en/venue/?venueid=8F5E4425-8141-7E8A-A807-2D9CCA042D40 HTTP/1.1" 200 63636
66.249.66.161 - - [18/Feb/2025:19:37:30 +0100] "GET /ticket2/opencms/en/venue/?venueid=A2FD714F-2CF2-5DFC-6DAB-51611C3EF8A1 HTTP/1.1" 200 63652
66.249.66.161 - - [18/Feb/2025:19:37:31 +0100] "GET /ticket2/opencms/en/venue/?venueid=00355748-2F14-5C42-41A1-1802A30CF178 HTTP/1.1" 200 63687
66.249.66.160 - - [18/Feb/2025:19:37:48 +0100] "GET /ticket2/opencms/en/venue/?venueid=37CBE37C-7D6F-4665-1B80-1F6AC01C8EBD HTTP/1.1" 200 63612
66.249.66.161 - - [18/Feb/2025:19:37:49 +0100] "GET /ticket2/opencms/en/venue/?venueid=9D40C9A3-8CFF-BA15-AD1A-88E3EA85E042 HTTP/1.1" 200 63610
45.55.132.139 - - [18/Feb/2025:19:39:20 +0100] "??@z_?C}?f?B?*??!$Z ?/?e^[??"?i]? ?w " 400 -
45.55.132.139 - - [18/Feb/2025:19:39:20 +0100] "???g?kx???r?m?m " 400 -
45.55.132.139 - - [18/Feb/2025:19:39:20 +0100] "XT?@??Z(G{Gh????Uu???0?d???ZX??YK l\?2??Ba?]?8_F0d?Q?????%???b?F??????s?r?,?????$? " 400 -
66.249.66.160 - - [18/Feb/2025:19:40:22 +0100] "GET /ticket2/opencms/en/venue/?venueid=FECA8F49-02CA-5614-CDE6-83282EC6D5D0 HTTP/1.1" 200 63618
66.249.66.160 - - [18/Feb/2025:19:42:27 +0100] "GET /ticket2/opencms/en/venue/?venueid=2B8D0888-5DB2-65B4-1080-38E069157030 HTTP/1.1" 200 63631
89.248.174.186 - - [18/Feb/2025:19:45:45 +0100] "CONNECT google.com:443 HTTP/1.1" 400 -
185.242.226.109 - - [18/Feb/2025:19:48:41 +0100] "GET /ticket2/opencms/favicon.ico HTTP/1.1" 200 1406
185.242.226.109 - - [18/Feb/2025:19:48:41 +0100] "GET /ticket2/opencms/ HTTP/1.1" 302 -
185.242.226.109 - - [18/Feb/2025:19:48:41 +0100] "GET /ticket2/opencms/en/ HTTP/1.1" 200 66763
66.249.66.161 - - [18/Feb/2025:19:49:23 +0100] "GET /ticket2/opencms/en/venue/?venueid=03F51804-8CDE-802D-E000-0AE79CB6ED35 HTTP/1.1" 200 63607
66.249.66.161 - - [18/Feb/2025:19:51:21 +0100] "GET /ticket2/opencms/en/venue/?venueid=8527116B-A185-5000-BC60-51916E69D597 HTTP/1.1" 200 63646
66.249.66.160 - - [18/Feb/2025:19:52:18 +0100] "GET /ticket2/opencms/en/venue/?venueid=A0E4EE07-64B1-76B6-E369-05D7AACF7559 HTTP/1.1" 200 63609
66.249.66.161 - - [18/Feb/2025:19:52:30 +0100] "GET /ticket2/opencms/en/venue/?venueid=308D5B12-D557-DF8F-3129-5C03B03BE75B HTTP/1.1" 200 63640
66.249.66.161 - - [18/Feb/2025:19:52:38 +0100] "GET /ticket2/opencms/en/venue/?venueid=305DAD5C-FF35-7284-E470-947548E280ED HTTP/1.1" 200 63637
8.213.204.121 - - [18/Feb/2025:19:54:42 +0100] "??^??2K%\? }B???????]M??lM???mT$ ??d??|????2F?u~??? dv??)?!????&?+?/?,?0????? ??" 400 -
193.68.89.51 - - [18/Feb/2025:19:57:02 +0100] "GET / HTTP/1.1" 404 -
66.249.66.162 - - [18/Feb/2025:19:57:26 +0100] "GET /ticket2/opencms/en/venue/?venueid=8C3A154B-2F7E-FD19-F863-0D39CE53C467 HTTP/1.1" 200 63648
66.249.66.160 - - [18/Feb/2025:20:07:49 +0100] "GET /ticket2/opencms/en/buy_safety/ HTTP/1.1" 200 64296
85.208.96.193 - - [18/Feb/2025:20:11:00 +0100] "GET /ticket2/opencms/robots.txt HTTP/1.1" 200 773
185.191.171.1 - - [18/Feb/2025:20:11:00 +0100] "GET /ticket2/opencms/en/search.html?searchQuery=chelsea&submit HTTP/1.1" 200 87360
185.147.124.33 - - [18/Feb/2025:20:36:16 +0100] "??B??>?Zg[?/$???????????$?N? ??8?1}?????=9??Bc?9?u???JL9?V?,?0?+?/?????????????????$?(?#?'? " 400 -
185.147.124.33 - - [18/Feb/2025:20:43:45 +0100] "HEAD /ticket2/opencms/remote/fgt_lang?lang=en HTTP/1.1" 404 -
66.249.66.162 - - [18/Feb/2025:20:51:51 +0100] "GET /ticket2/opencms/sv/buy/?page=6&comcatid=97ECA65A-72DA-F9AF-9DBB-245D3CFED1BE&catid=8B6802AF-1ADE-4BE1-A1F7-7671190CFB4F HTTP/1.1" 200 70196
193.68.89.51 - - [18/Feb/2025:20:58:46 +0100] "GET / HTTP/1.1" 404 -
91.106.193.236 - - [18/Feb/2025:20:59:30 +0100] "GET /asdadadas HTTP/1.1" 404 -
193.68.89.10 - - [18/Feb/2025:21:28:30 +0100] "GET / HTTP/1.1" 404 -
193.68.89.51 - - [18/Feb/2025:21:50:35 +0100] "GET / HTTP/1.1" 404 -
170.64.149.22 - - [18/Feb/2025:21:55:15 +0100] "GET /ticket2/opencms/.git/config HTTP/1.1" 404 -
66.249.66.161 - - [18/Feb/2025:22:10:09 +0100] "GET /ticket2/opencms/sv/about/ HTTP/1.1" 200 66258
92.255.57.86 - - [18/Feb/2025:22:10:57 +0100] "GET /ticket2/opencms/remote/login HTTP/1.1" 404 -
92.255.57.86 - - [18/Feb/2025:22:10:57 +0100] "GET /ticket2/opencms/login HTTP/1.1" 404 -
66.249.66.160 - - [18/Feb/2025:22:16:18 +0100] "GET /ticket2/opencms/en/sport/ HTTP/1.1" 200 62744
66.249.66.162 - - [18/Feb/2025:22:16:19 +0100] "GET /ticket2/opencms/sv/buying_tickets/ HTTP/1.1" 200 66595
66.249.66.160 - - [18/Feb/2025:22:16:30 +0100] "GET /ticket2/opencms/sv/sport/ HTTP/1.1" 200 67086
66.249.66.160 - - [18/Feb/2025:22:17:08 +0100] "GET /ticket2/opencms/en/venue/?venueid=B29BDEFE-F23C-78DD-4BFA-72F9978C970A HTTP/1.1" 200 63651
66.249.66.161 - - [18/Feb/2025:22:17:27 +0100] "GET /ticket2/opencms/en/venue/?venueid=3E052964-D5DB-7727-FFA4-1BA16C172E21 HTTP/1.1" 200 63604
66.249.66.162 - - [18/Feb/2025:22:18:30 +0100] "GET /ticket2/opencms/sv/about/contact/ HTTP/1.1" 200 64501
66.249.66.161 - - [18/Feb/2025:22:20:45 +0100] "GET /ticket2/opencms/en/buy/?page=10&eventid=BD2A2151-7866-2C7C-301B-A51FF3E4D9F5 HTTP/1.1" 200 64968
66.249.66.160 - - [18/Feb/2025:22:22:31 +0100] "GET /ticket2/opencms/en/buy/?page=10&eventid=080309A2-9AF6-914F-9FD3-1CF32BAE4613 HTTP/1.1" 200 64971
66.249.66.162 - - [18/Feb/2025:22:23:31 +0100] "GET /ticket2/opencms/en/venue/?venueid=86B389D1-7013-BAF6-CA43-7EB6782B91E5 HTTP/1.1" 200 63712
66.249.66.160 - - [18/Feb/2025:22:23:36 +0100] "GET /ticket2/opencms/en/buy/?page=10&eventid=4CD3BFC4-6826-2F08-586B-E7C2046942C2 HTTP/1.1" 200 64971
193.68.89.51 - - [18/Feb/2025:22:28:27 +0100] "GET / HTTP/1.1" 404 -
66.249.66.161 - - [18/Feb/2025:22:30:46 +0100] "GET /ticket2/opencms/en/venue/?venueid=C451DC03-0E39-FBBE-F2A3-D7577086F5D7 HTTP/1.1" 200 63600
66.249.66.162 - - [18/Feb/2025:22:30:47 +0100] "GET /ticket2/opencms/en/venue/?venueid=F7FD6FDC-72F2-5418-A11B-4CEA23D9F9E7 HTTP/1.1" 200 63702
66.249.66.162 - - [18/Feb/2025:22:31:21 +0100] "GET /ticket2/opencms/en/venue/?venueid=7943BD7F-85DA-A73F-DD60-967562D19B0E HTTP/1.1" 200 63708
66.249.66.162 - - [18/Feb/2025:22:31:22 +0100] "GET /ticket2/opencms/en/buy/?page=10&eventid=4BFE0049-E26D-F28C-59BF-33D4A5B123CD HTTP/1.1" 200 64971
66.249.66.161 - - [18/Feb/2025:22:31:31 +0100] "GET /ticket2/opencms/en/venue/?venueid=E07BF873-3E24-4ED0-36DB-A40D162DA6BE HTTP/1.1" 200 63704
66.249.66.160 - - [18/Feb/2025:22:32:27 +0100] "GET /ticket2/opencms/en/buy/?page=10&eventid=F99ADA5B-9BAA-1CC2-3A84-51D5FE875575 HTTP/1.1" 200 64969
66.249.66.160 - - [18/Feb/2025:22:32:46 +0100] "GET /ticket2/opencms/sv/sport/fotbollsbiljetter/premier_league/bolton_wanderers/ HTTP/1.1" 200 70010
66.249.66.160 - - [18/Feb/2025:22:32:54 +0100] "GET /ticket2/opencms/en/buy/?page=10&eventid=3A13A888-618B-2302-3F7A-4345B50004DA HTTP/1.1" 200 64971
66.249.66.160 - - [18/Feb/2025:22:33:09 +0100] "GET /ticket2/opencms/en/buy/?page=10&eventid=0301901D-CDB0-76E6-A443-30FEE7E893FB HTTP/1.1" 200 64969
66.249.66.160 - - [18/Feb/2025:22:33:26 +0100] "GET /ticket2/opencms/en/venue/?venueid=76E0809A-C474-0954-0DA0-B94A2D036A68 HTTP/1.1" 200 63738
66.249.66.160 - - [18/Feb/2025:22:35:39 +0100] "GET /ticket2/opencms/en/buy/?page=10&eventid=684F42AD-E69E-B0FB-F34B-E9B5D5266D07 HTTP/1.1" 200 64971
85.208.96.195 - - [18/Feb/2025:22:35:54 +0100] "GET /ticket2/opencms/robots.txt HTTP/1.1" 200 773
85.208.96.200 - - [18/Feb/2025:22:35:55 +0100] "GET /ticket2/opencms/dk/about/ HTTP/1.1" 200 65437
66.249.66.161 - - [18/Feb/2025:22:36:08 +0100] "GET /ticket2/opencms/en/buy/?page=10&eventid=1BC07A67-46B5-C40A-CC02-8F1EFC1FAADB HTTP/1.1" 200 64970
66.249.66.160 - - [18/Feb/2025:22:36:30 +0100] "GET /ticket2/opencms/en/buy/?page=10&eventid=B85BEE98-8727-2424-2597-5E99D818B644 HTTP/1.1" 200 64970
92.255.57.86 - - [01/Jan/1970:00:59:59 +0100] "-" 400 -
92.255.57.86 - - [18/Feb/2025:22:37:14 +0100] "??G??`?????CY??S?-???f?:5(?*> K???.y ??.I????" 400 -
66.249.66.162 - - [18/Feb/2025:22:38:08 +0100] "GET /ticket2/opencms/en/buy/?page=10&eventid=D0A9601D-3651-9BBC-A356-BE476DAC1559 HTTP/1.1" 200 64972
66.249.66.161 - - [18/Feb/2025:22:38:31 +0100] "GET /ticket2/opencms/en/buy/?page=10&eventid=6FF9EBE1-05EE-AA1E-A54F-A9D14CF13922 HTTP/1.1" 200 64972
185.91.127.81 - - [18/Feb/2025:22:39:21 +0100] "CONNECT api.ip.pn:443 HTTP/1.1" 400 -
66.249.66.161 - - [18/Feb/2025:22:40:38 +0100] "GET /ticket2/opencms/en/venue/?venueid=237BBFFD-D521-47F4-96BB-A1C99D9BA273 HTTP/1.1" 200 63691
198.235.24.78 - - [18/Feb/2025:22:40:38 +0100] "GET / HTTP/1.0" 404 -
66.249.66.161 - - [18/Feb/2025:22:43:39 +0100] "GET /ticket2/opencms/en/buy/?page=10&eventid=7016CF1B-CC52-94F9-4136-362E6D3CC9D6 HTTP/1.1" 200 64970
66.249.66.161 - - [18/Feb/2025:22:45:27 +0100] "GET /ticket2/opencms/en/venue/?venueid=04A82A7F-3526-7853-AB0E-3B58A65053A2 HTTP/1.1" 200 63622
66.249.66.161 - - [18/Feb/2025:22:46:09 +0100] "GET /ticket2/opencms/en/buy/?page=10&eventid=2D54F0A4-B7E5-1986-E461-A23A05E27C76 HTTP/1.1" 200 64972
66.249.66.160 - - [18/Feb/2025:22:48:20 +0100] "GET /ticket2/opencms/en/venue/?venueid=47A584F0-253C-EAFC-960C-A197E0BFF841 HTTP/1.1" 200 63615
66.249.66.161 - - [18/Feb/2025:22:48:42 +0100] "GET /ticket2/opencms/en/venue/?venueid=9482DB45-3F75-FB43-7785-C82DAEA918EF HTTP/1.1" 200 63642
162.142.125.217 - - [01/Jan/1970:00:59:59 +0100] "-" 400 -
162.142.125.217 - - [18/Feb/2025:22:49:44 +0100] "GET / HTTP/1.1" 404 -
162.142.125.217 - - [18/Feb/2025:22:49:44 +0100] "GET /ticket2/opencms/ HTTP/1.1" 302 -
162.142.125.217 - - [18/Feb/2025:22:49:48 +0100] "GET /favicon.ico HTTP/1.1" 404 -
162.142.125.217 - - [18/Feb/2025:22:49:49 +0100] "GET /ticket2/opencms/favicon.ico HTTP/1.1" 200 1406
66.249.66.161 - - [18/Feb/2025:22:53:20 +0100] "GET /ticket2/opencms/en/buy/?page=10&eventid=257C5D29-06D1-01D8-25B3-75BE37E8CF25 HTTP/1.1" 200 64973
66.249.66.161 - - [18/Feb/2025:22:55:48 +0100] "GET /ticket2/opencms/en/buy/?page=10&eventid=B1E27EAD-2DAB-B132-68A0-815602472CC3 HTTP/1.1" 200 64969
66.249.66.162 - - [18/Feb/2025:22:56:21 +0100] "GET /ticket2/opencms/en/buy/?page=10&eventid=634D2581-663A-DE19-7C72-20C596DE0600 HTTP/1.1" 200 64995
66.249.66.160 - - [18/Feb/2025:22:56:30 +0100] "GET /ticket2/opencms/en/venue/?venueid=8873E817-852C-7B3A-DC3B-7014498C6FBC HTTP/1.1" 200 63631
66.249.66.160 - - [18/Feb/2025:22:56:36 +0100] "GET /ticket2/opencms/en/sport/football-tickets/ HTTP/1.1" 200 65660
157.55.39.223 - - [18/Feb/2025:22:56:49 +0100] "GET /ticket2/opencms/robots.txt HTTP/1.1" 200 773
157.55.39.223 - - [18/Feb/2025:22:56:50 +0100] "GET /ticket2/opencms/robots.txt HTTP/1.1" 200 773
40.77.167.41 - - [18/Feb/2025:22:56:57 +0100] "GET /ticket2/opencms/en/venue/?venueid=04A82A7F-3526-7853-AB0E-3B58A65053A2 HTTP/1.1" 200 63622
66.249.66.160 - - [18/Feb/2025:22:57:08 +0100] "GET /ticket2/opencms/sv/sport/fotbollsbiljetter/ HTTP/1.1" 200 70201
66.249.66.161 - - [18/Feb/2025:22:59:19 +0100] "GET /ticket2/opencms/en/venue/?venueid=6FA55CAA-E7CD-0645-363F-8301E170D823 HTTP/1.1" 200 63681
66.249.66.160 - - [18/Feb/2025:22:59:22 +0100] "GET /ticket2/opencms/en/venue/?venueid=83D2FCB9-12EF-B122-826C-DC04BB1922D3 HTTP/1.1" 200 63613
193.68.89.10 - - [18/Feb/2025:22:59:57 +0100] "GET / HTTP/1.1" 404 -
66.249.66.161 - - [18/Feb/2025:23:00:30 +0100] "GET /ticket2/opencms/en/venue/?venueid=A8858F1D-FB00-53F1-CA46-D029D84C4D0E HTTP/1.1" 200 63612
66.249.66.160 - - [18/Feb/2025:23:00:39 +0100] "GET /ticket2/opencms/en/venue/?venueid=678131D6-267B-A67E-3FCF-710EEFB21484 HTTP/1.1" 200 63630
66.249.66.160 - - [18/Feb/2025:23:01:42 +0100] "GET /ticket2/opencms/en/venue/?venueid=C3E4CC75-3C9F-601D-8995-33AEDA27699E HTTP/1.1" 200 63660
66.249.66.161 - - [18/Feb/2025:23:02:36 +0100] "GET /ticket2/opencms/sv/buy/?page=1&edid=0122F2A3-A1B3-8248-9299-6A14904F0774 HTTP/1.1" 200 79362
66.249.66.160 - - [18/Feb/2025:23:03:21 +0100] "GET /ticket2/opencms/en/venue/?venueid=AB927E22-66D3-728A-AD7D-149130013681 HTTP/1.1" 200 63667
66.249.66.162 - - [18/Feb/2025:23:08:18 +0100] "GET /ticket2/opencms/sv/sport/fotbollsbiljetter/premier_league/ HTTP/1.1" 200 78731
66.249.66.162 - - [18/Feb/2025:23:09:21 +0100] "GET /ticket2/opencms/sv/sport/fotbollsbiljetter/eredivisie/ HTTP/1.1" 200 63993
66.249.66.160 - - [18/Feb/2025:23:09:44 +0100] "GET /ticket2/opencms/en/sport/football-tickets/premier_league/newcastle_united/ HTTP/1.1" 200 66301
66.249.66.160 - - [18/Feb/2025:23:11:08 +0100] "GET /ticket2/opencms/sv/sport/fotbollsbiljetter/premier_league/west_ham_united/ HTTP/1.1" 200 70667
66.249.66.160 - - [18/Feb/2025:23:12:21 +0100] "GET /ticket2/opencms/en/venue/?venueid=81019620-2AA3-B707-CDBF-B5932D491F06 HTTP/1.1" 200 63666
66.249.66.161 - - [18/Feb/2025:23:13:08 +0100] "GET /ticket2/opencms/en/venue/?venueid=2ECF2351-C750-A7A7-654E-B9CAF140FBB1 HTTP/1.1" 200 63654
66.249.66.160 - - [18/Feb/2025:23:13:09 +0100] "GET /ticket2/opencms/en/sport/football-tickets/premier_league/everton/ HTTP/1.1" 200 66317
66.249.66.160 - - [18/Feb/2025:23:13:42 +0100] "GET /ticket2/opencms/en/venue/?venueid=4349F65D-FB27-47E2-0CED-5F47C9BE484E HTTP/1.1" 200 63609
66.249.66.162 - - [18/Feb/2025:23:13:45 +0100] "GET /ticket2/opencms/en/venue/?venueid=C38732EA-BD5E-1623-DC42-554FD22C8388 HTTP/1.1" 200 63610
66.249.66.161 - - [18/Feb/2025:23:17:08 +0100] "GET /ticket2/opencms/en/venue/?venueid=79814D9F-AA2B-DC42-2DD5-F53FFC727EA5 HTTP/1.1" 200 63610
66.249.66.160 - - [18/Feb/2025:23:17:19 +0100] "GET /ticket2/opencms/en/venue/?venueid=A2304C12-61B2-7435-B7FE-9A2EC7393267 HTTP/1.1" 200 63640
66.249.66.161 - - [18/Feb/2025:23:17:22 +0100] "GET /ticket2/opencms/en/venue/?venueid=5140D794-43DA-3C61-8B9C-5AAEA73CFD84 HTTP/1.1" 200 63627
66.249.66.161 - - [18/Feb/2025:23:21:26 +0100] "GET /ticket2/opencms/en/venue/?venueid=1F514823-A8B2-64F2-1969-4417BA1D08C9 HTTP/1.1" 200 63684
66.249.66.161 - - [18/Feb/2025:23:21:30 +0100] "GET /ticket2/opencms/en/venue/?venueid=D178ABDF-6A2C-BDD5-DC03-AE8E4C0C9952 HTTP/1.1" 200 63619
45.58.159.71 - - [18/Feb/2025:23:22:11 +0100] "GET /ticket2/opencms/.env HTTP/1.1" 404 -
66.249.66.162 - - [18/Feb/2025:23:22:21 +0100] "GET /ticket2/opencms/en/sport/football-tickets/premier_league/manchester_city/ HTTP/1.1" 200 66191
66.249.66.161 - - [18/Feb/2025:23:22:22 +0100] "GET /ticket2/opencms/en/sport/football-tickets/premier_league/aston_villa/ HTTP/1.1" 200 65309
66.249.66.160 - - [18/Feb/2025:23:22:32 +0100] "GET /ticket2/opencms/en/venue/?venueid=70DCD869-5BA7-F3C6-AAAA-0FB61E169734 HTTP/1.1" 200 63600
66.249.66.160 - - [18/Feb/2025:23:23:08 +0100] "GET /ticket2/opencms/sv/sport/fotbollsbiljetter/premier_league/arsenal/ HTTP/1.1" 200 72874
66.249.66.162 - - [18/Feb/2025:23:26:22 +0100] "GET /ticket2/opencms/en/venue/?venueid=74E93720-C3FA-2F30-0F46-87134F9A6B90 HTTP/1.1" 200 63612
66.249.66.162 - - [18/Feb/2025:23:28:32 +0100] "GET /ticket2/opencms/sv/sport/fotbollsbiljetter/premier_league/tottenham/ HTTP/1.1" 200 69962
66.249.66.161 - - [18/Feb/2025:23:28:48 +0100] "GET /ticket2/opencms/sv/sport/fotbollsbiljetter/premier_league/chelsea/ HTTP/1.1" 200 70455
193.68.89.51 - - [18/Feb/2025:23:30:35 +0100] "GET / HTTP/1.1" 404 -
66.249.66.160 - - [18/Feb/2025:23:30:50 +0100] "GET /ticket2/opencms/en/venue/?venueid=9FD9B5FE-D2EF-11EF-6057-BEC9DC67548F HTTP/1.1" 200 63625
66.249.66.161 - - [18/Feb/2025:23:33:09 +0100] "GET /ticket2/opencms/en/sport/football-tickets/serie_a/as_roma/ HTTP/1.1" 200 65800
66.249.66.161 - - [18/Feb/2025:23:35:21 +0100] "GET /ticket2/opencms/sv/sport/fotbollsbiljetter/premier_league/fulham/ HTTP/1.1" 404 -
66.249.66.162 - - [18/Feb/2025:23:40:21 +0100] "GET /ticket2/opencms/en/venue/?venueid=5BBB9175-6BCD-4507-B680-0B60E4DE2F3E HTTP/1.1" 200 63621
66.249.66.160 - - [18/Feb/2025:23:40:38 +0100] "GET /ticket2/opencms/en/venue/?venueid=04C13710-E20C-CCA6-6CCF-F0FA34795246 HTTP/1.1" 200 63652
66.249.66.160 - - [18/Feb/2025:23:40:39 +0100] "GET /ticket2/opencms/en/venue/?venueid=D609D4D6-C7F0-DA05-ADC1-92A771D52BE6 HTTP/1.1" 200 63721
10.128.0.102 - - [18/Feb/2025:23:41:21 +0100] "GET / HTTP/1.1" 404 -
66.249.66.160 - - [18/Feb/2025:23:42:27 +0100] "GET /ticket2/opencms/sv/sport/fotbollsbiljetter/premier_league/birmingham/ HTTP/1.1" 200 70714
66.249.66.161 - - [18/Feb/2025:23:42:36 +0100] "GET /ticket2/opencms/sv/sport/fotbollsbiljetter/premier_league/west-bromwich-albion/ HTTP/1.1" 200 70686
66.249.66.160 - - [18/Feb/2025:23:42:44 +0100] "GET /ticket2/opencms/sv/sport/fotbollsbiljetter/premier_league/stoke/ HTTP/1.1" 200 70386
66.249.66.161 - - [18/Feb/2025:23:47:32 +0100] "GET /ticket2/opencms/sv/sport/fotbollsbiljetter/premier_league/blackburn_rovers/ HTTP/1.1" 200 70086
66.249.66.161 - - [18/Feb/2025:23:47:39 +0100] "GET /ticket2/opencms/sv/sport/fotbollsbiljetter/premier_league/blackpool/ HTTP/1.1" 200 70545
174.138.89.120 - - [18/Feb/2025:23:48:24 +0100] "GET / HTTP/1.1" 404 -
174.138.89.120 - - [18/Feb/2025:23:48:24 +0100] "GET /download/powershell/ HTTP/1.1" 404 -
174.138.89.120 - - [18/Feb/2025:23:48:25 +0100] "GET /get.php HTTP/1.1" 404 -
66.249.66.162 - - [18/Feb/2025:23:49:55 +0100] "GET /ticket2/opencms/sv/sport/fotbollsbiljetter/premier_league/wolverhampton/ HTTP/1.1" 200 70492
66.249.66.162 - - [18/Feb/2025:23:52:21 +0100] "GET /ticket2/opencms/en/venue/?venueid=EC472EA6-DB5A-9847-3498-3E97CC377FD4 HTTP/1.1" 200 63627
66.249.66.161 - - [18/Feb/2025:23:54:20 +0100] "GET /ticket2/opencms/en/venue/?venueid=785962EB-8414-D059-305F-74BBF3E070CF HTTP/1.1" 200 63624
66.249.66.162 - - [18/Feb/2025:23:55:35 +0100] "GET /ticket2/opencms/en/venue/?venueid=8D3E338D-57EA-2754-337D-4094BF8B8E3F HTTP/1.1" 200 63639
66.249.66.162 - - [18/Feb/2025:23:59:44 +0100] "GET /ticket2/opencms/en/venue/?venueid=206ACBCE-F23A-1697-D12B-15E9F015565F HTTP/1.1" 200 63661