66.249.66.161 - - [16/Feb/2025:00:00:08 +0100] "GET /ticket2/opencms/en/venue/?countryid=93055F81-99D6-0EE6-3CC8-FB4301992434 HTTP/1.1" 200 93013
66.249.66.161 - - [16/Feb/2025:00:03:48 +0100] "GET /ticket2/opencms/en/venue/?countryid=A3B02FE6-E314-D205-EF34-B3751539C7A7 HTTP/1.1" 200 93013
141.255.166.90 - - [16/Feb/2025:00:03:49 +0100] "GET /cgi-bin/luci/;stok=/locale HTTP/1.1" 404 -
75.119.128.89 - - [16/Feb/2025:00:13:34 +0100] "??RG|?K??J?M?{G?>RwA??????f8{b S}???;?? e?rg?]???6;%9>=?[q?&?+?/?,?0????? ??" 400 -
75.119.128.89 - - [16/Feb/2025:00:13:34 +0100] "GET / HTTP/1.1" 404 -
75.119.128.89 - - [16/Feb/2025:00:13:34 +0100] "GET /favicon.ico HTTP/1.1" 404 -
193.68.89.51 - - [16/Feb/2025:00:54:44 +0100] "GET / HTTP/1.1" 404 -
141.255.166.90 - - [16/Feb/2025:00:56:17 +0100] "GET /cgi-bin/luci/;stok=/locale HTTP/1.1" 404 -
40.77.167.61 - - [16/Feb/2025:01:00:24 +0100] "GET /ticket2/opencms/en/venue/?countryid=6D97DD41-58F8-E86C-8D49-519899AAF206 HTTP/1.1" 200 93013
66.249.66.160 - - [16/Feb/2025:01:05:48 +0100] "GET /ticket2/opencms/en/venue/?venueid=1D111B68-FF2E-F846-9D39-C347310597D3 HTTP/1.1" 200 63601
66.249.66.162 - - [16/Feb/2025:01:11:38 +0100] "GET /ticket2/opencms/en/venue/?countryid=EF4CD3F8-F552-B03A-F63B-5D01B436E59A HTTP/1.1" 200 93013
193.68.89.51 - - [16/Feb/2025:01:36:33 +0100] "GET / HTTP/1.1" 404 -
141.255.166.90 - - [16/Feb/2025:01:43:11 +0100] "GET /cgi-bin/luci/;stok=/locale HTTP/1.1" 404 -
127.0.0.1 - - [16/Feb/2025:01:45:25 +0100] "GET / HTTP/1.1" 400 -
34.79.160.92 - - [16/Feb/2025:01:48:04 +0100] "GET /ticket2/opencms/ HTTP/1.1" 302 -
185.180.140.106 - - [16/Feb/2025:01:58:42 +0100] "GET /ticket2/opencms/ HTTP/1.1" 302 -
185.180.140.106 - - [16/Feb/2025:01:58:43 +0100] "GET /ticket2/opencms/en/ HTTP/1.1" 200 66763
10.128.0.72 - - [16/Feb/2025:02:07:20 +0100] "GET / HTTP/1.1" 404 -
114.119.150.86 - - [16/Feb/2025:02:15:57 +0100] "GET /ticket2/opencms/en/venue/?venueid=553A4378-FAB0-EA80-47F6-4E559997BA49 HTTP/1.1" 200 63646
66.249.66.162 - - [16/Feb/2025:02:16:39 +0100] "GET /ticket2/opencms/en/sport/football-tickets/ HTTP/1.1" 200 65660
164.90.231.254 - - [16/Feb/2025:02:17:45 +0100] "GET /ticket2/opencms/.env HTTP/1.1" 404 -
141.255.166.90 - - [16/Feb/2025:02:32:23 +0100] "GET /cgi-bin/luci/;stok=/locale HTTP/1.1" 404 -
193.68.89.51 - - [16/Feb/2025:02:46:33 +0100] "GET / HTTP/1.1" 404 -
141.255.166.90 - - [16/Feb/2025:03:28:25 +0100] "GET /cgi-bin/luci/;stok=/locale HTTP/1.1" 404 -
193.68.89.51 - - [16/Feb/2025:03:38:01 +0100] "GET / HTTP/1.1" 404 -
159.223.149.179 - - [16/Feb/2025:03:43:26 +0100] "CONNECT example.com:443 HTTP/1.1" 400 -
167.71.110.14 - - [16/Feb/2025:03:44:35 +0100] "-" 400 -
45.148.10.90 - - [16/Feb/2025:03:52:50 +0100] "GET /ticket2/opencms/ HTTP/1.1" 302 -
66.249.66.161 - - [16/Feb/2025:04:14:20 +0100] "GET /ticket2/opencms/en/venue/?countryid=7A0460DD-50B2-C9A6-7233-3106FD73A000 HTTP/1.1" 200 93013
66.249.66.160 - - [16/Feb/2025:04:16:07 +0100] "GET /ticket2/opencms/en/venue/?countryid=469E8114-EEB1-DED6-F49A-3A2498C21B30 HTTP/1.1" 200 93013
141.255.166.90 - - [16/Feb/2025:04:16:12 +0100] "GET /cgi-bin/luci/;stok=/locale HTTP/1.1" 404 -
66.249.66.161 - - [16/Feb/2025:04:16:21 +0100] "GET /ticket2/opencms/en/venue/?countryid=656DB01E-8560-3560-F23F-27BC90E7C03C HTTP/1.1" 200 93013
66.249.66.161 - - [16/Feb/2025:04:17:18 +0100] "GET /ticket2/opencms/en/venue/?countryid=AC4C45B6-62CE-9E4E-735C-3EDAF240E46F HTTP/1.1" 200 93013
66.249.66.161 - - [16/Feb/2025:04:17:21 +0100] "GET /ticket2/opencms/en/venue/?countryid=9F359E38-9140-4AB1-4689-B4648FEDC1F9 HTTP/1.1" 200 93013
66.249.66.160 - - [16/Feb/2025:04:17:47 +0100] "GET /ticket2/opencms/en/venue/?countryid=77890CE6-5E73-6D4E-9314-C2148221142A HTTP/1.1" 200 93013
66.249.66.160 - - [16/Feb/2025:04:18:20 +0100] "GET /ticket2/opencms/en/venue/?countryid=EBCAD492-44DD-BA3B-65FF-004FBE418FEE HTTP/1.1" 200 93013
66.249.66.162 - - [16/Feb/2025:04:20:21 +0100] "GET /ticket2/opencms/en/venue/?countryid=7B8EA247-B72D-57A1-F5B5-112514CAAC1F HTTP/1.1" 200 93013
66.249.66.160 - - [16/Feb/2025:04:20:44 +0100] "GET /ticket2/opencms/en/venue/?countryid=EBEF9B75-B33B-BBAE-FE14-1F037092B34B HTTP/1.1" 200 102918
66.249.66.160 - - [16/Feb/2025:04:21:17 +0100] "GET /ticket2/opencms/en/venue/?countryid=869CA27A-97A1-03D4-5D03-7E27F7DE8DED HTTP/1.1" 200 93013
66.249.66.160 - - [16/Feb/2025:04:23:39 +0100] "GET /ticket2/opencms/en/venue/?countryid=40378634-F839-FEF7-110F-40EAA530AB1D HTTP/1.1" 200 93013
193.68.89.51 - - [16/Feb/2025:04:23:48 +0100] "GET / HTTP/1.1" 404 -
66.249.66.160 - - [16/Feb/2025:04:26:36 +0100] "GET /ticket2/opencms/en/venue/?countryid=DBAF1CDD-BB02-B386-3F1A-E606C2F733BC HTTP/1.1" 200 94785
66.249.66.161 - - [16/Feb/2025:04:26:42 +0100] "GET /ticket2/opencms/en/venue/?countryid=9D09DC7F-C38B-5D28-4040-9F250F6A5B12 HTTP/1.1" 200 93236
87.121.84.7 - - [16/Feb/2025:04:27:45 +0100] "GET / HTTP/1.1" 404 -
66.249.66.161 - - [16/Feb/2025:04:27:47 +0100] "GET /ticket2/opencms/en/venue/?countryid=A120839E-3691-C1CC-A7E6-AFA581C3B971 HTTP/1.1" 200 93013
66.249.66.162 - - [16/Feb/2025:04:29:21 +0100] "GET /ticket2/opencms/en/venue/?countryid=A95940B8-9D24-555E-8502-7702CF57B799 HTTP/1.1" 200 93013
66.249.66.160 - - [16/Feb/2025:04:30:42 +0100] "GET /ticket2/opencms/en/venue/?countryid=E317C19B-53AA-3539-EAD3-8DD7161AE012 HTTP/1.1" 200 93922
66.249.66.161 - - [16/Feb/2025:04:31:17 +0100] "GET /ticket2/opencms/en/venue/?countryid=A2F220AE-4AF1-2377-6B91-A90A18E35FA2 HTTP/1.1" 200 93013
66.249.66.161 - - [16/Feb/2025:04:31:18 +0100] "GET /ticket2/opencms/en/venue/?countryid=666C887D-F998-338F-2ABE-16022B884D9D HTTP/1.1" 200 93013
66.249.66.162 - - [16/Feb/2025:04:33:20 +0100] "GET /ticket2/opencms/en/venue/?countryid=180EAAAB-918A-9F1E-ED78-EB81C803FB9F HTTP/1.1" 200 93013
46.105.70.190 - - [16/Feb/2025:04:33:30 +0100] "GET / HTTP/1.1" 404 -
66.249.66.161 - - [16/Feb/2025:04:33:36 +0100] "GET /ticket2/opencms/en/venue/?countryid=6A07F71C-E21A-1DB2-608E-7A1B9B76A929 HTTP/1.1" 200 93013
66.249.66.162 - - [16/Feb/2025:04:35:08 +0100] "GET /ticket2/opencms/en/venue/?countryid=01A4931A-C165-4B79-C9B2-6B15C1A8EA58 HTTP/1.1" 200 155078
66.249.66.161 - - [16/Feb/2025:04:35:36 +0100] "GET /ticket2/opencms/en/venue/?countryid=55B682DB-9731-DD7B-33FA-C9B465971014 HTTP/1.1" 200 93013
66.249.66.160 - - [16/Feb/2025:04:35:43 +0100] "GET /ticket2/opencms/en/venue/?countryid=7955C1DA-0203-9687-2994-14739AEE539F HTTP/1.1" 200 93013
66.249.66.160 - - [16/Feb/2025:04:36:07 +0100] "GET /ticket2/opencms/en/venue/?countryid=01A4931A-C165-4B79-C9B2-6B15C1A8EA59 HTTP/1.1" 200 95592
66.249.66.160 - - [16/Feb/2025:04:37:07 +0100] "GET /ticket2/opencms/en/venue/?countryid=15679D6D-1531-2ADE-1A00-1D43A92EB55E HTTP/1.1" 200 93013
66.249.66.162 - - [16/Feb/2025:04:38:25 +0100] "GET /ticket2/opencms/en/venue/?countryid=86F93FF6-B3C2-4693-7679-0BD214A3D804 HTTP/1.1" 200 93013
66.249.66.162 - - [16/Feb/2025:04:41:32 +0100] "GET /ticket2/opencms/en/venue/?countryid=C390DA46-FDFE-72E8-463E-D2A88C688BC4 HTTP/1.1" 200 93013
66.249.66.162 - - [16/Feb/2025:04:42:21 +0100] "GET /ticket2/opencms/en/venue/?countryid=A758EE03-9751-87FA-5392-033D41724B17 HTTP/1.1" 200 93013
193.68.89.10 - - [16/Feb/2025:04:43:51 +0100] "GET / HTTP/1.1" 404 -
66.249.66.162 - - [16/Feb/2025:04:46:22 +0100] "GET /ticket2/opencms/en/venue/?countryid=542AAA85-729E-385B-AA25-7388FBEAC6A1 HTTP/1.1" 200 93013
66.249.66.161 - - [16/Feb/2025:04:46:30 +0100] "GET /ticket2/opencms/en/venue/?countryid=73397994-CBFD-79C6-593A-A865ED272E64 HTTP/1.1" 200 93013
66.249.66.160 - - [16/Feb/2025:04:46:35 +0100] "GET /ticket2/opencms/en/venue/?countryid=B1E58C49-66C4-8DF4-D222-33EDBDF73F09 HTTP/1.1" 200 93013
66.249.66.160 - - [16/Feb/2025:04:47:08 +0100] "GET /ticket2/opencms/en/venue/?countryid=FE820485-92B2-CBF2-B829-80FB72DDC46F HTTP/1.1" 200 93013
66.249.66.161 - - [16/Feb/2025:04:47:39 +0100] "GET /ticket2/opencms/en/venue/?countryid=B5C0CC6D-2D05-4091-BA03-82DFEB13498E HTTP/1.1" 200 93013
66.249.66.160 - - [16/Feb/2025:04:51:09 +0100] "GET /ticket2/opencms/en/venue/?countryid=846E9CDC-CA28-ECDF-BD87-BAB8F25C08E3 HTTP/1.1" 200 93013
66.249.66.161 - - [16/Feb/2025:04:51:34 +0100] "GET /ticket2/opencms/en/venue/?countryid=A9198A40-C385-3F3F-F1E3-C36DF8CBA8BE HTTP/1.1" 200 93013
66.249.66.160 - - [16/Feb/2025:04:52:08 +0100] "GET /ticket2/opencms/en/venue/?countryid=1A4DC6D7-7BCB-9C80-4A3B-99ABDC610C14 HTTP/1.1" 200 93236
196.251.87.126 - - [16/Feb/2025:04:53:50 +0100] "GET /ticket2/opencms/RDWeb/Pages/ HTTP/1.1" 404 -
196.251.87.126 - - [16/Feb/2025:04:53:50 +0100] "GET /ticket2/opencms/Remote/ HTTP/1.1" 404 -
66.249.66.161 - - [16/Feb/2025:04:58:29 +0100] "GET /ticket2/opencms/en/venue/?countryid=90EF2598-A82F-6143-0333-A0B49749F64C HTTP/1.1" 200 93013
66.249.66.162 - - [16/Feb/2025:04:58:31 +0100] "GET /ticket2/opencms/en/venue/?countryid=6D97DD41-58F8-E86C-8D49-519899AAF206 HTTP/1.1" 200 93013
3.139.106.25 - - [16/Feb/2025:04:59:30 +0100] "GET /ticket2/opencms/ HTTP/1.1" 302 -
3.139.106.25 - - [16/Feb/2025:04:59:31 +0100] "GET /ticket2/opencms/en/ HTTP/1.1" 200 66763
66.249.66.162 - - [16/Feb/2025:05:00:27 +0100] "GET /ticket2/opencms/en/venue/?countryid=6941D863-6987-AFB6-0EB8-DD9A02005855 HTTP/1.1" 200 93013
141.255.166.90 - - [16/Feb/2025:05:02:05 +0100] "GET /cgi-bin/luci/;stok=/locale HTTP/1.1" 404 -
66.249.66.162 - - [16/Feb/2025:05:02:30 +0100] "GET /ticket2/opencms/en/venue/?countryid=13702050-2F05-4DBF-E863-0547221CB311 HTTP/1.1" 200 93013
66.249.66.161 - - [16/Feb/2025:05:03:08 +0100] "GET /ticket2/opencms/en/venue/?countryid=86D8F5F1-1C66-F61F-D1EA-1BF1C36E41D6 HTTP/1.1" 200 93013
66.249.66.160 - - [16/Feb/2025:05:05:42 +0100] "GET /ticket2/opencms/en/venue/?countryid=8AB3059A-CDC7-3AC2-BF58-176BA47DA764 HTTP/1.1" 200 108442
111.113.88.20 - - [16/Feb/2025:05:05:59 +0100] "GET /ticket2/opencms/ HTTP/1.1" 500 -
153.0.121.148 - - [16/Feb/2025:05:06:05 +0100] "GET /ticket2/opencms/ HTTP/1.1" 500 -
66.249.66.161 - - [16/Feb/2025:05:06:29 +0100] "GET /ticket2/opencms/en/venue/?countryid=91AAC8CB-DC00-AD46-25B5-9E567AEBD805 HTTP/1.1" 200 93483
180.95.238.157 - - [16/Feb/2025:05:07:21 +0100] "GET /ticket2/opencms/ HTTP/1.1" 302 -
66.249.66.162 - - [16/Feb/2025:05:07:30 +0100] "GET /ticket2/opencms/en/venue/?countryid=52F4A5D1-57D1-3DCD-E1E5-1C5778B3C28E HTTP/1.1" 200 93013
42.63.55.112 - - [16/Feb/2025:05:08:07 +0100] "GET /ticket2/opencms/ HTTP/1.1" 302 -
66.249.66.160 - - [16/Feb/2025:05:08:20 +0100] "GET /ticket2/opencms/en/venue/?countryid=D1CF94F0-7D29-9934-B390-888966FEE978 HTTP/1.1" 200 93013
66.249.66.160 - - [16/Feb/2025:05:12:31 +0100] "GET /ticket2/opencms/en/venue/?countryid=3F84C922-E52E-4F0E-1F8F-97D62941C628 HTTP/1.1" 200 93013
66.249.66.161 - - [16/Feb/2025:05:13:08 +0100] "GET /ticket2/opencms/en/venue/?countryid=B33351B8-DB63-1834-566A-CB44E5291395 HTTP/1.1" 200 93013
66.249.66.162 - - [16/Feb/2025:05:13:21 +0100] "GET /ticket2/opencms/en/venue/?countryid=C3419397-8D1B-9427-953E-96370A3C8B07 HTTP/1.1" 200 93013
193.68.89.51 - - [16/Feb/2025:05:15:09 +0100] "GET / HTTP/1.1" 404 -
66.249.66.161 - - [16/Feb/2025:05:15:31 +0100] "GET /ticket2/opencms/en/venue/?countryid=577F4BE1-D660-BA06-FD83-D505059D70AB HTTP/1.1" 200 93013
66.249.66.161 - - [16/Feb/2025:05:21:26 +0100] "GET /ticket2/opencms/en/venue/?countryid=E51F1885-F514-FB3D-D1AC-60D5859EEBD8 HTTP/1.1" 200 93013
66.249.66.160 - - [16/Feb/2025:05:22:49 +0100] "GET /ticket2/opencms/en/venue/?countryid=4007957B-6F0C-502F-B270-CD7A61AC3C71 HTTP/1.1" 200 93013
66.249.66.161 - - [16/Feb/2025:05:22:50 +0100] "GET /ticket2/opencms/en/venue/?countryid=C4D16A7F-3F94-CF6E-7376-231BD32DC9BF HTTP/1.1" 200 93013
66.249.66.162 - - [16/Feb/2025:05:23:27 +0100] "GET /ticket2/opencms/en/venue/?countryid=36C09A59-C496-27BE-0FFA-E2D18F46452F HTTP/1.1" 200 93013
66.249.66.161 - - [16/Feb/2025:05:25:26 +0100] "GET /ticket2/opencms/en/venue/?countryid=B2685E9F-F5FB-C584-F982-0FC8E094C1AC HTTP/1.1" 200 93013
66.249.66.160 - - [16/Feb/2025:05:28:30 +0100] "GET /ticket2/opencms/en/venue/?countryid=3074CB3F-D378-D1B1-5E17-3ED6547AC5E1 HTTP/1.1" 200 93013
66.249.66.161 - - [16/Feb/2025:05:29:47 +0100] "GET /ticket2/opencms/en/venue/?countryid=87A625FD-F8B4-E412-121A-2F51AA59B0DD HTTP/1.1" 200 93013
66.249.66.160 - - [16/Feb/2025:05:31:35 +0100] "GET /ticket2/opencms/en/venue/?countryid=925A6494-6F30-A898-105B-2B0AB62464E2 HTTP/1.1" 200 93013
66.249.66.161 - - [16/Feb/2025:05:32:21 +0100] "GET /ticket2/opencms/en/venue/?countryid=23D31018-1DE6-5792-AB05-50B75604BF40 HTTP/1.1" 200 93013
66.249.66.161 - - [16/Feb/2025:05:35:42 +0100] "GET /ticket2/opencms/en/venue/?countryid=2F10777F-9907-2201-7AD1-ACB3606C47A4 HTTP/1.1" 200 93013
66.249.66.161 - - [16/Feb/2025:05:35:46 +0100] "GET /ticket2/opencms/en/venue/?countryid=8858D171-8914-8DFD-A2E4-50FE56A44627 HTTP/1.1" 200 93013
66.249.66.160 - - [16/Feb/2025:05:36:17 +0100] "GET /ticket2/opencms/en/venue/?countryid=668D17D3-DDBF-7460-C2FB-E48A99F3BD87 HTTP/1.1" 200 93013
66.249.66.161 - - [16/Feb/2025:05:36:29 +0100] "GET /ticket2/opencms/en/venue/?countryid=4B450FD2-0462-34B9-7186-638797EC0F09 HTTP/1.1" 200 93013
185.242.226.109 - - [16/Feb/2025:05:37:54 +0100] "GET /ticket2/opencms/ HTTP/1.1" 302 -
185.242.226.109 - - [16/Feb/2025:05:37:54 +0100] "GET /ticket2/opencms/en/ HTTP/1.1" 200 66763
66.249.66.162 - - [16/Feb/2025:05:38:07 +0100] "GET /ticket2/opencms/en/venue/?countryid=EFE62657-ED88-7045-031D-E16EFB5F4910 HTTP/1.1" 200 93013
66.249.66.162 - - [16/Feb/2025:05:38:08 +0100] "GET /ticket2/opencms/en/venue/?countryid=EFCDD4BE-2B2E-DD3B-EFFB-83BD42354573 HTTP/1.1" 200 103082
66.249.66.162 - - [16/Feb/2025:05:40:27 +0100] "GET /ticket2/opencms/en/venue/?countryid=278F1901-B821-DEE9-D6D6-BF49B756C52A HTTP/1.1" 200 93013
66.249.66.161 - - [16/Feb/2025:05:40:34 +0100] "GET /ticket2/opencms/en/venue/?countryid=8F4397BE-7412-47F2-178D-719E5255923A HTTP/1.1" 200 93013
199.45.154.130 - - [16/Feb/2025:05:43:12 +0100] "GET / HTTP/1.1" 404 -
199.45.154.130 - - [16/Feb/2025:05:43:22 +0100] "GET / HTTP/1.1" 404 -
199.45.154.130 - - [16/Feb/2025:05:43:23 +0100] "PRI * HTTP/2.0" 505 -
66.249.66.160 - - [16/Feb/2025:05:44:26 +0100] "GET /ticket2/opencms/en/venue/?countryid=9554F04E-60EE-4D4B-3CE3-7EC55ADC4B4E HTTP/1.1" 200 93013
66.249.66.161 - - [16/Feb/2025:05:44:42 +0100] "GET /ticket2/opencms/en/venue/?countryid=01A4931A-C165-4B79-C9B2-6B15C1A8EA57 HTTP/1.1" 200 121474
66.249.66.161 - - [16/Feb/2025:05:47:18 +0100] "GET /ticket2/opencms/en/venue/?countryid=5EEFCF47-AD38-F951-EE2B-C85C4E24342F HTTP/1.1" 200 93013
141.255.166.90 - - [16/Feb/2025:05:54:12 +0100] "GET /cgi-bin/luci/;stok=/locale HTTP/1.1" 404 -
156.229.232.48 - - [16/Feb/2025:05:58:53 +0100] "CONNECT 45.61.137.126:7227 HTTP/1.1" 400 -
185.93.89.118 - - [16/Feb/2025:06:03:06 +0100] "GET /vendor/phpunit/phpunit/src/Util/PHP/eval-stdin.php HTTP/1.1" 404 -
185.93.89.118 - - [16/Feb/2025:06:03:08 +0100] "GET /vendor/phpunit/phpunit/Util/PHP/eval-stdin.php HTTP/1.1" 404 -
185.93.89.118 - - [16/Feb/2025:06:03:11 +0100] "GET /vendor/phpunit/src/Util/PHP/eval-stdin.php HTTP/1.1" 404 -
185.93.89.118 - - [16/Feb/2025:06:03:14 +0100] "GET /vendor/phpunit/Util/PHP/eval-stdin.php HTTP/1.1" 404 -
185.93.89.118 - - [16/Feb/2025:06:03:17 +0100] "GET /vendor/vendor/phpunit/phpunit/src/Util/PHP/eval-stdin.php HTTP/1.1" 404 -
185.93.89.118 - - [16/Feb/2025:06:03:20 +0100] "GET /vendor/phpunit/phpunit/LICENSE/eval-stdin.php HTTP/1.1" 404 -
185.93.89.118 - - [16/Feb/2025:06:03:23 +0100] "GET /lib/phpunit/phpunit/src/Util/PHP/eval-stdin.php HTTP/1.1" 404 -
185.93.89.118 - - [16/Feb/2025:06:03:26 +0100] "GET /lib/phpunit/phpunit/Util/PHP/eval-stdin.php HTTP/1.1" 404 -
185.93.89.118 - - [16/Feb/2025:06:03:29 +0100] "GET /lib/phpunit/src/Util/PHP/eval-stdin.php HTTP/1.1" 404 -
185.93.89.118 - - [16/Feb/2025:06:03:32 +0100] "GET /lib/phpunit/Util/PHP/eval-stdin.php HTTP/1.1" 404 -
185.93.89.118 - - [16/Feb/2025:06:03:35 +0100] "GET /lib/vendor/phpunit/phpunit/src/Util/PHP/eval-stdin.php HTTP/1.1" 404 -
185.93.89.118 - - [16/Feb/2025:06:03:38 +0100] "GET /phpunit/phpunit/src/Util/PHP/eval-stdin.php HTTP/1.1" 404 -
185.93.89.118 - - [16/Feb/2025:06:03:41 +0100] "GET /phpunit/phpunit/Util/PHP/eval-stdin.php HTTP/1.1" 404 -
185.93.89.118 - - [16/Feb/2025:06:03:44 +0100] "GET /phpunit/src/Util/PHP/eval-stdin.php HTTP/1.1" 404 -
66.249.66.161 - - [16/Feb/2025:06:03:45 +0100] "GET /ticket2/opencms/en/venue/?countryid=1D29B349-241A-DA25-C29E-C6C960274511 HTTP/1.1" 200 93013
185.93.89.118 - - [16/Feb/2025:06:03:47 +0100] "GET /phpunit/Util/PHP/eval-stdin.php HTTP/1.1" 404 -
185.93.89.118 - - [16/Feb/2025:06:03:50 +0100] "GET /test/vendor/phpunit/phpunit/src/Util/PHP/eval-stdin.php HTTP/1.1" 404 -
185.93.89.118 - - [16/Feb/2025:06:03:53 +0100] "GET /testing/vendor/phpunit/phpunit/src/Util/PHP/eval-stdin.php HTTP/1.1" 404 -
185.93.89.118 - - [16/Feb/2025:06:03:56 +0100] "GET /tests/vendor/phpunit/phpunit/src/Util/PHP/eval-stdin.php HTTP/1.1" 404 -
185.93.89.118 - - [16/Feb/2025:06:03:59 +0100] "GET /yii/vendor/phpunit/phpunit/src/Util/PHP/eval-stdin.php HTTP/1.1" 404 -
185.93.89.118 - - [16/Feb/2025:06:04:02 +0100] "GET /api/vendor/phpunit/phpunit/src/Util/PHP/eval-stdin.php HTTP/1.1" 404 -
185.93.89.118 - - [16/Feb/2025:06:04:05 +0100] "GET /admin/vendor/phpunit/phpunit/src/Util/PHP/eval-stdin.php HTTP/1.1" 404 -
185.93.89.118 - - [16/Feb/2025:06:04:08 +0100] "GET /ws/ec/vendor/phpunit/phpunit/src/Util/PHP/eval-stdin.php HTTP/1.1" 404 -
185.93.89.118 - - [16/Feb/2025:06:04:11 +0100] "GET /zend/vendor/phpunit/phpunit/src/Util/PHP/eval-stdin.php HTTP/1.1" 404 -
185.93.89.118 - - [16/Feb/2025:06:04:14 +0100] "GET /ws/vendor/phpunit/phpunit/src/Util/PHP/eval-stdin.php HTTP/1.1" 404 -
185.93.89.118 - - [16/Feb/2025:06:04:17 +0100] "GET /www/vendor/phpunit/phpunit/src/Util/PHP/eval-stdin.php HTTP/1.1" 404 -
185.93.89.118 - - [16/Feb/2025:06:04:19 +0100] "GET /all/vendor/phpunit/phpunit/src/Util/PHP/eval-stdin.php HTTP/1.1" 404 -
185.93.89.118 - - [16/Feb/2025:06:04:22 +0100] "GET /advanced/vendor/phpunit/phpunit/src/Util/PHP/eval-stdin.php HTTP/1.1" 404 -
185.93.89.118 - - [16/Feb/2025:06:04:26 +0100] "GET /app/vendor/phpunit/phpunit/src/Util/PHP/eval-stdin.php HTTP/1.1" 404 -
185.93.89.118 - - [16/Feb/2025:06:04:28 +0100] "GET /apps/vendor/phpunit/phpunit/src/Util/PHP/eval-stdin.php HTTP/1.1" 404 -
185.93.89.118 - - [16/Feb/2025:06:04:31 +0100] "GET /back/vendor/phpunit/phpunit/src/Util/PHP/eval-stdin.php HTTP/1.1" 404 -
185.93.89.118 - - [16/Feb/2025:06:04:34 +0100] "GET /backend/vendor/phpunit/phpunit/src/Util/PHP/eval-stdin.php HTTP/1.1" 404 -
185.93.89.118 - - [16/Feb/2025:06:04:37 +0100] "GET /backup/vendor/phpunit/phpunit/src/Util/PHP/eval-stdin.php HTTP/1.1" 404 -
185.93.89.118 - - [16/Feb/2025:06:04:40 +0100] "GET /beta/vendor/phpunit/phpunit/src/Util/PHP/eval-stdin.php HTTP/1.1" 404 -
66.249.66.162 - - [16/Feb/2025:06:04:43 +0100] "GET /ticket2/opencms/en/venue/?countryid=39338EA9-6CB0-428E-D26D-7F5D8BBADF63 HTTP/1.1" 200 93013
185.93.89.118 - - [16/Feb/2025:06:04:43 +0100] "GET /blog/vendor/phpunit/phpunit/src/Util/PHP/eval-stdin.php HTTP/1.1" 404 -
185.93.89.118 - - [16/Feb/2025:06:04:46 +0100] "GET /blog/www/vendor/phpunit/phpunit/src/Util/PHP/eval-stdin.php HTTP/1.1" 404 -
185.93.89.118 - - [16/Feb/2025:06:04:50 +0100] "GET /cms/vendor/phpunit/phpunit/src/Util/PHP/eval-stdin.php HTTP/1.1" 404 -
185.93.89.118 - - [16/Feb/2025:06:04:53 +0100] "GET /config/vendor/phpunit/phpunit/src/Util/PHP/eval-stdin.php HTTP/1.1" 404 -
185.93.89.118 - - [16/Feb/2025:06:04:55 +0100] "GET /core/vendor/phpunit/phpunit/src/Util/PHP/eval-stdin.php HTTP/1.1" 404 -
185.93.89.118 - - [16/Feb/2025:06:04:58 +0100] "GET /core/app/vendor/phpunit/phpunit/src/Util/PHP/eval-stdin.php HTTP/1.1" 404 -
185.93.89.118 - - [16/Feb/2025:06:05:01 +0100] "GET /crm/vendor/phpunit/phpunit/src/Util/PHP/eval-stdin.php HTTP/1.1" 404 -
185.93.89.118 - - [16/Feb/2025:06:05:04 +0100] "GET /demo/vendor/phpunit/phpunit/src/Util/PHP/eval-stdin.php HTTP/1.1" 404 -
185.93.89.118 - - [16/Feb/2025:06:05:07 +0100] "GET /dev/vendor/phpunit/phpunit/src/Util/PHP/eval-stdin.php HTTP/1.1" 404 -
185.93.89.118 - - [16/Feb/2025:06:05:10 +0100] "GET /develop/vendor/phpunit/phpunit/src/Util/PHP/eval-stdin.php HTTP/1.1" 404 -
185.93.89.118 - - [16/Feb/2025:06:05:13 +0100] "GET /ec/vendor/phpunit/phpunit/src/Util/PHP/eval-stdin.php HTTP/1.1" 404 -
185.93.89.118 - - [16/Feb/2025:06:05:16 +0100] "GET /ecc/vendor/phpunit/phpunit/src/Util/PHP/eval-stdin.php HTTP/1.1" 404 -
185.93.89.118 - - [16/Feb/2025:06:05:19 +0100] "GET /git/vendor/phpunit/phpunit/src/Util/PHP/eval-stdin.php HTTP/1.1" 404 -
66.249.66.162 - - [16/Feb/2025:06:05:21 +0100] "GET /ticket2/opencms/en/venue/?countryid=203E9A91-CAB8-9987-28BB-AF31071CCCA1 HTTP/1.1" 200 94408
66.249.66.160 - - [16/Feb/2025:06:05:21 +0100] "GET /ticket2/opencms/en/venue/?countryid=87A0CCAA-3D1F-51AB-962B-6BBE856D2C40 HTTP/1.1" 200 93013
185.93.89.118 - - [16/Feb/2025:06:05:22 +0100] "GET /lab/vendor/phpunit/phpunit/src/Util/PHP/eval-stdin.php HTTP/1.1" 404 -
185.93.89.118 - - [16/Feb/2025:06:05:25 +0100] "GET /laravel/vendor/phpunit/phpunit/src/Util/PHP/eval-stdin.php HTTP/1.1" 404 -
185.93.89.118 - - [16/Feb/2025:06:05:28 +0100] "GET /laravel_api/vendor/phpunit/phpunit/src/Util/PHP/eval-stdin.php HTTP/1.1" 404 -
66.249.66.161 - - [16/Feb/2025:06:05:31 +0100] "GET /ticket2/opencms/en/venue/?countryid=D9E13DB9-8338-AA2E-D2F0-97CDF9CA1F76 HTTP/1.1" 200 93013
185.93.89.118 - - [16/Feb/2025:06:05:31 +0100] "GET /laravel_web/vendor/phpunit/phpunit/src/Util/PHP/eval-stdin.php HTTP/1.1" 404 -
185.93.89.118 - - [16/Feb/2025:06:05:34 +0100] "GET /live/vendor/phpunit/phpunit/src/Util/PHP/eval-stdin.php HTTP/1.1" 404 -
66.249.66.160 - - [16/Feb/2025:06:05:37 +0100] "GET /ticket2/opencms/en/venue/?countryid=22C9ACC4-BEB7-DB26-7DA3-281C548BB009 HTTP/1.1" 200 93013
185.93.89.118 - - [16/Feb/2025:06:05:37 +0100] "GET /local/vendor/phpunit/phpunit/src/Util/PHP/eval-stdin.php HTTP/1.1" 404 -
185.93.89.118 - - [16/Feb/2025:06:05:40 +0100] "GET /modules/vendor/phpunit/phpunit/src/Util/PHP/eval-stdin.php HTTP/1.1" 404 -
185.93.89.118 - - [16/Feb/2025:06:05:43 +0100] "GET /new/vendor/phpunit/phpunit/src/Util/PHP/eval-stdin.php HTTP/1.1" 404 -
185.93.89.118 - - [16/Feb/2025:06:05:45 +0100] "GET /old/vendor/phpunit/phpunit/src/Util/PHP/eval-stdin.php HTTP/1.1" 404 -
185.93.89.118 - - [16/Feb/2025:06:05:48 +0100] "GET /panel/vendor/phpunit/phpunit/src/Util/PHP/eval-stdin.php HTTP/1.1" 404 -
185.93.89.118 - - [16/Feb/2025:06:05:51 +0100] "GET /pid/vendor/phpunit/phpunit/src/Util/PHP/eval-stdin.php HTTP/1.1" 404 -
185.93.89.118 - - [16/Feb/2025:06:05:54 +0100] "GET /pkm/vendor/phpunit/phpunit/src/Util/PHP/eval-stdin.php HTTP/1.1" 404 -
185.93.89.118 - - [16/Feb/2025:06:05:57 +0100] "GET /pms/vendor/phpunit/phpunit/src/Util/PHP/eval-stdin.php HTTP/1.1" 404 -
185.93.89.118 - - [16/Feb/2025:06:06:01 +0100] "GET /portal/vendor/phpunit/phpunit/src/Util/PHP/eval-stdin.php HTTP/1.1" 404 -
185.93.89.118 - - [16/Feb/2025:06:06:03 +0100] "GET /pos/phpunit/phpunit/src/Util/PHP/eval-stdin.php HTTP/1.1" 404 -
185.93.89.118 - - [16/Feb/2025:06:06:06 +0100] "GET /pos/vendor/phpunit/phpunit/src/Util/PHP/eval-stdin.php HTTP/1.1" 404 -
185.93.89.118 - - [16/Feb/2025:06:06:09 +0100] "GET /production/api/vendor/phpunit/phpunit/src/Util/PHP/eval-stdin.php HTTP/1.1" 404 -
185.93.89.118 - - [16/Feb/2025:06:06:12 +0100] "GET /production/vendor/phpunit/phpunit/src/Util/PHP/eval-stdin.php HTTP/1.1" 404 -
185.93.89.118 - - [16/Feb/2025:06:06:15 +0100] "GET /public/vendor/phpunit/phpunit/src/Util/PHP/eval-stdin.php HTTP/1.1" 404 -
185.93.89.118 - - [16/Feb/2025:06:06:18 +0100] "GET /server/vendor/phpunit/phpunit/src/Util/PHP/eval-stdin.php HTTP/1.1" 404 -
66.249.66.160 - - [16/Feb/2025:06:06:20 +0100] "GET /ticket2/opencms/en/venue/?countryid=E0555A68-26A1-67E7-1128-6849A8576005 HTTP/1.1" 200 93013
185.93.89.118 - - [16/Feb/2025:06:06:21 +0100] "GET /site/vendor/phpunit/phpunit/src/Util/PHP/eval-stdin.php HTTP/1.1" 404 -
185.93.89.118 - - [16/Feb/2025:06:06:24 +0100] "GET /workspace/vendor/phpunit/phpunit/src/Util/PHP/eval-stdin.php HTTP/1.1" 404 -
185.93.89.118 - - [16/Feb/2025:06:06:27 +0100] "GET /web/vendor/phpunit/phpunit/src/Util/PHP/eval-stdin.php HTTP/1.1" 404 -
66.249.66.160 - - [16/Feb/2025:06:06:29 +0100] "GET /ticket2/opencms/en/venue/?countryid=40FD0827-8E8D-58A2-3FF2-3253A033E8A7 HTTP/1.1" 200 93013
66.249.66.160 - - [16/Feb/2025:06:07:06 +0100] "GET /ticket2/opencms/robots.txt HTTP/1.1" 200 773
66.249.66.161 - - [16/Feb/2025:06:08:47 +0100] "GET /ticket2/opencms/en/venue/?countryid=ACBCEDDC-478F-6F5C-046F-A1A55C83F98D HTTP/1.1" 200 99186
66.249.66.160 - - [16/Feb/2025:06:11:36 +0100] "GET /ticket2/opencms/en/venue/?countryid=893226B0-D69E-4766-831E-1D42E613AB75 HTTP/1.1" 200 93255
66.249.66.160 - - [16/Feb/2025:06:12:37 +0100] "GET /ticket2/opencms/en/venue/?countryid=6994D0E6-4880-D162-87F9-DDDE5D63EE86 HTTP/1.1" 200 104896
66.249.66.160 - - [16/Feb/2025:06:13:19 +0100] "GET /ticket2/opencms/en/venue/?countryid=E1B3F038-2C75-F5F0-10E7-1C4055EF4908 HTTP/1.1" 200 93013
66.249.66.160 - - [16/Feb/2025:06:13:35 +0100] "GET /ticket2/opencms/en/venue/?countryid=C83BD7D3-147E-EEE7-3AB4-19E8D9E56196 HTTP/1.1" 200 93013
66.249.66.162 - - [16/Feb/2025:06:17:48 +0100] "GET /ticket2/opencms/en/venue/?countryid=733736B0-BB51-71CE-21FF-5220C9ACD245 HTTP/1.1" 200 93704
87.121.84.7 - - [16/Feb/2025:06:20:42 +0100] "GET / HTTP/1.1" 404 -
193.68.89.10 - - [16/Feb/2025:06:25:12 +0100] "GET / HTTP/1.1" 404 -
66.249.66.160 - - [16/Feb/2025:06:26:22 +0100] "GET /ticket2/opencms/en/venue/?countryid=63BA787B-924D-97B6-EDC4-126C78A77B7D HTTP/1.1" 200 95888
66.249.66.161 - - [16/Feb/2025:06:34:46 +0100] "GET /ticket2/opencms/en/venue/?countryid=41062D18-DA6E-3D10-CF2B-6CACED69017C HTTP/1.1" 200 93013
66.249.66.162 - - [16/Feb/2025:06:35:32 +0100] "GET /ticket2/opencms/en/venue/?countryid=C0984F56-34B3-2410-35BD-6A54606EFEFB HTTP/1.1" 200 93013
66.249.66.160 - - [16/Feb/2025:06:39:39 +0100] "GET /ticket2/opencms/en/venue/?countryid=1D2AF5BD-A881-D22D-AE7C-E22D0AA83910 HTTP/1.1" 200 93013
66.249.66.160 - - [16/Feb/2025:06:42:26 +0100] "GET /ticket2/opencms/en/venue/?countryid=DC26E1B3-EC21-D762-3AB1-2969BD57FF68 HTTP/1.1" 200 93013
66.249.66.162 - - [16/Feb/2025:06:44:08 +0100] "GET /ticket2/opencms/en/venue/?countryid=38CC08E3-88E5-726B-7780-E55017C79604 HTTP/1.1" 200 93013
66.249.66.160 - - [16/Feb/2025:06:45:30 +0100] "GET /ticket2/opencms/en/venue/?countryid=CEE00D6A-FB56-5500-E375-BA915009094D HTTP/1.1" 200 93013
66.249.66.160 - - [16/Feb/2025:06:45:34 +0100] "GET /ticket2/opencms/en/venue/?countryid=8C4D64C3-0D1D-4A9C-0C13-7146340D3209 HTTP/1.1" 200 93013
141.255.166.90 - - [16/Feb/2025:06:45:57 +0100] "GET /cgi-bin/luci/;stok=/locale HTTP/1.1" 404 -
103.164.191.74 - - [16/Feb/2025:06:46:40 +0100] "GET / HTTP/1.1" 404 -
147.185.132.39 - - [16/Feb/2025:06:47:30 +0100] "GET / HTTP/1.0" 404 -
45.148.10.90 - - [16/Feb/2025:06:47:51 +0100] "GET /ticket2/opencms/ HTTP/1.1" 302 -
45.148.10.90 - - [16/Feb/2025:06:48:07 +0100] "GET /ticket2/opencms/app/config/.git/config HTTP/1.1" 404 -
45.148.10.90 - - [16/Feb/2025:06:48:08 +0100] "GET /ticket2/opencms/logs/archived/.git/config HTTP/1.1" 404 -
45.148.10.90 - - [16/Feb/2025:06:48:12 +0100] "GET /ticket2/opencms/project/backend/.git/config HTTP/1.1" 404 -
45.148.10.90 - - [16/Feb/2025:06:48:13 +0100] "GET /ticket2/opencms/scripts/dev/.git/config HTTP/1.1" 404 -
45.148.10.90 - - [16/Feb/2025:06:48:14 +0100] "GET /ticket2/opencms/static/content/.git/config HTTP/1.1" 404 -
45.148.10.90 - - [16/Feb/2025:06:48:16 +0100] "GET /ticket2/opencms/v3/.git/config HTTP/1.1" 404 -
45.148.10.90 - - [16/Feb/2025:06:48:18 +0100] "GET /ticket2/opencms/data/private/.git/config HTTP/1.1" 404 -
66.249.66.162 - - [16/Feb/2025:06:48:18 +0100] "GET /ticket2/opencms/en/login/ HTTP/1.1" 200 65723
45.148.10.90 - - [16/Feb/2025:06:48:20 +0100] "GET /ticket2/opencms/prod/config/.git/config HTTP/1.1" 404 -
45.148.10.90 - - [16/Feb/2025:06:48:22 +0100] "GET /ticket2/opencms/project/.git/config HTTP/1.1" 404 -
45.148.10.90 - - [16/Feb/2025:06:48:23 +0100] "GET /ticket2/opencms/templates/.git/config HTTP/1.1" 404 -
45.148.10.90 - - [16/Feb/2025:06:48:24 +0100] "GET /ticket2/opencms/build/.git/config HTTP/1.1" 404 -
45.148.10.90 - - [16/Feb/2025:06:48:25 +0100] "GET /ticket2/opencms/data/processing/.git/config HTTP/1.1" 404 -
45.148.10.90 - - [16/Feb/2025:06:48:26 +0100] "GET /ticket2/opencms/modules/api/.git/config HTTP/1.1" 404 -
45.148.10.90 - - [16/Feb/2025:06:48:27 +0100] "GET /ticket2/opencms/server/backup/.git/config HTTP/1.1" 404 -
45.148.10.90 - - [16/Feb/2025:06:48:28 +0100] "GET /ticket2/opencms/static../.git/config HTTP/1.1" 404 -
45.148.10.90 - - [16/Feb/2025:06:48:29 +0100] "GET /ticket2/test/.git/config HTTP/1.1" 404 -
45.148.10.90 - - [16/Feb/2025:06:48:30 +0100] "GET /ticket2/opencms/user_panel/.git/config HTTP/1.1" 404 -
45.148.10.90 - - [16/Feb/2025:06:48:30 +0100] "GET /ticket2/opencms/build_tool/.git/config HTTP/1.1" 404 -
45.148.10.90 - - [16/Feb/2025:06:48:31 +0100] "GET /ticket2/opencms/ci/cd/.git/config HTTP/1.1" 404 -
45.148.10.90 - - [16/Feb/2025:06:48:33 +0100] "GET /ticket2/opencms/cms/.git/config HTTP/1.1" 404 -
45.148.10.90 - - [16/Feb/2025:06:48:35 +0100] "GET /ticket2/opencms/core/.git/config HTTP/1.1" 404 -
45.148.10.90 - - [16/Feb/2025:06:48:35 +0100] "GET /ticket2/opencms/images/.git/config HTTP/1.1" 404 -
45.148.10.90 - - [16/Feb/2025:06:48:36 +0100] "GET /ticket2/opencms/staging/.git/config HTTP/1.1" 404 -
45.148.10.90 - - [16/Feb/2025:06:48:37 +0100] "GET /ticket2/opencms/dev/.git/config HTTP/1.1" 404 -
45.148.10.90 - - [16/Feb/2025:06:48:38 +0100] "GET /ticket2/opencms/v2/.git/config HTTP/1.1" 404 -
45.148.10.90 - - [16/Feb/2025:06:48:41 +0100] "GET /ticket2/opencms/data/.git/config HTTP/1.1" 404 -
66.249.66.162 - - [16/Feb/2025:06:49:08 +0100] "GET /ticket2/opencms/en/venue/?countryid=CB0D79A8-EF67-3E1D-EAA5-706F775F6058 HTTP/1.1" 200 110244
66.249.66.161 - - [16/Feb/2025:06:49:18 +0100] "GET /ticket2/opencms/en/venue/?countryid=FF003B65-76E6-22ED-7100-B7664691B6BF HTTP/1.1" 200 93013
66.249.66.161 - - [16/Feb/2025:06:49:20 +0100] "GET /ticket2/opencms/en/venue/?countryid=D9C90621-DB02-1B5C-863E-8CD5BDDB79A4 HTTP/1.1" 200 93013
66.249.66.160 - - [16/Feb/2025:06:54:25 +0100] "GET /ticket2/opencms/en/faq/ HTTP/1.1" 200 66347
66.249.66.160 - - [16/Feb/2025:06:55:29 +0100] "GET /ticket2/opencms/en/selling_tickets/ HTTP/1.1" 200 64298
66.249.66.162 - - [16/Feb/2025:06:56:34 +0100] "GET /ticket2/opencms/en/venue/?countryid=4067501C-3738-9610-03B0-18FCE6867011 HTTP/1.1" 200 93013
66.249.66.160 - - [16/Feb/2025:06:57:17 +0100] "GET /ticket2/opencms/en/venue/?countryid=FECEDBB4-CBB7-37BC-56A2-3BCE3EF7E1E8 HTTP/1.1" 200 95572
66.249.66.161 - - [16/Feb/2025:06:57:19 +0100] "GET /ticket2/opencms/en/venue/?countryid=E4BF4299-AF7E-C1CD-3B3B-2AB4B9697C56 HTTP/1.1" 200 93013
193.68.89.51 - - [16/Feb/2025:06:58:38 +0100] "GET / HTTP/1.1" 404 -
66.249.66.162 - - [16/Feb/2025:06:59:47 +0100] "GET /ticket2/opencms/en/venue/?countryid=52C47DB4-FAB4-2851-C1B4-C8688282983C HTTP/1.1" 200 93013
66.249.66.161 - - [16/Feb/2025:07:00:26 +0100] "GET /ticket2/opencms/en/venue/?countryid=107D8800-8603-0BDA-4FD0-61E1109B7E82 HTTP/1.1" 200 93013
66.249.66.160 - - [16/Feb/2025:07:00:35 +0100] "GET /ticket2/opencms/en/venue/?countryid=FA8BEB57-7287-7F81-B4E1-A4D5981068EB HTTP/1.1" 200 93013
66.249.66.162 - - [16/Feb/2025:07:02:22 +0100] "GET /ticket2/opencms/en/venue/?countryid=2193F5F2-8798-B3BE-FB16-3B568A67DED7 HTTP/1.1" 200 93013
66.249.66.161 - - [16/Feb/2025:07:02:29 +0100] "GET /ticket2/opencms/en/venue/?countryid=160EC1E3-9CD9-D675-7FCF-474C7815EC7B HTTP/1.1" 200 104115
66.249.66.160 - - [16/Feb/2025:07:02:38 +0100] "GET /ticket2/opencms/en/venue/?countryid=E8C1CB18-01B3-A5D8-BA63-2D05631C3548 HTTP/1.1" 200 93013
66.249.66.160 - - [16/Feb/2025:07:04:08 +0100] "GET /ticket2/opencms/en/venue/?countryid=A07C6930-60EB-29AC-3FDB-C97CE816C6C1 HTTP/1.1" 200 93013
66.249.66.160 - - [16/Feb/2025:07:05:42 +0100] "GET /ticket2/opencms/en/venue/?countryid=B8EC120B-4F43-C769-CF6D-BEF2F141BF54 HTTP/1.1" 200 93013
66.249.66.161 - - [16/Feb/2025:07:06:47 +0100] "GET /ticket2/opencms/en/venue/?countryid=F73B31CF-DEFB-FC53-7E40-B21973CC0497 HTTP/1.1" 200 93013
66.249.66.161 - - [16/Feb/2025:07:08:18 +0100] "GET /ticket2/opencms/en/venue/?countryid=13E2F7E1-5D94-F02B-9C0C-560B8034AC6C HTTP/1.1" 200 93013
138.68.191.193 - - [16/Feb/2025:07:12:26 +0100] "GET /ticket2/opencms/.env HTTP/1.1" 404 -
66.249.66.160 - - [16/Feb/2025:07:12:48 +0100] "GET /ticket2/opencms/en/venue/?countryid=6E625517-1E9A-024B-7EBB-F569FEDEE88E HTTP/1.1" 200 93013
66.249.66.162 - - [16/Feb/2025:07:16:31 +0100] "GET /ticket2/opencms/en/venue/?countryid=12E3BEDF-CE35-CC7F-2705-A98A37B9636B HTTP/1.1" 200 93013
66.249.66.161 - - [16/Feb/2025:07:16:35 +0100] "GET /ticket2/opencms/en/venue/?countryid=219973C9-2DDA-2E70-1B9F-7B4A1AF9BB6C HTTP/1.1" 200 93013
66.249.66.161 - - [16/Feb/2025:07:17:45 +0100] "GET /ticket2/opencms/en/venue/?countryid=DBF1B903-D9ED-502A-C58E-CF837DE83CCB HTTP/1.1" 200 93013
66.249.66.160 - - [16/Feb/2025:07:17:47 +0100] "GET /ticket2/opencms/en/venue/?countryid=AAA022C2-26E4-B95A-575B-2EC278F7A0C0 HTTP/1.1" 200 93013
66.249.66.162 - - [16/Feb/2025:07:18:26 +0100] "GET /ticket2/opencms/en/venue/?countryid=E3A24EE3-33A9-9FC0-BC5A-AFB379A75340 HTTP/1.1" 200 93013
66.249.66.160 - - [16/Feb/2025:07:18:46 +0100] "GET /ticket2/opencms/en/venue/?countryid=45F5A414-7E6A-581D-803C-BE75F86B0965 HTTP/1.1" 200 93013
66.249.66.160 - - [16/Feb/2025:07:19:07 +0100] "GET /ticket2/opencms/en/venue/?countryid=154B818B-780A-C47E-AFFC-04B53C9B2BA9 HTTP/1.1" 200 93013
114.119.136.30 - - [16/Feb/2025:07:22:47 +0100] "GET /ticket2/opencms/en/venue/?venueid=14E353DB-1094-40F7-2A63-0006F00AC29F HTTP/1.1" 200 63639
114.119.136.30 - - [16/Feb/2025:07:24:32 +0100] "GET /ticket2/opencms/en/sport/football-tickets/serie_a/ HTTP/1.1" 200 77554
66.249.66.161 - - [16/Feb/2025:07:25:39 +0100] "GET /ticket2/opencms/en/venue/?countryid=A4DD8A66-89A9-9256-5B01-F5C6EA7FFD86 HTTP/1.1" 200 93700
66.249.66.160 - - [16/Feb/2025:07:40:34 +0100] "GET /ticket2/opencms/en/venue/?countryid=02784C54-6C5E-C56A-BCB8-106172A4270F HTTP/1.1" 200 93013
66.249.66.161 - - [16/Feb/2025:07:43:39 +0100] "GET /ticket2/opencms/en/venue/?countryid=89A5E86C-3AC3-3EDB-6F03-E6FC6A513BA2 HTTP/1.1" 200 93013
66.249.66.160 - - [16/Feb/2025:07:44:48 +0100] "GET /ticket2/opencms/en/venue/?countryid=6DB0834B-E25F-449A-5515-025982E4CF10 HTTP/1.1" 200 93013
66.249.66.162 - - [16/Feb/2025:07:46:30 +0100] "GET /ticket2/opencms/en/venue/?countryid=08DE8999-72B5-1ADD-5E76-2A7D1399FECF HTTP/1.1" 200 93013
66.249.66.161 - - [16/Feb/2025:07:46:38 +0100] "GET /ticket2/opencms/en/venue/?countryid=5F186EB9-FC66-3D17-58C4-6A160CA3B9D1 HTTP/1.1" 200 93013
66.249.66.160 - - [16/Feb/2025:07:47:38 +0100] "GET /ticket2/opencms/en/venue/?countryid=D2CF2CB4-9396-305E-92AF-B785C8723E40 HTTP/1.1" 200 93013
66.249.66.161 - - [16/Feb/2025:07:49:09 +0100] "GET /ticket2/opencms/en/venue/?countryid=87FD5C2F-6CC8-7245-5B03-4D8F2D8C8375 HTTP/1.1" 200 93013
66.249.66.162 - - [16/Feb/2025:07:51:18 +0100] "GET /ticket2/opencms/en/venue/?countryid=17043DCB-6068-95EE-BD77-FB6EADBB798A HTTP/1.1" 200 93013
66.249.66.161 - - [16/Feb/2025:07:51:20 +0100] "GET /ticket2/opencms/en/venue/?countryid=0A131296-8532-77F1-DA6B-5BEC9CE9B834 HTTP/1.1" 200 93013
66.249.66.160 - - [16/Feb/2025:07:51:21 +0100] "GET /ticket2/opencms/en/buy_safety/ HTTP/1.1" 200 64296
193.68.89.51 - - [16/Feb/2025:07:52:09 +0100] "GET / HTTP/1.1" 404 -
40.77.167.14 - - [16/Feb/2025:07:53:17 +0100] "GET /ticket2/opencms/sv/buy/?comcatid=A17713B6-D984-201A-4143-ED4DB5ED5C2E&catid=88C381AD-5D76-A34D-AC15-A7129F8EF5BE HTTP/1.1" 200 75237
66.249.66.162 - - [16/Feb/2025:07:53:18 +0100] "GET /ticket2/opencms/en/venue/?countryid=C02FA7EF-C506-8CCA-9C06-722A0E6233D0 HTTP/1.1" 200 93013
66.249.66.162 - - [16/Feb/2025:07:59:09 +0100] "GET /ticket2/opencms/en/venue/?countryid=397EE7D1-C7FC-902D-F9A7-02173E5367FD HTTP/1.1" 200 93013
66.249.66.160 - - [16/Feb/2025:07:59:37 +0100] "GET /ticket2/opencms/en/venue/?countryid=9F976644-D811-1E5C-8CA5-C3CE6B3B71EB HTTP/1.1" 200 93013
66.249.66.161 - - [16/Feb/2025:08:00:29 +0100] "GET /ticket2/opencms/sv/buy/?page=6&comcatid=810BB404-4103-77F2-A6C2-12D5E6C338E2&catid=95AE85B5-8979-BB11-643C-430ACC6D50F9 HTTP/1.1" 200 66456
66.249.66.161 - - [16/Feb/2025:08:00:45 +0100] "GET /ticket2/opencms/en/venue/?countryid=4A875ED5-B8D7-E466-F219-8D4E7C0DC39C HTTP/1.1" 200 94130
66.249.66.161 - - [16/Feb/2025:08:01:20 +0100] "GET /ticket2/opencms/en/venue/?countryid=0B8FEDC3-C68A-3535-943E-BD0B117D00A8 HTTP/1.1" 200 94133
66.249.66.161 - - [16/Feb/2025:08:04:30 +0100] "GET /ticket2/opencms/en/venue/?countryid=08F91625-8D0D-C389-E632-ABC46886787C HTTP/1.1" 200 93013
66.249.66.160 - - [16/Feb/2025:08:05:32 +0100] "GET /ticket2/opencms/en/venue/?countryid=2FA5524A-D842-525C-9D6C-F790BA0272FC HTTP/1.1" 200 93013
66.249.66.161 - - [16/Feb/2025:08:05:38 +0100] "GET /ticket2/opencms/en/venue/?countryid=BD065C1D-5EB9-6471-371C-1A2F19BD7F92 HTTP/1.1" 200 101876
66.249.66.160 - - [16/Feb/2025:08:05:42 +0100] "GET /ticket2/opencms/en/venue/?countryid=947940C4-79F7-1AE9-A4BA-06096E0B9585 HTTP/1.1" 200 93013
66.249.66.160 - - [16/Feb/2025:08:07:07 +0100] "GET /ticket2/opencms/en/venue/?countryid=459C4D64-7B2E-6369-FD2D-87A9A9E5A61A HTTP/1.1" 200 93453
66.249.66.162 - - [16/Feb/2025:08:07:35 +0100] "GET /ticket2/opencms/sv/buy/?page=6&comcatid=A17713B6-D984-201A-4143-ED4DB5ED5C2E&catid=C871EAE3-C584-718A-9795-07CDEF43FA75 HTTP/1.1" 200 75647
141.255.166.90 - - [16/Feb/2025:08:08:10 +0100] "GET /ticket2/opencms/cgi-bin/luci/;stok=/locale HTTP/1.1" 404 -
66.249.66.161 - - [16/Feb/2025:08:13:37 +0100] "GET /ticket2/opencms/sv/buy/?page=6&comcatid=0A6B8208-FDA4-E929-9D72-5312FD481B76 HTTP/1.1" 200 68673
66.249.66.162 - - [16/Feb/2025:08:14:26 +0100] "GET /ticket2/opencms/sv/buy/?page=6&comcatid=A17713B6-D984-201A-4143-ED4DB5ED5C2E&catid=E961462E-5AC2-64D6-5850-A310C9DEAA06 HTTP/1.1" 200 75657
127.0.0.1 - - [16/Feb/2025:08:15:45 +0100] "GET / HTTP/1.1" 400 -
193.68.89.10 - - [16/Feb/2025:08:16:17 +0100] "GET / HTTP/1.1" 404 -
66.249.66.161 - - [16/Feb/2025:08:16:35 +0100] "GET /ticket2/opencms/sv/buy/?page=6&comcatid=A17713B6-D984-201A-4143-ED4DB5ED5C2E&catid=D08E96E8-A514-9E09-4E22-63713911E0B8 HTTP/1.1" 200 75661
66.249.66.160 - - [16/Feb/2025:08:17:31 +0100] "GET /ticket2/opencms/sv/buy/?page=6&comcatid=A17713B6-D984-201A-4143-ED4DB5ED5C2E&catid=F03B8ADD-988E-AE6A-8DBA-AF502C691C60 HTTP/1.1" 200 75660
141.255.166.90 - - [16/Feb/2025:08:19:07 +0100] "GET /cgi-bin/luci/;stok=/locale HTTP/1.1" 404 -
66.249.66.162 - - [16/Feb/2025:08:20:42 +0100] "GET /ticket2/opencms/sv/buy/?page=6&comcatid=A17713B6-D984-201A-4143-ED4DB5ED5C2E&catid=A3372871-3019-08B8-80CE-74B78F441ACA HTTP/1.1" 200 75649
66.249.66.161 - - [16/Feb/2025:08:21:39 +0100] "GET /ticket2/opencms/sv/buy/?page=6&comcatid=A17713B6-D984-201A-4143-ED4DB5ED5C2E&catid=BE041FBE-C1A7-918C-EB61-99ED02D12F5B HTTP/1.1" 200 75653
138.197.113.31 - - [16/Feb/2025:08:22:06 +0100] "GET / HTTP/1.1" 404 -
138.197.113.31 - - [16/Feb/2025:08:22:06 +0100] "GET /download/powershell/ HTTP/1.1" 404 -
138.197.113.31 - - [16/Feb/2025:08:22:06 +0100] "GET /get.php HTTP/1.1" 404 -
66.249.66.161 - - [16/Feb/2025:08:22:37 +0100] "GET /ticket2/opencms/sv/buying_tickets/ HTTP/1.1" 200 66595
66.249.66.160 - - [16/Feb/2025:08:23:29 +0100] "GET /ticket2/opencms/sv/buy/?page=6&comcatid=A17713B6-D984-201A-4143-ED4DB5ED5C2E HTTP/1.1" 200 77991
66.249.66.161 - - [16/Feb/2025:08:23:30 +0100] "GET /ticket2/opencms/sv/buy/?page=6&comcatid=A17713B6-D984-201A-4143-ED4DB5ED5C2E&catid=D8B345C9-F7A5-E620-4B43-C34EB0D6885B HTTP/1.1" 200 75645
66.249.66.162 - - [16/Feb/2025:08:27:21 +0100] "GET /ticket2/opencms/sv/buy_safety/ HTTP/1.1" 200 67293
52.167.144.170 - - [16/Feb/2025:08:29:36 +0100] "GET /ticket2/opencms/en/venue/?countryid=AD4C6C1F-4EA2-1827-F34A-F0A47DB58003 HTTP/1.1" 200 93013
51.8.102.221 - - [16/Feb/2025:08:30:44 +0100] "GET /ticket2/opencms/robots.txt HTTP/1.1" 304 -
172.168.41.10 - - [16/Feb/2025:08:31:09 +0100] "GET / HTTP/1.1" 404 -
66.249.66.160 - - [16/Feb/2025:08:31:26 +0100] "GET /ticket2/opencms/sv/buy/?page=6&comcatid=A17713B6-D984-201A-4143-ED4DB5ED5C2E&catid=F2006A3D-5EE0-B40B-5749-60C15271538F HTTP/1.1" 200 75654
172.168.41.223 - - [16/Feb/2025:08:33:12 +0100] "GET /ticket2/opencms/ HTTP/1.1" 302 -
66.249.66.160 - - [16/Feb/2025:08:33:31 +0100] "GET /ticket2/opencms/sv/buy/?page=6&comcatid=A17713B6-D984-201A-4143-ED4DB5ED5C2E&catid=0A9E385E-33D9-328E-DC79-CA2C7009C829 HTTP/1.1" 200 75653
66.249.66.161 - - [16/Feb/2025:08:34:30 +0100] "GET /ticket2/opencms/sv/buy/?page=6&comcatid=A17713B6-D984-201A-4143-ED4DB5ED5C2E&catid=97608B80-50C4-18AE-7A82-0413C62E9243 HTTP/1.1" 200 75649
66.249.66.161 - - [16/Feb/2025:08:35:30 +0100] "GET /ticket2/opencms/sv/buy/?page=6&comcatid=A17713B6-D984-201A-4143-ED4DB5ED5C2E&catid=42C82D82-D02A-8562-E55C-48ADB3771882 HTTP/1.1" 200 75670
66.249.66.161 - - [16/Feb/2025:08:36:08 +0100] "GET /ticket2/opencms/sv/buy/?page=6&comcatid=97ECA65A-72DA-F9AF-9DBB-245D3CFED1BE HTTP/1.1" 200 70147
66.249.66.161 - - [16/Feb/2025:08:37:07 +0100] "GET /ticket2/opencms/sv/sell/ HTTP/1.1" 302 -
66.249.66.161 - - [16/Feb/2025:08:37:08 +0100] "GET /ticket2/opencms/sv/login/?url=/sv/sell/ HTTP/1.1" 200 67145
66.249.66.162 - - [16/Feb/2025:08:40:21 +0100] "GET /ticket2/opencms/sv/buy/?page=6&comcatid=A17713B6-D984-201A-4143-ED4DB5ED5C2E&catid=0A6C99D2-F5BD-7A18-9A5F-5668827042E0 HTTP/1.1" 200 78625
66.249.66.160 - - [16/Feb/2025:08:41:48 +0100] "GET /ticket2/opencms/sv/login/ HTTP/1.1" 200 67145
193.68.89.51 - - [16/Feb/2025:08:46:39 +0100] "GET / HTTP/1.1" 404 -
66.249.66.160 - - [16/Feb/2025:08:47:26 +0100] "GET /ticket2/opencms/sv/selling_tickets/ HTTP/1.1" 200 65394
66.249.66.160 - - [16/Feb/2025:08:47:29 +0100] "GET /ticket2/opencms/sv/buy/?page=6&comcatid=A17713B6-D984-201A-4143-ED4DB5ED5C2E&catid=BDD8C04C-DD99-1C07-B5F3-F2AB98D157E8 HTTP/1.1" 200 75652
66.249.66.161 - - [16/Feb/2025:08:47:30 +0100] "GET /ticket2/opencms/sv/buy/?page=6&comcatid=A17713B6-D984-201A-4143-ED4DB5ED5C2E&catid=A7674DEA-B39E-502C-2F76-760AE08947E9 HTTP/1.1" 200 75648
66.249.66.161 - - [16/Feb/2025:08:48:21 +0100] "GET /ticket2/opencms/sv/buy/?page=6&comcatid=A17713B6-D984-201A-4143-ED4DB5ED5C2E&catid=8AA488FA-6797-D710-8108-3088D6948FC1 HTTP/1.1" 200 75645
66.249.66.160 - - [16/Feb/2025:08:49:21 +0100] "GET /ticket2/opencms/sv/buy/?page=6&comcatid=A17713B6-D984-201A-4143-ED4DB5ED5C2E&catid=C0DF818C-DB21-6E2E-4056-DB751FFE0C41 HTTP/1.1" 200 75646
66.249.66.161 - - [16/Feb/2025:08:49:26 +0100] "GET /ticket2/opencms/sv/buy/?page=6&comcatid=A17713B6-D984-201A-4143-ED4DB5ED5C2E&catid=E92E6B1B-7CD1-74B1-312C-265A7D8125D0 HTTP/1.1" 200 75651
66.249.66.160 - - [16/Feb/2025:08:49:35 +0100] "GET /ticket2/opencms/sv/konsertbiljetter/coldplay/ HTTP/1.1" 200 69513
66.249.66.160 - - [16/Feb/2025:08:49:47 +0100] "GET /ticket2/opencms/sv/buy/?page=6&comcatid=A17713B6-D984-201A-4143-ED4DB5ED5C2E&catid=4B941E1B-E4E2-C53E-C693-9FA91BBA9AD5 HTTP/1.1" 200 75657
66.249.66.162 - - [16/Feb/2025:08:51:17 +0100] "GET /ticket2/opencms/sv/buy/?page=6&comcatid=A17713B6-D984-201A-4143-ED4DB5ED5C2E&catid=36394212-F82E-F845-399B-42BED55969CC HTTP/1.1" 200 75648
66.249.66.162 - - [16/Feb/2025:08:51:46 +0100] "GET /ticket2/opencms/sv/buy/?page=6&comcatid=A17713B6-D984-201A-4143-ED4DB5ED5C2E&catid=3A7AEA37-903D-9533-4B33-21B0001FF1D1 HTTP/1.1" 200 75654
66.249.66.162 - - [16/Feb/2025:08:54:30 +0100] "GET /ticket2/opencms/sv/buy/?page=6&comcatid=A17713B6-D984-201A-4143-ED4DB5ED5C2E&catid=7CF2D645-F785-0CBB-1B7C-C4711617EAAD HTTP/1.1" 200 75664
66.249.66.162 - - [16/Feb/2025:08:57:08 +0100] "GET /ticket2/opencms/sv/buy/?page=6&comcatid=A17713B6-D984-201A-4143-ED4DB5ED5C2E&catid=573B7747-EE85-D769-C87D-F3F61FB64AA5 HTTP/1.1" 200 75656
66.249.66.160 - - [16/Feb/2025:08:57:17 +0100] "GET /ticket2/opencms/sv/buy/?page=6&comcatid=A17713B6-D984-201A-4143-ED4DB5ED5C2E&catid=739BFC5D-78FA-6834-D764-6CE64CA5F9EC HTTP/1.1" 200 75654
66.249.66.161 - - [16/Feb/2025:08:57:34 +0100] "GET /ticket2/opencms/sv/buy/?page=6&comcatid=A17713B6-D984-201A-4143-ED4DB5ED5C2E&catid=6BD6E0B0-84AF-3A0D-3851-C1357CE9B771 HTTP/1.1" 200 75655
66.249.66.161 - - [16/Feb/2025:08:58:21 +0100] "GET /ticket2/opencms/sv/buy/?page=6&comcatid=A17713B6-D984-201A-4143-ED4DB5ED5C2E&catid=FF8D7FE7-4B09-7305-01C7-2D47F7913EB8 HTTP/1.1" 200 75650
66.249.66.160 - - [16/Feb/2025:08:59:18 +0100] "GET /ticket2/opencms/sv/buy/?page=6&comcatid=A17713B6-D984-201A-4143-ED4DB5ED5C2E&catid=21C3854B-901E-11F9-7B7D-6838CC6AFAA4 HTTP/1.1" 200 75645
66.249.66.161 - - [16/Feb/2025:08:59:26 +0100] "GET /ticket2/opencms/sv/faq/ HTTP/1.1" 200 69071
66.249.66.160 - - [16/Feb/2025:09:00:09 +0100] "GET /ticket2/opencms/sv/buy/?page=6&comcatid=A17713B6-D984-201A-4143-ED4DB5ED5C2E&catid=06324577-7173-BAB0-146D-E644C912F7C1 HTTP/1.1" 200 75654
66.249.66.161 - - [16/Feb/2025:09:01:30 +0100] "GET /ticket2/opencms/sv/buy/?page=6&comcatid=A17713B6-D984-201A-4143-ED4DB5ED5C2E&catid=64756941-02D2-3538-2077-8C2508F4A3A8 HTTP/1.1" 200 75653
66.249.66.161 - - [16/Feb/2025:09:01:38 +0100] "GET /ticket2/opencms/sv/buy/?page=6&comcatid=A17713B6-D984-201A-4143-ED4DB5ED5C2E&catid=7BADFFFB-57C5-5DBC-E7EB-B45075B3D8F9 HTTP/1.1" 200 75658
66.249.74.8 - - [16/Feb/2025:09:04:19 +0100] "GET /ticket2/opencms/sv/buy/?page=1&edid=54777665-C11F-0F11-581A-52B69510C3F1 HTTP/1.1" 200 81255
66.249.66.161 - - [16/Feb/2025:09:04:38 +0100] "GET /ticket2/opencms/sv/buy/?page=6&comcatid=A17713B6-D984-201A-4143-ED4DB5ED5C2E&catid=88C381AD-5D76-A34D-AC15-A7129F8EF5BE HTTP/1.1" 200 75644
66.249.66.160 - - [16/Feb/2025:09:05:18 +0100] "GET /ticket2/opencms/sv/buy/?page=6&comcatid=A17713B6-D984-201A-4143-ED4DB5ED5C2E&catid=7ACC33AD-EE7E-AAA7-9050-0F4587759B87 HTTP/1.1" 200 75655
66.249.66.162 - - [16/Feb/2025:09:05:35 +0100] "GET /ticket2/opencms/sv/buy/?page=6&comcatid=A17713B6-D984-201A-4143-ED4DB5ED5C2E&catid=0A6C99D2-F5BD-7A18-9A5F-5668827042E0&eventid=AE8A6CAA-9529-DB54-69E5-B3169B36CD6E HTTP/1.1" 200 78640
66.249.66.162 - - [16/Feb/2025:09:08:21 +0100] "GET /ticket2/opencms/sv/buy/?page=6&comcatid=A17713B6-D984-201A-4143-ED4DB5ED5C2E&catid=C48671DB-5AEB-8CE2-928E-38417FFBE085 HTTP/1.1" 200 75650
66.249.66.160 - - [16/Feb/2025:09:08:31 +0100] "GET /ticket2/opencms/sv/buy/?page=6&comcatid=A17713B6-D984-201A-4143-ED4DB5ED5C2E&catid=7EF04817-972D-18B1-F941-DE800D088075 HTTP/1.1" 200 75659
66.249.66.162 - - [16/Feb/2025:09:09:47 +0100] "GET /ticket2/opencms/sv/buy/?page=1&edid=D06E40AA-5917-7CC6-8395-10069BB33EB3 HTTP/1.1" 200 76948
66.249.66.162 - - [16/Feb/2025:09:13:07 +0100] "GET /ticket2/opencms/sv/buy/?page=6&comcatid=B41CCF2B-5558-7AEE-3602-09BBDE417D65 HTTP/1.1" 200 67014
66.249.66.162 - - [16/Feb/2025:09:19:39 +0100] "GET /ticket2/opencms/sv/buy/?page=6&comcatid=A17713B6-D984-201A-4143-ED4DB5ED5C2E&catid=2DE12DDA-A5FB-C1C6-CB20-FBF873FB032B HTTP/1.1" 200 75665
66.249.66.161 - - [16/Feb/2025:09:20:08 +0100] "GET /ticket2/opencms/sv/buy/?page=6&comcatid=A17713B6-D984-201A-4143-ED4DB5ED5C2E&catid=5A89E483-58AD-080E-F363-E16CE738916A HTTP/1.1" 200 75656
66.249.66.160 - - [16/Feb/2025:09:21:19 +0100] "GET /ticket2/opencms/sv/buy/?page=6&comcatid=A17713B6-D984-201A-4143-ED4DB5ED5C2E&catid=6E0E0CA4-3F14-9697-92B9-3687047BE453 HTTP/1.1" 200 75655
66.249.66.162 - - [16/Feb/2025:09:22:30 +0100] "GET /ticket2/opencms/sv/buy/?page=6&comcatid=A17713B6-D984-201A-4143-ED4DB5ED5C2E&catid=08F27F2A-1872-A39F-A97C-63093E77B18A HTTP/1.1" 200 75645
66.249.66.162 - - [16/Feb/2025:09:23:27 +0100] "GET /ticket2/opencms/sv/standard/ HTTP/1.1" 200 78237
66.249.66.160 - - [16/Feb/2025:09:23:42 +0100] "GET /ticket2/opencms/sv/buy/?page=1&edid=19841486-6F3E-C113-B4BC-B89661DF253A HTTP/1.1" 200 83169
66.249.66.160 - - [16/Feb/2025:09:28:09 +0100] "GET /ticket2/opencms/sv/buy/?page=6&column= HTTP/1.1" 200 65336
66.249.66.161 - - [16/Feb/2025:09:28:36 +0100] "GET /ticket2/opencms/sv/buy/?page=6&comcatid=A17713B6-D984-201A-4143-ED4DB5ED5C2E&catid=3B549160-8B9C-E872-44A9-20FEA86B30E8 HTTP/1.1" 200 75650
66.249.66.160 - - [16/Feb/2025:09:31:28 +0100] "GET /ticket2/opencms/sv/buy/?page=6&comcatid=A17713B6-D984-201A-4143-ED4DB5ED5C2E&catid=2FC3D548-EAF9-1354-0CD2-7D7619DA2334 HTTP/1.1" 200 75645
66.249.66.160 - - [16/Feb/2025:09:32:08 +0100] "GET /ticket2/opencms/sv/buy/?page=6&comcatid=A17713B6-D984-201A-4143-ED4DB5ED5C2E&catid=B0817F4C-4B6F-A68C-6229-209BB05F84D4 HTTP/1.1" 200 75644
66.249.66.161 - - [16/Feb/2025:09:32:29 +0100] "GET /ticket2/opencms/sv/buy/?page=6&comcatid=A17713B6-D984-201A-4143-ED4DB5ED5C2E&catid=AE3FE643-AE41-BAA6-237D-5206D1B044A1 HTTP/1.1" 200 75650
66.249.66.161 - - [16/Feb/2025:09:32:34 +0100] "GET /ticket2/opencms/sv/buy/?page=6&comcatid=A17713B6-D984-201A-4143-ED4DB5ED5C2E&catid=515A9A29-35A0-2DB8-262B-AEF122DB04F6 HTTP/1.1" 200 75650
193.68.89.51 - - [16/Feb/2025:09:33:55 +0100] "GET / HTTP/1.1" 404 -
66.249.66.161 - - [16/Feb/2025:09:35:09 +0100] "GET /ticket2/opencms/sv/buy/?page=6&comcatid=66708183-7480-3365-06BF-DBF60280AB45 HTTP/1.1" 200 66822
66.249.66.160 - - [16/Feb/2025:09:35:44 +0100] "GET /ticket2/opencms/sv/buy/?page=6&comcatid=A17713B6-D984-201A-4143-ED4DB5ED5C2E&catid=061607E6-22B7-6FFA-03FD-A4B8B13A943F HTTP/1.1" 200 75652
66.249.66.160 - - [16/Feb/2025:09:37:30 +0100] "GET /ticket2/opencms/sv/buy/?page=6&comcatid=A17713B6-D984-201A-4143-ED4DB5ED5C2E&catid=70B37487-FE30-D476-CAE7-E6AFEA3153F2 HTTP/1.1" 200 75646
66.249.66.162 - - [16/Feb/2025:09:39:26 +0100] "GET /ticket2/opencms/sv/buy/?page=6&comcatid=810BB404-4103-77F2-A6C2-12D5E6C338E2 HTTP/1.1" 200 66397
66.249.66.161 - - [16/Feb/2025:09:40:09 +0100] "GET /ticket2/opencms/en/about/press/ HTTP/1.1" 200 64283
66.249.66.160 - - [16/Feb/2025:09:40:44 +0100] "GET /ticket2/opencms/en/sport/football-tickets/premier_league/ HTTP/1.1" 200 76541
66.249.66.160 - - [16/Feb/2025:09:41:08 +0100] "GET /ticket2/opencms/en/about/contact/ HTTP/1.1" 200 63259
